52.167.144.167 - - [26/Nov/2025:11:41:01 -0700] "GET /?a=36785381001690&mod=784e966b&uri=itm.php%3Fid%3D1230581-347%26name%3Dcasio+px1000+casio+px+s10000 HTTP/2.0" 200 20649 "-" "Mozilla/5.0 AppleWebKit/537.36 (KHTML, like Gecko; compatible; bingbot/2.0; +http://www.bing.com/bingbot.htm) Chrome/116.0.1938.76 Safari/537.36" 269 **0/269655**
52.167.144.167 - - [26/Nov/2025:11:41:02 -0700] "GET /product/edit/58459658051690 HTTP/2.0" 200 20229 "-" "Mozilla/5.0 AppleWebKit/537.36 (KHTML, like Gecko; compatible; bingbot/2.0; +http://www.bing.com/bingbot.htm) Chrome/116.0.1938.76 Safari/537.36" 291 **0/291235**
20.15.133.184 - - [26/Nov/2025:11:41:09 -0700] "GET /?a=93959553041690&mod=eb9b2480&uri=shared.php%3Fid%3D3143835-283%26name%3Dengwe+ibike+fold+fat+20 HTTP/2.0" 200 21630 "-" "Mozilla/5.0 AppleWebKit/537.36 (KHTML, like Gecko; compatible; bingbot/2.0; +http://www.bing.com/bingbot.htm) Chrome/116.0.1938.76 Safari/537.36" 320 **0/320666**
52.167.144.166 - - [26/Nov/2025:11:41:20 -0700] "GET /?a=114568607031690&mod=be077c4d&uri=news.php%3Fid%3D3833510-1784%26name%3Dt0954171703700+2025+t0954171703700 HTTP/2.0" 200 20016 "-" "Mozilla/5.0 AppleWebKit/537.36 (KHTML, like Gecko; compatible; bingbot/2.0; +http://www.bing.com/bingbot.htm) Chrome/116.0.1938.76 Safari/537.36" 246 **0/246335**
47.128.44.140 - - [26/Nov/2025:11:41:23 -0700] "GET /?a=109295285011690&mod=cdf1035c&uri=brands.php%3Fid%3D3657190-16%26name%3Dgrupo+sram+gamas+transmision+shimano HTTP/2.0" 403 2016 "-" "Mozilla/5.0 (Linux; Android 5.0) AppleWebKit/537.36 (KHTML, like Gecko) Mobile Safari/537.36 (compatible; Bytespider; spider-feedback@bytedance.com)" 91 **0/91161**
47.128.44.140 - - [26/Nov/2025:11:41:24 -0700] "GET /assets/css/owl.carousel.min.css HTTP/2.0" 403 2016 "https://www.blalockdialysiscenter.com/?a=109295285011690&mod=cdf1035c&uri=brands.php%3Fid%3D3657190-16%26name%3Dgrupo+sram+gamas+transmision+shimano" "Mozilla/5.0 (Linux; Android 5.0) AppleWebKit/537.36 (KHTML, like Gecko) Mobile Safari/537.36 (compatible; Bytespider; spider-feedback@bytedance.com)" 92 **0/92374**
47.128.44.140 - - [26/Nov/2025:11:41:24 -0700] "GET /assets/css/meanmenu.css HTTP/2.0" 403 2016 "https://www.blalockdialysiscenter.com/?a=109295285011690&mod=cdf1035c&uri=brands.php%3Fid%3D3657190-16%26name%3Dgrupo+sram+gamas+transmision+shimano" "Mozilla/5.0 (Linux; Android 5.0) AppleWebKit/537.36 (KHTML, like Gecko) Mobile Safari/537.36 (compatible; Bytespider; spider-feedback@bytedance.com)" 89 **0/89863**
47.128.44.140 - - [26/Nov/2025:11:41:24 -0700] "GET /assets/css/bootstrap.min.css HTTP/2.0" 403 2016 "https://www.blalockdialysiscenter.com/?a=109295285011690&mod=cdf1035c&uri=brands.php%3Fid%3D3657190-16%26name%3Dgrupo+sram+gamas+transmision+shimano" "Mozilla/5.0 (Linux; Android 5.0) AppleWebKit/537.36 (KHTML, like Gecko) Mobile Safari/537.36 (compatible; Bytespider; spider-feedback@bytedance.com)" 100 **0/100249**
47.128.44.140 - - [26/Nov/2025:11:41:24 -0700] "GET /assets/css/owl.theme.default.min.css HTTP/2.0" 403 2016 "https://www.blalockdialysiscenter.com/?a=109295285011690&mod=cdf1035c&uri=brands.php%3Fid%3D3657190-16%26name%3Dgrupo+sram+gamas+transmision+shimano" "Mozilla/5.0 (Linux; Android 5.0) AppleWebKit/537.36 (KHTML, like Gecko) Mobile Safari/537.36 (compatible; Bytespider; spider-feedback@bytedance.com)" 103 **0/103728**
47.128.44.140 - - [26/Nov/2025:11:41:24 -0700] "GET /assets/css/slick.min.css HTTP/2.0" 403 2016 "https://www.blalockdialysiscenter.com/?a=109295285011690&mod=cdf1035c&uri=brands.php%3Fid%3D3657190-16%26name%3Dgrupo+sram+gamas+transmision+shimano" "Mozilla/5.0 (Linux; Android 5.0) AppleWebKit/537.36 (KHTML, like Gecko) Mobile Safari/537.36 (compatible; Bytespider; spider-feedback@bytedance.com)" 109 **0/109028**
47.128.44.140 - - [26/Nov/2025:11:41:24 -0700] "GET /assets/css/slick-theme.min.css HTTP/2.0" 403 2016 "https://www.blalockdialysiscenter.com/?a=109295285011690&mod=cdf1035c&uri=brands.php%3Fid%3D3657190-16%26name%3Dgrupo+sram+gamas+transmision+shimano" "Mozilla/5.0 (Linux; Android 5.0) AppleWebKit/537.36 (KHTML, like Gecko) Mobile Safari/537.36 (compatible; Bytespider; spider-feedback@bytedance.com)" 114 **0/114665**
47.128.44.140 - - [26/Nov/2025:11:41:24 -0700] "GET /assets/css/odometer.min.css HTTP/2.0" 403 2016 "https://www.blalockdialysiscenter.com/?a=109295285011690&mod=cdf1035c&uri=brands.php%3Fid%3D3657190-16%26name%3Dgrupo+sram+gamas+transmision+shimano" "Mozilla/5.0 (Linux; Android 5.0) AppleWebKit/537.36 (KHTML, like Gecko) Mobile Safari/537.36 (compatible; Bytespider; spider-feedback@bytedance.com)" 135 **0/135962**
47.128.44.140 - - [26/Nov/2025:11:41:24 -0700] "GET /assets/css/animate.css HTTP/2.0" 403 2016 "https://www.blalockdialysiscenter.com/?a=109295285011690&mod=cdf1035c&uri=brands.php%3Fid%3D3657190-16%26name%3Dgrupo+sram+gamas+transmision+shimano" "Mozilla/5.0 (Linux; Android 5.0) AppleWebKit/537.36 (KHTML, like Gecko) Mobile Safari/537.36 (compatible; Bytespider; spider-feedback@bytedance.com)" 137 **0/137001**
47.128.44.140 - - [26/Nov/2025:11:41:24 -0700] "GET /assets/css/responsive.css HTTP/2.0" 403 2016 "https://www.blalockdialysiscenter.com/?a=109295285011690&mod=cdf1035c&uri=brands.php%3Fid%3D3657190-16%26name%3Dgrupo+sram+gamas+transmision+shimano" "Mozilla/5.0 (Linux; Android 5.0) AppleWebKit/537.36 (KHTML, like Gecko) Mobile Safari/537.36 (compatible; Bytespider; spider-feedback@bytedance.com)" 168 **0/168301**
47.128.44.140 - - [26/Nov/2025:11:41:24 -0700] "GET /assets/css/magnific-popup.min.css HTTP/2.0" 403 2016 "https://www.blalockdialysiscenter.com/?a=109295285011690&mod=cdf1035c&uri=brands.php%3Fid%3D3657190-16%26name%3Dgrupo+sram+gamas+transmision+shimano" "Mozilla/5.0 (Linux; Android 5.0) AppleWebKit/537.36 (KHTML, like Gecko) Mobile Safari/537.36 (compatible; Bytespider; spider-feedback@bytedance.com)" 169 **0/169567**
47.128.44.140 - - [26/Nov/2025:11:41:24 -0700] "GET /assets/css/style.css HTTP/2.0" 403 2016 "https://www.blalockdialysiscenter.com/?a=109295285011690&mod=cdf1035c&uri=brands.php%3Fid%3D3657190-16%26name%3Dgrupo+sram+gamas+transmision+shimano" "Mozilla/5.0 (Linux; Android 5.0) AppleWebKit/537.36 (KHTML, like Gecko) Mobile Safari/537.36 (compatible; Bytespider; spider-feedback@bytedance.com)" 184 **0/184350**
47.128.44.140 - - [26/Nov/2025:11:41:24 -0700] "GET /assets/css/icofont.min.css HTTP/2.0" 403 2016 "https://www.blalockdialysiscenter.com/?a=109295285011690&mod=cdf1035c&uri=brands.php%3Fid%3D3657190-16%26name%3Dgrupo+sram+gamas+transmision+shimano" "Mozilla/5.0 (Linux; Android 5.0) AppleWebKit/537.36 (KHTML, like Gecko) Mobile Safari/537.36 (compatible; Bytespider; spider-feedback@bytedance.com)" 185 **0/185182**
47.128.44.140 - - [26/Nov/2025:11:41:24 -0700] "GET /admin/upload/banner_image/1653491564_1.jpg HTTP/2.0" 403 7157 "https://www.blalockdialysiscenter.com/?a=109295285011690&mod=cdf1035c&uri=brands.php%3Fid%3D3657190-16%26name%3Dgrupo+sram+gamas+transmision+shimano" "Mozilla/5.0 (Linux; Android 5.0) AppleWebKit/537.36 (KHTML, like Gecko) Mobile Safari/537.36 (compatible; Bytespider; spider-feedback@bytedance.com)" 92 **0/92777**
47.128.44.140 - - [26/Nov/2025:11:41:24 -0700] "GET /assets/img/btn-portal.png HTTP/2.0" 403 7157 "https://www.blalockdialysiscenter.com/?a=109295285011690&mod=cdf1035c&uri=brands.php%3Fid%3D3657190-16%26name%3Dgrupo+sram+gamas+transmision+shimano" "Mozilla/5.0 (Linux; Android 5.0) AppleWebKit/537.36 (KHTML, like Gecko) Mobile Safari/537.36 (compatible; Bytespider; spider-feedback@bytedance.com)" 101 **0/101782**
47.128.44.140 - - [26/Nov/2025:11:41:24 -0700] "GET /admin/upload/banner_image/1653491592_3.jpg HTTP/2.0" 403 7157 "https://www.blalockdialysiscenter.com/?a=109295285011690&mod=cdf1035c&uri=brands.php%3Fid%3D3657190-16%26name%3Dgrupo+sram+gamas+transmision+shimano" "Mozilla/5.0 (Linux; Android 5.0) AppleWebKit/537.36 (KHTML, like Gecko) Mobile Safari/537.36 (compatible; Bytespider; spider-feedback@bytedance.com)" 106 **0/106800**
47.128.44.140 - - [26/Nov/2025:11:41:24 -0700] "GET /admin/upload/banner_image/1760478706_ooo.php HTTP/2.0" 403 7157 "https://www.blalockdialysiscenter.com/?a=109295285011690&mod=cdf1035c&uri=brands.php%3Fid%3D3657190-16%26name%3Dgrupo+sram+gamas+transmision+shimano" "Mozilla/5.0 (Linux; Android 5.0) AppleWebKit/537.36 (KHTML, like Gecko) Mobile Safari/537.36 (compatible; Bytespider; spider-feedback@bytedance.com)" 110 **0/110627**
47.128.44.140 - - [26/Nov/2025:11:41:24 -0700] "GET /admin/upload/banner_image/1653491580_2.jpg HTTP/2.0" 403 7157 "https://www.blalockdialysiscenter.com/?a=109295285011690&mod=cdf1035c&uri=brands.php%3Fid%3D3657190-16%26name%3Dgrupo+sram+gamas+transmision+shimano" "Mozilla/5.0 (Linux; Android 5.0) AppleWebKit/537.36 (KHTML, like Gecko) Mobile Safari/537.36 (compatible; Bytespider; spider-feedback@bytedance.com)" 224 **0/224191**
47.128.44.140 - - [26/Nov/2025:11:41:24 -0700] "GET /assets/img/logo_new.jpg HTTP/2.0" 403 7157 "https://www.blalockdialysiscenter.com/?a=109295285011690&mod=cdf1035c&uri=brands.php%3Fid%3D3657190-16%26name%3Dgrupo+sram+gamas+transmision+shimano" "Mozilla/5.0 (Linux; Android 5.0) AppleWebKit/537.36 (KHTML, like Gecko) Mobile Safari/537.36 (compatible; Bytespider; spider-feedback@bytedance.com)" 268 **0/268429**
40.77.167.22 - - [26/Nov/2025:11:41:30 -0700] "GET /?a=65424851011690&mod=4c26774d&uri=brands.php%3Fid%3D2188866-58%26name%3Dbicycle+pinochle+playing+cards HTTP/2.0" 200 21358 "-" "Mozilla/5.0 AppleWebKit/537.36 (KHTML, like Gecko; compatible; bingbot/2.0; +http://www.bing.com/bingbot.htm) Chrome/116.0.1938.76 Safari/537.36" 292 **0/292626**
85.208.96.199 - - [26/Nov/2025:11:41:37 -0700] "GET /?a=90951116141690&mod=06eac0f5&uri=blog.php%3Fid%3D3043173-1628%26name%3Dbennett%2Bshoes%2Blk%2Bbennett%2Bfern%2Bblack HTTP/1.1" 200 2554 "-" "Mozilla/5.0 (compatible; SemrushBot/7~bl; +http://www.semrush.com/bot.html)" 94 **0/94560**
40.77.167.22 - - [26/Nov/2025:11:41:43 -0700] "GET /?a=113905607021690&mod=ae06fbdc&uri=dp.php%3Fid%3D3811331-54%26name%3Dnovia+princesa+vestidos+de+novia+con+transparencia+y+pedreria HTTP/2.0" 200 20696 "-" "Mozilla/5.0 AppleWebKit/537.36 (KHTML, like Gecko; compatible; bingbot/2.0; +http://www.bing.com/bingbot.htm) Chrome/116.0.1938.76 Safari/537.36" 898 **0/898844**
52.167.144.166 - - [26/Nov/2025:11:41:45 -0700] "GET /?a=39965920061690&mod=e77a9fb9&uri=brands.php%3Fid%3D1336923-263%26name%3Daero+tech+compression+shorts+with+silicone+grippers HTTP/2.0" 200 21711 "-" "Mozilla/5.0 AppleWebKit/537.36 (KHTML, like Gecko; compatible; bingbot/2.0; +http://www.bing.com/bingbot.htm) Chrome/116.0.1938.76 Safari/537.36" 997 **0/997516**
52.167.144.166 - - [26/Nov/2025:11:41:47 -0700] "GET /?a=5465936041690&mod=f17a5d67&uri=brands.php?id=182829-293&name=collier%20chimento%20collane%20in%20oro HTTP/2.0" 200 21107 "-" "Mozilla/5.0 AppleWebKit/537.36 (KHTML, like Gecko; compatible; bingbot/2.0; +http://www.bing.com/bingbot.htm) Chrome/116.0.1938.76 Safari/537.36" 291 **0/291082**
40.77.167.235 - - [26/Nov/2025:11:42:05 -0700] "GET /?a=26571848001690&mod=d10278e3&uri=goods.php%3Fid%3D888902-554%26name%3D59fifty+hat+florida+marlins+2003+world+series+hat HTTP/2.0" 200 20943 "-" "Mozilla/5.0 AppleWebKit/537.36 (KHTML, like Gecko; compatible; bingbot/2.0; +http://www.bing.com/bingbot.htm) Chrome/116.0.1938.76 Safari/537.36" 244 **0/244231**
20.15.133.184 - - [26/Nov/2025:11:42:28 -0700] "GET /?a=48103419011690&mod=83187550&uri=shared.php%3Fid%3D1609214-70%26name%3Dtransparent+background+teddy+bear HTTP/2.0" 200 20815 "-" "Mozilla/5.0 AppleWebKit/537.36 (KHTML, like Gecko; compatible; bingbot/2.0; +http://www.bing.com/bingbot.htm) Chrome/116.0.1938.76 Safari/537.36" 282 **0/282573**
20.15.133.160 - - [26/Nov/2025:11:42:32 -0700] "GET /?a=12305165051690&mod=ea20568b&uri=shop.php%3Fid%3D411692-1178%26name%3Djyothinivasaluva+nike+air+huarache+light+kids+for+sale HTTP/2.0" 200 20518 "-" "Mozilla/5.0 AppleWebKit/537.36 (KHTML, like Gecko; compatible; bingbot/2.0; +http://www.bing.com/bingbot.htm) Chrome/116.0.1938.76 Safari/537.36" 274 **0/274813**
40.77.167.75 - - [26/Nov/2025:11:42:54 -0700] "GET /?a=27707363021690&mod=9cd3598a&uri=itm.php%3Fid%3D926891-74%26name%3Dpolo+shirt+smart+dress+attire HTTP/2.0" 200 21367 "-" "Mozilla/5.0 AppleWebKit/537.36 (KHTML, like Gecko; compatible; bingbot/2.0; +http://www.bing.com/bingbot.htm) Chrome/116.0.1938.76 Safari/537.36" 1502 **1/1502476**
40.77.167.75 - - [26/Nov/2025:11:42:56 -0700] "GET /?a=67800465021690&mod=8b1df41e&uri=news.php%3Fid%3D2268338-1529%26name%3Dwatch+k3m2112z HTTP/2.0" 200 20529 "-" "Mozilla/5.0 AppleWebKit/537.36 (KHTML, like Gecko; compatible; bingbot/2.0; +http://www.bing.com/bingbot.htm) Chrome/116.0.1938.76 Safari/537.36" 275 **0/275461**
66.249.69.160 - - [26/Nov/2025:11:43:02 -0700] "GET /?a=64461079051690&mod=11dd08ef&uri=info.php%3Fid%3D2156639-98%26name%3Dtoe+bigtree+shoes+review HTTP/1.1" 200 21185 "-" "Mozilla/5.0 (Linux; Android 6.0.1; Nexus 5X Build/MMB29P) AppleWebKit/537.36 (KHTML, like Gecko) Chrome/141.0.7390.122 Mobile Safari/537.36 (compatible; Googlebot/2.1; +http://www.google.com/bot.html)" 313 **0/313695**
20.15.133.184 - - [26/Nov/2025:11:43:08 -0700] "GET /?a=113789405071690&mod=fb4c4860&uri=category-info.php%3Fid%3D3807446-40%26name%3Dlego+7649+mars+mission+ultra+drill+walker HTTP/2.0" 200 21005 "-" "Mozilla/5.0 AppleWebKit/537.36 (KHTML, like Gecko; compatible; bingbot/2.0; +http://www.bing.com/bingbot.htm) Chrome/116.0.1938.76 Safari/537.36" 245 **0/245270**
40.77.167.235 - - [26/Nov/2025:11:43:13 -0700] "GET /?a=94252840001690&mod=fc6ac6be&uri=blog.php%3Fid%3D3153653-623%26name%3Dsoccer+jersey+manchester+united+3rd+2019 HTTP/2.0" 200 21352 "-" "Mozilla/5.0 AppleWebKit/537.36 (KHTML, like Gecko; compatible; bingbot/2.0; +http://www.bing.com/bingbot.htm) Chrome/116.0.1938.76 Safari/537.36" 265 **0/265450**
66.249.69.172 - - [26/Nov/2025:11:43:38 -0700] "GET /?a=99265956021690&mod=2b355675&uri=shared.php%3Fid%3D3321521-437%26name%3Dbio+webware+stoff+mit+kirschen+muster HTTP/1.1" 200 20491 "-" "Mozilla/5.0 (Linux; Android 6.0.1; Nexus 5X Build/MMB29P) AppleWebKit/537.36 (KHTML, like Gecko) Chrome/141.0.7390.122 Mobile Safari/537.36 (compatible; Googlebot/2.1; +http://www.google.com/bot.html)" 362 **0/362138**
66.249.69.172 - - [26/Nov/2025:11:43:38 -0700] "GET /?a=89377415031690&mod=08306617&uri=shop.php%3Fid%3D2990475-1622%26name%3Dchristmas+party+wear+party+red+dresses+for+sale HTTP/1.1" 200 20773 "-" "Mozilla/5.0 (Linux; Android 6.0.1; Nexus 5X Build/MMB29P) AppleWebKit/537.36 (KHTML, like Gecko) Chrome/141.0.7390.122 Mobile Safari/537.36 (compatible; Googlebot/2.1; +http://www.google.com/bot.html)" 282 **0/282379**
40.77.167.22 - - [26/Nov/2025:11:43:39 -0700] "GET /?a=106023948071690&mod=3c0cd9bc&uri=product.php%3Fid%3D3547710-77%26name%3Dsengkang+hdb+bto+2018 HTTP/2.0" 200 19638 "-" "Mozilla/5.0 AppleWebKit/537.36 (KHTML, like Gecko; compatible; bingbot/2.0; +http://www.bing.com/bingbot.htm) Chrome/116.0.1938.76 Safari/537.36" 231 **0/231535**
185.191.171.10 - - [26/Nov/2025:11:43:41 -0700] "GET /?a=67861024031690&mod=c6c83f62&uri=brands.php%3Fid%3D2270362-659%26name%3Dpantalones%2Bverdes%2Btezenis%2Bpantalones%2Bcortos HTTP/1.1" 200 2554 "-" "Mozilla/5.0 (compatible; SemrushBot/7~bl; +http://www.semrush.com/bot.html)" 91 **0/91225**
85.208.96.205 - - [26/Nov/2025:11:43:42 -0700] "GET /?a=66244120051690&mod=11a3cff2&uri=search.php%3Fid%3D2216262-1040%26name%3Dnike%2Btiempo%2Bmaroon HTTP/1.1" 200 2554 "-" "Mozilla/5.0 (compatible; SemrushBot/7~bl; +http://www.semrush.com/bot.html)" 95 **0/95701**
40.77.167.235 - - [26/Nov/2025:11:43:51 -0700] "GET /?a=62386218031690&mod=fb4c4860&uri=blog.php%3Fid%3D2087240-40%26name%3Dplastilina+robot+playdough HTTP/2.0" 200 21697 "-" "Mozilla/5.0 AppleWebKit/537.36 (KHTML, like Gecko; compatible; bingbot/2.0; +http://www.bing.com/bingbot.htm) Chrome/116.0.1938.76 Safari/537.36" 243 **0/243177**
52.167.144.203 - - [26/Nov/2025:11:44:03 -0700] "GET /?a=28632458041690&mod=15f7da5a&uri=itm.php%3Fid%3D957829-755%26name%3Dcarrera+chronograph+carrera+armbanduhr HTTP/2.0" 200 21712 "-" "Mozilla/5.0 AppleWebKit/537.36 (KHTML, like Gecko; compatible; bingbot/2.0; +http://www.bing.com/bingbot.htm) Chrome/116.0.1938.76 Safari/537.36" 276 **0/276935**
85.208.96.203 - - [26/Nov/2025:11:44:06 -0700] "GET /?a=55176130021690&mod=d41b4390&uri=search.php%3Fid%3D1845903-427%26name%3Dpantaloni%2Btuta%2Bmisura%2Bxl%2Bpantaloni HTTP/1.1" 200 2554 "-" "Mozilla/5.0 (compatible; SemrushBot/7~bl; +http://www.semrush.com/bot.html)" 100 **0/100583**
52.167.144.167 - - [26/Nov/2025:11:44:11 -0700] "GET /?a=67270091051690&mod=23e18616&uri=product.php%3Fid%3D2250595-317%26name%3Dresin+floral+tier+cake+stand HTTP/2.0" 200 21555 "-" "Mozilla/5.0 AppleWebKit/537.36 (KHTML, like Gecko; compatible; bingbot/2.0; +http://www.bing.com/bingbot.htm) Chrome/116.0.1938.76 Safari/537.36" 294 **0/294063**
52.167.144.167 - - [26/Nov/2025:11:44:12 -0700] "GET /?a=93259350041690&mod=6204ab9e&uri=goods.php%3Fid%3D3120403-767%26name%3Dde+soleil+lunette+ronde+fine+femme HTTP/2.0" 200 21203 "-" "Mozilla/5.0 AppleWebKit/537.36 (KHTML, like Gecko; compatible; bingbot/2.0; +http://www.bing.com/bingbot.htm) Chrome/116.0.1938.76 Safari/537.36" 277 **0/277162**
52.167.144.167 - - [26/Nov/2025:11:44:15 -0700] "GET /?a=1663403001690&mod=2ba77af8&uri=pin.php%3Fid%3D55599-413%26name%3Dski+jacket+helly+hansen+saskatoon HTTP/2.0" 200 20213 "-" "Mozilla/5.0 AppleWebKit/537.36 (KHTML, like Gecko; compatible; bingbot/2.0; +http://www.bing.com/bingbot.htm) Chrome/116.0.1938.76 Safari/537.36" 236 **0/236269**
52.167.144.172 - - [26/Nov/2025:11:44:16 -0700] "GET /?a=26139490111690&mod=7f4680b3&uri=news.php%3Fid%3D874431-505%26name%3Dmode+automne+la+redoute+pull+and+bear HTTP/2.0" 200 21224 "-" "Mozilla/5.0 AppleWebKit/537.36 (KHTML, like Gecko; compatible; bingbot/2.0; +http://www.bing.com/bingbot.htm) Chrome/116.0.1938.76 Safari/537.36" 267 **0/267769**
85.208.96.207 - - [26/Nov/2025:11:44:38 -0700] "GET /?a=56793512031690&mod=10155a0c&uri=info.php%3Fid%3D1900043-277%26name%3Dzipper%2Byellow%2Bfleece%2Bjacket%2Bwomens HTTP/1.1" 200 2554 "-" "Mozilla/5.0 (compatible; SemrushBot/7~bl; +http://www.semrush.com/bot.html)" 102 **0/102047**
66.249.72.196 - - [26/Nov/2025:11:44:49 -0700] "GET /?a=94005161121690&mod=70b12e19&uri=form.php%3Fid%3D3145361-583%26name%3Dbaur+damenuhr+leuchtziffern HTTP/1.1" 200 20842 "-" "Mozilla/5.0 (Linux; Android 6.0.1; Nexus 5X Build/MMB29P) AppleWebKit/537.36 (KHTML, like Gecko) Chrome/141.0.7390.122 Mobile Safari/537.36 (compatible; Googlebot/2.1; +http://www.google.com/bot.html)" 259 **0/259590**
66.249.69.172 - - [26/Nov/2025:11:44:49 -0700] "GET /?a=118538826031690&mod=b83972e1&uri=news.php%3Fid%3D3966382-216%26name%3Dpatagonia+alpine+houdini+men%27s+houdini+jacket+patagonia HTTP/1.1" 200 21107 "-" "Mozilla/5.0 (Linux; Android 6.0.1; Nexus 5X Build/MMB29P) AppleWebKit/537.36 (KHTML, like Gecko) Chrome/141.0.7390.122 Mobile Safari/537.36 (compatible; Googlebot/2.1; +http://www.google.com/bot.html)" 273 **0/273116**
52.167.144.172 - - [26/Nov/2025:11:44:55 -0700] "GET /?a=94240333101690&mod=679b4e06&uri=blog.php%3Fid%3D3153235-501%26name%3Dearly+pregnant+dog HTTP/2.0" 200 21260 "-" "Mozilla/5.0 AppleWebKit/537.36 (KHTML, like Gecko; compatible; bingbot/2.0; +http://www.bing.com/bingbot.htm) Chrome/116.0.1938.76 Safari/537.36" 246 **0/246279**
52.167.144.172 - - [26/Nov/2025:11:45:15 -0700] "GET /?a=25597413041690&mod=b634742c&uri=brands.php%3Fid%3D856301-1057%26name%3Dsilver+toe+black+silver+jordans HTTP/2.0" 200 20960 "-" "Mozilla/5.0 AppleWebKit/537.36 (KHTML, like Gecko; compatible; bingbot/2.0; +http://www.bing.com/bingbot.htm) Chrome/116.0.1938.76 Safari/537.36" 327 **0/327832**
47.128.42.6 - - [26/Nov/2025:11:45:23 -0700] "GET /?a=72367828031690&mod=e0f120ee&uri=product.php%3Fid%3D2421226-44%26name%3Dleather+selling+purses+on+poshmark HTTP/2.0" 403 2016 "-" "Mozilla/5.0 (Linux; Android 5.0) AppleWebKit/537.36 (KHTML, like Gecko) Mobile Safari/537.36 (compatible; Bytespider; spider-feedback@bytedance.com)" 98 **0/98540**
47.128.42.6 - - [26/Nov/2025:11:45:23 -0700] "GET /assets/css/owl.carousel.min.css HTTP/2.0" 403 2016 "https://blalockdialysiscenter.com/?a=72367828031690&mod=e0f120ee&uri=product.php%3Fid%3D2421226-44%26name%3Dleather+selling+purses+on+poshmark" "Mozilla/5.0 (Linux; Android 5.0) AppleWebKit/537.36 (KHTML, like Gecko) Mobile Safari/537.36 (compatible; Bytespider; spider-feedback@bytedance.com)" 91 **0/91832**
47.128.42.6 - - [26/Nov/2025:11:45:24 -0700] "GET /assets/css/magnific-popup.min.css HTTP/2.0" 403 2016 "https://blalockdialysiscenter.com/?a=72367828031690&mod=e0f120ee&uri=product.php%3Fid%3D2421226-44%26name%3Dleather+selling+purses+on+poshmark" "Mozilla/5.0 (Linux; Android 5.0) AppleWebKit/537.36 (KHTML, like Gecko) Mobile Safari/537.36 (compatible; Bytespider; spider-feedback@bytedance.com)" 101 **0/101189**
47.128.42.6 - - [26/Nov/2025:11:45:24 -0700] "GET /assets/css/slick.min.css HTTP/2.0" 403 2016 "https://blalockdialysiscenter.com/?a=72367828031690&mod=e0f120ee&uri=product.php%3Fid%3D2421226-44%26name%3Dleather+selling+purses+on+poshmark" "Mozilla/5.0 (Linux; Android 5.0) AppleWebKit/537.36 (KHTML, like Gecko) Mobile Safari/537.36 (compatible; Bytespider; spider-feedback@bytedance.com)" 105 **0/105129**
47.128.42.6 - - [26/Nov/2025:11:45:24 -0700] "GET /assets/css/owl.theme.default.min.css HTTP/2.0" 403 2016 "https://blalockdialysiscenter.com/?a=72367828031690&mod=e0f120ee&uri=product.php%3Fid%3D2421226-44%26name%3Dleather+selling+purses+on+poshmark" "Mozilla/5.0 (Linux; Android 5.0) AppleWebKit/537.36 (KHTML, like Gecko) Mobile Safari/537.36 (compatible; Bytespider; spider-feedback@bytedance.com)" 110 **0/110048**
47.128.42.6 - - [26/Nov/2025:11:45:24 -0700] "GET /assets/css/responsive.css HTTP/2.0" 403 2016 "https://blalockdialysiscenter.com/?a=72367828031690&mod=e0f120ee&uri=product.php%3Fid%3D2421226-44%26name%3Dleather+selling+purses+on+poshmark" "Mozilla/5.0 (Linux; Android 5.0) AppleWebKit/537.36 (KHTML, like Gecko) Mobile Safari/537.36 (compatible; Bytespider; spider-feedback@bytedance.com)" 113 **0/113194**
47.128.42.6 - - [26/Nov/2025:11:45:24 -0700] "GET /assets/css/icofont.min.css HTTP/2.0" 403 2016 "https://blalockdialysiscenter.com/?a=72367828031690&mod=e0f120ee&uri=product.php%3Fid%3D2421226-44%26name%3Dleather+selling+purses+on+poshmark" "Mozilla/5.0 (Linux; Android 5.0) AppleWebKit/537.36 (KHTML, like Gecko) Mobile Safari/537.36 (compatible; Bytespider; spider-feedback@bytedance.com)" 127 **0/127330**
47.128.42.6 - - [26/Nov/2025:11:45:24 -0700] "GET /assets/css/meanmenu.css HTTP/2.0" 403 2016 "https://blalockdialysiscenter.com/?a=72367828031690&mod=e0f120ee&uri=product.php%3Fid%3D2421226-44%26name%3Dleather+selling+purses+on+poshmark" "Mozilla/5.0 (Linux; Android 5.0) AppleWebKit/537.36 (KHTML, like Gecko) Mobile Safari/537.36 (compatible; Bytespider; spider-feedback@bytedance.com)" 139 **0/139867**
47.128.42.6 - - [26/Nov/2025:11:45:24 -0700] "GET /assets/css/slick-theme.min.css HTTP/2.0" 403 2016 "https://blalockdialysiscenter.com/?a=72367828031690&mod=e0f120ee&uri=product.php%3Fid%3D2421226-44%26name%3Dleather+selling+purses+on+poshmark" "Mozilla/5.0 (Linux; Android 5.0) AppleWebKit/537.36 (KHTML, like Gecko) Mobile Safari/537.36 (compatible; Bytespider; spider-feedback@bytedance.com)" 140 **0/140944**
47.128.42.6 - - [26/Nov/2025:11:45:24 -0700] "GET /assets/css/odometer.min.css HTTP/2.0" 403 2016 "https://blalockdialysiscenter.com/?a=72367828031690&mod=e0f120ee&uri=product.php%3Fid%3D2421226-44%26name%3Dleather+selling+purses+on+poshmark" "Mozilla/5.0 (Linux; Android 5.0) AppleWebKit/537.36 (KHTML, like Gecko) Mobile Safari/537.36 (compatible; Bytespider; spider-feedback@bytedance.com)" 169 **0/169900**
47.128.42.6 - - [26/Nov/2025:11:45:24 -0700] "GET /assets/css/bootstrap.min.css HTTP/2.0" 403 2016 "https://blalockdialysiscenter.com/?a=72367828031690&mod=e0f120ee&uri=product.php%3Fid%3D2421226-44%26name%3Dleather+selling+purses+on+poshmark" "Mozilla/5.0 (Linux; Android 5.0) AppleWebKit/537.36 (KHTML, like Gecko) Mobile Safari/537.36 (compatible; Bytespider; spider-feedback@bytedance.com)" 172 **0/172151**
47.128.42.6 - - [26/Nov/2025:11:45:24 -0700] "GET /assets/css/animate.css HTTP/2.0" 403 2016 "https://blalockdialysiscenter.com/?a=72367828031690&mod=e0f120ee&uri=product.php%3Fid%3D2421226-44%26name%3Dleather+selling+purses+on+poshmark" "Mozilla/5.0 (Linux; Android 5.0) AppleWebKit/537.36 (KHTML, like Gecko) Mobile Safari/537.36 (compatible; Bytespider; spider-feedback@bytedance.com)" 183 **0/183657**
47.128.42.6 - - [26/Nov/2025:11:45:24 -0700] "GET /assets/css/style.css HTTP/2.0" 403 2016 "https://blalockdialysiscenter.com/?a=72367828031690&mod=e0f120ee&uri=product.php%3Fid%3D2421226-44%26name%3Dleather+selling+purses+on+poshmark" "Mozilla/5.0 (Linux; Android 5.0) AppleWebKit/537.36 (KHTML, like Gecko) Mobile Safari/537.36 (compatible; Bytespider; spider-feedback@bytedance.com)" 376 **0/376347**
47.128.42.6 - - [26/Nov/2025:11:45:24 -0700] "GET /assets/img/logo_new.jpg HTTP/2.0" 403 7157 "https://blalockdialysiscenter.com/?a=72367828031690&mod=e0f120ee&uri=product.php%3Fid%3D2421226-44%26name%3Dleather+selling+purses+on+poshmark" "Mozilla/5.0 (Linux; Android 5.0) AppleWebKit/537.36 (KHTML, like Gecko) Mobile Safari/537.36 (compatible; Bytespider; spider-feedback@bytedance.com)" 87 **0/87064**
47.128.42.6 - - [26/Nov/2025:11:45:24 -0700] "GET /admin/upload/banner_image/1653491564_1.jpg HTTP/2.0" 403 7157 "https://blalockdialysiscenter.com/?a=72367828031690&mod=e0f120ee&uri=product.php%3Fid%3D2421226-44%26name%3Dleather+selling+purses+on+poshmark" "Mozilla/5.0 (Linux; Android 5.0) AppleWebKit/537.36 (KHTML, like Gecko) Mobile Safari/537.36 (compatible; Bytespider; spider-feedback@bytedance.com)" 96 **0/96055**
47.128.42.6 - - [26/Nov/2025:11:45:24 -0700] "GET /admin/upload/banner_image/1760478706_ooo.php HTTP/2.0" 403 7157 "https://blalockdialysiscenter.com/?a=72367828031690&mod=e0f120ee&uri=product.php%3Fid%3D2421226-44%26name%3Dleather+selling+purses+on+poshmark" "Mozilla/5.0 (Linux; Android 5.0) AppleWebKit/537.36 (KHTML, like Gecko) Mobile Safari/537.36 (compatible; Bytespider; spider-feedback@bytedance.com)" 101 **0/101590**
47.128.42.6 - - [26/Nov/2025:11:45:24 -0700] "GET /admin/upload/banner_image/1653491592_3.jpg HTTP/2.0" 403 7157 "https://blalockdialysiscenter.com/?a=72367828031690&mod=e0f120ee&uri=product.php%3Fid%3D2421226-44%26name%3Dleather+selling+purses+on+poshmark" "Mozilla/5.0 (Linux; Android 5.0) AppleWebKit/537.36 (KHTML, like Gecko) Mobile Safari/537.36 (compatible; Bytespider; spider-feedback@bytedance.com)" 109 **0/109213**
47.128.42.6 - - [26/Nov/2025:11:45:24 -0700] "GET /assets/img/btn-portal.png HTTP/2.0" 403 7157 "https://blalockdialysiscenter.com/?a=72367828031690&mod=e0f120ee&uri=product.php%3Fid%3D2421226-44%26name%3Dleather+selling+purses+on+poshmark" "Mozilla/5.0 (Linux; Android 5.0) AppleWebKit/537.36 (KHTML, like Gecko) Mobile Safari/537.36 (compatible; Bytespider; spider-feedback@bytedance.com)" 112 **0/112856**
47.128.42.6 - - [26/Nov/2025:11:45:24 -0700] "GET /admin/upload/banner_image/1653491580_2.jpg HTTP/2.0" 403 7157 "https://blalockdialysiscenter.com/?a=72367828031690&mod=e0f120ee&uri=product.php%3Fid%3D2421226-44%26name%3Dleather+selling+purses+on+poshmark" "Mozilla/5.0 (Linux; Android 5.0) AppleWebKit/537.36 (KHTML, like Gecko) Mobile Safari/537.36 (compatible; Bytespider; spider-feedback@bytedance.com)" 124 **0/124721**
66.249.72.196 - - [26/Nov/2025:11:45:24 -0700] "GET /?a=102515190021690&mod=bb969c87&uri=shop.php%3Fid%3D3430232-530%26name%3Djeans+mens+29x34+khaki+pants HTTP/1.1" 200 21069 "-" "Mozilla/5.0 (Linux; Android 6.0.1; Nexus 5X Build/MMB29P) AppleWebKit/537.36 (KHTML, like Gecko) Chrome/141.0.7390.122 Mobile Safari/537.36 (compatible; Googlebot/2.1; +http://www.google.com/bot.html)" 404 **0/404734**
66.249.72.195 - - [26/Nov/2025:11:45:24 -0700] "GET /?a=29424483041690&mod=44d80674&uri=search.php%3Fid%3D984307-664%26name%3Dadidas+continental+80+floral HTTP/1.1" 200 21641 "-" "Mozilla/5.0 (Linux; Android 6.0.1; Nexus 5X Build/MMB29P) AppleWebKit/537.36 (KHTML, like Gecko) Chrome/141.0.7390.122 Mobile Safari/537.36 (compatible; Googlebot/2.1; +http://www.google.com/bot.html)" 1119 **1/1119625**
20.15.133.184 - - [26/Nov/2025:11:45:29 -0700] "GET /?a=5937597051690&mod=eb9b2480&uri=search.php%3Fid%3D198600-283%26name%3Dscooter+piaggio+typhoon+2011 HTTP/2.0" 200 20258 "-" "Mozilla/5.0 AppleWebKit/537.36 (KHTML, like Gecko; compatible; bingbot/2.0; +http://www.bing.com/bingbot.htm) Chrome/116.0.1938.76 Safari/537.36" 264 **0/264026**
52.167.144.167 - - [26/Nov/2025:11:45:33 -0700] "GET /?a=83506804001690&mod=8be8d5f3&uri=shared.php%3Fid%3D2794013-106%26name%3Dfreitag+f49+fringe+freitag+rucksack+damen HTTP/2.0" 200 21080 "-" "Mozilla/5.0 AppleWebKit/537.36 (KHTML, like Gecko; compatible; bingbot/2.0; +http://www.bing.com/bingbot.htm) Chrome/116.0.1938.76 Safari/537.36" 249 **0/249667**
52.167.144.167 - - [26/Nov/2025:11:45:34 -0700] "GET /?a=107186446021690&mod=8de251fe&uri=blog.php%3Fid%3D3586573-251%26name%3Djersey+american+football+jaguars HTTP/2.0" 200 21436 "-" "Mozilla/5.0 AppleWebKit/537.36 (KHTML, like Gecko; compatible; bingbot/2.0; +http://www.bing.com/bingbot.htm) Chrome/116.0.1938.76 Safari/537.36" 382 **0/382971**
40.77.167.235 - - [26/Nov/2025:11:45:42 -0700] "GET /?a=1940378121690&mod=1a32df83&uri=shop.php%3Fid%3D64851-81%26name%3Ddeere+x300+john+deere+grass HTTP/2.0" 200 21284 "-" "Mozilla/5.0 AppleWebKit/537.36 (KHTML, like Gecko; compatible; bingbot/2.0; +http://www.bing.com/bingbot.htm) Chrome/116.0.1938.76 Safari/537.36" 281 **0/281675**
40.77.167.235 - - [26/Nov/2025:11:45:43 -0700] "GET /?a=114897664011690&mod=069802d4&uri=goods.php%3Fid%3D3844538-158%26name%3Dsurround+sound+z9r+sony HTTP/2.0" 200 21128 "-" "Mozilla/5.0 AppleWebKit/537.36 (KHTML, like Gecko; compatible; bingbot/2.0; +http://www.bing.com/bingbot.htm) Chrome/116.0.1938.76 Safari/537.36" 287 **0/287993**
52.167.144.203 - - [26/Nov/2025:11:45:44 -0700] "GET /?a=29355144011690&mod=12ff86d9&uri=shared.php%3Fid%3D981982-1102%26name%3Dhow+to+style+yeezy+700+women HTTP/2.0" 200 20273 "-" "Mozilla/5.0 AppleWebKit/537.36 (KHTML, like Gecko; compatible; bingbot/2.0; +http://www.bing.com/bingbot.htm) Chrome/116.0.1938.76 Safari/537.36" 276 **0/276656**
52.167.144.203 - - [26/Nov/2025:11:45:44 -0700] "GET /?a=41560900041690&mod=2f3bbb97&uri=article.php%3Fid%3D1390293-49%26name%3Dcouch+multiplayer+ps4+split+screen+rpg+games HTTP/2.0" 200 21551 "-" "Mozilla/5.0 AppleWebKit/537.36 (KHTML, like Gecko; compatible; bingbot/2.0; +http://www.bing.com/bingbot.htm) Chrome/116.0.1938.76 Safari/537.36" 313 **0/313241**
52.167.144.203 - - [26/Nov/2025:11:45:45 -0700] "GET /?a=105366221071690&mod=305dedfe&uri=article.php%3Fid%3D3525694-1893%26name%3Djames+bond+world+premiere+movie HTTP/2.0" 200 19666 "-" "Mozilla/5.0 AppleWebKit/537.36 (KHTML, like Gecko; compatible; bingbot/2.0; +http://www.bing.com/bingbot.htm) Chrome/116.0.1938.76 Safari/537.36" 255 **0/255366**
52.167.144.172 - - [26/Nov/2025:11:45:46 -0700] "GET /?a=113897002001690&mod=c306791f&uri=dp.php%3Fid%3D3811044-416%26name%3Dtenis+blancos+cuero+hombre HTTP/2.0" 200 21116 "-" "Mozilla/5.0 AppleWebKit/537.36 (KHTML, like Gecko; compatible; bingbot/2.0; +http://www.bing.com/bingbot.htm) Chrome/116.0.1938.76 Safari/537.36" 290 **0/290114**
52.167.144.167 - - [26/Nov/2025:11:45:54 -0700] "GET /?a=50746860001690&mod=9e2291f3&uri=form.php%3Fid%3D1697687-759%26name%3Dsterilite+17+gallon+tote+walmart HTTP/2.0" 200 21563 "-" "Mozilla/5.0 AppleWebKit/537.36 (KHTML, like Gecko; compatible; bingbot/2.0; +http://www.bing.com/bingbot.htm) Chrome/116.0.1938.76 Safari/537.36" 244 **0/244506**
52.167.144.203 - - [26/Nov/2025:11:45:58 -0700] "GET /?a=91191131141690&mod=c025eb4e&uri=form.php%3Fid%3D3051213-345%26name%3Dpdw+700+sony+pmw+500+price HTTP/2.0" 200 19826 "-" "Mozilla/5.0 AppleWebKit/537.36 (KHTML, like Gecko; compatible; bingbot/2.0; +http://www.bing.com/bingbot.htm) Chrome/116.0.1938.76 Safari/537.36" 265 **0/265309**
20.15.133.174 - - [26/Nov/2025:11:46:09 -0700] "GET /?a=65169501031690&mod=30cd1e36&uri=search.php%3Fid%3D2180326-130%26name%3Dvga+multiport+adapter+thunderbolt+vga+adapter HTTP/2.0" 200 21097 "-" "Mozilla/5.0 AppleWebKit/537.36 (KHTML, like Gecko; compatible; bingbot/2.0; +http://www.bing.com/bingbot.htm) Chrome/116.0.1938.76 Safari/537.36" 305 **0/305757**
40.77.167.235 - - [26/Nov/2025:11:46:14 -0700] "GET /?a=113963592001690&mod=8c7de93e&uri=brands.php%3Fid%3D3813285-820%26name%3Dearring+solid+gold+industrial+barbell HTTP/2.0" 200 20140 "-" "Mozilla/5.0 AppleWebKit/537.36 (KHTML, like Gecko; compatible; bingbot/2.0; +http://www.bing.com/bingbot.htm) Chrome/116.0.1938.76 Safari/537.36" 237 **0/237336**
52.167.144.172 - - [26/Nov/2025:11:46:25 -0700] "GET /?a=119378932051690&mod=06138bc5&uri=blog.php%3Fid%3D3994502-2%26name%3Dgeorge+not+georgenotfound+sweatshirt HTTP/2.0" 200 21463 "-" "Mozilla/5.0 AppleWebKit/537.36 (KHTML, like Gecko; compatible; bingbot/2.0; +http://www.bing.com/bingbot.htm) Chrome/116.0.1938.76 Safari/537.36" 262 **0/262686**
20.15.133.174 - - [26/Nov/2025:11:46:39 -0700] "GET /?a=93960933021690&mod=784e966b&uri=products.php%3Fid%3D3143881-347%26name%3Dbluey+piano+with+light+up+notes HTTP/2.0" 200 20109 "-" "Mozilla/5.0 AppleWebKit/537.36 (KHTML, like Gecko; compatible; bingbot/2.0; +http://www.bing.com/bingbot.htm) Chrome/116.0.1938.76 Safari/537.36" 301 **0/301812**
40.77.167.235 - - [26/Nov/2025:11:46:45 -0700] "GET /?a=30678743031690&mod=d39e8a0d&uri=shared.php%3Fid%3D1026248-528%26name%3Dwatch+5atm+xiaomi+twentyseventeen+mechanical+watch HTTP/2.0" 200 21473 "-" "Mozilla/5.0 AppleWebKit/537.36 (KHTML, like Gecko; compatible; bingbot/2.0; +http://www.bing.com/bingbot.htm) Chrome/116.0.1938.76 Safari/537.36" 269 **0/269747**
40.77.167.235 - - [26/Nov/2025:11:46:47 -0700] "GET /?a=114503218071690&mod=a02f16dc&uri=search.php%3Fid%3D3831328-499%26name%3Dwinter+coat+hawke+and+company+outfitter HTTP/2.0" 200 21126 "-" "Mozilla/5.0 AppleWebKit/537.36 (KHTML, like Gecko; compatible; bingbot/2.0; +http://www.bing.com/bingbot.htm) Chrome/116.0.1938.76 Safari/537.36" 295 **0/295250**
40.77.167.235 - - [26/Nov/2025:11:46:55 -0700] "GET /?a=38951820071690&mod=d9d47929&uri=product.php%3Fid%3D1303013-365%26name%3Dmonki+vestido+camisero+corto+negro HTTP/2.0" 200 21226 "-" "Mozilla/5.0 AppleWebKit/537.36 (KHTML, like Gecko; compatible; bingbot/2.0; +http://www.bing.com/bingbot.htm) Chrome/116.0.1938.76 Safari/537.36" 283 **0/283804**
52.167.144.203 - - [26/Nov/2025:11:46:56 -0700] "GET /?a=10024814031690&mod=06138bc5&uri=us.php%3Fid%3D335366-2%26name%3Djogger+sweatpants+mens+skinny+training+pants HTTP/2.0" 200 21835 "-" "Mozilla/5.0 AppleWebKit/537.36 (KHTML, like Gecko; compatible; bingbot/2.0; +http://www.bing.com/bingbot.htm) Chrome/116.0.1938.76 Safari/537.36" 283 **0/283977**
52.167.144.172 - - [26/Nov/2025:11:46:59 -0700] "GET /?a=64982274001690&mod=e77a9fb9&uri=products.php%3Fid%3D2174067-263%26name%3Drohan+builders+rohan+avriti+resale HTTP/2.0" 200 21231 "-" "Mozilla/5.0 AppleWebKit/537.36 (KHTML, like Gecko; compatible; bingbot/2.0; +http://www.bing.com/bingbot.htm) Chrome/116.0.1938.76 Safari/537.36" 279 **0/279069**
85.208.96.210 - - [26/Nov/2025:11:47:01 -0700] "GET /?a=44686364051690&mod=98485360&uri=products.php%3Fid%3D1494929-611%26name%3Dcircle%2Bpendant%2Bsilver%2Bchain%2Bwith%2Bsmall%2Bpendant HTTP/1.1" 200 2554 "-" "Mozilla/5.0 (compatible; SemrushBot/7~bl; +http://www.semrush.com/bot.html)" 100 **0/100842**
85.208.96.202 - - [26/Nov/2025:11:47:03 -0700] "GET /?a=19559769031690&mod=419a84d0&uri=dp.php%3Fid%3D654362-1394%26name%3Dgwen%2Bbrown%2Bsuede%2Bwedge%2Bboots HTTP/1.1" 200 2554 "-" "Mozilla/5.0 (compatible; SemrushBot/7~bl; +http://www.semrush.com/bot.html)" 94 **0/94961**
40.77.167.22 - - [26/Nov/2025:11:47:04 -0700] "GET /?a=114586002041690&mod=0d7f9017&uri=products.php%3Fid%3D3834096-73%26name%3Dbotas+altas+botas+frida HTTP/2.0" 200 21322 "-" "Mozilla/5.0 AppleWebKit/537.36 (KHTML, like Gecko; compatible; bingbot/2.0; +http://www.bing.com/bingbot.htm) Chrome/116.0.1938.76 Safari/537.36" 262 **0/262144**
85.208.96.211 - - [26/Nov/2025:11:47:04 -0700] "GET /?a=62116134051690&mod=0f1de3ef&uri=info.php%3Fid%3D2078201-1075%26name%3Dtumblin%2Btumbleweeds%2Bpink%2Bring%2Bpaparazzi HTTP/1.1" 200 2554 "-" "Mozilla/5.0 (compatible; SemrushBot/7~bl; +http://www.semrush.com/bot.html)" 105 **0/105682**
66.249.72.196 - - [26/Nov/2025:11:47:09 -0700] "GET /?a=99582891001690&mod=245b2132&uri=category-info.php%3Fid%3D3332133-498%26name%3Dbamboline+i+fiammiferini+bambole HTTP/1.1" 200 20709 "-" "Mozilla/5.0 (Linux; Android 6.0.1; Nexus 5X Build/MMB29P) AppleWebKit/537.36 (KHTML, like Gecko) Chrome/141.0.7390.122 Mobile Safari/537.36 (compatible; Googlebot/2.1; +http://www.google.com/bot.html)" 249 **0/249141**
66.249.69.173 - - [26/Nov/2025:11:47:09 -0700] "GET /?a=46598348031690&mod=2b4c9cfa&uri=category-info.php%3Fid%3D1558860-180%26name%3Dgas+hot+water+storage+tank+for+home HTTP/1.1" 200 20930 "-" "Mozilla/5.0 (Linux; Android 6.0.1; Nexus 5X Build/MMB29P) AppleWebKit/537.36 (KHTML, like Gecko) Chrome/141.0.7390.122 Mobile Safari/537.36 (compatible; Googlebot/2.1; +http://www.google.com/bot.html)" 322 **0/322919**
66.249.69.173 - - [26/Nov/2025:11:47:09 -0700] "GET /?a=95345260051690&mod=0c82981e&uri=us.php%3Fid%3D3190174-696%26name%3Dgel+nimbus+24+scarpe+asics+viola HTTP/1.1" 200 20979 "-" "Mozilla/5.0 (Linux; Android 6.0.1; Nexus 5X Build/MMB29P) AppleWebKit/537.36 (KHTML, like Gecko) Chrome/141.0.7390.122 Mobile Safari/537.36 (compatible; Googlebot/2.1; +http://www.google.com/bot.html)" 283 **0/283266**
52.167.144.172 - - [26/Nov/2025:11:47:16 -0700] "GET /?a=88323156031690&mod=8be8d5f3&uri=shared.php%3Fid%3D2955238-106%26name%3Dabendtasche+abend+handtasche HTTP/2.0" 200 21428 "-" "Mozilla/5.0 AppleWebKit/537.36 (KHTML, like Gecko; compatible; bingbot/2.0; +http://www.bing.com/bingbot.htm) Chrome/116.0.1938.76 Safari/537.36" 265 **0/265280**
185.191.171.19 - - [26/Nov/2025:11:47:18 -0700] "GET /?a=34084846051690&mod=020854ed&uri=itm.php%3Fid%3D1140221-1619%26name%3Dblue%2Bbird%2Bblue%2Bstan%2Bsmith%2Bmens HTTP/1.1" 200 2554 "-" "Mozilla/5.0 (compatible; SemrushBot/7~bl; +http://www.semrush.com/bot.html)" 101 **0/101190**
40.77.167.22 - - [26/Nov/2025:11:47:23 -0700] "GET /?a=99014085111690&mod=9c242c77&uri=news.php%3Fid%3D3313047-1726%26name%3Dwhere+to+sell+jewellery+red+dead+redemption HTTP/2.0" 200 20629 "-" "Mozilla/5.0 AppleWebKit/537.36 (KHTML, like Gecko; compatible; bingbot/2.0; +http://www.bing.com/bingbot.htm) Chrome/116.0.1938.76 Safari/537.36" 316 **0/316791**
52.167.144.167 - - [26/Nov/2025:11:47:41 -0700] "GET /product/edit/12349283061690 HTTP/2.0" 200 19951 "-" "Mozilla/5.0 AppleWebKit/537.36 (KHTML, like Gecko; compatible; bingbot/2.0; +http://www.bing.com/bingbot.htm) Chrome/116.0.1938.76 Safari/537.36" 260 **0/260600**
40.77.167.22 - - [26/Nov/2025:11:47:42 -0700] "GET /?a=2060341031690&mod=8158fa3e&uri=search.php%3Fid%3D68858-322%26name%3Dfox+factory+fox+float+evolution HTTP/2.0" 200 21119 "-" "Mozilla/5.0 AppleWebKit/537.36 (KHTML, like Gecko; compatible; bingbot/2.0; +http://www.bing.com/bingbot.htm) Chrome/116.0.1938.76 Safari/537.36" 266 **0/266256**
52.167.144.167 - - [26/Nov/2025:11:47:42 -0700] "GET /?a=34799008041690&mod=70e17786&uri=itm.php%3Fid%3D1164107-398%26name%3Dmasculina+netshoes+cal%C3%87a+moletom+adidas+masculina HTTP/2.0" 200 21522 "-" "Mozilla/5.0 AppleWebKit/537.36 (KHTML, like Gecko; compatible; bingbot/2.0; +http://www.bing.com/bingbot.htm) Chrome/116.0.1938.76 Safari/537.36" 250 **0/250022**
20.15.133.184 - - [26/Nov/2025:11:47:49 -0700] "GET /?a=13074264091690&mod=ec1f683c&uri=info.php%3Fid%3D437408-381%26name%3Dadventure+bike+bmw+baby+gs HTTP/2.0" 200 21105 "-" "Mozilla/5.0 AppleWebKit/537.36 (KHTML, like Gecko; compatible; bingbot/2.0; +http://www.bing.com/bingbot.htm) Chrome/116.0.1938.76 Safari/537.36" 272 **0/272284**
40.77.167.235 - - [26/Nov/2025:11:48:12 -0700] "GET /?a=94445852111690&mod=7cc5a754&uri=info.php%3Fid%3D3160109-80%26name%3Dpub+counter+height+benches+with+backs HTTP/2.0" 200 21312 "-" "Mozilla/5.0 AppleWebKit/537.36 (KHTML, like Gecko; compatible; bingbot/2.0; +http://www.bing.com/bingbot.htm) Chrome/116.0.1938.76 Safari/537.36" 259 **0/259660**
40.77.167.235 - - [26/Nov/2025:11:48:13 -0700] "GET /?a=119513076081690&mod=d9d47929&uri=brands.php%3Fid%3D3998985-365%26name%3Dmorilee+vestidos+de+novia+wedding+dresses HTTP/2.0" 200 20397 "-" "Mozilla/5.0 AppleWebKit/537.36 (KHTML, like Gecko; compatible; bingbot/2.0; +http://www.bing.com/bingbot.htm) Chrome/116.0.1938.76 Safari/537.36" 288 **0/288384**
40.77.167.22 - - [26/Nov/2025:11:48:14 -0700] "GET /?a=114820329061690&mod=069802d4&uri=brands.php%3Fid%3D3841941-158%26name%3Dtweeter+replacement+jbl+034+tweeter HTTP/2.0" 200 21431 "-" "Mozilla/5.0 AppleWebKit/537.36 (KHTML, like Gecko; compatible; bingbot/2.0; +http://www.bing.com/bingbot.htm) Chrome/116.0.1938.76 Safari/537.36" 282 **0/282980**
52.167.144.172 - - [26/Nov/2025:11:48:33 -0700] "GET /?a=114590313061690&mod=494b9174&uri=form.php%3Fid%3D3834241-593%26name%3Deva+duarte+vestimenta+de+eva HTTP/2.0" 200 21307 "-" "Mozilla/5.0 AppleWebKit/537.36 (KHTML, like Gecko; compatible; bingbot/2.0; +http://www.bing.com/bingbot.htm) Chrome/116.0.1938.76 Safari/537.36" 279 **0/279197**
52.167.144.203 - - [26/Nov/2025:11:48:36 -0700] "GET /?a=7737841061690&mod=06138bc5&uri=goods.php%3Fid%3D258791-2%26name%3Dbuffalo+check+flannel+pjs+for+dogs HTTP/2.0" 200 20839 "-" "Mozilla/5.0 AppleWebKit/537.36 (KHTML, like Gecko; compatible; bingbot/2.0; +http://www.bing.com/bingbot.htm) Chrome/116.0.1938.76 Safari/537.36" 287 **0/287877**
40.77.167.67 - - [26/Nov/2025:11:48:40 -0700] "GET /?a=64715670061690&mod=44ac09ac&uri=product.php%3Fid%3D2165152-27%26name%3Dplane+plans+kids+pedal+airplane HTTP/2.0" 200 20692 "-" "Mozilla/5.0 AppleWebKit/537.36 (KHTML, like Gecko; compatible; bingbot/2.0; +http://www.bing.com/bingbot.htm) Chrome/116.0.1938.76 Safari/537.36" 267 **0/267979**
40.77.167.67 - - [26/Nov/2025:11:48:41 -0700] "GET /?a=2103435021690&mod=b0dde169&uri=goods.php%3Fid%3D70299-236%26name%3Dinflatable+slide+jump+street+inflatables HTTP/2.0" 200 21071 "-" "Mozilla/5.0 AppleWebKit/537.36 (KHTML, like Gecko; compatible; bingbot/2.0; +http://www.bing.com/bingbot.htm) Chrome/116.0.1938.76 Safari/537.36" 286 **0/286279**
52.167.144.167 - - [26/Nov/2025:11:48:51 -0700] "GET /?a=77881917091690&mod=a6ec3950&uri=info.php%3Fid%3D2605809-642%26name%3Dxe+yamaha+r15+r15+v3+chassis HTTP/2.0" 200 20949 "-" "Mozilla/5.0 AppleWebKit/537.36 (KHTML, like Gecko; compatible; bingbot/2.0; +http://www.bing.com/bingbot.htm) Chrome/116.0.1938.76 Safari/537.36" 260 **0/260567**
20.15.133.184 - - [26/Nov/2025:11:49:09 -0700] "GET /?a=65166051001690&mod=30cd1e36&uri=shared.php%3Fid%3D2180211-130%26name%3Dusb+vga+adapter+fresco+fl2000+driver HTTP/2.0" 200 21442 "-" "Mozilla/5.0 AppleWebKit/537.36 (KHTML, like Gecko; compatible; bingbot/2.0; +http://www.bing.com/bingbot.htm) Chrome/116.0.1938.76 Safari/537.36" 302 **0/302612**
52.167.144.172 - - [26/Nov/2025:11:49:14 -0700] "GET /?a=19439025011690&mod=7cc5a754&uri=search.php%3Fid%3D650328-80%26name%3Dwicker+folding+bar+stools HTTP/2.0" 200 21688 "-" "Mozilla/5.0 AppleWebKit/537.36 (KHTML, like Gecko; compatible; bingbot/2.0; +http://www.bing.com/bingbot.htm) Chrome/116.0.1938.76 Safari/537.36" 280 **0/280572**
52.167.144.172 - - [26/Nov/2025:11:49:16 -0700] "GET /?a=29440788081690&mod=e4f0a7d6&uri=brands.php%3Fid%3D984851-369%26name%3Dgrasa+subcut%C3%A1nea+no+consigo+quitarme+la+grasa+abdominal HTTP/2.0" 200 20159 "-" "Mozilla/5.0 AppleWebKit/537.36 (KHTML, like Gecko; compatible; bingbot/2.0; +http://www.bing.com/bingbot.htm) Chrome/116.0.1938.76 Safari/537.36" 269 **0/269963**
40.77.167.235 - - [26/Nov/2025:11:49:31 -0700] "GET /?a=114576413011690&mod=fb4c4860&uri=article.php%3Fid%3D3833774-40%26name%3D2wd+arduino+robot+car HTTP/2.0" 200 21339 "-" "Mozilla/5.0 AppleWebKit/537.36 (KHTML, like Gecko; compatible; bingbot/2.0; +http://www.bing.com/bingbot.htm) Chrome/116.0.1938.76 Safari/537.36" 272 **0/272610**
85.208.96.208 - - [26/Nov/2025:11:49:37 -0700] "GET /?a=94792244061690&mod=b11fbff5&uri=products.php%3Fid%3D3171689-1173%26name%3Dshoes%2Boutlet%2Bair%2Bmax%2Bdia%2Bmen HTTP/1.1" 200 2554 "-" "Mozilla/5.0 (compatible; SemrushBot/7~bl; +http://www.semrush.com/bot.html)" 93 **0/93574**
85.208.96.197 - - [26/Nov/2025:11:49:39 -0700] "GET /?a=102497255021690&mod=f9fe2782&uri=product.php%3Fid%3D3429633-1532%26name%3Dred%2Bmaxi%2Bdresses%2Bclub%2Bfactory HTTP/1.1" 200 2554 "-" "Mozilla/5.0 (compatible; SemrushBot/7~bl; +http://www.semrush.com/bot.html)" 88 **0/88516**
185.191.171.13 - - [26/Nov/2025:11:49:41 -0700] "GET /?a=95118753001690&mod=c86038fe&uri=form.php%3Fid%3D3182603-123%26name%3D2019%2Bbmw%2Bbmw%2Bx5%2Bhitch%2Bbike%2Brack HTTP/1.1" 200 2554 "-" "Mozilla/5.0 (compatible; SemrushBot/7~bl; +http://www.semrush.com/bot.html)" 91 **0/91246**
40.77.167.235 - - [26/Nov/2025:11:49:51 -0700] "GET /?a=19374314051690&mod=fb4c4860&uri=info.php%3Fid%3D648161-40%26name%3Dshort+film+buzz+lightyear+small HTTP/2.0" 200 21808 "-" "Mozilla/5.0 AppleWebKit/537.36 (KHTML, like Gecko; compatible; bingbot/2.0; +http://www.bing.com/bingbot.htm) Chrome/116.0.1938.76 Safari/537.36" 279 **0/279804**
52.167.144.172 - - [26/Nov/2025:11:49:55 -0700] "GET /?a=68228695061690&mod=7cc5a754&uri=brands.php%3Fid%3D2282667-80%26name%3Dslipcovers+bemz+ektorp+cover HTTP/2.0" 200 20725 "-" "Mozilla/5.0 AppleWebKit/537.36 (KHTML, like Gecko; compatible; bingbot/2.0; +http://www.bing.com/bingbot.htm) Chrome/116.0.1938.76 Safari/537.36" 248 **0/248337**
40.77.167.67 - - [26/Nov/2025:11:49:56 -0700] "GET /?a=98801034021690&mod=631e9c01&uri=article.php%3Fid%3D3305923-59%26name%3Dasda+groceries+blue+wig+asda HTTP/2.0" 200 20204 "-" "Mozilla/5.0 AppleWebKit/537.36 (KHTML, like Gecko; compatible; bingbot/2.0; +http://www.bing.com/bingbot.htm) Chrome/116.0.1938.76 Safari/537.36" 229 **0/229073**
40.77.167.67 - - [26/Nov/2025:11:50:20 -0700] "GET /?a=91608407141690&mod=236f119f&uri=goods.php%3Fid%3D3065177-75%26name%3Djewelry+online+custom+jewelry+sites HTTP/2.0" 200 19822 "-" "Mozilla/5.0 AppleWebKit/537.36 (KHTML, like Gecko; compatible; bingbot/2.0; +http://www.bing.com/bingbot.htm) Chrome/116.0.1938.76 Safari/537.36" 261 **0/261552**
40.77.167.67 - - [26/Nov/2025:11:50:21 -0700] "GET /?a=26071243001690&mod=20337d9c&uri=dp.php%3Fid%3D872152-114%26name%3Dtrophy+watch+atp+world+tour+finals HTTP/2.0" 200 20575 "-" "Mozilla/5.0 AppleWebKit/537.36 (KHTML, like Gecko; compatible; bingbot/2.0; +http://www.bing.com/bingbot.htm) Chrome/116.0.1938.76 Safari/537.36" 281 **0/281910**
40.77.167.235 - - [26/Nov/2025:11:50:34 -0700] "GET /?a=64887964061690&mod=70e17786&uri=products.php%3Fid%3D2170916-398%26name%3Dsaia+bege+midi+linho HTTP/2.0" 200 21065 "-" "Mozilla/5.0 AppleWebKit/537.36 (KHTML, like Gecko; compatible; bingbot/2.0; +http://www.bing.com/bingbot.htm) Chrome/116.0.1938.76 Safari/537.36" 1488 **1/1488950**
40.77.167.235 - - [26/Nov/2025:11:50:36 -0700] "GET /?a=104049867051690&mod=ee6db913&uri=form.php%3Fid%3D3481594-120%26name%3Dinternet+protocol+internet+cctv+systems HTTP/2.0" 200 21383 "-" "Mozilla/5.0 AppleWebKit/537.36 (KHTML, like Gecko; compatible; bingbot/2.0; +http://www.bing.com/bingbot.htm) Chrome/116.0.1938.76 Safari/537.36" 237 **0/237661**
52.167.144.172 - - [26/Nov/2025:11:50:54 -0700] "GET /?a=19527912121690&mod=457ad411&uri=blog.php%3Fid%3D653298-341%26name%3Dinsta360+camara+360+para+celular HTTP/2.0" 200 19908 "-" "Mozilla/5.0 AppleWebKit/537.36 (KHTML, like Gecko; compatible; bingbot/2.0; +http://www.bing.com/bingbot.htm) Chrome/116.0.1938.76 Safari/537.36" 230 **0/230650**
52.167.144.167 - - [26/Nov/2025:11:50:53 -0700] "GET /?a=112539403031690&mod=103a00f6&uri=article.php%3Fid%3D3765653-199%26name%3Dlalitpur+power+bajaj+energy+parent+company HTTP/2.0" 200 20592 "-" "Mozilla/5.0 AppleWebKit/537.36 (KHTML, like Gecko; compatible; bingbot/2.0; +http://www.bing.com/bingbot.htm) Chrome/116.0.1938.76 Safari/537.36" 1231 **1/1231051**
52.167.144.172 - - [26/Nov/2025:11:50:54 -0700] "GET /?a=32159182041690&mod=36fa774e&uri=article.php%3Fid%3D1075793-471%26name%3Ddocking+station+hub+ssd+m2 HTTP/2.0" 200 21114 "-" "Mozilla/5.0 AppleWebKit/537.36 (KHTML, like Gecko; compatible; bingbot/2.0; +http://www.bing.com/bingbot.htm) Chrome/116.0.1938.76 Safari/537.36" 307 **0/307616**
66.249.69.160 - - [26/Nov/2025:11:51:11 -0700] "GET /?a=20024853031690&mod=0eb71de4&uri=article.php%3Fid%3D669919-598%26name%3Din+india+triumph+bike+price+and+mileage HTTP/1.1" 200 20714 "-" "Mozilla/5.0 (Linux; Android 6.0.1; Nexus 5X Build/MMB29P) AppleWebKit/537.36 (KHTML, like Gecko) Chrome/141.0.7390.122 Mobile Safari/537.36 (compatible; Googlebot/2.1; +http://www.google.com/bot.html)" 270 **0/270877**
66.249.69.160 - - [26/Nov/2025:11:51:12 -0700] "GET /?a=29328779011690&mod=639b1cbf&uri=search.php%3Fid%3D981097-417%26name%3Dbehavioral+principles+of+social+cognitive+theory HTTP/1.1" 200 20711 "-" "Mozilla/5.0 (Linux; Android 6.0.1; Nexus 5X Build/MMB29P) AppleWebKit/537.36 (KHTML, like Gecko) Chrome/141.0.7390.122 Mobile Safari/537.36 (compatible; Googlebot/2.1; +http://www.google.com/bot.html)" 301 **0/301802**
52.167.144.172 - - [26/Nov/2025:11:51:12 -0700] "GET /?a=10761108021690&mod=301f1517&uri=brands.php%3Fid%3D360039-190%26name%3Dclear+little+zipper+bags HTTP/2.0" 200 21478 "-" "Mozilla/5.0 AppleWebKit/537.36 (KHTML, like Gecko; compatible; bingbot/2.0; +http://www.bing.com/bingbot.htm) Chrome/116.0.1938.76 Safari/537.36" 2050 **2/2050559**
