20.15.133.175 - - [26/Nov/2025:14:10:33 -0700] "GET /?a=113874856031690&mod=a6dd1cdf&uri=search.php%3Fid%3D3810303-166%26name%3Dfootwear+saks+off+5th+christian+louboutin HTTP/2.0" 200 21502 "-" "Mozilla/5.0 AppleWebKit/537.36 (KHTML, like Gecko; compatible; bingbot/2.0; +http://www.bing.com/bingbot.htm) Chrome/116.0.1938.76 Safari/537.36" 277 **0/277504**
40.77.167.151 - - [26/Nov/2025:14:11:08 -0700] "GET /?a=114016121041690&mod=f7c914bf&uri=products.php%3Fid%3D3815039-234%26name%3Dgopro+drone+3dr+solo+alcance HTTP/2.0" 200 20881 "-" "Mozilla/5.0 AppleWebKit/537.36 (KHTML, like Gecko; compatible; bingbot/2.0; +http://www.bing.com/bingbot.htm) Chrome/116.0.1938.76 Safari/537.36" 255 **0/255038**
52.167.144.150 - - [26/Nov/2025:14:11:29 -0700] "GET /?a=111475337011690&mod=121e7945&uri=search.php%3Fid%3D3730082-961%26name%3Dpalermo+scarpe+puma+donna+italia HTTP/2.0" 200 20229 "-" "Mozilla/5.0 AppleWebKit/537.36 (KHTML, like Gecko; compatible; bingbot/2.0; +http://www.bing.com/bingbot.htm) Chrome/116.0.1938.76 Safari/537.36" 236 **0/236405**
52.167.144.227 - - [26/Nov/2025:14:11:34 -0700] "GET /?a=5904941021690&mod=7cc5a754&uri=products.php%3Fid%3D197509-80%26name%3Dsheesham+wood+dining+wood+table+set HTTP/2.0" 200 20812 "-" "Mozilla/5.0 AppleWebKit/537.36 (KHTML, like Gecko; compatible; bingbot/2.0; +http://www.bing.com/bingbot.htm) Chrome/116.0.1938.76 Safari/537.36" 1036 **1/1036385**
40.77.167.151 - - [26/Nov/2025:14:11:37 -0700] "GET /?a=83634999041690&mod=82d3149f&uri=dp.php%3Fid%3D2798299-94%26name%3Dhallway+garment+rack+with+storage HTTP/2.0" 200 21148 "-" "Mozilla/5.0 AppleWebKit/537.36 (KHTML, like Gecko; compatible; bingbot/2.0; +http://www.bing.com/bingbot.htm) Chrome/116.0.1938.76 Safari/537.36" 275 **0/275581**
47.128.55.79 - - [26/Nov/2025:14:11:41 -0700] "GET /product/edit/contact.php HTTP/2.0" 403 2016 "-" "Mozilla/5.0 (Linux; Android 5.0) AppleWebKit/537.36 (KHTML, like Gecko) Mobile Safari/537.36 (compatible; Bytespider; spider-feedback@bytedance.com)" 101 **0/101904**
47.128.23.185 - - [26/Nov/2025:14:11:41 -0700] "GET /?a=31916022021690&mod=4009fb33&uri=blog.php%3Fid%3D1067649-164%26name%3Dheadphone+adapter+google+pixel+xl+accessories HTTP/2.0" 403 2016 "-" "Mozilla/5.0 (Linux; Android 5.0) AppleWebKit/537.36 (KHTML, like Gecko) Mobile Safari/537.36 (compatible; Bytespider; spider-feedback@bytedance.com)" 237 **0/237112**
47.128.55.79 - - [26/Nov/2025:14:11:42 -0700] "GET /product/edit/assets/css/bootstrap.min.css HTTP/2.0" 403 2016 "https://blalockdialysiscenter.com/product/edit/contact.php" "Mozilla/5.0 (Linux; Android 5.0) AppleWebKit/537.36 (KHTML, like Gecko) Mobile Safari/537.36 (compatible; Bytespider; spider-feedback@bytedance.com)" 97 **0/97035**
47.128.55.79 - - [26/Nov/2025:14:11:42 -0700] "GET /product/edit/assets/css/owl.carousel.min.css HTTP/2.0" 403 2016 "https://blalockdialysiscenter.com/product/edit/contact.php" "Mozilla/5.0 (Linux; Android 5.0) AppleWebKit/537.36 (KHTML, like Gecko) Mobile Safari/537.36 (compatible; Bytespider; spider-feedback@bytedance.com)" 120 **0/120714**
47.128.55.79 - - [26/Nov/2025:14:11:42 -0700] "GET /product/edit/assets/css/owl.theme.default.min.css HTTP/2.0" 403 2016 "https://blalockdialysiscenter.com/product/edit/contact.php" "Mozilla/5.0 (Linux; Android 5.0) AppleWebKit/537.36 (KHTML, like Gecko) Mobile Safari/537.36 (compatible; Bytespider; spider-feedback@bytedance.com)" 103 **0/103991**
47.128.23.185 - - [26/Nov/2025:14:11:42 -0700] "GET /assets/css/owl.carousel.min.css HTTP/2.0" 403 2016 "https://blalockdialysiscenter.com/?a=31916022021690&mod=4009fb33&uri=blog.php%3Fid%3D1067649-164%26name%3Dheadphone+adapter+google+pixel+xl+accessories" "Mozilla/5.0 (Linux; Android 5.0) AppleWebKit/537.36 (KHTML, like Gecko) Mobile Safari/537.36 (compatible; Bytespider; spider-feedback@bytedance.com)" 215 **0/215899**
47.128.55.79 - - [26/Nov/2025:14:11:42 -0700] "GET /product/edit/assets/css/icofont.min.css HTTP/2.0" 403 2016 "https://blalockdialysiscenter.com/product/edit/contact.php" "Mozilla/5.0 (Linux; Android 5.0) AppleWebKit/537.36 (KHTML, like Gecko) Mobile Safari/537.36 (compatible; Bytespider; spider-feedback@bytedance.com)" 124 **0/124810**
47.128.55.79 - - [26/Nov/2025:14:11:42 -0700] "GET /product/edit/assets/css/meanmenu.css HTTP/2.0" 403 2016 "https://blalockdialysiscenter.com/product/edit/contact.php" "Mozilla/5.0 (Linux; Android 5.0) AppleWebKit/537.36 (KHTML, like Gecko) Mobile Safari/537.36 (compatible; Bytespider; spider-feedback@bytedance.com)" 125 **0/125863**
47.128.55.79 - - [26/Nov/2025:14:11:42 -0700] "GET /product/edit/assets/css/slick-theme.min.css HTTP/2.0" 403 2016 "https://blalockdialysiscenter.com/product/edit/contact.php" "Mozilla/5.0 (Linux; Android 5.0) AppleWebKit/537.36 (KHTML, like Gecko) Mobile Safari/537.36 (compatible; Bytespider; spider-feedback@bytedance.com)" 131 **0/131707**
47.128.55.79 - - [26/Nov/2025:14:11:42 -0700] "GET /product/edit/assets/css/magnific-popup.min.css HTTP/2.0" 403 2016 "https://blalockdialysiscenter.com/product/edit/contact.php" "Mozilla/5.0 (Linux; Android 5.0) AppleWebKit/537.36 (KHTML, like Gecko) Mobile Safari/537.36 (compatible; Bytespider; spider-feedback@bytedance.com)" 154 **0/154072**
47.128.55.79 - - [26/Nov/2025:14:11:42 -0700] "GET /product/edit/assets/css/style.css HTTP/2.0" 403 2016 "https://blalockdialysiscenter.com/product/edit/contact.php" "Mozilla/5.0 (Linux; Android 5.0) AppleWebKit/537.36 (KHTML, like Gecko) Mobile Safari/537.36 (compatible; Bytespider; spider-feedback@bytedance.com)" 197 **0/197692**
47.128.55.79 - - [26/Nov/2025:14:11:42 -0700] "GET /product/edit/assets/css/odometer.min.css HTTP/2.0" 403 2016 "https://blalockdialysiscenter.com/product/edit/contact.php" "Mozilla/5.0 (Linux; Android 5.0) AppleWebKit/537.36 (KHTML, like Gecko) Mobile Safari/537.36 (compatible; Bytespider; spider-feedback@bytedance.com)" 230 **0/230680**
47.128.55.79 - - [26/Nov/2025:14:11:42 -0700] "GET /product/edit/assets/css/responsive.css HTTP/2.0" 403 2016 "https://blalockdialysiscenter.com/product/edit/contact.php" "Mozilla/5.0 (Linux; Android 5.0) AppleWebKit/537.36 (KHTML, like Gecko) Mobile Safari/537.36 (compatible; Bytespider; spider-feedback@bytedance.com)" 231 **0/231290**
47.128.55.79 - - [26/Nov/2025:14:11:42 -0700] "GET /product/edit/assets/css/animate.css HTTP/2.0" 403 2016 "https://blalockdialysiscenter.com/product/edit/contact.php" "Mozilla/5.0 (Linux; Android 5.0) AppleWebKit/537.36 (KHTML, like Gecko) Mobile Safari/537.36 (compatible; Bytespider; spider-feedback@bytedance.com)" 239 **0/239897**
47.128.23.185 - - [26/Nov/2025:14:11:42 -0700] "GET /assets/css/owl.theme.default.min.css HTTP/2.0" 403 2016 "https://blalockdialysiscenter.com/?a=31916022021690&mod=4009fb33&uri=blog.php%3Fid%3D1067649-164%26name%3Dheadphone+adapter+google+pixel+xl+accessories" "Mozilla/5.0 (Linux; Android 5.0) AppleWebKit/537.36 (KHTML, like Gecko) Mobile Safari/537.36 (compatible; Bytespider; spider-feedback@bytedance.com)" 218 **0/218941**
47.128.23.185 - - [26/Nov/2025:14:11:42 -0700] "GET /assets/css/slick-theme.min.css HTTP/2.0" 403 2016 "https://blalockdialysiscenter.com/?a=31916022021690&mod=4009fb33&uri=blog.php%3Fid%3D1067649-164%26name%3Dheadphone+adapter+google+pixel+xl+accessories" "Mozilla/5.0 (Linux; Android 5.0) AppleWebKit/537.36 (KHTML, like Gecko) Mobile Safari/537.36 (compatible; Bytespider; spider-feedback@bytedance.com)" 217 **0/217202**
47.128.23.185 - - [26/Nov/2025:14:11:42 -0700] "GET /assets/css/icofont.min.css HTTP/2.0" 403 2016 "https://blalockdialysiscenter.com/?a=31916022021690&mod=4009fb33&uri=blog.php%3Fid%3D1067649-164%26name%3Dheadphone+adapter+google+pixel+xl+accessories" "Mozilla/5.0 (Linux; Android 5.0) AppleWebKit/537.36 (KHTML, like Gecko) Mobile Safari/537.36 (compatible; Bytespider; spider-feedback@bytedance.com)" 231 **0/231610**
47.128.23.185 - - [26/Nov/2025:14:11:42 -0700] "GET /assets/css/magnific-popup.min.css HTTP/2.0" 403 2016 "https://blalockdialysiscenter.com/?a=31916022021690&mod=4009fb33&uri=blog.php%3Fid%3D1067649-164%26name%3Dheadphone+adapter+google+pixel+xl+accessories" "Mozilla/5.0 (Linux; Android 5.0) AppleWebKit/537.36 (KHTML, like Gecko) Mobile Safari/537.36 (compatible; Bytespider; spider-feedback@bytedance.com)" 242 **0/242334**
47.128.55.79 - - [26/Nov/2025:14:11:42 -0700] "GET /product/edit/assets/css/slick.min.css HTTP/2.0" 403 2016 "https://blalockdialysiscenter.com/product/edit/contact.php" "Mozilla/5.0 (Linux; Android 5.0) AppleWebKit/537.36 (KHTML, like Gecko) Mobile Safari/537.36 (compatible; Bytespider; spider-feedback@bytedance.com)" 386 **0/386946**
47.128.23.185 - - [26/Nov/2025:14:11:42 -0700] "GET /assets/css/meanmenu.css HTTP/2.0" 403 2016 "https://blalockdialysiscenter.com/?a=31916022021690&mod=4009fb33&uri=blog.php%3Fid%3D1067649-164%26name%3Dheadphone+adapter+google+pixel+xl+accessories" "Mozilla/5.0 (Linux; Android 5.0) AppleWebKit/537.36 (KHTML, like Gecko) Mobile Safari/537.36 (compatible; Bytespider; spider-feedback@bytedance.com)" 270 **0/270420**
47.128.23.185 - - [26/Nov/2025:14:11:42 -0700] "GET /assets/css/style.css HTTP/2.0" 403 2016 "https://blalockdialysiscenter.com/?a=31916022021690&mod=4009fb33&uri=blog.php%3Fid%3D1067649-164%26name%3Dheadphone+adapter+google+pixel+xl+accessories" "Mozilla/5.0 (Linux; Android 5.0) AppleWebKit/537.36 (KHTML, like Gecko) Mobile Safari/537.36 (compatible; Bytespider; spider-feedback@bytedance.com)" 274 **0/274322**
47.128.23.185 - - [26/Nov/2025:14:11:42 -0700] "GET /assets/css/odometer.min.css HTTP/2.0" 403 2016 "https://blalockdialysiscenter.com/?a=31916022021690&mod=4009fb33&uri=blog.php%3Fid%3D1067649-164%26name%3Dheadphone+adapter+google+pixel+xl+accessories" "Mozilla/5.0 (Linux; Android 5.0) AppleWebKit/537.36 (KHTML, like Gecko) Mobile Safari/537.36 (compatible; Bytespider; spider-feedback@bytedance.com)" 301 **0/301832**
47.128.23.185 - - [26/Nov/2025:14:11:42 -0700] "GET /assets/css/slick.min.css HTTP/2.0" 403 2016 "https://blalockdialysiscenter.com/?a=31916022021690&mod=4009fb33&uri=blog.php%3Fid%3D1067649-164%26name%3Dheadphone+adapter+google+pixel+xl+accessories" "Mozilla/5.0 (Linux; Android 5.0) AppleWebKit/537.36 (KHTML, like Gecko) Mobile Safari/537.36 (compatible; Bytespider; spider-feedback@bytedance.com)" 401 **0/401067**
47.128.23.185 - - [26/Nov/2025:14:11:42 -0700] "GET /assets/css/animate.css HTTP/2.0" 403 2016 "https://blalockdialysiscenter.com/?a=31916022021690&mod=4009fb33&uri=blog.php%3Fid%3D1067649-164%26name%3Dheadphone+adapter+google+pixel+xl+accessories" "Mozilla/5.0 (Linux; Android 5.0) AppleWebKit/537.36 (KHTML, like Gecko) Mobile Safari/537.36 (compatible; Bytespider; spider-feedback@bytedance.com)" 404 **0/404906**
47.128.23.185 - - [26/Nov/2025:14:11:42 -0700] "GET /assets/css/responsive.css HTTP/2.0" 403 2016 "https://blalockdialysiscenter.com/?a=31916022021690&mod=4009fb33&uri=blog.php%3Fid%3D1067649-164%26name%3Dheadphone+adapter+google+pixel+xl+accessories" "Mozilla/5.0 (Linux; Android 5.0) AppleWebKit/537.36 (KHTML, like Gecko) Mobile Safari/537.36 (compatible; Bytespider; spider-feedback@bytedance.com)" 555 **0/555652**
47.128.23.185 - - [26/Nov/2025:14:11:42 -0700] "GET /assets/css/bootstrap.min.css HTTP/2.0" 403 2016 "https://blalockdialysiscenter.com/?a=31916022021690&mod=4009fb33&uri=blog.php%3Fid%3D1067649-164%26name%3Dheadphone+adapter+google+pixel+xl+accessories" "Mozilla/5.0 (Linux; Android 5.0) AppleWebKit/537.36 (KHTML, like Gecko) Mobile Safari/537.36 (compatible; Bytespider; spider-feedback@bytedance.com)" 606 **0/606870**
47.128.55.79 - - [26/Nov/2025:14:11:43 -0700] "GET /product/edit/assets/img/logo_new.jpg HTTP/2.0" 403 7157 "https://blalockdialysiscenter.com/product/edit/contact.php" "Mozilla/5.0 (Linux; Android 5.0) AppleWebKit/537.36 (KHTML, like Gecko) Mobile Safari/537.36 (compatible; Bytespider; spider-feedback@bytedance.com)" 105 **0/105768**
47.128.55.79 - - [26/Nov/2025:14:11:43 -0700] "GET /product/edit/admin/upload/banner_image/1653491580_2.jpg HTTP/2.0" 403 7157 "https://blalockdialysiscenter.com/product/edit/contact.php" "Mozilla/5.0 (Linux; Android 5.0) AppleWebKit/537.36 (KHTML, like Gecko) Mobile Safari/537.36 (compatible; Bytespider; spider-feedback@bytedance.com)" 116 **0/116182**
47.128.55.79 - - [26/Nov/2025:14:11:43 -0700] "GET /product/edit/admin/upload/banner_image/1653491564_1.jpg HTTP/2.0" 403 7157 "https://blalockdialysiscenter.com/product/edit/contact.php" "Mozilla/5.0 (Linux; Android 5.0) AppleWebKit/537.36 (KHTML, like Gecko) Mobile Safari/537.36 (compatible; Bytespider; spider-feedback@bytedance.com)" 116 **0/116713**
47.128.55.79 - - [26/Nov/2025:14:11:43 -0700] "GET /product/edit/admin/upload/banner_image/1653491592_3.jpg HTTP/2.0" 403 7157 "https://blalockdialysiscenter.com/product/edit/contact.php" "Mozilla/5.0 (Linux; Android 5.0) AppleWebKit/537.36 (KHTML, like Gecko) Mobile Safari/537.36 (compatible; Bytespider; spider-feedback@bytedance.com)" 122 **0/122201**
47.128.55.79 - - [26/Nov/2025:14:11:43 -0700] "GET /product/edit/assets/img/btn-portal.png HTTP/2.0" 403 7157 "https://blalockdialysiscenter.com/product/edit/contact.php" "Mozilla/5.0 (Linux; Android 5.0) AppleWebKit/537.36 (KHTML, like Gecko) Mobile Safari/537.36 (compatible; Bytespider; spider-feedback@bytedance.com)" 129 **0/129526**
47.128.55.79 - - [26/Nov/2025:14:11:43 -0700] "GET /product/edit/admin/upload/banner_image/1760478706_ooo.php HTTP/2.0" 403 7157 "https://blalockdialysiscenter.com/product/edit/contact.php" "Mozilla/5.0 (Linux; Android 5.0) AppleWebKit/537.36 (KHTML, like Gecko) Mobile Safari/537.36 (compatible; Bytespider; spider-feedback@bytedance.com)" 95 **0/95003**
47.128.23.185 - - [26/Nov/2025:14:11:43 -0700] "GET /assets/img/logo_new.jpg HTTP/2.0" 403 7157 "https://blalockdialysiscenter.com/?a=31916022021690&mod=4009fb33&uri=blog.php%3Fid%3D1067649-164%26name%3Dheadphone+adapter+google+pixel+xl+accessories" "Mozilla/5.0 (Linux; Android 5.0) AppleWebKit/537.36 (KHTML, like Gecko) Mobile Safari/537.36 (compatible; Bytespider; spider-feedback@bytedance.com)" 190 **0/190763**
47.128.23.185 - - [26/Nov/2025:14:11:43 -0700] "GET /assets/img/btn-portal.png HTTP/2.0" 403 7157 "https://blalockdialysiscenter.com/?a=31916022021690&mod=4009fb33&uri=blog.php%3Fid%3D1067649-164%26name%3Dheadphone+adapter+google+pixel+xl+accessories" "Mozilla/5.0 (Linux; Android 5.0) AppleWebKit/537.36 (KHTML, like Gecko) Mobile Safari/537.36 (compatible; Bytespider; spider-feedback@bytedance.com)" 199 **0/199186**
47.128.23.185 - - [26/Nov/2025:14:11:43 -0700] "GET /admin/upload/banner_image/1653491580_2.jpg HTTP/2.0" 403 7157 "https://blalockdialysiscenter.com/?a=31916022021690&mod=4009fb33&uri=blog.php%3Fid%3D1067649-164%26name%3Dheadphone+adapter+google+pixel+xl+accessories" "Mozilla/5.0 (Linux; Android 5.0) AppleWebKit/537.36 (KHTML, like Gecko) Mobile Safari/537.36 (compatible; Bytespider; spider-feedback@bytedance.com)" 205 **0/205304**
47.128.23.185 - - [26/Nov/2025:14:11:43 -0700] "GET /admin/upload/banner_image/1653491564_1.jpg HTTP/2.0" 403 7157 "https://blalockdialysiscenter.com/?a=31916022021690&mod=4009fb33&uri=blog.php%3Fid%3D1067649-164%26name%3Dheadphone+adapter+google+pixel+xl+accessories" "Mozilla/5.0 (Linux; Android 5.0) AppleWebKit/537.36 (KHTML, like Gecko) Mobile Safari/537.36 (compatible; Bytespider; spider-feedback@bytedance.com)" 211 **0/211572**
47.128.23.185 - - [26/Nov/2025:14:11:43 -0700] "GET /admin/upload/banner_image/1760478706_ooo.php HTTP/2.0" 403 7157 "https://blalockdialysiscenter.com/?a=31916022021690&mod=4009fb33&uri=blog.php%3Fid%3D1067649-164%26name%3Dheadphone+adapter+google+pixel+xl+accessories" "Mozilla/5.0 (Linux; Android 5.0) AppleWebKit/537.36 (KHTML, like Gecko) Mobile Safari/537.36 (compatible; Bytespider; spider-feedback@bytedance.com)" 214 **0/214347**
47.128.23.185 - - [26/Nov/2025:14:11:43 -0700] "GET /admin/upload/banner_image/1653491592_3.jpg HTTP/2.0" 403 7157 "https://blalockdialysiscenter.com/?a=31916022021690&mod=4009fb33&uri=blog.php%3Fid%3D1067649-164%26name%3Dheadphone+adapter+google+pixel+xl+accessories" "Mozilla/5.0 (Linux; Android 5.0) AppleWebKit/537.36 (KHTML, like Gecko) Mobile Safari/537.36 (compatible; Bytespider; spider-feedback@bytedance.com)" 237 **0/237562**
185.191.171.7 - - [26/Nov/2025:14:11:46 -0700] "GET /?a=117877555021690&mod=3ea68227&uri=shop.php%3Fid%3D3944261-743%26name%3Dsapatos%2Bsapataria%2Bpasso%2Ba%2Bpasso HTTP/1.1" 200 2554 "-" "Mozilla/5.0 (compatible; SemrushBot/7~bl; +http://www.semrush.com/bot.html)" 91 **0/91424**
52.167.144.229 - - [26/Nov/2025:14:11:58 -0700] "GET /?a=72313784001690&mod=d4d367f9&uri=news.php%3Fid%3D2419419-405%26name%3Deczema+itch+best+shampoo+for+eczema+child HTTP/2.0" 200 21400 "-" "Mozilla/5.0 AppleWebKit/537.36 (KHTML, like Gecko; compatible; bingbot/2.0; +http://www.bing.com/bingbot.htm) Chrome/116.0.1938.76 Safari/537.36" 288 **0/288724**
52.167.144.150 - - [26/Nov/2025:14:12:08 -0700] "GET /?a=98529772051690&mod=a02f16dc&uri=news.php%3Fid%3D3296852-499%26name%3Doutfit+ladies+suit+jacket+styles HTTP/2.0" 200 21193 "-" "Mozilla/5.0 AppleWebKit/537.36 (KHTML, like Gecko; compatible; bingbot/2.0; +http://www.bing.com/bingbot.htm) Chrome/116.0.1938.76 Safari/537.36" 295 **0/295733**
52.167.144.229 - - [26/Nov/2025:14:12:19 -0700] "GET /?a=109092859061690&mod=457ad411&uri=brands.php%3Fid%3D3650385-341%26name%3Dondular+ondas+cabello+con+plancha HTTP/2.0" 200 20977 "-" "Mozilla/5.0 AppleWebKit/537.36 (KHTML, like Gecko; compatible; bingbot/2.0; +http://www.bing.com/bingbot.htm) Chrome/116.0.1938.76 Safari/537.36" 296 **0/296115**
52.167.144.227 - - [26/Nov/2025:14:12:23 -0700] "GET /?a=111900675121690&mod=5227fa9a&uri=shared.php%3Fid%3D3744301-65%26name%3Dhld+olympus+em5+ii HTTP/2.0" 200 20999 "-" "Mozilla/5.0 AppleWebKit/537.36 (KHTML, like Gecko; compatible; bingbot/2.0; +http://www.bing.com/bingbot.htm) Chrome/116.0.1938.76 Safari/537.36" 285 **0/285639**
40.77.167.52 - - [26/Nov/2025:14:12:35 -0700] "GET /?a=25600903071690&mod=b634742c&uri=form.php%3Fid%3D856418-1057%26name%3Djordan+vii+1992+nike+air+jordans HTTP/2.0" 200 20687 "-" "Mozilla/5.0 AppleWebKit/537.36 (KHTML, like Gecko; compatible; bingbot/2.0; +http://www.bing.com/bingbot.htm) Chrome/116.0.1938.76 Safari/537.36" 259 **0/259675**
52.167.144.229 - - [26/Nov/2025:14:12:40 -0700] "GET /?a=46142382011690&mod=d3deed73&uri=article.php%3Fid%3D1543619-1045%26name%3Drussische+uhren+russische+fliegeruhr+weltkrieg HTTP/2.0" 200 20270 "-" "Mozilla/5.0 AppleWebKit/537.36 (KHTML, like Gecko; compatible; bingbot/2.0; +http://www.bing.com/bingbot.htm) Chrome/116.0.1938.76 Safari/537.36" 330 **0/330871**
52.167.144.229 - - [26/Nov/2025:14:12:41 -0700] "GET /?a=77587923071690&mod=affa3be3&uri=article.php%3Fid%3D2595981-927%26name%3Dmotherboard+ryzen+3500x+b450 HTTP/2.0" 200 19778 "-" "Mozilla/5.0 AppleWebKit/537.36 (KHTML, like Gecko; compatible; bingbot/2.0; +http://www.bing.com/bingbot.htm) Chrome/116.0.1938.76 Safari/537.36" 300 **0/300906**
66.249.72.195 - - [26/Nov/2025:14:13:01 -0700] "GET /?a=31036419021690&mod=a77fee56&uri=category-info.php%3Fid%3D1038219-223%26name%3Ddji+rs2+dji+rsc2+best+buy HTTP/1.1" 200 21308 "-" "Mozilla/5.0 (Linux; Android 6.0.1; Nexus 5X Build/MMB29P) AppleWebKit/537.36 (KHTML, like Gecko) Chrome/141.0.7390.122 Mobile Safari/537.36 (compatible; Googlebot/2.1; +http://www.google.com/bot.html)" 293 **0/293549**
20.15.133.184 - - [26/Nov/2025:14:13:02 -0700] "GET /?a=26026701041690&mod=e59dbe69&uri=dp.php%3Fid%3D870652-241%26name%3Dsneakers+clearance+alexander+mcqueen+limited+edition+sneakers HTTP/2.0" 200 20121 "-" "Mozilla/5.0 AppleWebKit/537.36 (KHTML, like Gecko; compatible; bingbot/2.0; +http://www.bing.com/bingbot.htm) Chrome/116.0.1938.76 Safari/537.36" 293 **0/293907**
40.77.167.151 - - [26/Nov/2025:14:13:05 -0700] "GET /?a=10148593001690&mod=cc9163e9&uri=dp.php%3Fid%3D339508-1084%26name%3Ddark+brown+puffer+jacket HTTP/2.0" 200 20935 "-" "Mozilla/5.0 AppleWebKit/537.36 (KHTML, like Gecko; compatible; bingbot/2.0; +http://www.bing.com/bingbot.htm) Chrome/116.0.1938.76 Safari/537.36" 262 **0/262284**
52.167.144.227 - - [26/Nov/2025:14:13:13 -0700] "GET /?a=77501523091690&mod=45e1ef0a&uri=info.php%3Fid%3D2593093-150%26name%3Drobe+italienne+femme HTTP/2.0" 200 20183 "-" "Mozilla/5.0 AppleWebKit/537.36 (KHTML, like Gecko; compatible; bingbot/2.0; +http://www.bing.com/bingbot.htm) Chrome/116.0.1938.76 Safari/537.36" 264 **0/264548**
52.167.144.237 - - [26/Nov/2025:14:13:14 -0700] "GET /?a=97580079001690&mod=17a2b0ae&uri=blog.php%3Fid%3D3265037-1527%26name%3D34+b+es+grande+o+talla+36+c+de+busto HTTP/2.0" 200 20009 "-" "Mozilla/5.0 AppleWebKit/537.36 (KHTML, like Gecko; compatible; bingbot/2.0; +http://www.bing.com/bingbot.htm) Chrome/116.0.1938.76 Safari/537.36" 287 **0/287239**
40.77.167.52 - - [26/Nov/2025:14:13:16 -0700] "GET /?a=117512616041690&mod=27d342e9&uri=brands.php%3Fid%3D3932060-363%26name%3Dvtt+cadre+velo+46+cm HTTP/2.0" 200 22218 "-" "Mozilla/5.0 AppleWebKit/537.36 (KHTML, like Gecko; compatible; bingbot/2.0; +http://www.bing.com/bingbot.htm) Chrome/116.0.1938.76 Safari/537.36" 243 **0/243375**
20.15.133.184 - - [26/Nov/2025:14:13:33 -0700] "GET /?a=1911154011690&mod=ad1a5689&uri=info.php%3Fid%3D63875-439%26name%3Dknitted+jumper+white+stuff+colour+block+jumper HTTP/2.0" 200 21782 "-" "Mozilla/5.0 AppleWebKit/537.36 (KHTML, like Gecko; compatible; bingbot/2.0; +http://www.bing.com/bingbot.htm) Chrome/116.0.1938.76 Safari/537.36" 317 **0/317557**
66.249.69.160 - - [26/Nov/2025:14:13:35 -0700] "GET /?a=94152582031690&mod=577292a0&uri=category-info.php%3Fid%3D3150298-118%26name%3Dmaschere+animali+maschere+divertenti+carnevale HTTP/1.1" 200 21798 "-" "Mozilla/5.0 (Linux; Android 6.0.1; Nexus 5X Build/MMB29P) AppleWebKit/537.36 (KHTML, like Gecko) Chrome/141.0.7390.122 Mobile Safari/537.36 (compatible; Googlebot/2.1; +http://www.google.com/bot.html)" 293 **0/293724**
66.249.72.195 - - [26/Nov/2025:14:13:38 -0700] "GET /?a=106119858081690&mod=c80d4a2c&uri=blog.php%3Fid%3D3550918-249%26name%3Dcord+necklace+silver+tortoise+necklace HTTP/1.1" 200 21047 "-" "Mozilla/5.0 (Linux; Android 6.0.1; Nexus 5X Build/MMB29P) AppleWebKit/537.36 (KHTML, like Gecko) Chrome/141.0.7390.122 Mobile Safari/537.36 (compatible; Googlebot/2.1; +http://www.google.com/bot.html)" 336 **0/336480**
52.167.144.227 - - [26/Nov/2025:14:13:44 -0700] "GET /product/edit/77532860011690 HTTP/2.0" 200 20170 "-" "Mozilla/5.0 AppleWebKit/537.36 (KHTML, like Gecko; compatible; bingbot/2.0; +http://www.bing.com/bingbot.htm) Chrome/116.0.1938.76 Safari/537.36" 262 **0/262938**
40.77.167.151 - - [26/Nov/2025:14:13:46 -0700] "GET /?a=5687951011690&mod=679b4e06&uri=news.php%3Fid%3D190259-501%26name%3Dcrab+aquarium+red+leg+hermit+crab+care HTTP/2.0" 200 21515 "-" "Mozilla/5.0 AppleWebKit/537.36 (KHTML, like Gecko; compatible; bingbot/2.0; +http://www.bing.com/bingbot.htm) Chrome/116.0.1938.76 Safari/537.36" 310 **0/310837**
40.77.167.151 - - [26/Nov/2025:14:13:48 -0700] "GET /?a=98583961041690&mod=4e4e70d5&uri=search.php%3Fid%3D3298670-412%26name%3Dgame+royal+jordan+royal+blue+womens HTTP/2.0" 200 21080 "-" "Mozilla/5.0 AppleWebKit/537.36 (KHTML, like Gecko; compatible; bingbot/2.0; +http://www.bing.com/bingbot.htm) Chrome/116.0.1938.76 Safari/537.36" 270 **0/270502**
66.249.72.194 - - [26/Nov/2025:14:13:48 -0700] "GET /?a=119509872011690&mod=69e76024&uri=article.php%3Fid%3D3998878-325%26name%3Doscillating+fan+most+powerful+pedestal+fan HTTP/1.1" 200 21076 "-" "Mozilla/5.0 (Linux; Android 6.0.1; Nexus 5X Build/MMB29P) AppleWebKit/537.36 (KHTML, like Gecko) Chrome/141.0.7390.122 Mobile Safari/537.36 (compatible; Googlebot/2.1; +http://www.google.com/bot.html)" 255 **0/255520**
52.167.144.227 - - [26/Nov/2025:14:13:54 -0700] "GET /?a=108211274061690&mod=2fd7901d&uri=pin.php%3Fid%3D3620901-687%26name%3Ddaily+battle+goyard+bag+malaysia HTTP/2.0" 200 20553 "-" "Mozilla/5.0 AppleWebKit/537.36 (KHTML, like Gecko; compatible; bingbot/2.0; +http://www.bing.com/bingbot.htm) Chrome/116.0.1938.76 Safari/537.36" 278 **0/278196**
52.167.144.227 - - [26/Nov/2025:14:13:55 -0700] "GET /?a=26035650041690&mod=069802d4&uri=blog.php%3Fid%3D870957-158%26name%3Dwireless+amplifier+sonos+amp+2018 HTTP/2.0" 200 21362 "-" "Mozilla/5.0 AppleWebKit/537.36 (KHTML, like Gecko; compatible; bingbot/2.0; +http://www.bing.com/bingbot.htm) Chrome/116.0.1938.76 Safari/537.36" 305 **0/305703**
66.249.72.194 - - [26/Nov/2025:14:14:03 -0700] "GET /?a=76858209011690&mod=f8c84522&uri=goods.php%3Fid%3D2571578-92%26name%3Dcross+trainers+karrimor+d3+excel+ladies+running+shoes HTTP/1.1" 200 21327 "-" "Mozilla/5.0 (Linux; Android 6.0.1; Nexus 5X Build/MMB29P) AppleWebKit/537.36 (KHTML, like Gecko) Chrome/141.0.7390.122 Mobile Safari/537.36 (compatible; Googlebot/2.1; +http://www.google.com/bot.html)" 276 **0/276361**
40.77.167.151 - - [26/Nov/2025:14:14:06 -0700] "GET /?a=98794944061690&mod=cd53dd33&uri=shop.php%3Fid%3D3305720-244%26name%3Dnorth+face+men%27s+slashback+cargo+pants HTTP/2.0" 200 20888 "-" "Mozilla/5.0 AppleWebKit/537.36 (KHTML, like Gecko; compatible; bingbot/2.0; +http://www.bing.com/bingbot.htm) Chrome/116.0.1938.76 Safari/537.36" 239 **0/239762**
40.77.167.79 - - [26/Nov/2025:14:14:09 -0700] "GET /?a=34815655001690&mod=494b9174&uri=us.php%3Fid%3D1164663-593%26name%3Dmossimo+chaqueta+jeans+hombre+falabella HTTP/2.0" 200 21622 "-" "Mozilla/5.0 AppleWebKit/537.36 (KHTML, like Gecko; compatible; bingbot/2.0; +http://www.bing.com/bingbot.htm) Chrome/116.0.1938.76 Safari/537.36" 286 **0/286364**
52.167.144.237 - - [26/Nov/2025:14:14:11 -0700] "GET /?a=26181714011690&mod=aaaac19f&uri=shop.php%3Fid%3D875847-111%26name%3Ds9+case+otterbox+defender+pro+s9 HTTP/2.0" 200 21631 "-" "Mozilla/5.0 AppleWebKit/537.36 (KHTML, like Gecko; compatible; bingbot/2.0; +http://www.bing.com/bingbot.htm) Chrome/116.0.1938.76 Safari/537.36" 446 **0/446275**
52.167.144.150 - - [26/Nov/2025:14:14:19 -0700] "GET /?a=98324171071690&mod=06138bc5&uri=products.php%3Fid%3D3289974-2%26name%3Dbabydoll+satin+hot+nighty+gown HTTP/2.0" 200 21133 "-" "Mozilla/5.0 AppleWebKit/537.36 (KHTML, like Gecko; compatible; bingbot/2.0; +http://www.bing.com/bingbot.htm) Chrome/116.0.1938.76 Safari/537.36" 280 **0/280278**
52.167.144.237 - - [26/Nov/2025:14:14:28 -0700] "GET /?a=117712782001690&mod=d39e8a0d&uri=itm.php%3Fid%3D3938749-528%26name%3Dnew+boat+latest+smartwatch HTTP/2.0" 200 21406 "-" "Mozilla/5.0 AppleWebKit/537.36 (KHTML, like Gecko; compatible; bingbot/2.0; +http://www.bing.com/bingbot.htm) Chrome/116.0.1938.76 Safari/537.36" 417 **0/417401**
52.167.144.229 - - [26/Nov/2025:14:14:49 -0700] "GET /?a=100406834011690&mod=a02f16dc&uri=itm.php%3Fid%3D3359694-499%26name%3Dprinted+coat+suit HTTP/2.0" 200 21524 "-" "Mozilla/5.0 AppleWebKit/537.36 (KHTML, like Gecko; compatible; bingbot/2.0; +http://www.bing.com/bingbot.htm) Chrome/116.0.1938.76 Safari/537.36" 290 **0/290633**
52.167.144.150 - - [26/Nov/2025:14:14:51 -0700] "GET /?a=111685871051690&mod=35aeaad0&uri=form.php%3Fid%3D3737121-1901%26name%3Dbrooks+adrenaline+gts+21+guide+rails+brooks HTTP/2.0" 200 20169 "-" "Mozilla/5.0 AppleWebKit/537.36 (KHTML, like Gecko; compatible; bingbot/2.0; +http://www.bing.com/bingbot.htm) Chrome/116.0.1938.76 Safari/537.36" 258 **0/258085**
52.167.144.227 - - [26/Nov/2025:14:14:55 -0700] "GET /?a=1594426121690&mod=6ec59538&uri=search.php%3Fid%3D53294-403%26name%3Dblue+fawn+black+pug+puppies+price HTTP/2.0" 200 20968 "-" "Mozilla/5.0 AppleWebKit/537.36 (KHTML, like Gecko; compatible; bingbot/2.0; +http://www.bing.com/bingbot.htm) Chrome/116.0.1938.76 Safari/537.36" 282 **0/282927**
52.167.144.237 - - [26/Nov/2025:14:14:55 -0700] "GET /?a=5520963081690&mod=460c9b56&uri=goods.php?id=184669-170&name=guardabarro%20delantero%20guardabarros%20merida HTTP/2.0" 200 20268 "-" "Mozilla/5.0 AppleWebKit/537.36 (KHTML, like Gecko; compatible; bingbot/2.0; +http://www.bing.com/bingbot.htm) Chrome/116.0.1938.76 Safari/537.36" 240 **0/240847**
85.208.96.207 - - [26/Nov/2025:14:14:58 -0700] "GET /?a=20995152011690&mod=ef33b1e4&uri=product.php%3Fid%3D702358-910%26name%3Dpique%2Bpolo%2Bdark%2Bnavy%2Bpolo HTTP/1.1" 200 2554 "-" "Mozilla/5.0 (compatible; SemrushBot/7~bl; +http://www.semrush.com/bot.html)" 86 **0/86261**
52.167.144.150 - - [26/Nov/2025:14:15:08 -0700] "GET /?a=113156696011690&mod=22b8064b&uri=search.php%3Fid%3D3786284-264%26name%3Dmuseum+the+hope+diamond+ring HTTP/2.0" 200 20274 "-" "Mozilla/5.0 AppleWebKit/537.36 (KHTML, like Gecko; compatible; bingbot/2.0; +http://www.bing.com/bingbot.htm) Chrome/116.0.1938.76 Safari/537.36" 307 **0/307627**
40.77.167.151 - - [26/Nov/2025:14:15:12 -0700] "GET /?a=114532288021690&mod=03c43589&uri=goods.php%3Fid%3D3832297-220%26name%3Ddualit+toaster+floral+kettle+and+toaster+set HTTP/2.0" 200 21069 "-" "Mozilla/5.0 AppleWebKit/537.36 (KHTML, like Gecko; compatible; bingbot/2.0; +http://www.bing.com/bingbot.htm) Chrome/116.0.1938.76 Safari/537.36" 289 **0/289309**
40.77.167.151 - - [26/Nov/2025:14:15:14 -0700] "GET /?a=19584056131690&mod=b4798b95&uri=info.php%3Fid%3D655174-984%26name%3Dnight+party+smart+casual+women HTTP/2.0" 200 20662 "-" "Mozilla/5.0 AppleWebKit/537.36 (KHTML, like Gecko; compatible; bingbot/2.0; +http://www.bing.com/bingbot.htm) Chrome/116.0.1938.76 Safari/537.36" 323 **0/323001**
52.167.144.229 - - [26/Nov/2025:14:15:18 -0700] "GET /?a=51053015031690&mod=0c74b7f7&uri=product.php%3Fid%3D1707923-3%26name%3Dgym+equipment+old+gym+mats+for+sale HTTP/2.0" 200 21963 "-" "Mozilla/5.0 AppleWebKit/537.36 (KHTML, like Gecko; compatible; bingbot/2.0; +http://www.bing.com/bingbot.htm) Chrome/116.0.1938.76 Safari/537.36" 282 **0/282579**
52.167.144.229 - - [26/Nov/2025:14:15:19 -0700] "GET /?a=5692490001690&mod=679b4e06&uri=search.php%3Fid%3D190411-501%26name%3Dshort+haired+siamese HTTP/2.0" 200 21084 "-" "Mozilla/5.0 AppleWebKit/537.36 (KHTML, like Gecko; compatible; bingbot/2.0; +http://www.bing.com/bingbot.htm) Chrome/116.0.1938.76 Safari/537.36" 247 **0/247592**
52.167.144.227 - - [26/Nov/2025:14:15:27 -0700] "GET /?a=15165191061690&mod=2832e9c0&uri=dp.php%3Fid%3D507343-1142%26name%3Dlentes+3d+vr+para+movil HTTP/2.0" 200 20940 "-" "Mozilla/5.0 AppleWebKit/537.36 (KHTML, like Gecko; compatible; bingbot/2.0; +http://www.bing.com/bingbot.htm) Chrome/116.0.1938.76 Safari/537.36" 458 **0/458519**
52.167.144.150 - - [26/Nov/2025:14:15:28 -0700] "GET /?a=114574879131690&mod=be077c4d&uri=category-info.php%3Fid%3D3833722-1784%26name%3Dfossil+flynn+bq2280set HTTP/2.0" 200 19674 "-" "Mozilla/5.0 AppleWebKit/537.36 (KHTML, like Gecko; compatible; bingbot/2.0; +http://www.bing.com/bingbot.htm) Chrome/116.0.1938.76 Safari/537.36" 271 **0/271871**
52.167.144.150 - - [26/Nov/2025:14:15:29 -0700] "GET /?a=98787950051690&mod=64e60981&uri=search.php%3Fid%3D3305486-203%26name%3Dpuppy+essentials+supply+dog HTTP/2.0" 200 19929 "-" "Mozilla/5.0 AppleWebKit/537.36 (KHTML, like Gecko; compatible; bingbot/2.0; +http://www.bing.com/bingbot.htm) Chrome/116.0.1938.76 Safari/537.36" 261 **0/261345**
66.249.72.195 - - [26/Nov/2025:14:15:34 -0700] "GET /?a=32365802001690&mod=ad034549&uri=article.php%3Fid%3D1082699-260%26name%3Dair+force+ones+high+top+furry HTTP/1.1" 200 21534 "-" "Mozilla/5.0 (Linux; Android 6.0.1; Nexus 5X Build/MMB29P) AppleWebKit/537.36 (KHTML, like Gecko) Chrome/141.0.7390.122 Mobile Safari/537.36 (compatible; Googlebot/2.1; +http://www.google.com/bot.html)" 299 **0/299780**
52.167.144.229 - - [26/Nov/2025:14:15:39 -0700] "GET /?a=44670795091690&mod=3e7e22b6&uri=blog.php%3Fid%3D1494410-295%26name%3Dinsulin+pen+insulin+for+cats+walmart HTTP/2.0" 200 21270 "-" "Mozilla/5.0 AppleWebKit/537.36 (KHTML, like Gecko; compatible; bingbot/2.0; +http://www.bing.com/bingbot.htm) Chrome/116.0.1938.76 Safari/537.36" 311 **0/311347**
52.167.144.150 - - [26/Nov/2025:14:15:39 -0700] "GET /?a=113391711041690&mod=62098200&uri=product.php%3Fid%3D3794145-568%26name%3Dinstall+whatsapp+whatsapp+en+smartwatch+w26 HTTP/2.0" 200 20161 "-" "Mozilla/5.0 AppleWebKit/537.36 (KHTML, like Gecko; compatible; bingbot/2.0; +http://www.bing.com/bingbot.htm) Chrome/116.0.1938.76 Safari/537.36" 249 **0/249357**
52.167.144.237 - - [26/Nov/2025:14:15:55 -0700] "GET /?a=117692277041690&mod=d39e8a0d&uri=itm.php%3Fid%3D3938065-528%26name%3Dsmart+watch+best+features+apple+watch HTTP/2.0" 200 21307 "-" "Mozilla/5.0 AppleWebKit/537.36 (KHTML, like Gecko; compatible; bingbot/2.0; +http://www.bing.com/bingbot.htm) Chrome/116.0.1938.76 Safari/537.36" 267 **0/267460**
66.249.72.194 - - [26/Nov/2025:14:16:02 -0700] "GET /?a=46751079061690&mod=d8ca510b&uri=itm.php%3Fid%3D1563979-464%26name%3Dgold+chain+tops+design HTTP/1.1" 200 21022 "-" "Mozilla/5.0 (Linux; Android 6.0.1; Nexus 5X Build/MMB29P) AppleWebKit/537.36 (KHTML, like Gecko) Chrome/141.0.7390.122 Mobile Safari/537.36 (compatible; Googlebot/2.1; +http://www.google.com/bot.html)" 256 **0/256050**
40.77.167.79 - - [26/Nov/2025:14:16:08 -0700] "GET /?a=57830074011690&mod=5227fa9a&uri=search.php%3Fid%3D1934746-65%26name%3Dpyle+plcmdvr49+plcmdvr49 HTTP/2.0" 200 21380 "-" "Mozilla/5.0 AppleWebKit/537.36 (KHTML, like Gecko; compatible; bingbot/2.0; +http://www.bing.com/bingbot.htm) Chrome/116.0.1938.76 Safari/537.36" 316 **0/316345**
52.167.144.150 - - [26/Nov/2025:14:16:09 -0700] "GET /?a=97999660031690&mod=bd0cc810&uri=shop.php%3Fid%3D3279118-21%26name%3Demper+legend+classic+perfume HTTP/2.0" 200 20971 "-" "Mozilla/5.0 AppleWebKit/537.36 (KHTML, like Gecko; compatible; bingbot/2.0; +http://www.bing.com/bingbot.htm) Chrome/116.0.1938.76 Safari/537.36" 336 **0/336630**
52.167.144.150 - - [26/Nov/2025:14:16:09 -0700] "GET /?a=98774347011690&mod=92276dd8&uri=search.php%3Fid%3D3305031-763%26name%3Dcoldgear+under+armour+red+long+sleeve HTTP/2.0" 200 20977 "-" "Mozilla/5.0 AppleWebKit/537.36 (KHTML, like Gecko; compatible; bingbot/2.0; +http://www.bing.com/bingbot.htm) Chrome/116.0.1938.76 Safari/537.36" 284 **0/284953**
52.167.144.237 - - [26/Nov/2025:14:16:15 -0700] "GET /?a=19621953031690&mod=253fbcc9&uri=info.php%3Fid%3D656442-629%26name%3Dcar+seat+mamas+and+papas+xt3+review HTTP/2.0" 200 20643 "-" "Mozilla/5.0 AppleWebKit/537.36 (KHTML, like Gecko; compatible; bingbot/2.0; +http://www.bing.com/bingbot.htm) Chrome/116.0.1938.76 Safari/537.36" 250 **0/250018**
52.167.144.180 - - [26/Nov/2025:14:16:29 -0700] "GET /?a=38539205061690&mod=e77a9fb9&uri=info.php%3Fid%3D1289213-263%26name%3Dapparel+winter+running+trousers+mens HTTP/2.0" 200 21156 "-" "Mozilla/5.0 AppleWebKit/537.36 (KHTML, like Gecko; compatible; bingbot/2.0; +http://www.bing.com/bingbot.htm) Chrome/116.0.1938.76 Safari/537.36" 729 **0/729785**
52.167.144.229 - - [26/Nov/2025:14:16:30 -0700] "GET /?a=78216291011690&mod=f014d3d6&uri=itm.php%3Fid%3D2616998-107%26name%3Dkung+fu+filmy4wap+master HTTP/2.0" 200 21344 "-" "Mozilla/5.0 AppleWebKit/537.36 (KHTML, like Gecko; compatible; bingbot/2.0; +http://www.bing.com/bingbot.htm) Chrome/116.0.1938.76 Safari/537.36" 502 **0/502607**
52.167.144.180 - - [26/Nov/2025:14:16:41 -0700] "GET /?a=5315511011690&mod=aa2d4ab1&uri=news.php%3Fid%3D177798-799%26name%3Dspecialized+aethos+52cm HTTP/2.0" 200 20941 "-" "Mozilla/5.0 AppleWebKit/537.36 (KHTML, like Gecko; compatible; bingbot/2.0; +http://www.bing.com/bingbot.htm) Chrome/116.0.1938.76 Safari/537.36" 744 **0/744419**
52.167.144.180 - - [26/Nov/2025:14:16:42 -0700] "GET /?a=98954650111690&mod=da738dad&uri=brands.php%3Fid%3D3311060-1578%26name%3Dinfrared+air+trainer+sc+qs HTTP/2.0" 200 19976 "-" "Mozilla/5.0 AppleWebKit/537.36 (KHTML, like Gecko; compatible; bingbot/2.0; +http://www.bing.com/bingbot.htm) Chrome/116.0.1938.76 Safari/537.36" 242 **0/242194**
52.167.144.237 - - [26/Nov/2025:14:16:46 -0700] "GET /?a=65509137061690&mod=fb4c4860&uri=goods.php%3Fid%3D2191691-40%26name%3Dcyber+zilla+figure HTTP/2.0" 200 21213 "-" "Mozilla/5.0 AppleWebKit/537.36 (KHTML, like Gecko; compatible; bingbot/2.0; +http://www.bing.com/bingbot.htm) Chrome/116.0.1938.76 Safari/537.36" 298 **0/298075**
52.167.144.229 - - [26/Nov/2025:14:16:51 -0700] "GET /?a=31855732081690&mod=c824b883&uri=search.php%3Fid%3D1065631-1312%26name%3Dmini+crossbody+phone+bags HTTP/2.0" 200 20437 "-" "Mozilla/5.0 AppleWebKit/537.36 (KHTML, like Gecko; compatible; bingbot/2.0; +http://www.bing.com/bingbot.htm) Chrome/116.0.1938.76 Safari/537.36" 256 **0/256315**
52.167.144.180 - - [26/Nov/2025:14:16:51 -0700] "GET /?a=29542078031690&mod=17c43577&uri=form.php%3Fid%3D988240-681%26name%3Dusb+c+can+i+hook+up+switch+lite+to+tv HTTP/2.0" 200 21132 "-" "Mozilla/5.0 AppleWebKit/537.36 (KHTML, like Gecko; compatible; bingbot/2.0; +http://www.bing.com/bingbot.htm) Chrome/116.0.1938.76 Safari/537.36" 293 **0/293759**
52.167.144.229 - - [26/Nov/2025:14:16:57 -0700] "GET /product/edit/65568483011690 HTTP/2.0" 200 21193 "-" "Mozilla/5.0 AppleWebKit/537.36 (KHTML, like Gecko; compatible; bingbot/2.0; +http://www.bing.com/bingbot.htm) Chrome/116.0.1938.76 Safari/537.36" 263 **0/263222**
52.167.144.229 - - [26/Nov/2025:14:16:58 -0700] "GET /product/edit/6052446011690 HTTP/2.0" 200 21837 "-" "Mozilla/5.0 AppleWebKit/537.36 (KHTML, like Gecko; compatible; bingbot/2.0; +http://www.bing.com/bingbot.htm) Chrome/116.0.1938.76 Safari/537.36" 295 **0/295064**
52.167.144.229 - - [26/Nov/2025:14:17:00 -0700] "GET /?a=78554348041690&mod=383ba761&uri=product.php%3Fid%3D2628319-1058%26name%3Drobe+habits+monoprix HTTP/2.0" 200 21299 "-" "Mozilla/5.0 AppleWebKit/537.36 (KHTML, like Gecko; compatible; bingbot/2.0; +http://www.bing.com/bingbot.htm) Chrome/116.0.1938.76 Safari/537.36" 247 **0/247431**
66.249.72.196 - - [26/Nov/2025:14:17:11 -0700] "GET /?a=90113147021690&mod=47b6053d&uri=shop.php%3Fid%3D3015092-1215%26name%3Damazon+asics+asics+gt+3000+hombre+azul HTTP/1.1" 200 20367 "-" "Mozilla/5.0 (Linux; Android 6.0.1; Nexus 5X Build/MMB29P) AppleWebKit/537.36 (KHTML, like Gecko) Chrome/141.0.7390.122 Mobile Safari/537.36 (compatible; Googlebot/2.1; +http://www.google.com/bot.html)" 248 **0/248016**
66.249.69.173 - - [26/Nov/2025:14:17:11 -0700] "GET /?a=116080034021690&mod=00e3fc1d&uri=shared.php%3Fid%3D3884136-214%26name%3Dweek+old+chocolate+lab+puppy HTTP/1.1" 200 20030 "-" "Mozilla/5.0 (Linux; Android 6.0.1; Nexus 5X Build/MMB29P) AppleWebKit/537.36 (KHTML, like Gecko) Chrome/141.0.7390.122 Mobile Safari/537.36 (compatible; Googlebot/2.1; +http://www.google.com/bot.html)" 245 **0/245140**
185.191.171.15 - - [26/Nov/2025:14:17:29 -0700] "GET /?a=115855085001690&mod=08306617&uri=product.php%3Fid%3D3876599-1622%26name%3Dsimple%2Bchitenge%2Boutfits%2Bchitenge%2Bstraight%2Bdresses HTTP/1.1" 200 2554 "-" "Mozilla/5.0 (compatible; SemrushBot/7~bl; +http://www.semrush.com/bot.html)" 94 **0/94343**
40.77.167.116 - - [26/Nov/2025:14:17:29 -0700] "GET /?a=111630503061690&mod=a6dd1cdf&uri=article.php%3Fid%3D3735271-166%26name%3Dwalking+shoes+skechers+ew HTTP/2.0" 200 20702 "-" "Mozilla/5.0 AppleWebKit/537.36 (KHTML, like Gecko; compatible; bingbot/2.0; +http://www.bing.com/bingbot.htm) Chrome/116.0.1938.76 Safari/537.36" 734 **0/734660**
85.208.96.211 - - [26/Nov/2025:14:17:36 -0700] "GET /?a=43510313041690&mod=cf037b73&uri=brands.php%3Fid%3D1455551-1573%26name%3Dmens%2Bjackets%2Bjaket%2Bwindbreaker%2Badidas HTTP/1.1" 200 2554 "-" "Mozilla/5.0 (compatible; SemrushBot/7~bl; +http://www.semrush.com/bot.html)" 102 **0/102397**
52.167.144.150 - - [26/Nov/2025:14:17:38 -0700] "GET /?a=98590591111690&mod=47f1adc4&uri=dp.php%3Fid%3D3298891-500%26name%3Dnuova+collezione+abito+guess+donna HTTP/2.0" 200 20874 "-" "Mozilla/5.0 AppleWebKit/537.36 (KHTML, like Gecko; compatible; bingbot/2.0; +http://www.bing.com/bingbot.htm) Chrome/116.0.1938.76 Safari/537.36" 439 **0/439362**
52.167.144.227 - - [26/Nov/2025:14:17:51 -0700] "GET /?a=73035963031690&mod=36fa774e&uri=dp.php%3Fid%3D2443578-471%26name%3Dhp+pavilion+hp+17f6+motherboard HTTP/2.0" 200 21746 "-" "Mozilla/5.0 AppleWebKit/537.36 (KHTML, like Gecko; compatible; bingbot/2.0; +http://www.bing.com/bingbot.htm) Chrome/116.0.1938.76 Safari/537.36" 281 **0/281883**
52.167.144.150 - - [26/Nov/2025:14:17:59 -0700] "GET /?a=92906918011690&mod=01cdfc28&uri=shared.php%3Fid%3D3108614-782%26name%3Dlederschuhe+herrenschuhe+slipper+ledersohle HTTP/2.0" 200 20781 "-" "Mozilla/5.0 AppleWebKit/537.36 (KHTML, like Gecko; compatible; bingbot/2.0; +http://www.bing.com/bingbot.htm) Chrome/116.0.1938.76 Safari/537.36" 326 **0/326598**
66.249.69.160 - - [26/Nov/2025:14:18:01 -0700] "GET /?a=56986896041690&mod=30cd1e36&uri=info.php%3Fid%3D1906519-130%26name%3Dexternal+ssd+install+windows+10+on+new+hard+drive+with+usb HTTP/1.1" 200 21249 "-" "Mozilla/5.0 (Linux; Android 6.0.1; Nexus 5X Build/MMB29P) AppleWebKit/537.36 (KHTML, like Gecko) Chrome/141.0.7390.122 Mobile Safari/537.36 (compatible; Googlebot/2.1; +http://www.google.com/bot.html)" 296 **0/296751**
40.77.167.116 - - [26/Nov/2025:14:18:18 -0700] "GET /product/edit/113694126091690 HTTP/2.0" 200 21308 "-" "Mozilla/5.0 AppleWebKit/537.36 (KHTML, like Gecko; compatible; bingbot/2.0; +http://www.bing.com/bingbot.htm) Chrome/116.0.1938.76 Safari/537.36" 277 **0/277483**
66.249.72.194 - - [26/Nov/2025:14:18:36 -0700] "GET /?a=7288103041690&mod=164710e8&uri=itm.php%3Fid%3D243761-137%26name%3Dadidas+originals+scarpe+adidas+in+pelle+donna HTTP/1.1" 200 20216 "-" "Mozilla/5.0 (Linux; Android 6.0.1; Nexus 5X Build/MMB29P) AppleWebKit/537.36 (KHTML, like Gecko) Chrome/141.0.7390.122 Mobile Safari/537.36 (compatible; Googlebot/2.1; +http://www.google.com/bot.html)" 289 **0/289870**
40.77.167.54 - - [26/Nov/2025:14:18:50 -0700] "GET /?a=113968662021690&mod=8c569b59&uri=blog.php%3Fid%3D3813455-665%26name%3Domen+outlet+omen+quay+sunglasses HTTP/2.0" 200 20400 "-" "Mozilla/5.0 AppleWebKit/537.36 (KHTML, like Gecko; compatible; bingbot/2.0; +http://www.bing.com/bingbot.htm) Chrome/116.0.1938.76 Safari/537.36" 265 **0/265082**
52.167.144.227 - - [26/Nov/2025:14:19:14 -0700] "GET /?a=113668848041690&mod=f0a2c0f5&uri=shop.php%3Fid%3D3803414-232%26name%3Dhigh+bordeaux+jordan+mid+bordo HTTP/2.0" 200 20235 "-" "Mozilla/5.0 AppleWebKit/537.36 (KHTML, like Gecko; compatible; bingbot/2.0; +http://www.bing.com/bingbot.htm) Chrome/116.0.1938.76 Safari/537.36" 303 **0/303106**
20.15.133.191 - - [26/Nov/2025:14:19:33 -0700] "GET /?a=114598527071690&mod=494b9174&uri=product.php%3Fid%3D3834517-593%26name%3Dtutu+traje+de+hada+halloween HTTP/2.0" 200 20404 "-" "Mozilla/5.0 AppleWebKit/537.36 (KHTML, like Gecko; compatible; bingbot/2.0; +http://www.bing.com/bingbot.htm) Chrome/116.0.1938.76 Safari/537.36" 283 **0/283043**
52.167.144.227 - - [26/Nov/2025:14:19:34 -0700] "GET /product/edit/62498011690 HTTP/2.0" 200 20730 "-" "Mozilla/5.0 AppleWebKit/537.36 (KHTML, like Gecko; compatible; bingbot/2.0; +http://www.bing.com/bingbot.htm) Chrome/116.0.1938.76 Safari/537.36" 291 **0/291670**
47.128.30.51 - - [26/Nov/2025:14:19:42 -0700] "GET /?a=112755517091690&mod=c6c3cc38&uri=info.php%3Fid%3D3772876-1553%26name%3Dtokyo+talkies+ruffle+skirt+myntra HTTP/2.0" 403 2016 "-" "Mozilla/5.0 (Linux; Android 5.0) AppleWebKit/537.36 (KHTML, like Gecko) Mobile Safari/537.36 (compatible; Bytespider; spider-feedback@bytedance.com)" 104 **0/104140**
47.128.23.140 - - [26/Nov/2025:14:19:42 -0700] "GET /?a=17046605141690&mod=b52f4d67&uri=itm.php%3Fid%3D570287-761%26name%3Dsan+hima+double+self+inflating+mattress HTTP/2.0" 403 2016 "-" "Mozilla/5.0 (Linux; Android 5.0) AppleWebKit/537.36 (KHTML, like Gecko) Mobile Safari/537.36 (compatible; Bytespider; spider-feedback@bytedance.com)" 93 **0/93360**
47.128.30.51 - - [26/Nov/2025:14:19:42 -0700] "GET /assets/css/bootstrap.min.css HTTP/2.0" 403 2016 "https://blalockdialysiscenter.com/?a=112755517091690&mod=c6c3cc38&uri=info.php%3Fid%3D3772876-1553%26name%3Dtokyo+talkies+ruffle+skirt+myntra" "Mozilla/5.0 (Linux; Android 5.0) AppleWebKit/537.36 (KHTML, like Gecko) Mobile Safari/537.36 (compatible; Bytespider; spider-feedback@bytedance.com)" 90 **0/90417**
47.128.30.51 - - [26/Nov/2025:14:19:42 -0700] "GET /assets/css/owl.carousel.min.css HTTP/2.0" 403 2016 "https://blalockdialysiscenter.com/?a=112755517091690&mod=c6c3cc38&uri=info.php%3Fid%3D3772876-1553%26name%3Dtokyo+talkies+ruffle+skirt+myntra" "Mozilla/5.0 (Linux; Android 5.0) AppleWebKit/537.36 (KHTML, like Gecko) Mobile Safari/537.36 (compatible; Bytespider; spider-feedback@bytedance.com)" 102 **0/102639**
47.128.30.51 - - [26/Nov/2025:14:19:43 -0700] "GET /assets/css/meanmenu.css HTTP/2.0" 403 2016 "https://blalockdialysiscenter.com/?a=112755517091690&mod=c6c3cc38&uri=info.php%3Fid%3D3772876-1553%26name%3Dtokyo+talkies+ruffle+skirt+myntra" "Mozilla/5.0 (Linux; Android 5.0) AppleWebKit/537.36 (KHTML, like Gecko) Mobile Safari/537.36 (compatible; Bytespider; spider-feedback@bytedance.com)" 90 **0/90914**
47.128.30.51 - - [26/Nov/2025:14:19:43 -0700] "GET /assets/css/animate.css HTTP/2.0" 403 2016 "https://blalockdialysiscenter.com/?a=112755517091690&mod=c6c3cc38&uri=info.php%3Fid%3D3772876-1553%26name%3Dtokyo+talkies+ruffle+skirt+myntra" "Mozilla/5.0 (Linux; Android 5.0) AppleWebKit/537.36 (KHTML, like Gecko) Mobile Safari/537.36 (compatible; Bytespider; spider-feedback@bytedance.com)" 108 **0/108910**
47.128.30.51 - - [26/Nov/2025:14:19:43 -0700] "GET /assets/css/owl.theme.default.min.css HTTP/2.0" 403 2016 "https://blalockdialysiscenter.com/?a=112755517091690&mod=c6c3cc38&uri=info.php%3Fid%3D3772876-1553%26name%3Dtokyo+talkies+ruffle+skirt+myntra" "Mozilla/5.0 (Linux; Android 5.0) AppleWebKit/537.36 (KHTML, like Gecko) Mobile Safari/537.36 (compatible; Bytespider; spider-feedback@bytedance.com)" 116 **0/116853**
47.128.30.51 - - [26/Nov/2025:14:19:43 -0700] "GET /assets/css/slick.min.css HTTP/2.0" 403 2016 "https://blalockdialysiscenter.com/?a=112755517091690&mod=c6c3cc38&uri=info.php%3Fid%3D3772876-1553%26name%3Dtokyo+talkies+ruffle+skirt+myntra" "Mozilla/5.0 (Linux; Android 5.0) AppleWebKit/537.36 (KHTML, like Gecko) Mobile Safari/537.36 (compatible; Bytespider; spider-feedback@bytedance.com)" 120 **0/120623**
47.128.30.51 - - [26/Nov/2025:14:19:43 -0700] "GET /assets/css/magnific-popup.min.css HTTP/2.0" 403 2016 "https://blalockdialysiscenter.com/?a=112755517091690&mod=c6c3cc38&uri=info.php%3Fid%3D3772876-1553%26name%3Dtokyo+talkies+ruffle+skirt+myntra" "Mozilla/5.0 (Linux; Android 5.0) AppleWebKit/537.36 (KHTML, like Gecko) Mobile Safari/537.36 (compatible; Bytespider; spider-feedback@bytedance.com)" 137 **0/137254**
47.128.30.51 - - [26/Nov/2025:14:19:43 -0700] "GET /assets/css/slick-theme.min.css HTTP/2.0" 403 2016 "https://blalockdialysiscenter.com/?a=112755517091690&mod=c6c3cc38&uri=info.php%3Fid%3D3772876-1553%26name%3Dtokyo+talkies+ruffle+skirt+myntra" "Mozilla/5.0 (Linux; Android 5.0) AppleWebKit/537.36 (KHTML, like Gecko) Mobile Safari/537.36 (compatible; Bytespider; spider-feedback@bytedance.com)" 140 **0/140297**
47.128.30.51 - - [26/Nov/2025:14:19:43 -0700] "GET /assets/css/style.css HTTP/2.0" 403 2016 "https://blalockdialysiscenter.com/?a=112755517091690&mod=c6c3cc38&uri=info.php%3Fid%3D3772876-1553%26name%3Dtokyo+talkies+ruffle+skirt+myntra" "Mozilla/5.0 (Linux; Android 5.0) AppleWebKit/537.36 (KHTML, like Gecko) Mobile Safari/537.36 (compatible; Bytespider; spider-feedback@bytedance.com)" 167 **0/167609**
47.128.30.51 - - [26/Nov/2025:14:19:43 -0700] "GET /assets/css/odometer.min.css HTTP/2.0" 403 2016 "https://blalockdialysiscenter.com/?a=112755517091690&mod=c6c3cc38&uri=info.php%3Fid%3D3772876-1553%26name%3Dtokyo+talkies+ruffle+skirt+myntra" "Mozilla/5.0 (Linux; Android 5.0) AppleWebKit/537.36 (KHTML, like Gecko) Mobile Safari/537.36 (compatible; Bytespider; spider-feedback@bytedance.com)" 168 **0/168694**
47.128.30.51 - - [26/Nov/2025:14:19:43 -0700] "GET /assets/css/icofont.min.css HTTP/2.0" 403 2016 "https://blalockdialysiscenter.com/?a=112755517091690&mod=c6c3cc38&uri=info.php%3Fid%3D3772876-1553%26name%3Dtokyo+talkies+ruffle+skirt+myntra" "Mozilla/5.0 (Linux; Android 5.0) AppleWebKit/537.36 (KHTML, like Gecko) Mobile Safari/537.36 (compatible; Bytespider; spider-feedback@bytedance.com)" 176 **0/176161**
47.128.30.51 - - [26/Nov/2025:14:19:43 -0700] "GET /assets/css/responsive.css HTTP/2.0" 403 2016 "https://blalockdialysiscenter.com/?a=112755517091690&mod=c6c3cc38&uri=info.php%3Fid%3D3772876-1553%26name%3Dtokyo+talkies+ruffle+skirt+myntra" "Mozilla/5.0 (Linux; Android 5.0) AppleWebKit/537.36 (KHTML, like Gecko) Mobile Safari/537.36 (compatible; Bytespider; spider-feedback@bytedance.com)" 182 **0/182907**
47.128.23.140 - - [26/Nov/2025:14:19:43 -0700] "GET /assets/css/owl.carousel.min.css HTTP/2.0" 403 2016 "https://www.blalockdialysiscenter.com/?a=17046605141690&mod=b52f4d67&uri=itm.php%3Fid%3D570287-761%26name%3Dsan+hima+double+self+inflating+mattress" "Mozilla/5.0 (Linux; Android 5.0) AppleWebKit/537.36 (KHTML, like Gecko) Mobile Safari/537.36 (compatible; Bytespider; spider-feedback@bytedance.com)" 93 **0/93900**
47.128.23.140 - - [26/Nov/2025:14:19:43 -0700] "GET /assets/css/bootstrap.min.css HTTP/2.0" 403 2016 "https://www.blalockdialysiscenter.com/?a=17046605141690&mod=b52f4d67&uri=itm.php%3Fid%3D570287-761%26name%3Dsan+hima+double+self+inflating+mattress" "Mozilla/5.0 (Linux; Android 5.0) AppleWebKit/537.36 (KHTML, like Gecko) Mobile Safari/537.36 (compatible; Bytespider; spider-feedback@bytedance.com)" 99 **0/99231**
47.128.23.140 - - [26/Nov/2025:14:19:43 -0700] "GET /assets/css/meanmenu.css HTTP/2.0" 403 2016 "https://www.blalockdialysiscenter.com/?a=17046605141690&mod=b52f4d67&uri=itm.php%3Fid%3D570287-761%26name%3Dsan+hima+double+self+inflating+mattress" "Mozilla/5.0 (Linux; Android 5.0) AppleWebKit/537.36 (KHTML, like Gecko) Mobile Safari/537.36 (compatible; Bytespider; spider-feedback@bytedance.com)" 85 **0/85906**
47.128.23.140 - - [26/Nov/2025:14:19:43 -0700] "GET /assets/css/owl.theme.default.min.css HTTP/2.0" 403 2016 "https://www.blalockdialysiscenter.com/?a=17046605141690&mod=b52f4d67&uri=itm.php%3Fid%3D570287-761%26name%3Dsan+hima+double+self+inflating+mattress" "Mozilla/5.0 (Linux; Android 5.0) AppleWebKit/537.36 (KHTML, like Gecko) Mobile Safari/537.36 (compatible; Bytespider; spider-feedback@bytedance.com)" 98 **0/98691**
