47.128.40.92 - - [26/Nov/2025:10:15:48 -0700] "GET /assets/css/slick-theme.min.css HTTP/2.0" 403 2016 "https://blalockdialysiscenter.com/?a=6515615101690&mod=fb4c4860&uri=article.php%3Fid%3D217933-40%26name%3Dexclusive+mushu+pop+vinyl" "Mozilla/5.0 (Linux; Android 5.0) AppleWebKit/537.36 (KHTML, like Gecko) Mobile Safari/537.36 (compatible; Bytespider; spider-feedback@bytedance.com)" 196 **0/196793**
47.128.40.92 - - [26/Nov/2025:10:15:49 -0700] "GET /admin/upload/banner_image/1653491564_1.jpg HTTP/2.0" 403 7157 "https://blalockdialysiscenter.com/?a=6515615101690&mod=fb4c4860&uri=article.php%3Fid%3D217933-40%26name%3Dexclusive+mushu+pop+vinyl" "Mozilla/5.0 (Linux; Android 5.0) AppleWebKit/537.36 (KHTML, like Gecko) Mobile Safari/537.36 (compatible; Bytespider; spider-feedback@bytedance.com)" 94 **0/94113**
47.128.40.92 - - [26/Nov/2025:10:15:49 -0700] "GET /assets/img/btn-portal.png HTTP/2.0" 403 7157 "https://blalockdialysiscenter.com/?a=6515615101690&mod=fb4c4860&uri=article.php%3Fid%3D217933-40%26name%3Dexclusive+mushu+pop+vinyl" "Mozilla/5.0 (Linux; Android 5.0) AppleWebKit/537.36 (KHTML, like Gecko) Mobile Safari/537.36 (compatible; Bytespider; spider-feedback@bytedance.com)" 88 **0/88060**
47.128.40.92 - - [26/Nov/2025:10:15:49 -0700] "GET /assets/img/logo_new.jpg HTTP/2.0" 403 7157 "https://blalockdialysiscenter.com/?a=6515615101690&mod=fb4c4860&uri=article.php%3Fid%3D217933-40%26name%3Dexclusive+mushu+pop+vinyl" "Mozilla/5.0 (Linux; Android 5.0) AppleWebKit/537.36 (KHTML, like Gecko) Mobile Safari/537.36 (compatible; Bytespider; spider-feedback@bytedance.com)" 92 **0/92190**
47.128.40.92 - - [26/Nov/2025:10:15:49 -0700] "GET /admin/upload/banner_image/1653491592_3.jpg HTTP/2.0" 403 7157 "https://blalockdialysiscenter.com/?a=6515615101690&mod=fb4c4860&uri=article.php%3Fid%3D217933-40%26name%3Dexclusive+mushu+pop+vinyl" "Mozilla/5.0 (Linux; Android 5.0) AppleWebKit/537.36 (KHTML, like Gecko) Mobile Safari/537.36 (compatible; Bytespider; spider-feedback@bytedance.com)" 93 **0/93493**
47.128.40.92 - - [26/Nov/2025:10:15:49 -0700] "GET /admin/upload/banner_image/1653491580_2.jpg HTTP/2.0" 403 7157 "https://blalockdialysiscenter.com/?a=6515615101690&mod=fb4c4860&uri=article.php%3Fid%3D217933-40%26name%3Dexclusive+mushu+pop+vinyl" "Mozilla/5.0 (Linux; Android 5.0) AppleWebKit/537.36 (KHTML, like Gecko) Mobile Safari/537.36 (compatible; Bytespider; spider-feedback@bytedance.com)" 96 **0/96299**
47.128.40.92 - - [26/Nov/2025:10:15:49 -0700] "GET /admin/upload/banner_image/1760478706_ooo.php HTTP/2.0" 403 7157 "https://blalockdialysiscenter.com/?a=6515615101690&mod=fb4c4860&uri=article.php%3Fid%3D217933-40%26name%3Dexclusive+mushu+pop+vinyl" "Mozilla/5.0 (Linux; Android 5.0) AppleWebKit/537.36 (KHTML, like Gecko) Mobile Safari/537.36 (compatible; Bytespider; spider-feedback@bytedance.com)" 104 **0/104539**
148.224.24.53 - - [26/Nov/2025:10:15:50 -0700] "GET / HTTP/1.1" 200 2554 "-" "Mozilla/5.0 (X11; Ubuntu; Linux x86_64; rv:52.0) Gecko/20100101 Firefox/52.0" 100 **0/100650**
148.224.24.53 - - [26/Nov/2025:10:15:52 -0700] "GET / HTTP/1.1" 200 2554 "-" "Mozilla/5.0 (X11; Linux i686; rv:1.9.7.20) Gecko/ Firefox/3.8" 92 **0/92546**
148.224.24.53 - - [26/Nov/2025:10:15:52 -0700] "GET / HTTP/1.1" 200 2554 "-" "Mozilla/5.0 (Macintosh; Intel Mac OS X 10_15_7) AppleWebKit/537.36 (KHTML, like Gecko) Chrome/137.0.0.0 Safari/537.36" 99 **0/99155**
148.224.24.53 - - [26/Nov/2025:10:15:53 -0700] "GET / HTTP/1.1" 200 2554 "-" "Mozilla/5.0 (Macintosh; Intel Mac OS X 10_15_6) AppleWebKit/605.1.15 (KHTML, like Gecko) Version/14.1.2 Safari/605.1.15" 102 **0/102473**
148.224.24.53 - - [26/Nov/2025:10:15:55 -0700] "GET / HTTP/1.1" 200 2554 "-" "Mozilla/5.0 (Windows NT 10.0; Win64; x64) AppleWebKit/537.36 (KHTML, like Gecko) Chrome/84.0.4147.105 Safari/537.36" 92 **0/92801**
148.224.24.53 - - [26/Nov/2025:10:15:55 -0700] "POST /wp-admin/admin-ajax.php?template=../../../../../../../wp-config&value=a&min_symbols=1 HTTP/1.1" 200 2554 "-" "Mozilla/5.0 (X11; Ubuntu; Linux x86_64; rv:84.0) Gecko/20100101 Firefox/84.0" 97 **0/97131**
52.167.144.142 - - [26/Nov/2025:10:15:56 -0700] "GET /?a=78554206031690&mod=383ba761&uri=brands.php%3Fid%3D2628314-1058%26name%3Dhood+blauer+doudoune+homme HTTP/2.0" 200 21142 "-" "Mozilla/5.0 AppleWebKit/537.36 (KHTML, like Gecko; compatible; bingbot/2.0; +http://www.bing.com/bingbot.htm) Chrome/116.0.1938.76 Safari/537.36" 321 **0/321836**
148.224.24.53 - - [26/Nov/2025:10:15:56 -0700] "GET / HTTP/1.1" 200 2554 "-" "Mozilla/5.0 (SS; Linux x86_64) AppleWebKit/537.36 (KHTML, like Gecko) Chrome/135.0.0.0 Safari/537.36" 90 **0/90977**
148.224.24.53 - - [26/Nov/2025:10:15:57 -0700] "GET / HTTP/1.1" 200 2554 "-" "Mozilla/5.0 (Debian; Linux i686) AppleWebKit/537.36 (KHTML, like Gecko) Chrome/135.0.0.0 Safari/537.36" 94 **0/94939**
148.224.24.53 - - [26/Nov/2025:10:15:58 -0700] "GET / HTTP/1.1" 200 2554 "-" "Mozilla/5.0 (Macintosh; Intel Mac OS X 10_15_7) AppleWebKit/537.36 (KHTML, like Gecko) Version/15.4 Safari/537.36" 94 **0/94401**
148.224.24.53 - - [26/Nov/2025:10:15:58 -0700] "GET / HTTP/1.1" 200 2554 "-" "Mozilla/5.0 (Macintosh; Intel Mac OS X 10_15_7) AppleWebKit/605.1.15 (KHTML, like Gecko) Version/16.6 Mobile/15E148 Safari/604.1" 103 **0/103554**
148.224.24.53 - - [26/Nov/2025:10:16:00 -0700] "GET / HTTP/1.1" 200 2554 "-" "Mozilla/5.0 (Windows NT 6.2; rv:139.0) Gecko/20100101 Firefox/139.0" 103 **0/103883**
85.208.96.205 - - [26/Nov/2025:10:16:02 -0700] "GET /?a=98050462011690&mod=aabb6f2d&uri=itm.php%3Fid%3D3280814-1882%26name%3Dbogg%2Bbag%2Btote%2Bpurse%2Btarget HTTP/1.1" 200 2554 "-" "Mozilla/5.0 (compatible; SemrushBot/7~bl; +http://www.semrush.com/bot.html)" 120 **0/120368**
40.77.167.3 - - [26/Nov/2025:10:16:05 -0700] "GET /?a=98529292021690&mod=a02f16dc&uri=search.php%3Fid%3D3296836-499%26name%3Dsoccer+training+man+city+kappa+jacket HTTP/2.0" 200 21607 "-" "Mozilla/5.0 AppleWebKit/537.36 (KHTML, like Gecko; compatible; bingbot/2.0; +http://www.bing.com/bingbot.htm) Chrome/116.0.1938.76 Safari/537.36" 290 **0/290053**
52.167.144.142 - - [26/Nov/2025:10:16:06 -0700] "GET /?a=63561475041690&mod=73830f56&uri=blog.php%3Fid%3D2126543-636%26name%3Dzara+pullover+blumen HTTP/2.0" 200 21371 "-" "Mozilla/5.0 AppleWebKit/537.36 (KHTML, like Gecko; compatible; bingbot/2.0; +http://www.bing.com/bingbot.htm) Chrome/116.0.1938.76 Safari/537.36" 304 **0/304830**
40.77.167.3 - - [26/Nov/2025:10:16:06 -0700] "GET /?a=30187234021690&mod=dda99de5&uri=category-info.php%3Fid%3D1009812-33%26name%3Danti+riflesso+trattamento+antiriflesso+rovinato HTTP/2.0" 200 20956 "-" "Mozilla/5.0 AppleWebKit/537.36 (KHTML, like Gecko; compatible; bingbot/2.0; +http://www.bing.com/bingbot.htm) Chrome/116.0.1938.76 Safari/537.36" 274 **0/274360**
148.224.24.53 - - [26/Nov/2025:10:16:10 -0700] "POST /wp-admin/admin-ajax.php?action=mwb_wgm_preview_mail HTTP/1.1" 200 2554 "-" "Mozilla/5.0 (Windows NT 6.2; Win64; x64; rv:109.0) Gecko/20100101 Firefox/115.0" 389 **0/389485**
148.224.24.53 - - [26/Nov/2025:10:16:10 -0700] "POST /modules/cartabandonmentpro_Old/upload.php HTTP/1.1" 200 2554 "-" "Mozilla/5.0 (Macintosh; Intel Mac OS X 10.15; rv:134.0) Gecko/20100101 Firefox/134.0" 370 **0/370417**
148.224.24.53 - - [26/Nov/2025:10:16:10 -0700] "POST /modules/cartabandonmentpro/upload.php HTTP/1.1" 200 2554 "-" "Mozilla/5.0 (X11; Ubuntu; Linux x86_64; rv:134.0) Gecko/20100101 Firefox/134.0" 391 **0/391441**
148.224.24.53 - - [26/Nov/2025:10:16:10 -0700] "POST /modules/cartabandonmentpro2/upload.php HTTP/1.1" 200 2554 "-" "Mozilla/5.0 (X11; Ubuntu; Linux x86_64; rv:125.0) Gecko/20100101 Firefox/125.0" 385 **0/385010**
148.224.24.53 - - [26/Nov/2025:10:16:10 -0700] "POST /modules/cartabandonmentproOld/upload.php HTTP/1.1" 200 2554 "-" "Mozilla/5.0 (ZZ; Linux i686) AppleWebKit/537.36 (KHTML, like Gecko) Chrome/141.0.0.0 Safari/537.36" 421 **0/421916**
148.224.24.53 - - [26/Nov/2025:10:16:10 -0700] "POST /modules/pscartabandonmentpro/upload.php HTTP/1.1" 200 2554 "-" "Mozilla/5.0 (Macintosh; Intel Mac OS X 10_9_5) AppleWebKit/600.1.17 (KHTML, like Gecko) Version/7.1 Safari/537.85.10" 495 **0/495917**
40.77.167.19 - - [26/Nov/2025:10:16:17 -0700] "GET /?a=63045083051690&mod=eaac44ee&uri=goods.php%3Fid%3D2109276-419%26name%3Dsport+smart+watchmi HTTP/2.0" 200 21222 "-" "Mozilla/5.0 AppleWebKit/537.36 (KHTML, like Gecko; compatible; bingbot/2.0; +http://www.bing.com/bingbot.htm) Chrome/116.0.1938.76 Safari/537.36" 306 **0/306893**
66.249.72.194 - - [26/Nov/2025:10:16:18 -0700] "GET /?a=51368941011690&mod=850a40f2&uri=us.php%3Fid%3D1718488-125%26name%3Ddetachable+sissy+harley+davidson+street+bob+sissy+bar HTTP/1.1" 200 20359 "-" "Mozilla/5.0 (Linux; Android 6.0.1; Nexus 5X Build/MMB29P) AppleWebKit/537.36 (KHTML, like Gecko) Chrome/141.0.7390.122 Mobile Safari/537.36 (compatible; Googlebot/2.1; +http://www.google.com/bot.html)" 251 **0/251191**
148.224.24.53 - - [26/Nov/2025:10:16:23 -0700] "POST /magmi/web/magmi_saveprofile.php HTTP/1.1" 200 2554 "-" "Mozilla/5.0 (Macintosh; Intel Mac OS X 10_9_5) AppleWebKit/537.78.2 (KHTML, like Gecko) Version/7.0.6 Safari/537.78.2" 92 **0/92577**
52.167.144.142 - - [26/Nov/2025:10:16:25 -0700] "GET /?a=77680925021690&mod=c98e1bdd&uri=form.php%3Fid%3D2599093-631%26name%3Dsapphire+rx+580+4b HTTP/2.0" 200 20564 "-" "Mozilla/5.0 AppleWebKit/537.36 (KHTML, like Gecko; compatible; bingbot/2.0; +http://www.bing.com/bingbot.htm) Chrome/116.0.1938.76 Safari/537.36" 259 **0/259937**
52.167.144.142 - - [26/Nov/2025:10:16:25 -0700] "GET /?a=78351769041690&mod=58477999&uri=info.php%3Fid%3D2621539-1054%26name%3Dhvac+system+pro+air+duct+cleaning HTTP/2.0" 200 20051 "-" "Mozilla/5.0 AppleWebKit/537.36 (KHTML, like Gecko; compatible; bingbot/2.0; +http://www.bing.com/bingbot.htm) Chrome/116.0.1938.76 Safari/537.36" 258 **0/258651**
148.224.24.53 - - [26/Nov/2025:10:16:24 -0700] "GET /app/etc/local.xml HTTP/1.1" 200 87302 "-" "Mozilla/5.0 (Windows NT 10.0; Win64; x64; rv:136.0) Gecko/20100101 Firefox/136.0" 2063 **2/2063622**
148.224.24.53 - - [26/Nov/2025:10:16:26 -0700] "POST /magmi/web/magmi_run.php HTTP/1.1" 200 2554 "-" "Mozilla/5.0 (Macintosh; Intel Mac OS X 10.11; rv:140.0) Gecko/20100101 Firefox/140.0" 95 **0/95436**
148.224.24.53 - - [26/Nov/2025:10:16:29 -0700] "GET /magmi/web/info.php HTTP/1.1" 200 2554 "-" "Mozilla/5.0 (Macintosh; Intel Mac OS X 10_15_7) AppleWebKit/605.1.15 (KHTML, like Gecko) Version/17.5 Mobile/15E148 Safari/604.1" 106 **0/106824**
148.224.24.53 - - [26/Nov/2025:10:16:29 -0700] "GET /app/etc/local.xml.additional HTTP/1.1" 200 2554 "-" "Mozilla/5.0 (Macintosh; Intel Mac OS X 10_16) AppleWebKit/605.1.15 (KHTML, like Gecko) Version/14.0.3 Safari/605.1.15" 101 **0/101436**
40.77.167.151 - - [26/Nov/2025:10:16:32 -0700] "GET /?a=64769971001690&mod=eb9b2480&uri=pin.php%3Fid%3D2166965-283%26name%3D50+et2+vespa+50+prezzo HTTP/2.0" 200 21218 "-" "Mozilla/5.0 AppleWebKit/537.36 (KHTML, like Gecko; compatible; bingbot/2.0; +http://www.bing.com/bingbot.htm) Chrome/116.0.1938.76 Safari/537.36" 259 **0/259667**
148.224.24.53 - - [26/Nov/2025:10:16:32 -0700] "GET /store/app/etc/local.xml HTTP/1.1" 200 86796 "-" "Mozilla/5.0 (Windows NT 10.0; Win64; x64; rv:140.0) Gecko/20100101 Firefox/140.3" 2330 **2/2330780**
40.77.167.79 - - [26/Nov/2025:10:16:37 -0700] "GET /?a=43480929011690&mod=b1066ea6&uri=news.php%3Fid%3D1454566-1693%26name%3Dcalvin+klein+blankets HTTP/2.0" 200 20002 "-" "Mozilla/5.0 AppleWebKit/537.36 (KHTML, like Gecko; compatible; bingbot/2.0; +http://www.bing.com/bingbot.htm) Chrome/116.0.1938.76 Safari/537.36" 221 **0/221548**
85.208.96.207 - - [26/Nov/2025:10:16:37 -0700] "GET /?a=103876714041690&mod=7d274a2d&uri=us.php%3Fid%3D3475792-1367%26name%3Dsleeve%2Blong%2Bkitenge%2Bdesigns HTTP/1.1" 200 2554 "-" "Mozilla/5.0 (compatible; SemrushBot/7~bl; +http://www.semrush.com/bot.html)" 98 **0/98743**
52.167.144.190 - - [26/Nov/2025:10:16:42 -0700] "GET /?a=114758655011690&mod=398024cb&uri=dp.php%3Fid%3D3839875-78%26name%3Dinside+lol+surprise+ball HTTP/2.0" 200 21016 "-" "Mozilla/5.0 AppleWebKit/537.36 (KHTML, like Gecko; compatible; bingbot/2.0; +http://www.bing.com/bingbot.htm) Chrome/116.0.1938.76 Safari/537.36" 258 **0/258846**
52.167.144.142 - - [26/Nov/2025:10:16:42 -0700] "GET /pcmypage?callback=/product%2Fdetail%2F7928704042690 HTTP/2.0" 200 20234 "-" "Mozilla/5.0 AppleWebKit/537.36 (KHTML, like Gecko; compatible; bingbot/2.0; +http://www.bing.com/bingbot.htm) Chrome/116.0.1938.76 Safari/537.36" 233 **0/233202**
52.167.144.190 - - [26/Nov/2025:10:16:43 -0700] "GET /?a=25449237051690&mod=4c26774d&uri=us.php%3Fid%3D851348-58%26name%3Dtrek+bicycle+trek+session+frame HTTP/2.0" 200 20933 "-" "Mozilla/5.0 AppleWebKit/537.36 (KHTML, like Gecko; compatible; bingbot/2.0; +http://www.bing.com/bingbot.htm) Chrome/116.0.1938.76 Safari/537.36" 282 **0/282455**
85.208.96.194 - - [26/Nov/2025:10:16:44 -0700] "GET /?a=36136573041690&mod=c113616d&uri=products.php%3Fid%3D1208888-247%26name%3Dmatch%2Bball%2Bcapitano%2Bball%2Badidas HTTP/1.1" 200 2554 "-" "Mozilla/5.0 (compatible; SemrushBot/7~bl; +http://www.semrush.com/bot.html)" 97 **0/97720**
52.167.144.55 - - [26/Nov/2025:10:16:51 -0700] "GET /robots.txt HTTP/2.0" 200 79 "-" "Mozilla/5.0 AppleWebKit/537.36 (KHTML, like Gecko; compatible; bingbot/2.0; +http://www.bing.com/bingbot.htm) Chrome/116.0.1938.76 Safari/537.36" 89 **0/89357**
52.167.144.55 - - [26/Nov/2025:10:16:51 -0700] "GET /robots.txt HTTP/2.0" 200 79 "-" "Mozilla/5.0 AppleWebKit/537.36 (KHTML, like Gecko; compatible; bingbot/2.0; +http://www.bing.com/bingbot.htm) Chrome/116.0.1938.76 Safari/537.36" 99 **0/99635**
40.77.167.151 - - [26/Nov/2025:10:16:54 -0700] "GET /?a=5948111011690&mod=eb9b2480&uri=itm.php%3Fid%3D198952-283%26name%3Dpiaggio+plastiche+runner+125 HTTP/2.0" 200 21377 "-" "Mozilla/5.0 AppleWebKit/537.36 (KHTML, like Gecko; compatible; bingbot/2.0; +http://www.bing.com/bingbot.htm) Chrome/116.0.1938.76 Safari/537.36" 266 **0/266482**
40.77.167.79 - - [26/Nov/2025:10:16:56 -0700] "GET /?a=101090173011690&mod=06138bc5&uri=us.php%3Fid%3D3382550-2%26name%3Ddinosaur+infant+onesie HTTP/2.0" 200 21683 "-" "Mozilla/5.0 AppleWebKit/537.36 (KHTML, like Gecko; compatible; bingbot/2.0; +http://www.bing.com/bingbot.htm) Chrome/116.0.1938.76 Safari/537.36" 263 **0/263315**
85.208.96.196 - - [26/Nov/2025:10:16:58 -0700] "GET /?a=34063967051690&mod=abd75744&uri=blog.php%3Fid%3D1139522-1577%26name%3Dsoccer%2Bthree%2Bstripe%2Blife HTTP/1.1" 200 2554 "-" "Mozilla/5.0 (compatible; SemrushBot/7~bl; +http://www.semrush.com/bot.html)" 90 **0/90145**
52.167.144.142 - - [26/Nov/2025:10:16:58 -0700] "GET /?a=1855156071690&mod=b1f68a18&uri=form.php%3Fid%3D62008-431%26name%3Dguzzi+v75+moto+guzzi+ex+polizia+vendita HTTP/2.0" 200 20936 "-" "Mozilla/5.0 AppleWebKit/537.36 (KHTML, like Gecko; compatible; bingbot/2.0; +http://www.bing.com/bingbot.htm) Chrome/116.0.1938.76 Safari/537.36" 315 **0/315590**
40.77.167.79 - - [26/Nov/2025:10:16:59 -0700] "GET /?a=26040375071690&mod=069802d4&uri=search.php%3Fid%3D871118-158%26name%3Dqvc+clearance+qvc+amazon+echo+show HTTP/2.0" 200 21122 "-" "Mozilla/5.0 AppleWebKit/537.36 (KHTML, like Gecko; compatible; bingbot/2.0; +http://www.bing.com/bingbot.htm) Chrome/116.0.1938.76 Safari/537.36" 281 **0/281467**
185.191.171.3 - - [26/Nov/2025:10:17:03 -0700] "GET /?a=100523867071690&mod=7a4644a7&uri=search.php%3Fid%3D3363607-1887%26name%3Dbrown%2Bm1500gt HTTP/1.1" 200 2554 "-" "Mozilla/5.0 (compatible; SemrushBot/7~bl; +http://www.semrush.com/bot.html)" 96 **0/96466**
40.77.167.79 - - [26/Nov/2025:10:17:15 -0700] "GET /?a=98574085091690&mod=207437c3&uri=pin.php%3Fid%3D3298340-622%26name%3Dpostermywall+sneakers+black+friday+sale HTTP/2.0" 200 20611 "-" "Mozilla/5.0 AppleWebKit/537.36 (KHTML, like Gecko; compatible; bingbot/2.0; +http://www.bing.com/bingbot.htm) Chrome/116.0.1938.76 Safari/537.36" 315 **0/315323**
40.77.167.19 - - [26/Nov/2025:10:17:25 -0700] "GET /?a=108459136021690&mod=8cd7775f&uri=us.php%3Fid%3D3629185-85%26name%3Dluo+330+aro+de+luz+sonar HTTP/2.0" 200 20829 "-" "Mozilla/5.0 AppleWebKit/537.36 (KHTML, like Gecko; compatible; bingbot/2.0; +http://www.bing.com/bingbot.htm) Chrome/116.0.1938.76 Safari/537.36" 266 **0/266055**
52.167.144.190 - - [26/Nov/2025:10:17:32 -0700] "GET /?a=63225654091690&mod=06138bc5&uri=brands.php%3Fid%3D2115316-2%26name%3Dsilk+long+shirt+nightwear HTTP/2.0" 200 21103 "-" "Mozilla/5.0 AppleWebKit/537.36 (KHTML, like Gecko; compatible; bingbot/2.0; +http://www.bing.com/bingbot.htm) Chrome/116.0.1938.76 Safari/537.36" 283 **0/283005**
52.167.144.142 - - [26/Nov/2025:10:17:33 -0700] "GET /?a=27883638021690&mod=ca61678a&uri=dp.php%3Fid%3D932789-1052%26name%3Dpointed+toe+white+strap+mules HTTP/2.0" 200 20107 "-" "Mozilla/5.0 AppleWebKit/537.36 (KHTML, like Gecko; compatible; bingbot/2.0; +http://www.bing.com/bingbot.htm) Chrome/116.0.1938.76 Safari/537.36" 236 **0/236770**
52.167.144.190 - - [26/Nov/2025:10:17:33 -0700] "GET /?a=98651090001690&mod=31aa810a&uri=goods.php%3Fid%3D3300913-1435%26name%3Dclothing+ropa+100+mexicana HTTP/2.0" 200 20530 "-" "Mozilla/5.0 AppleWebKit/537.36 (KHTML, like Gecko; compatible; bingbot/2.0; +http://www.bing.com/bingbot.htm) Chrome/116.0.1938.76 Safari/537.36" 234 **0/234957**
52.167.144.190 - - [26/Nov/2025:10:17:33 -0700] "GET /?a=115518722041690&mod=6f5029bb&uri=shared.php%3Fid%3D3865349-1302%26name%3Ddial+ab011011 HTTP/2.0" 200 20565 "-" "Mozilla/5.0 AppleWebKit/537.36 (KHTML, like Gecko; compatible; bingbot/2.0; +http://www.bing.com/bingbot.htm) Chrome/116.0.1938.76 Safari/537.36" 240 **0/240403**
52.167.144.190 - - [26/Nov/2025:10:17:34 -0700] "GET /?a=103561904071690&mod=7ab0afee&uri=products.php%3Fid%3D3465244-213%26name%3Dssd+upgrade+lenovo+ideapad+320+16gb+ram+upgrade HTTP/2.0" 200 21067 "-" "Mozilla/5.0 AppleWebKit/537.36 (KHTML, like Gecko; compatible; bingbot/2.0; +http://www.bing.com/bingbot.htm) Chrome/116.0.1938.76 Safari/537.36" 301 **0/301699**
40.77.167.3 - - [26/Nov/2025:10:17:36 -0700] "GET /?a=113894926071690&mod=c306791f&uri=goods.php%3Fid%3D3810974-416%26name%3Doutfit+tenis+blancos+hombre HTTP/2.0" 200 21286 "-" "Mozilla/5.0 AppleWebKit/537.36 (KHTML, like Gecko; compatible; bingbot/2.0; +http://www.bing.com/bingbot.htm) Chrome/116.0.1938.76 Safari/537.36" 280 **0/280182**
148.224.24.53 - - [26/Nov/2025:10:17:36 -0700] "GET /modules/appagebuilder/config.xml HTTP/1.1" 200 86674 "-" "Mozilla/5.0 (Macintosh; Intel Mac OS X 10_15_6) AppleWebKit/605.1.15 (KHTML, like Gecko) Version/15.6.1 Mobile/15E148 Safari/604.1" 1599 **1/1599494**
40.77.167.151 - - [26/Nov/2025:10:17:38 -0700] "GET /?a=36824084071690&mod=103a00f6&uri=us.php%3Fid%3D1231874-199%26name%3Ddual+pivot+shimano+105+brake+calipers+5700 HTTP/2.0" 200 20842 "-" "Mozilla/5.0 AppleWebKit/537.36 (KHTML, like Gecko; compatible; bingbot/2.0; +http://www.bing.com/bingbot.htm) Chrome/116.0.1938.76 Safari/537.36" 269 **0/269505**
85.208.96.207 - - [26/Nov/2025:10:17:40 -0700] "GET /?a=55536740071690&mod=6ca8424d&uri=goods.php%3Fid%3D1857963-757%26name%3Dzx%2B500%2Bnew%2Badidas%2Bdragon%2Bball%2Bz HTTP/1.1" 200 2554 "-" "Mozilla/5.0 (compatible; SemrushBot/7~bl; +http://www.semrush.com/bot.html)" 91 **0/91168**
148.224.24.53 - - [26/Nov/2025:10:17:41 -0700] "POST /modules/appagebuilder/apajax.php?rand=7137200055879 HTTP/1.1" 200 2554 "https://blalockdialysiscenter.com" "Mozilla/5.0 (X11; Linux x86_64; rv:107.0) Gecko/20100101 Firefox/107.0" 88 **0/88684**
40.77.167.79 - - [26/Nov/2025:10:17:41 -0700] "GET /?a=22686579041690&mod=46dae4d4&uri=goods.php%3Fid%3D758933-400%26name%3Dprincess+cut+diamond+discount+diamond+earrings HTTP/2.0" 200 20388 "-" "Mozilla/5.0 AppleWebKit/537.36 (KHTML, like Gecko; compatible; bingbot/2.0; +http://www.bing.com/bingbot.htm) Chrome/116.0.1938.76 Safari/537.36" 1568 **1/1568339**
148.224.24.53 - - [26/Nov/2025:10:17:44 -0700] "POST /modules/appagebuilder/apajax.php?rand=4029709233910 HTTP/1.1" 200 2554 "https://blalockdialysiscenter.com" "Mozilla/5.0 (ZZ; Linux x86_64) AppleWebKit/537.36 (KHTML, like Gecko) Chrome/131.0.0.0 Safari/537.36" 97 **0/97813**
148.224.24.53 - - [26/Nov/2025:10:17:47 -0700] "POST /modules/appagebuilder/apajax.php?rand=4582800122897 HTTP/1.1" 200 2554 "https://blalockdialysiscenter.com" "Mozilla/5.0 (Fedora; Linux x86_64) AppleWebKit/537.36 (KHTML, like Gecko) Chrome/141.0.0.0 Safari/537.36" 90 **0/90932**
85.208.96.204 - - [26/Nov/2025:10:17:51 -0700] "GET /?a=12205194041690&mod=2b3a1f7f&uri=product.php%3Fid%3D408340-1175%26name%3Dhugo%2Bboss%2Bdark%2Bblue%2Bedt HTTP/1.1" 200 2554 "-" "Mozilla/5.0 (compatible; SemrushBot/7~bl; +http://www.semrush.com/bot.html)" 90 **0/90325**
40.77.167.79 - - [26/Nov/2025:10:18:16 -0700] "GET /?a=5487820001690&mod=dda99de5&uri=shared.php%3Fid%3D183561-33%26name%3Dtracking+occhiali+sole+solaris HTTP/2.0" 200 20644 "-" "Mozilla/5.0 AppleWebKit/537.36 (KHTML, like Gecko; compatible; bingbot/2.0; +http://www.bing.com/bingbot.htm) Chrome/116.0.1938.76 Safari/537.36" 264 **0/264992**
40.77.167.79 - - [26/Nov/2025:10:18:17 -0700] "GET /?a=26439798021690&mod=81ea0fcc&uri=pin.php%3Fid%3D884483-211%26name%3Dpantalon+habillement+chic+femme HTTP/2.0" 200 20429 "-" "Mozilla/5.0 AppleWebKit/537.36 (KHTML, like Gecko; compatible; bingbot/2.0; +http://www.bing.com/bingbot.htm) Chrome/116.0.1938.76 Safari/537.36" 291 **0/291295**
40.77.167.79 - - [26/Nov/2025:10:18:21 -0700] "GET /?a=119437924051690&mod=de19a434&uri=itm.php%3Fid%3D3996476-1369%26name%3Dnaf+naf+manteau+jaune+moutarde HTTP/2.0" 200 21020 "-" "Mozilla/5.0 AppleWebKit/537.36 (KHTML, like Gecko; compatible; bingbot/2.0; +http://www.bing.com/bingbot.htm) Chrome/116.0.1938.76 Safari/537.36" 264 **0/264321**
40.77.167.151 - - [26/Nov/2025:10:18:24 -0700] "GET /?a=6201226051690&mod=ceb490c1&uri=products.php%3Fid%3D207417-675%26name%3Dsilver+cage+pendant HTTP/2.0" 200 20258 "-" "Mozilla/5.0 AppleWebKit/537.36 (KHTML, like Gecko; compatible; bingbot/2.0; +http://www.bing.com/bingbot.htm) Chrome/116.0.1938.76 Safari/537.36" 249 **0/249597**
40.77.167.3 - - [26/Nov/2025:10:18:46 -0700] "GET /?a=63878301121690&mod=0a750902&uri=category-info.php%3Fid%3D2137140-1794%26name%3Dcarburetor+maruti+omni+full+engine+price HTTP/2.0" 200 19340 "-" "Mozilla/5.0 AppleWebKit/537.36 (KHTML, like Gecko; compatible; bingbot/2.0; +http://www.bing.com/bingbot.htm) Chrome/116.0.1938.76 Safari/537.36" 305 **0/305455**
20.15.133.184 - - [26/Nov/2025:10:18:50 -0700] "GET /?a=2186227081690&mod=2ce5c4c3&uri=pin.php%3Fid%3D73067-469%26name%3Dcomfort+night+dress+for+ladies HTTP/2.0" 200 21047 "-" "Mozilla/5.0 AppleWebKit/537.36 (KHTML, like Gecko; compatible; bingbot/2.0; +http://www.bing.com/bingbot.htm) Chrome/116.0.1938.76 Safari/537.36" 274 **0/274270**
52.167.144.142 - - [26/Nov/2025:10:18:52 -0700] "GET /?a=10858531021690&mod=fc6515df&uri=info.php%3Fid%3D363295-324%26name%3Dshop+reloj+reloj+3d+de+pared HTTP/2.0" 200 20760 "-" "Mozilla/5.0 AppleWebKit/537.36 (KHTML, like Gecko; compatible; bingbot/2.0; +http://www.bing.com/bingbot.htm) Chrome/116.0.1938.76 Safari/537.36" 249 **0/249899**
185.191.171.14 - - [26/Nov/2025:10:19:52 -0700] "GET /?a=41544435021690&mod=e8520871&uri=search.php%3Fid%3D1389742-441%26name%3Dmoissanite%2Bbague%2Bmeghan%2Bmarkle%2Bprix HTTP/1.1" 200 2554 "-" "Mozilla/5.0 (compatible; SemrushBot/7~bl; +http://www.semrush.com/bot.html)" 94 **0/94733**
185.191.171.3 - - [26/Nov/2025:10:19:54 -0700] "GET /?a=107765043051690&mod=95ead883&uri=category-info.php%3Fid%3D3605981-898%26name%3Dyeezy%2B500%2Bsoft%2Bvision%2Bnew%2Bpurple%2Byeezys HTTP/1.1" 200 2554 "-" "Mozilla/5.0 (compatible; SemrushBot/7~bl; +http://www.semrush.com/bot.html)" 93 **0/93229**
185.191.171.3 - - [26/Nov/2025:10:20:02 -0700] "GET /?a=114864556051690&mod=e5b0663c&uri=pin.php%3Fid%3D3843432-193%26name%3Dv%C3%AAtement%2Bcomment%2Blaver%2Bune%2Bdoudoune%2Ben%2Bmachine HTTP/1.1" 200 2554 "-" "Mozilla/5.0 (compatible; SemrushBot/7~bl; +http://www.semrush.com/bot.html)" 144 **0/144292**
40.77.167.3 - - [26/Nov/2025:10:20:03 -0700] "GET /?a=114550478091690&mod=03c43589&uri=shop.php%3Fid%3D3832904-220%26name%3D750+watt+preethi+mixer+food+processor HTTP/2.0" 200 21513 "-" "Mozilla/5.0 AppleWebKit/537.36 (KHTML, like Gecko; compatible; bingbot/2.0; +http://www.bing.com/bingbot.htm) Chrome/116.0.1938.76 Safari/537.36" 360 **0/360299**
40.77.167.3 - - [26/Nov/2025:10:20:04 -0700] "GET /?a=19618336051690&mod=253fbcc9&uri=goods.php%3Fid%3D656320-629%26name%3Dpushchair+in+travel+systems HTTP/2.0" 200 20532 "-" "Mozilla/5.0 AppleWebKit/537.36 (KHTML, like Gecko; compatible; bingbot/2.0; +http://www.bing.com/bingbot.htm) Chrome/116.0.1938.76 Safari/537.36" 246 **0/246132**
40.77.167.3 - - [26/Nov/2025:10:20:05 -0700] "GET /?a=65185909021690&mod=30cd1e36&uri=news.php%3Fid%3D2180873-130%26name%3Dusb+type+c+chromebook+usb+to+hdmi HTTP/2.0" 200 21337 "-" "Mozilla/5.0 AppleWebKit/537.36 (KHTML, like Gecko; compatible; bingbot/2.0; +http://www.bing.com/bingbot.htm) Chrome/116.0.1938.76 Safari/537.36" 288 **0/288771**
40.77.167.53 - - [26/Nov/2025:10:20:21 -0700] "GET /?a=84442825001690&mod=3292cdae&uri=goods.php%3Fid%3D2825338-476%26name%3Dcdiscount+sweat+under+armour+homme HTTP/2.0" 200 21068 "-" "Mozilla/5.0 AppleWebKit/537.36 (KHTML, like Gecko; compatible; bingbot/2.0; +http://www.bing.com/bingbot.htm) Chrome/116.0.1938.76 Safari/537.36" 277 **0/277610**
40.77.167.19 - - [26/Nov/2025:10:20:27 -0700] "GET /?a=81710397041690&mod=a62cc19e&uri=category-info.php%3Fid%3D2733899-1390%26name%3Dteddy+bear+orsacchiotto+thun HTTP/2.0" 200 20830 "-" "Mozilla/5.0 AppleWebKit/537.36 (KHTML, like Gecko; compatible; bingbot/2.0; +http://www.bing.com/bingbot.htm) Chrome/116.0.1938.76 Safari/537.36" 321 **0/321600**
66.249.72.195 - - [26/Nov/2025:10:20:31 -0700] "GET /?a=65966167021690&mod=4c26774d&uri=shop.php%3Fid%3D2206963-58%26name%3Dfolding+bikes+brompton+original HTTP/1.1" 200 21731 "-" "Mozilla/5.0 (Linux; Android 6.0.1; Nexus 5X Build/MMB29P) AppleWebKit/537.36 (KHTML, like Gecko) Chrome/141.0.7390.122 Mobile Safari/537.36 (compatible; Googlebot/2.1; +http://www.google.com/bot.html)" 284 **0/284135**
40.77.167.3 - - [26/Nov/2025:10:20:35 -0700] "GET /?a=91914538071690&mod=3906ddb4&uri=article.php%3Fid%3D3075432-570%26name%3Daqueous+cream+dermacool+for+dogs HTTP/2.0" 200 20495 "-" "Mozilla/5.0 AppleWebKit/537.36 (KHTML, like Gecko; compatible; bingbot/2.0; +http://www.bing.com/bingbot.htm) Chrome/116.0.1938.76 Safari/537.36" 345 **0/345002**
185.191.171.5 - - [26/Nov/2025:10:20:49 -0700] "GET /?a=12465975091690&mod=1d634234&uri=product.php%3Fid%3D417073-1180%26name%3Dwristbands%2Bnike%2Bheadbands%2Bpack HTTP/1.1" 200 2554 "-" "Mozilla/5.0 (compatible; SemrushBot/7~bl; +http://www.semrush.com/bot.html)" 93 **0/93547**
85.208.96.210 - - [26/Nov/2025:10:20:51 -0700] "GET /?a=18500282011690&mod=2b40e808&uri=pin.php%3Fid%3D618927-1088%26name%3Damerican%2Beagle%2Bleather%2Bflip%2Bflops HTTP/1.1" 200 2554 "-" "Mozilla/5.0 (compatible; SemrushBot/7~bl; +http://www.semrush.com/bot.html)" 94 **0/94809**
52.167.144.142 - - [26/Nov/2025:10:21:07 -0700] "GET /?a=29646952031690&mod=784e966b&uri=form.php%3Fid%3D991742-347%26name%3Dseiko+srpa95p9+srpa95p9 HTTP/2.0" 200 21077 "-" "Mozilla/5.0 AppleWebKit/537.36 (KHTML, like Gecko; compatible; bingbot/2.0; +http://www.bing.com/bingbot.htm) Chrome/116.0.1938.76 Safari/537.36" 300 **0/300035**
185.191.171.6 - - [26/Nov/2025:10:21:16 -0700] "GET /?a=73930201031690&mod=fb9241e0&uri=products.php%3Fid%3D2473519-1688%26name%3Dmade%2Bin%2Bjapan%2Blevi%27s%2B511%2Bslim%2Btrouser HTTP/1.1" 200 2554 "-" "Mozilla/5.0 (compatible; SemrushBot/7~bl; +http://www.semrush.com/bot.html)" 93 **0/93124**
52.167.144.225 - - [26/Nov/2025:10:21:23 -0700] "GET /?a=23188260031690&mod=ad1a5689&uri=goods.php%3Fid%3D775696-439%26name%3Dpersonalised+bride+jumper HTTP/2.0" 200 20591 "-" "Mozilla/5.0 AppleWebKit/537.36 (KHTML, like Gecko; compatible; bingbot/2.0; +http://www.bing.com/bingbot.htm) Chrome/116.0.1938.76 Safari/537.36" 276 **0/276523**
52.167.144.225 - - [26/Nov/2025:10:21:24 -0700] "GET /?a=31200519021690&mod=1e2d681b&uri=search.php%3Fid%3D1043707-235%26name%3Delectric+heaters+boscov%27s+heaters HTTP/2.0" 200 21275 "-" "Mozilla/5.0 AppleWebKit/537.36 (KHTML, like Gecko; compatible; bingbot/2.0; +http://www.bing.com/bingbot.htm) Chrome/116.0.1938.76 Safari/537.36" 279 **0/279856**
40.77.167.79 - - [26/Nov/2025:10:21:27 -0700] "GET /?a=117626914071690&mod=594deee8&uri=brands.php%3Fid%3D3935882-1026%26name%3Dhand+magnolia+target+hearth+and+hand+tote+bag+target HTTP/2.0" 200 20761 "-" "Mozilla/5.0 AppleWebKit/537.36 (KHTML, like Gecko; compatible; bingbot/2.0; +http://www.bing.com/bingbot.htm) Chrome/116.0.1938.76 Safari/537.36" 247 **0/247813**
40.77.167.19 - - [26/Nov/2025:10:21:57 -0700] "GET /?a=67479823001690&mod=2b4c9cfa&uri=category-info.php%3Fid%3D2257597-180%26name%3Delectric+3500+watt+mobile+home+water+heater HTTP/2.0" 200 21460 "-" "Mozilla/5.0 AppleWebKit/537.36 (KHTML, like Gecko; compatible; bingbot/2.0; +http://www.bing.com/bingbot.htm) Chrome/116.0.1938.76 Safari/537.36" 276 **0/276147**
185.191.171.15 - - [26/Nov/2025:10:22:00 -0700] "GET /?a=22807817051690&mod=bb086401&uri=pin.php%3Fid%3D762981-959%26name%3Dpizza%2Boven%2Bflat%2Btop%2Bgrill%2Bwith%2Boven HTTP/1.1" 200 2554 "-" "Mozilla/5.0 (compatible; SemrushBot/7~bl; +http://www.semrush.com/bot.html)" 105 **0/105305**
52.167.144.142 - - [26/Nov/2025:10:22:14 -0700] "GET /?a=99729362011690&mod=ee6db913&uri=form.php%3Fid%3D3337030-120%26name%3Dwall+mount+wyze+cam+pan HTTP/2.0" 200 21111 "-" "Mozilla/5.0 AppleWebKit/537.36 (KHTML, like Gecko; compatible; bingbot/2.0; +http://www.bing.com/bingbot.htm) Chrome/116.0.1938.76 Safari/537.36" 277 **0/277673**
52.167.144.142 - - [26/Nov/2025:10:22:16 -0700] "GET /?a=63404255041690&mod=3d0c04e6&uri=goods.php%3Fid%3D2121279-834%26name%3Darmando+maradona+camiseta+maradona+vintage HTTP/2.0" 200 21187 "-" "Mozilla/5.0 AppleWebKit/537.36 (KHTML, like Gecko; compatible; bingbot/2.0; +http://www.bing.com/bingbot.htm) Chrome/116.0.1938.76 Safari/537.36" 258 **0/258138**
85.208.96.209 - - [26/Nov/2025:10:22:24 -0700] "GET /?a=109396813011690&mod=de74f6a8&uri=article.php%3Fid%3D3660578-1898%26name%3Dprecio%2Bde%2Bzapatillas%2Bnike%2Boriginales HTTP/1.1" 200 2554 "-" "Mozilla/5.0 (compatible; SemrushBot/7~bl; +http://www.semrush.com/bot.html)" 100 **0/100402**
40.77.167.53 - - [26/Nov/2025:10:22:24 -0700] "GET /?a=6072020021690&mod=d10278e3&uri=news.php%3Fid%3D203093-554%26name%3Deconyl+stone+island+cotton+metal+cap HTTP/2.0" 200 21421 "-" "Mozilla/5.0 AppleWebKit/537.36 (KHTML, like Gecko; compatible; bingbot/2.0; +http://www.bing.com/bingbot.htm) Chrome/116.0.1938.76 Safari/537.36" 264 **0/264187**
20.15.133.160 - - [26/Nov/2025:10:22:30 -0700] "GET /?a=113905457021690&mod=ae06fbdc&uri=news.php%3Fid%3D3811326-54%26name%3Dcombinar+blazer+traje+chaqueta+mujer+gris+marengo HTTP/2.0" 200 21012 "-" "Mozilla/5.0 AppleWebKit/537.36 (KHTML, like Gecko; compatible; bingbot/2.0; +http://www.bing.com/bingbot.htm) Chrome/116.0.1938.76 Safari/537.36" 250 **0/250322**
40.77.167.19 - - [26/Nov/2025:10:22:37 -0700] "GET /?a=34962261051690&mod=1a32df83&uri=info.php%3Fid%3D1169568-81%26name%3Dwalk+behind+12ag836e711 HTTP/2.0" 200 20953 "-" "Mozilla/5.0 AppleWebKit/537.36 (KHTML, like Gecko; compatible; bingbot/2.0; +http://www.bing.com/bingbot.htm) Chrome/116.0.1938.76 Safari/537.36" 293 **0/293244**
52.167.144.142 - - [26/Nov/2025:10:22:45 -0700] "GET /?a=101321944031690&mod=8c7de93e&uri=search.php%3Fid%3D3390301-820%26name%3Dmake+a+fake+nose+ring+with+paper+clip HTTP/2.0" 200 21457 "-" "Mozilla/5.0 AppleWebKit/537.36 (KHTML, like Gecko; compatible; bingbot/2.0; +http://www.bing.com/bingbot.htm) Chrome/116.0.1938.76 Safari/537.36" 252 **0/252555**
85.208.96.197 - - [26/Nov/2025:10:22:54 -0700] "GET /?a=79048802021690&mod=ad034549&uri=news.php%3Fid%3D2644888-260%26name%3Dfoot%2Bsocks%2Bto%2Bwear%2Bin%2Bswimming%2Bpool HTTP/1.1" 200 2554 "-" "Mozilla/5.0 (compatible; SemrushBot/7~bl; +http://www.semrush.com/bot.html)" 94 **0/94356**
52.167.144.225 - - [26/Nov/2025:10:23:02 -0700] "GET /?a=114582279011690&mod=be077c4d&uri=shared.php%3Fid%3D3833970-1784%26name%3Dgmt+jack+mason+aviator+review HTTP/2.0" 200 19647 "-" "Mozilla/5.0 AppleWebKit/537.36 (KHTML, like Gecko; compatible; bingbot/2.0; +http://www.bing.com/bingbot.htm) Chrome/116.0.1938.76 Safari/537.36" 258 **0/258516**
52.167.144.225 - - [26/Nov/2025:10:23:02 -0700] "GET /?a=94283126061690&mod=d39e8a0d&uri=blog.php%3Fid%3D3154667-528%26name%3D3plus+cruz+3plus+callie HTTP/2.0" 200 20548 "-" "Mozilla/5.0 AppleWebKit/537.36 (KHTML, like Gecko; compatible; bingbot/2.0; +http://www.bing.com/bingbot.htm) Chrome/116.0.1938.76 Safari/537.36" 291 **0/291116**
52.167.144.225 - - [26/Nov/2025:10:23:03 -0700] "GET /?a=114635979071690&mod=743c11a9&uri=dp.php%3Fid%3D3835772-268%26name%3Dreebok+sale+sears+tenis+reebok HTTP/2.0" 200 21139 "-" "Mozilla/5.0 AppleWebKit/537.36 (KHTML, like Gecko; compatible; bingbot/2.0; +http://www.bing.com/bingbot.htm) Chrome/116.0.1938.76 Safari/537.36" 258 **0/258768**
40.77.167.3 - - [26/Nov/2025:10:23:05 -0700] "GET /?a=51575922031690&mod=69e76024&uri=article.php%3Fid%3D1725415-325%26name%3Dstyrofoam+igloo+reusable+cooler HTTP/2.0" 200 21446 "-" "Mozilla/5.0 AppleWebKit/537.36 (KHTML, like Gecko; compatible; bingbot/2.0; +http://www.bing.com/bingbot.htm) Chrome/116.0.1938.76 Safari/537.36" 270 **0/270036**
40.77.167.19 - - [26/Nov/2025:10:23:05 -0700] "GET /?a=10936331001690&mod=1fb36c4c&uri=itm.php%3Fid%3D365893-86%26name%3Dorange+portwest+s773 HTTP/2.0" 200 21421 "-" "Mozilla/5.0 AppleWebKit/537.36 (KHTML, like Gecko; compatible; bingbot/2.0; +http://www.bing.com/bingbot.htm) Chrome/116.0.1938.76 Safari/537.36" 259 **0/259763**
40.77.167.3 - - [26/Nov/2025:10:23:24 -0700] "GET /?a=94427837031690&mod=3a37abde&uri=us.php%3Fid%3D3159508-66%26name%3Div+men%27s+air+monarch+hombre HTTP/2.0" 200 21853 "-" "Mozilla/5.0 AppleWebKit/537.36 (KHTML, like Gecko; compatible; bingbot/2.0; +http://www.bing.com/bingbot.htm) Chrome/116.0.1938.76 Safari/537.36" 274 **0/274686**
40.77.167.53 - - [26/Nov/2025:10:23:33 -0700] "GET /?a=2121727021690&mod=aca70417&uri=products.php%3Fid%3D70910-463%26name%3Dbox+christmas+baking+tins HTTP/2.0" 200 21663 "-" "Mozilla/5.0 AppleWebKit/537.36 (KHTML, like Gecko; compatible; bingbot/2.0; +http://www.bing.com/bingbot.htm) Chrome/116.0.1938.76 Safari/537.36" 271 **0/271067**
52.167.144.225 - - [26/Nov/2025:10:23:35 -0700] "GET /?a=115193666001690&mod=4625d8e3&uri=shop.php%3Fid%3D3854469-37%26name%3Dpear+shaped+unique+ruby+engagement+rings HTTP/2.0" 200 21759 "-" "Mozilla/5.0 AppleWebKit/537.36 (KHTML, like Gecko; compatible; bingbot/2.0; +http://www.bing.com/bingbot.htm) Chrome/116.0.1938.76 Safari/537.36" 273 **0/273799**
47.128.56.141 - - [26/Nov/2025:10:23:47 -0700] "GET /?a=36851322021690&mod=9365d577&uri=shared.php%3Fid%3D1232782-1639%26name%3Dall+star+player+converse+premium+original HTTP/2.0" 403 2016 "-" "Mozilla/5.0 (Linux; Android 5.0) AppleWebKit/537.36 (KHTML, like Gecko) Mobile Safari/537.36 (compatible; Bytespider; spider-feedback@bytedance.com)" 102 **0/102960**
47.128.18.124 - - [26/Nov/2025:10:23:47 -0700] "GET /?a=51989824081690&mod=889a669f&uri=article.php%3Fid%3D1739265-219%26name%3Dmeaning+kirkland+signature+diapers+size HTTP/2.0" 403 2016 "-" "Mozilla/5.0 (Linux; Android 5.0) AppleWebKit/537.36 (KHTML, like Gecko) Mobile Safari/537.36 (compatible; Bytespider; spider-feedback@bytedance.com)" 100 **0/100247**
47.128.56.141 - - [26/Nov/2025:10:23:48 -0700] "GET /assets/css/bootstrap.min.css HTTP/2.0" 403 2016 "https://blalockdialysiscenter.com/?a=36851322021690&mod=9365d577&uri=shared.php%3Fid%3D1232782-1639%26name%3Dall+star+player+converse+premium+original" "Mozilla/5.0 (Linux; Android 5.0) AppleWebKit/537.36 (KHTML, like Gecko) Mobile Safari/537.36 (compatible; Bytespider; spider-feedback@bytedance.com)" 99 **0/99919**
47.128.56.141 - - [26/Nov/2025:10:23:48 -0700] "GET /assets/css/owl.carousel.min.css HTTP/2.0" 403 2016 "https://blalockdialysiscenter.com/?a=36851322021690&mod=9365d577&uri=shared.php%3Fid%3D1232782-1639%26name%3Dall+star+player+converse+premium+original" "Mozilla/5.0 (Linux; Android 5.0) AppleWebKit/537.36 (KHTML, like Gecko) Mobile Safari/537.36 (compatible; Bytespider; spider-feedback@bytedance.com)" 106 **0/106517**
47.128.18.124 - - [26/Nov/2025:10:23:48 -0700] "GET /assets/css/owl.carousel.min.css HTTP/2.0" 403 2016 "https://blalockdialysiscenter.com/?a=51989824081690&mod=889a669f&uri=article.php%3Fid%3D1739265-219%26name%3Dmeaning+kirkland+signature+diapers+size" "Mozilla/5.0 (Linux; Android 5.0) AppleWebKit/537.36 (KHTML, like Gecko) Mobile Safari/537.36 (compatible; Bytespider; spider-feedback@bytedance.com)" 102 **0/102133**
47.128.18.124 - - [26/Nov/2025:10:23:48 -0700] "GET /assets/css/bootstrap.min.css HTTP/2.0" 403 2016 "https://blalockdialysiscenter.com/?a=51989824081690&mod=889a669f&uri=article.php%3Fid%3D1739265-219%26name%3Dmeaning+kirkland+signature+diapers+size" "Mozilla/5.0 (Linux; Android 5.0) AppleWebKit/537.36 (KHTML, like Gecko) Mobile Safari/537.36 (compatible; Bytespider; spider-feedback@bytedance.com)" 114 **0/114972**
47.128.56.141 - - [26/Nov/2025:10:23:48 -0700] "GET /assets/css/meanmenu.css HTTP/2.0" 403 2016 "https://blalockdialysiscenter.com/?a=36851322021690&mod=9365d577&uri=shared.php%3Fid%3D1232782-1639%26name%3Dall+star+player+converse+premium+original" "Mozilla/5.0 (Linux; Android 5.0) AppleWebKit/537.36 (KHTML, like Gecko) Mobile Safari/537.36 (compatible; Bytespider; spider-feedback@bytedance.com)" 111 **0/111741**
47.128.18.124 - - [26/Nov/2025:10:23:48 -0700] "GET /assets/css/meanmenu.css HTTP/2.0" 403 2016 "https://blalockdialysiscenter.com/?a=51989824081690&mod=889a669f&uri=article.php%3Fid%3D1739265-219%26name%3Dmeaning+kirkland+signature+diapers+size" "Mozilla/5.0 (Linux; Android 5.0) AppleWebKit/537.36 (KHTML, like Gecko) Mobile Safari/537.36 (compatible; Bytespider; spider-feedback@bytedance.com)" 107 **0/107308**
47.128.56.141 - - [26/Nov/2025:10:23:48 -0700] "GET /assets/css/slick-theme.min.css HTTP/2.0" 403 2016 "https://blalockdialysiscenter.com/?a=36851322021690&mod=9365d577&uri=shared.php%3Fid%3D1232782-1639%26name%3Dall+star+player+converse+premium+original" "Mozilla/5.0 (Linux; Android 5.0) AppleWebKit/537.36 (KHTML, like Gecko) Mobile Safari/537.36 (compatible; Bytespider; spider-feedback@bytedance.com)" 129 **0/129746**
47.128.18.124 - - [26/Nov/2025:10:23:48 -0700] "GET /assets/css/owl.theme.default.min.css HTTP/2.0" 403 2016 "https://blalockdialysiscenter.com/?a=51989824081690&mod=889a669f&uri=article.php%3Fid%3D1739265-219%26name%3Dmeaning+kirkland+signature+diapers+size" "Mozilla/5.0 (Linux; Android 5.0) AppleWebKit/537.36 (KHTML, like Gecko) Mobile Safari/537.36 (compatible; Bytespider; spider-feedback@bytedance.com)" 120 **0/120419**
47.128.56.141 - - [26/Nov/2025:10:23:48 -0700] "GET /assets/css/icofont.min.css HTTP/2.0" 403 2016 "https://blalockdialysiscenter.com/?a=36851322021690&mod=9365d577&uri=shared.php%3Fid%3D1232782-1639%26name%3Dall+star+player+converse+premium+original" "Mozilla/5.0 (Linux; Android 5.0) AppleWebKit/537.36 (KHTML, like Gecko) Mobile Safari/537.36 (compatible; Bytespider; spider-feedback@bytedance.com)" 146 **0/146050**
47.128.18.124 - - [26/Nov/2025:10:23:48 -0700] "GET /assets/css/icofont.min.css HTTP/2.0" 403 2016 "https://blalockdialysiscenter.com/?a=51989824081690&mod=889a669f&uri=article.php%3Fid%3D1739265-219%26name%3Dmeaning+kirkland+signature+diapers+size" "Mozilla/5.0 (Linux; Android 5.0) AppleWebKit/537.36 (KHTML, like Gecko) Mobile Safari/537.36 (compatible; Bytespider; spider-feedback@bytedance.com)" 145 **0/145172**
47.128.56.141 - - [26/Nov/2025:10:23:48 -0700] "GET /assets/css/owl.theme.default.min.css HTTP/2.0" 403 2016 "https://blalockdialysiscenter.com/?a=36851322021690&mod=9365d577&uri=shared.php%3Fid%3D1232782-1639%26name%3Dall+star+player+converse+premium+original" "Mozilla/5.0 (Linux; Android 5.0) AppleWebKit/537.36 (KHTML, like Gecko) Mobile Safari/537.36 (compatible; Bytespider; spider-feedback@bytedance.com)" 170 **0/170739**
47.128.18.124 - - [26/Nov/2025:10:23:48 -0700] "GET /assets/css/slick-theme.min.css HTTP/2.0" 403 2016 "https://blalockdialysiscenter.com/?a=51989824081690&mod=889a669f&uri=article.php%3Fid%3D1739265-219%26name%3Dmeaning+kirkland+signature+diapers+size" "Mozilla/5.0 (Linux; Android 5.0) AppleWebKit/537.36 (KHTML, like Gecko) Mobile Safari/537.36 (compatible; Bytespider; spider-feedback@bytedance.com)" 157 **0/157117**
47.128.18.124 - - [26/Nov/2025:10:23:48 -0700] "GET /assets/css/style.css HTTP/2.0" 403 2016 "https://blalockdialysiscenter.com/?a=51989824081690&mod=889a669f&uri=article.php%3Fid%3D1739265-219%26name%3Dmeaning+kirkland+signature+diapers+size" "Mozilla/5.0 (Linux; Android 5.0) AppleWebKit/537.36 (KHTML, like Gecko) Mobile Safari/537.36 (compatible; Bytespider; spider-feedback@bytedance.com)" 173 **0/173297**
47.128.56.141 - - [26/Nov/2025:10:23:48 -0700] "GET /assets/css/magnific-popup.min.css HTTP/2.0" 403 2016 "https://blalockdialysiscenter.com/?a=36851322021690&mod=9365d577&uri=shared.php%3Fid%3D1232782-1639%26name%3Dall+star+player+converse+premium+original" "Mozilla/5.0 (Linux; Android 5.0) AppleWebKit/537.36 (KHTML, like Gecko) Mobile Safari/537.36 (compatible; Bytespider; spider-feedback@bytedance.com)" 195 **0/195564**
47.128.56.141 - - [26/Nov/2025:10:23:48 -0700] "GET /assets/css/odometer.min.css HTTP/2.0" 403 2016 "https://blalockdialysiscenter.com/?a=36851322021690&mod=9365d577&uri=shared.php%3Fid%3D1232782-1639%26name%3Dall+star+player+converse+premium+original" "Mozilla/5.0 (Linux; Android 5.0) AppleWebKit/537.36 (KHTML, like Gecko) Mobile Safari/537.36 (compatible; Bytespider; spider-feedback@bytedance.com)" 200 **0/200038**
47.128.18.124 - - [26/Nov/2025:10:23:48 -0700] "GET /assets/css/magnific-popup.min.css HTTP/2.0" 403 2016 "https://blalockdialysiscenter.com/?a=51989824081690&mod=889a669f&uri=article.php%3Fid%3D1739265-219%26name%3Dmeaning+kirkland+signature+diapers+size" "Mozilla/5.0 (Linux; Android 5.0) AppleWebKit/537.36 (KHTML, like Gecko) Mobile Safari/537.36 (compatible; Bytespider; spider-feedback@bytedance.com)" 192 **0/192757**
47.128.18.124 - - [26/Nov/2025:10:23:48 -0700] "GET /assets/css/odometer.min.css HTTP/2.0" 403 2016 "https://blalockdialysiscenter.com/?a=51989824081690&mod=889a669f&uri=article.php%3Fid%3D1739265-219%26name%3Dmeaning+kirkland+signature+diapers+size" "Mozilla/5.0 (Linux; Android 5.0) AppleWebKit/537.36 (KHTML, like Gecko) Mobile Safari/537.36 (compatible; Bytespider; spider-feedback@bytedance.com)" 196 **0/196731**
47.128.18.124 - - [26/Nov/2025:10:23:48 -0700] "GET /assets/css/responsive.css HTTP/2.0" 403 2016 "https://blalockdialysiscenter.com/?a=51989824081690&mod=889a669f&uri=article.php%3Fid%3D1739265-219%26name%3Dmeaning+kirkland+signature+diapers+size" "Mozilla/5.0 (Linux; Android 5.0) AppleWebKit/537.36 (KHTML, like Gecko) Mobile Safari/537.36 (compatible; Bytespider; spider-feedback@bytedance.com)" 208 **0/208933**
47.128.56.141 - - [26/Nov/2025:10:23:48 -0700] "GET /assets/css/animate.css HTTP/2.0" 403 2016 "https://blalockdialysiscenter.com/?a=36851322021690&mod=9365d577&uri=shared.php%3Fid%3D1232782-1639%26name%3Dall+star+player+converse+premium+original" "Mozilla/5.0 (Linux; Android 5.0) AppleWebKit/537.36 (KHTML, like Gecko) Mobile Safari/537.36 (compatible; Bytespider; spider-feedback@bytedance.com)" 233 **0/233987**
47.128.18.124 - - [26/Nov/2025:10:23:48 -0700] "GET /assets/css/slick.min.css HTTP/2.0" 403 2016 "https://blalockdialysiscenter.com/?a=51989824081690&mod=889a669f&uri=article.php%3Fid%3D1739265-219%26name%3Dmeaning+kirkland+signature+diapers+size" "Mozilla/5.0 (Linux; Android 5.0) AppleWebKit/537.36 (KHTML, like Gecko) Mobile Safari/537.36 (compatible; Bytespider; spider-feedback@bytedance.com)" 219 **0/219903**
47.128.56.141 - - [26/Nov/2025:10:23:48 -0700] "GET /assets/css/responsive.css HTTP/2.0" 403 2016 "https://blalockdialysiscenter.com/?a=36851322021690&mod=9365d577&uri=shared.php%3Fid%3D1232782-1639%26name%3Dall+star+player+converse+premium+original" "Mozilla/5.0 (Linux; Android 5.0) AppleWebKit/537.36 (KHTML, like Gecko) Mobile Safari/537.36 (compatible; Bytespider; spider-feedback@bytedance.com)" 235 **0/235768**
47.128.18.124 - - [26/Nov/2025:10:23:48 -0700] "GET /assets/css/animate.css HTTP/2.0" 403 2016 "https://blalockdialysiscenter.com/?a=51989824081690&mod=889a669f&uri=article.php%3Fid%3D1739265-219%26name%3Dmeaning+kirkland+signature+diapers+size" "Mozilla/5.0 (Linux; Android 5.0) AppleWebKit/537.36 (KHTML, like Gecko) Mobile Safari/537.36 (compatible; Bytespider; spider-feedback@bytedance.com)" 223 **0/223833**
47.128.56.141 - - [26/Nov/2025:10:23:48 -0700] "GET /assets/css/style.css HTTP/2.0" 403 2016 "https://blalockdialysiscenter.com/?a=36851322021690&mod=9365d577&uri=shared.php%3Fid%3D1232782-1639%26name%3Dall+star+player+converse+premium+original" "Mozilla/5.0 (Linux; Android 5.0) AppleWebKit/537.36 (KHTML, like Gecko) Mobile Safari/537.36 (compatible; Bytespider; spider-feedback@bytedance.com)" 259 **0/259472**
47.128.56.141 - - [26/Nov/2025:10:23:48 -0700] "GET /assets/css/slick.min.css HTTP/2.0" 403 2016 "https://blalockdialysiscenter.com/?a=36851322021690&mod=9365d577&uri=shared.php%3Fid%3D1232782-1639%26name%3Dall+star+player+converse+premium+original" "Mozilla/5.0 (Linux; Android 5.0) AppleWebKit/537.36 (KHTML, like Gecko) Mobile Safari/537.36 (compatible; Bytespider; spider-feedback@bytedance.com)" 266 **0/266466**
47.128.18.124 - - [26/Nov/2025:10:23:49 -0700] "GET /admin/upload/banner_image/1653491564_1.jpg HTTP/2.0" 403 7157 "https://blalockdialysiscenter.com/?a=51989824081690&mod=889a669f&uri=article.php%3Fid%3D1739265-219%26name%3Dmeaning+kirkland+signature+diapers+size" "Mozilla/5.0 (Linux; Android 5.0) AppleWebKit/537.36 (KHTML, like Gecko) Mobile Safari/537.36 (compatible; Bytespider; spider-feedback@bytedance.com)" 112 **0/112431**
47.128.56.141 - - [26/Nov/2025:10:23:49 -0700] "GET /assets/img/logo_new.jpg HTTP/2.0" 403 7157 "https://blalockdialysiscenter.com/?a=36851322021690&mod=9365d577&uri=shared.php%3Fid%3D1232782-1639%26name%3Dall+star+player+converse+premium+original" "Mozilla/5.0 (Linux; Android 5.0) AppleWebKit/537.36 (KHTML, like Gecko) Mobile Safari/537.36 (compatible; Bytespider; spider-feedback@bytedance.com)" 104 **0/104468**
47.128.56.141 - - [26/Nov/2025:10:23:49 -0700] "GET /admin/upload/banner_image/1653491580_2.jpg HTTP/2.0" 403 7157 "https://blalockdialysiscenter.com/?a=36851322021690&mod=9365d577&uri=shared.php%3Fid%3D1232782-1639%26name%3Dall+star+player+converse+premium+original" "Mozilla/5.0 (Linux; Android 5.0) AppleWebKit/537.36 (KHTML, like Gecko) Mobile Safari/537.36 (compatible; Bytespider; spider-feedback@bytedance.com)" 108 **0/108524**
47.128.18.124 - - [26/Nov/2025:10:23:49 -0700] "GET /assets/img/logo_new.jpg HTTP/2.0" 403 7157 "https://blalockdialysiscenter.com/?a=51989824081690&mod=889a669f&uri=article.php%3Fid%3D1739265-219%26name%3Dmeaning+kirkland+signature+diapers+size" "Mozilla/5.0 (Linux; Android 5.0) AppleWebKit/537.36 (KHTML, like Gecko) Mobile Safari/537.36 (compatible; Bytespider; spider-feedback@bytedance.com)" 133 **0/133957**
47.128.18.124 - - [26/Nov/2025:10:23:49 -0700] "GET /admin/upload/banner_image/1760478706_ooo.php HTTP/2.0" 403 7157 "https://blalockdialysiscenter.com/?a=51989824081690&mod=889a669f&uri=article.php%3Fid%3D1739265-219%26name%3Dmeaning+kirkland+signature+diapers+size" "Mozilla/5.0 (Linux; Android 5.0) AppleWebKit/537.36 (KHTML, like Gecko) Mobile Safari/537.36 (compatible; Bytespider; spider-feedback@bytedance.com)" 134 **0/134586**
47.128.56.141 - - [26/Nov/2025:10:23:49 -0700] "GET /admin/upload/banner_image/1760478706_ooo.php HTTP/2.0" 403 7157 "https://blalockdialysiscenter.com/?a=36851322021690&mod=9365d577&uri=shared.php%3Fid%3D1232782-1639%26name%3Dall+star+player+converse+premium+original" "Mozilla/5.0 (Linux; Android 5.0) AppleWebKit/537.36 (KHTML, like Gecko) Mobile Safari/537.36 (compatible; Bytespider; spider-feedback@bytedance.com)" 130 **0/130060**
47.128.18.124 - - [26/Nov/2025:10:23:49 -0700] "GET /admin/upload/banner_image/1653491580_2.jpg HTTP/2.0" 403 7157 "https://blalockdialysiscenter.com/?a=51989824081690&mod=889a669f&uri=article.php%3Fid%3D1739265-219%26name%3Dmeaning+kirkland+signature+diapers+size" "Mozilla/5.0 (Linux; Android 5.0) AppleWebKit/537.36 (KHTML, like Gecko) Mobile Safari/537.36 (compatible; Bytespider; spider-feedback@bytedance.com)" 149 **0/149874**
47.128.18.124 - - [26/Nov/2025:10:23:49 -0700] "GET /admin/upload/banner_image/1653491592_3.jpg HTTP/2.0" 403 7157 "https://blalockdialysiscenter.com/?a=51989824081690&mod=889a669f&uri=article.php%3Fid%3D1739265-219%26name%3Dmeaning+kirkland+signature+diapers+size" "Mozilla/5.0 (Linux; Android 5.0) AppleWebKit/537.36 (KHTML, like Gecko) Mobile Safari/537.36 (compatible; Bytespider; spider-feedback@bytedance.com)" 166 **0/166691**
47.128.18.124 - - [26/Nov/2025:10:23:49 -0700] "GET /assets/img/btn-portal.png HTTP/2.0" 403 7157 "https://blalockdialysiscenter.com/?a=51989824081690&mod=889a669f&uri=article.php%3Fid%3D1739265-219%26name%3Dmeaning+kirkland+signature+diapers+size" "Mozilla/5.0 (Linux; Android 5.0) AppleWebKit/537.36 (KHTML, like Gecko) Mobile Safari/537.36 (compatible; Bytespider; spider-feedback@bytedance.com)" 174 **0/174062**
47.128.56.141 - - [26/Nov/2025:10:23:49 -0700] "GET /admin/upload/banner_image/1653491564_1.jpg HTTP/2.0" 403 7157 "https://blalockdialysiscenter.com/?a=36851322021690&mod=9365d577&uri=shared.php%3Fid%3D1232782-1639%26name%3Dall+star+player+converse+premium+original" "Mozilla/5.0 (Linux; Android 5.0) AppleWebKit/537.36 (KHTML, like Gecko) Mobile Safari/537.36 (compatible; Bytespider; spider-feedback@bytedance.com)" 168 **0/168986**
