40.77.167.151 - - [26/Nov/2025:13:14:59 -0700] "GET /?a=19754646071690&mod=06138bc5&uri=brands.php%3Fid%3D660883-2%26name%3Dnight+dress+wedding+night+lace+nightgown HTTP/2.0" 200 20322 "-" "Mozilla/5.0 AppleWebKit/537.36 (KHTML, like Gecko; compatible; bingbot/2.0; +http://www.bing.com/bingbot.htm) Chrome/116.0.1938.76 Safari/537.36" 269 **0/269310**
40.77.167.151 - - [26/Nov/2025:13:15:01 -0700] "GET /?a=5578400041690&mod=c2b9b2c4&uri=article.php%3Fid%3D186591-819%26name%3Dpatent+leather+mango+shoes HTTP/2.0" 200 20512 "-" "Mozilla/5.0 AppleWebKit/537.36 (KHTML, like Gecko; compatible; bingbot/2.0; +http://www.bing.com/bingbot.htm) Chrome/116.0.1938.76 Safari/537.36" 785 **0/785192**
40.77.167.13 - - [26/Nov/2025:13:15:03 -0700] "GET /?a=18459796001690&mod=607f0983&uri=category-info.php%3Fid%3D617573-556%26name%3Danimation+getting+better+cat+in+the+hat HTTP/2.0" 200 21162 "-" "Mozilla/5.0 AppleWebKit/537.36 (KHTML, like Gecko; compatible; bingbot/2.0; +http://www.bing.com/bingbot.htm) Chrome/116.0.1938.76 Safari/537.36" 318 **0/318526**
40.77.167.121 - - [26/Nov/2025:13:15:05 -0700] "GET /?a=64733600011690&mod=bfc33550&uri=itm.php%3Fid%3D2165750-1667%26name%3Dshort+sleeve+polo+shirts+men HTTP/2.0" 200 20757 "-" "Mozilla/5.0 AppleWebKit/537.36 (KHTML, like Gecko; compatible; bingbot/2.0; +http://www.bing.com/bingbot.htm) Chrome/116.0.1938.76 Safari/537.36" 270 **0/270944**
40.77.167.13 - - [26/Nov/2025:13:15:07 -0700] "GET /?a=13316130011690&mod=8616e13a&uri=info.php%3Fid%3D445491-914%26name%3Dsandro+paris+reebok+club+c+sandro HTTP/2.0" 200 20227 "-" "Mozilla/5.0 AppleWebKit/537.36 (KHTML, like Gecko; compatible; bingbot/2.0; +http://www.bing.com/bingbot.htm) Chrome/116.0.1938.76 Safari/537.36" 1030 **1/1030939**
40.77.167.9 - - [26/Nov/2025:13:15:22 -0700] "GET /?a=10859281021690&mod=fc6515df&uri=brands.php%3Fid%3D363320-324%26name%3Dinstalacion+reloj+reloj+3d+de+pared HTTP/2.0" 200 21521 "-" "Mozilla/5.0 AppleWebKit/537.36 (KHTML, like Gecko; compatible; bingbot/2.0; +http://www.bing.com/bingbot.htm) Chrome/116.0.1938.76 Safari/537.36" 296 **0/296744**
40.77.167.9 - - [26/Nov/2025:13:15:24 -0700] "GET /?a=27745280011690&mod=1e2d681b&uri=shared.php%3Fid%3D928160-235%26name%3Dlennox+furnace+furnace+board+replacement HTTP/2.0" 200 20830 "-" "Mozilla/5.0 AppleWebKit/537.36 (KHTML, like Gecko; compatible; bingbot/2.0; +http://www.bing.com/bingbot.htm) Chrome/116.0.1938.76 Safari/537.36" 271 **0/271232**
66.249.69.172 - - [26/Nov/2025:13:15:28 -0700] "GET /?a=109534174041690&mod=25fac99a&uri=news.php%3Fid%3D3665175-386%26name%3Dprada+sport+toggle+sport+loafers HTTP/1.1" 200 21025 "-" "Mozilla/5.0 (Linux; Android 6.0.1; Nexus 5X Build/MMB29P) AppleWebKit/537.36 (KHTML, like Gecko) Chrome/141.0.7390.122 Mobile Safari/537.36 (compatible; Googlebot/2.1; +http://www.google.com/bot.html)" 281 **0/281994**
40.77.167.13 - - [26/Nov/2025:13:15:28 -0700] "GET /?a=77760049001690&mod=b23c5765&uri=shop.php%3Fid%3D2601739-275%26name%3Dnvme+m+cooling HTTP/2.0" 200 21486 "-" "Mozilla/5.0 AppleWebKit/537.36 (KHTML, like Gecko; compatible; bingbot/2.0; +http://www.bing.com/bingbot.htm) Chrome/116.0.1938.76 Safari/537.36" 285 **0/285041**
40.77.167.13 - - [26/Nov/2025:13:15:29 -0700] "GET /?a=113685170041690&mod=1441b775&uri=pin.php%3Fid%3D3803959-332%26name%3Dleder+valdorini+stiefel HTTP/2.0" 200 20991 "-" "Mozilla/5.0 AppleWebKit/537.36 (KHTML, like Gecko; compatible; bingbot/2.0; +http://www.bing.com/bingbot.htm) Chrome/116.0.1938.76 Safari/537.36" 383 **0/383649**
85.208.96.206 - - [26/Nov/2025:13:15:32 -0700] "GET /?a=96364056041690&mod=984866d3&uri=pin.php%3Fid%3D3224310-1210%26name%3Dnike%2Bsneaker%2Bair%2Bmax%2Bplus%2Bpurple%2Band%2Borange HTTP/1.1" 200 2554 "-" "Mozilla/5.0 (compatible; SemrushBot/7~bl; +http://www.semrush.com/bot.html)" 112 **0/112753**
40.77.167.6 - - [26/Nov/2025:13:15:43 -0700] "GET /?a=98996567041690&mod=5baaf192&uri=brands.php%3Fid%3D3312461-415%26name%3Dhappy+birthday+nba+store+gift+card HTTP/2.0" 200 21061 "-" "Mozilla/5.0 AppleWebKit/537.36 (KHTML, like Gecko; compatible; bingbot/2.0; +http://www.bing.com/bingbot.htm) Chrome/116.0.1938.76 Safari/537.36" 375 **0/375671**
20.15.133.160 - - [26/Nov/2025:13:15:56 -0700] "GET /?a=6040638061690&mod=2cb8fad3&uri=product.php%3Fid%3D202043-845%26name%3Dnike+jordan+23+crop+top HTTP/2.0" 200 20428 "-" "Mozilla/5.0 AppleWebKit/537.36 (KHTML, like Gecko; compatible; bingbot/2.0; +http://www.bing.com/bingbot.htm) Chrome/116.0.1938.76 Safari/537.36" 243 **0/243827**
40.77.167.151 - - [26/Nov/2025:13:16:04 -0700] "GET /?a=77626268021690&mod=240aa617&uri=products.php%3Fid%3D2597263-773%26name%3Drecumbent+tricycle+power+bike HTTP/2.0" 200 21258 "-" "Mozilla/5.0 AppleWebKit/537.36 (KHTML, like Gecko; compatible; bingbot/2.0; +http://www.bing.com/bingbot.htm) Chrome/116.0.1938.76 Safari/537.36" 298 **0/298948**
40.77.167.151 - - [26/Nov/2025:13:16:05 -0700] "GET /?a=27671318121690&mod=d39e8a0d&uri=news.php%3Fid%3D925685-528%26name%3Dsmartwatch+korehealth+watch HTTP/2.0" 200 20817 "-" "Mozilla/5.0 AppleWebKit/537.36 (KHTML, like Gecko; compatible; bingbot/2.0; +http://www.bing.com/bingbot.htm) Chrome/116.0.1938.76 Safari/537.36" 263 **0/263567**
40.77.167.151 - - [26/Nov/2025:13:16:06 -0700] "GET /?a=107871698091690&mod=421f8eb2&uri=brands.php%3Fid%3D3609548-104%26name%3Dbmx+bikes+for+sale+red+deer HTTP/2.0" 200 20996 "-" "Mozilla/5.0 AppleWebKit/537.36 (KHTML, like Gecko; compatible; bingbot/2.0; +http://www.bing.com/bingbot.htm) Chrome/116.0.1938.76 Safari/537.36" 249 **0/249686**
40.77.167.6 - - [26/Nov/2025:13:16:10 -0700] "GET /?a=5469683071690&mod=dda99de5&uri=info.php?id=182954-33&name=lenti%20trasparenti%20occhiale%20da%20nerd HTTP/2.0" 200 20910 "-" "Mozilla/5.0 AppleWebKit/537.36 (KHTML, like Gecko; compatible; bingbot/2.0; +http://www.bing.com/bingbot.htm) Chrome/116.0.1938.76 Safari/537.36" 270 **0/270846**
40.77.167.151 - - [26/Nov/2025:13:16:19 -0700] "GET /?a=25975619041690&mod=d40e3b93&uri=pin.php%3Fid%3D868943-692%26name%3Droue+velo+lapierre+fdj+2020 HTTP/2.0" 200 21340 "-" "Mozilla/5.0 AppleWebKit/537.36 (KHTML, like Gecko; compatible; bingbot/2.0; +http://www.bing.com/bingbot.htm) Chrome/116.0.1938.76 Safari/537.36" 317 **0/317943**
85.208.96.200 - - [26/Nov/2025:13:16:20 -0700] "GET /?a=102735289061690&mod=5a9ed1ab&uri=news.php%3Fid%3D3437594-1892%26name%3Dvans%2Bauthentic%2Bvans%2Bdenim%2Bblue HTTP/1.1" 200 2554 "-" "Mozilla/5.0 (compatible; SemrushBot/7~bl; +http://www.semrush.com/bot.html)" 98 **0/98996**
40.77.167.6 - - [26/Nov/2025:13:16:24 -0700] "GET /?a=92249939011690&mod=361f991a&uri=product.php%3Fid%3D3086642-452%26name%3Dhotelkalingaashok+brooks+ghost+11+plantar+fasciitis HTTP/2.0" 200 20186 "-" "Mozilla/5.0 AppleWebKit/537.36 (KHTML, like Gecko; compatible; bingbot/2.0; +http://www.bing.com/bingbot.htm) Chrome/116.0.1938.76 Safari/537.36" 313 **0/313827**
66.249.69.172 - - [26/Nov/2025:13:16:35 -0700] "GET /?a=79102829041690&mod=2d271756&uri=form.php%3Fid%3D2646691-685%26name%3Dfruugo+lange+motorrad+lederjacke HTTP/1.1" 200 21311 "-" "Mozilla/5.0 (Linux; Android 6.0.1; Nexus 5X Build/MMB29P) AppleWebKit/537.36 (KHTML, like Gecko) Chrome/141.0.7390.122 Mobile Safari/537.36 (compatible; Googlebot/2.1; +http://www.google.com/bot.html)" 307 **0/307792**
40.77.167.121 - - [26/Nov/2025:13:16:42 -0700] "GET /?a=97457261031690&mod=e87602b4&uri=brands.php%3Fid%3D3260918-1259%26name%3Dsquamish+sac+a+dos+roll+top+femme HTTP/2.0" 200 21176 "-" "Mozilla/5.0 AppleWebKit/537.36 (KHTML, like Gecko; compatible; bingbot/2.0; +http://www.bing.com/bingbot.htm) Chrome/116.0.1938.76 Safari/537.36" 288 **0/288499**
40.77.167.9 - - [26/Nov/2025:13:16:52 -0700] "GET /?a=77507374031690&mod=5ed17b7a&uri=us.php%3Fid%3D2593289-128%26name%3Dgrey+dillards+mens+cashmere+sweaters HTTP/2.0" 200 21142 "-" "Mozilla/5.0 AppleWebKit/537.36 (KHTML, like Gecko; compatible; bingbot/2.0; +http://www.bing.com/bingbot.htm) Chrome/116.0.1938.76 Safari/537.36" 302 **0/302555**
85.208.96.212 - - [26/Nov/2025:13:17:09 -0700] "GET /?a=24823715031690&mod=e1228be4&uri=search.php%3Fid%3D830441-36%26name%3Dlego%2Bepic%2Bdragon%2Bbattle%2Binstructions HTTP/1.1" 200 2554 "-" "Mozilla/5.0 (compatible; SemrushBot/7~bl; +http://www.semrush.com/bot.html)" 95 **0/95024**
40.77.167.9 - - [26/Nov/2025:13:17:12 -0700] "GET /?a=114636337051690&mod=cc9183ca&uri=search.php%3Fid%3D3835784-532%26name%3Dparker+backpack+coach+parker+mini HTTP/2.0" 200 21335 "-" "Mozilla/5.0 AppleWebKit/537.36 (KHTML, like Gecko; compatible; bingbot/2.0; +http://www.bing.com/bingbot.htm) Chrome/116.0.1938.76 Safari/537.36" 285 **0/285134**
40.77.167.121 - - [26/Nov/2025:13:17:16 -0700] "GET /?a=30256419021690&mod=991de292&uri=itm.php%3Fid%3D1012129-14%26name%3Dcordless+hair+unbound+cordless+curling+iron HTTP/2.0" 200 21415 "-" "Mozilla/5.0 AppleWebKit/537.36 (KHTML, like Gecko; compatible; bingbot/2.0; +http://www.bing.com/bingbot.htm) Chrome/116.0.1938.76 Safari/537.36" 362 **0/362826**
40.77.167.9 - - [26/Nov/2025:13:17:20 -0700] "GET /?a=21207558071690&mod=799d3f5d&uri=shared.php%3Fid%3D709466-258%26name%3Dchaqueta+abrigos+dichi+outlet HTTP/2.0" 200 21012 "-" "Mozilla/5.0 AppleWebKit/537.36 (KHTML, like Gecko; compatible; bingbot/2.0; +http://www.bing.com/bingbot.htm) Chrome/116.0.1938.76 Safari/537.36" 292 **0/292088**
40.77.167.9 - - [26/Nov/2025:13:17:30 -0700] "GET /?a=113465173011690&mod=a02f16dc&uri=shared.php%3Fid%3D3796604-499%26name%3Dlong+coat+down+winter+coat+sale HTTP/2.0" 200 21063 "-" "Mozilla/5.0 AppleWebKit/537.36 (KHTML, like Gecko; compatible; bingbot/2.0; +http://www.bing.com/bingbot.htm) Chrome/116.0.1938.76 Safari/537.36" 392 **0/392363**
40.77.167.9 - - [26/Nov/2025:13:17:41 -0700] "GET /?a=108069854031690&mod=784e966b&uri=search.php%3Fid%3D3616163-347%26name%3Dyellow+gold+datejust+two+tone+41mm HTTP/2.0" 200 20839 "-" "Mozilla/5.0 AppleWebKit/537.36 (KHTML, like Gecko; compatible; bingbot/2.0; +http://www.bing.com/bingbot.htm) Chrome/116.0.1938.76 Safari/537.36" 309 **0/309310**
40.77.167.151 - - [26/Nov/2025:13:17:42 -0700] "GET /?a=78185880061690&mod=7b2372da&uri=dp.php%3Fid%3D2615972-1715%26name%3Dtunisie+prix+casque+vr+playstation HTTP/2.0" 200 20419 "-" "Mozilla/5.0 AppleWebKit/537.36 (KHTML, like Gecko; compatible; bingbot/2.0; +http://www.bing.com/bingbot.htm) Chrome/116.0.1938.76 Safari/537.36" 299 **0/299815**
40.77.167.22 - - [26/Nov/2025:13:17:51 -0700] "GET /?a=78274135021690&mod=39a6f257&uri=goods.php%3Fid%3D2618939-936%26name%3Dpa%C3%B1alera+de+casimeritos HTTP/2.0" 200 20760 "-" "Mozilla/5.0 AppleWebKit/537.36 (KHTML, like Gecko; compatible; bingbot/2.0; +http://www.bing.com/bingbot.htm) Chrome/116.0.1938.76 Safari/537.36" 335 **0/335715**
185.191.171.9 - - [26/Nov/2025:13:17:53 -0700] "GET /?a=23440700061690&mod=6ca8bd68&uri=form.php%3Fid%3D784152-298%26name%3Dpuppy%2Bblue%2Bmerle%2Bcoonhound HTTP/1.1" 200 2554 "-" "Mozilla/5.0 (compatible; SemrushBot/7~bl; +http://www.semrush.com/bot.html)" 101 **0/101828**
40.77.167.151 - - [26/Nov/2025:13:17:56 -0700] "GET /?a=29593374041690&mod=ec1f683c&uri=shared.php%3Fid%3D989952-381%26name%3Dvintage+campagnolo+campagnolo+record+brake+calipers HTTP/2.0" 200 21255 "-" "Mozilla/5.0 AppleWebKit/537.36 (KHTML, like Gecko; compatible; bingbot/2.0; +http://www.bing.com/bingbot.htm) Chrome/116.0.1938.76 Safari/537.36" 289 **0/289437**
40.77.167.9 - - [26/Nov/2025:13:18:03 -0700] "GET /?a=6253463071690&mod=a34aecca&uri=info.php%3Fid%3D209168-859%26name%3Dlight+blue+bootcut+frayed+jeans HTTP/2.0" 200 21036 "-" "Mozilla/5.0 AppleWebKit/537.36 (KHTML, like Gecko; compatible; bingbot/2.0; +http://www.bing.com/bingbot.htm) Chrome/116.0.1938.76 Safari/537.36" 296 **0/296428**
185.191.171.14 - - [26/Nov/2025:13:18:06 -0700] "GET /?a=5037318001690&mod=50a6fac6&uri=search.php%3Fid%3D168481-783%26name%3Dembroidered%2Bbackpack%2Bkenzo%2Blarge%2Btiger%2Bcanvas%2Bbackpack HTTP/1.1" 200 2554 "-" "Mozilla/5.0 (compatible; SemrushBot/7~bl; +http://www.semrush.com/bot.html)" 114 **0/114403**
40.77.167.22 - - [26/Nov/2025:13:18:22 -0700] "GET /?a=86429600001690&mod=3d8292b8&uri=brands.php%3Fid%3D2891851-628%26name%3Droadster+seat+push+car HTTP/2.0" 200 21087 "-" "Mozilla/5.0 AppleWebKit/537.36 (KHTML, like Gecko; compatible; bingbot/2.0; +http://www.bing.com/bingbot.htm) Chrome/116.0.1938.76 Safari/537.36" 257 **0/257138**
185.191.171.2 - - [26/Nov/2025:13:18:25 -0700] "GET /?a=21874082061690&mod=e4a9fe59&uri=pin.php%3Fid%3D731768-609%26name%3Dugg%2Bmujer%2Bugg%2Bnuevas HTTP/1.1" 200 2554 "-" "Mozilla/5.0 (compatible; SemrushBot/7~bl; +http://www.semrush.com/bot.html)" 92 **0/92391**
40.77.167.151 - - [26/Nov/2025:13:18:26 -0700] "GET /?a=103741099011690&mod=3e7e22b6&uri=shared.php%3Fid%3D3471258-295%26name%3Dhow+old+average+lifetime+of+a+cat HTTP/2.0" 200 20641 "-" "Mozilla/5.0 AppleWebKit/537.36 (KHTML, like Gecko; compatible; bingbot/2.0; +http://www.bing.com/bingbot.htm) Chrome/116.0.1938.76 Safari/537.36" 292 **0/292281**
40.77.167.151 - - [26/Nov/2025:13:18:27 -0700] "GET /?a=1665903041690&mod=4e4e70d5&uri=shared.php%3Fid%3D55683-412%26name%3Dbarcode+dsw+coupons+april+2021 HTTP/2.0" 200 21245 "-" "Mozilla/5.0 AppleWebKit/537.36 (KHTML, like Gecko; compatible; bingbot/2.0; +http://www.bing.com/bingbot.htm) Chrome/116.0.1938.76 Safari/537.36" 260 **0/260721**
40.77.167.151 - - [26/Nov/2025:13:18:28 -0700] "GET /safe_search/config?return_url=%2Fproduct%2Fdetail%2F5869932030690 HTTP/2.0" 200 21117 "-" "Mozilla/5.0 AppleWebKit/537.36 (KHTML, like Gecko; compatible; bingbot/2.0; +http://www.bing.com/bingbot.htm) Chrome/116.0.1938.76 Safari/537.36" 337 **0/337323**
40.77.167.9 - - [26/Nov/2025:13:18:30 -0700] "GET /?a=43621005091690&mod=e77a9fb9&uri=article.php%3Fid%3D1459274-263%26name%3Dbhk+kalpataru+harmony+wakad+resale HTTP/2.0" 200 21489 "-" "Mozilla/5.0 AppleWebKit/537.36 (KHTML, like Gecko; compatible; bingbot/2.0; +http://www.bing.com/bingbot.htm) Chrome/116.0.1938.76 Safari/537.36" 249 **0/249597**
40.77.167.22 - - [26/Nov/2025:13:18:32 -0700] "GET /?a=44624263141690&mod=f2f0158a&uri=form.php%3Fid%3D1492857-1336%26name%3Dwhite+shirt+template+free+t HTTP/2.0" 200 20150 "-" "Mozilla/5.0 AppleWebKit/537.36 (KHTML, like Gecko; compatible; bingbot/2.0; +http://www.bing.com/bingbot.htm) Chrome/116.0.1938.76 Safari/537.36" 275 **0/275071**
40.77.167.151 - - [26/Nov/2025:13:18:44 -0700] "GET /?a=78256123001690&mod=f7c914bf&uri=category-info.php%3Fid%3D2618337-234%26name%3Drepetidor+de+se%C3%B1al+wifi+steren HTTP/2.0" 200 21087 "-" "Mozilla/5.0 AppleWebKit/537.36 (KHTML, like Gecko; compatible; bingbot/2.0; +http://www.bing.com/bingbot.htm) Chrome/116.0.1938.76 Safari/537.36" 279 **0/279284**
40.77.167.151 - - [26/Nov/2025:13:19:13 -0700] "GET /?a=78117489061690&mod=61b5c689&uri=info.php%3Fid%3D2613683-134%26name%3Dcrab+fountain+pen+stands HTTP/2.0" 200 21184 "-" "Mozilla/5.0 AppleWebKit/537.36 (KHTML, like Gecko; compatible; bingbot/2.0; +http://www.bing.com/bingbot.htm) Chrome/116.0.1938.76 Safari/537.36" 276 **0/276728**
20.15.133.191 - - [26/Nov/2025:13:19:18 -0700] "GET /?a=114178928001690&mod=e2c61965&uri=shared.php%3Fid%3D3820490-28%26name%3Dchanguito+mi+peluche HTTP/2.0" 200 21071 "-" "Mozilla/5.0 AppleWebKit/537.36 (KHTML, like Gecko; compatible; bingbot/2.0; +http://www.bing.com/bingbot.htm) Chrome/116.0.1938.76 Safari/537.36" 295 **0/295635**
40.77.167.22 - - [26/Nov/2025:13:19:20 -0700] "GET /?a=47462685021690&mod=245b2132&uri=article.php%3Fid%3D1587767-498%26name%3Dt+70+custom+x+wing+lego HTTP/2.0" 200 20654 "-" "Mozilla/5.0 AppleWebKit/537.36 (KHTML, like Gecko; compatible; bingbot/2.0; +http://www.bing.com/bingbot.htm) Chrome/116.0.1938.76 Safari/537.36" 340 **0/340981**
40.77.167.121 - - [26/Nov/2025:13:19:22 -0700] "GET /?a=113321840041690&mod=c40df15b&uri=news.php%3Fid%3D3791808-371%26name%3Dband+similar+to+fitbit+flex HTTP/2.0" 200 21276 "-" "Mozilla/5.0 AppleWebKit/537.36 (KHTML, like Gecko; compatible; bingbot/2.0; +http://www.bing.com/bingbot.htm) Chrome/116.0.1938.76 Safari/537.36" 320 **0/320713**
40.77.167.22 - - [26/Nov/2025:13:19:41 -0700] "GET /?a=64579774021690&mod=0c74b7f7&uri=brands.php%3Fid%3D2160611-3%26name%3Dhip+thrust+gluteus+medius+exercises+gym HTTP/2.0" 200 21752 "-" "Mozilla/5.0 AppleWebKit/537.36 (KHTML, like Gecko; compatible; bingbot/2.0; +http://www.bing.com/bingbot.htm) Chrome/116.0.1938.76 Safari/537.36" 928 **0/928491**
40.77.167.32 - - [26/Nov/2025:13:19:50 -0700] "GET /?a=78391520121690&mod=0b518a25&uri=dp.php%3Fid%3D2622868-102%26name%3Danheuser+busch+pub+table+and+stools HTTP/2.0" 200 21018 "-" "Mozilla/5.0 AppleWebKit/537.36 (KHTML, like Gecko; compatible; bingbot/2.0; +http://www.bing.com/bingbot.htm) Chrome/116.0.1938.76 Safari/537.36" 271 **0/271846**
40.77.167.9 - - [26/Nov/2025:13:19:58 -0700] "GET /?a=93948400071690&mod=d10278e3&uri=form.php%3Fid%3D3143462-554%26name%3Dyork+yankees+hat+baby+new+era+hat HTTP/2.0" 200 20698 "-" "Mozilla/5.0 AppleWebKit/537.36 (KHTML, like Gecko; compatible; bingbot/2.0; +http://www.bing.com/bingbot.htm) Chrome/116.0.1938.76 Safari/537.36" 1134 **1/1134812**
40.77.167.32 - - [26/Nov/2025:13:20:00 -0700] "GET /?a=77775320131690&mod=13a0e2e9&uri=product.php%3Fid%3D2602249-311%26name%3Dasus+dual+fan+rx+560+strix+4gb HTTP/2.0" 200 19868 "-" "Mozilla/5.0 AppleWebKit/537.36 (KHTML, like Gecko; compatible; bingbot/2.0; +http://www.bing.com/bingbot.htm) Chrome/116.0.1938.76 Safari/537.36" 328 **0/328867**
40.77.167.32 - - [26/Nov/2025:13:20:00 -0700] "GET /?a=95261301071690&mod=b83972e1&uri=info.php%3Fid%3D3187364-216%26name%3Dtank+tops+rab+maze+tank HTTP/2.0" 200 20426 "-" "Mozilla/5.0 AppleWebKit/537.36 (KHTML, like Gecko; compatible; bingbot/2.0; +http://www.bing.com/bingbot.htm) Chrome/116.0.1938.76 Safari/537.36" 263 **0/263247**
85.208.96.200 - - [26/Nov/2025:13:20:05 -0700] "GET /?a=66948000001690&mod=bbc12a3a&uri=itm.php%3Fid%3D2239820-57%26name%3Dmodeherz%2Bguess%2Bhandtasche%2Bauf%2Brechnung HTTP/1.1" 200 2554 "-" "Mozilla/5.0 (compatible; SemrushBot/7~bl; +http://www.semrush.com/bot.html)" 272 **0/272995**
40.77.167.151 - - [26/Nov/2025:13:20:13 -0700] "GET /?a=6118642031690&mod=9f0f4ce8&uri=pin.php%3Fid%3D204652-435%26name%3Dlouis+vuitton+borsello+running HTTP/2.0" 200 20282 "-" "Mozilla/5.0 AppleWebKit/537.36 (KHTML, like Gecko; compatible; bingbot/2.0; +http://www.bing.com/bingbot.htm) Chrome/116.0.1938.76 Safari/537.36" 253 **0/253622**
40.77.167.121 - - [26/Nov/2025:13:20:13 -0700] "GET /?a=97632121051690&mod=6499e19d&uri=brands.php%3Fid%3D3266781-327%26name%3Djingle+bells+jingle+all+the+way+jumper HTTP/2.0" 200 21275 "-" "Mozilla/5.0 AppleWebKit/537.36 (KHTML, like Gecko; compatible; bingbot/2.0; +http://www.bing.com/bingbot.htm) Chrome/116.0.1938.76 Safari/537.36" 296 **0/296213**
40.77.167.9 - - [26/Nov/2025:13:20:20 -0700] "GET /?a=42136527071690&mod=22b8064b&uri=info.php%3Fid%3D1409572-264%26name%3Dqvc+sterling+silver+bangles HTTP/2.0" 200 20830 "-" "Mozilla/5.0 AppleWebKit/537.36 (KHTML, like Gecko; compatible; bingbot/2.0; +http://www.bing.com/bingbot.htm) Chrome/116.0.1938.76 Safari/537.36" 321 **0/321287**
40.77.167.32 - - [26/Nov/2025:13:21:00 -0700] "GET /?a=102090745051690&mod=e744f91c&uri=pin.php%3Fid%3D3416018-9%26name%3Dauriculares+ps2+usb+headset HTTP/2.0" 200 20746 "-" "Mozilla/5.0 AppleWebKit/537.36 (KHTML, like Gecko; compatible; bingbot/2.0; +http://www.bing.com/bingbot.htm) Chrome/116.0.1938.76 Safari/537.36" 280 **0/280529**
40.77.167.9 - - [26/Nov/2025:13:21:01 -0700] "GET /?a=114864196111690&mod=caeed832&uri=article.php%3Fid%3D3843420-144%26name%3Dadidas+super+tobacco+spezial HTTP/2.0" 200 20588 "-" "Mozilla/5.0 AppleWebKit/537.36 (KHTML, like Gecko; compatible; bingbot/2.0; +http://www.bing.com/bingbot.htm) Chrome/116.0.1938.76 Safari/537.36" 420 **0/420953**
40.77.167.121 - - [26/Nov/2025:13:21:05 -0700] "GET /?a=103876714071690&mod=7d274a2d&uri=news.php%3Fid%3D3475792-1367%26name%3Dsleeve+long+kitenge+designs HTTP/2.0" 200 20279 "-" "Mozilla/5.0 AppleWebKit/537.36 (KHTML, like Gecko; compatible; bingbot/2.0; +http://www.bing.com/bingbot.htm) Chrome/116.0.1938.76 Safari/537.36" 271 **0/271793**
40.77.167.32 - - [26/Nov/2025:13:21:10 -0700] "GET /?a=77810706001690&mod=dc6a6489&uri=itm.php%3Fid%3D2603433-4%26name%3Dtextile+funky+tapestry HTTP/2.0" 200 21204 "-" "Mozilla/5.0 AppleWebKit/537.36 (KHTML, like Gecko; compatible; bingbot/2.0; +http://www.bing.com/bingbot.htm) Chrome/116.0.1938.76 Safari/537.36" 283 **0/283139**
40.77.167.132 - - [26/Nov/2025:13:21:32 -0700] "GET /?a=64953825091690&mod=fea33a31&uri=brands.php%3Fid%3D2173116-87%26name%3Dkik+katalog+bikinis+2020+carrefour HTTP/2.0" 200 21298 "-" "Mozilla/5.0 AppleWebKit/537.36 (KHTML, like Gecko; compatible; bingbot/2.0; +http://www.bing.com/bingbot.htm) Chrome/116.0.1938.76 Safari/537.36" 281 **0/281206**
66.249.72.196 - - [26/Nov/2025:13:21:33 -0700] "GET /?a=86860205041690&mod=8be8d5f3&uri=us.php%3Fid%3D2906258-106%26name%3Dhandbag+campomaggi+taschen HTTP/1.1" 200 21563 "-" "Mozilla/5.0 (Linux; Android 6.0.1; Nexus 5X Build/MMB29P) AppleWebKit/537.36 (KHTML, like Gecko) Chrome/141.0.7390.122 Mobile Safari/537.36 (compatible; Googlebot/2.1; +http://www.google.com/bot.html)" 326 **0/326071**
40.77.167.22 - - [26/Nov/2025:13:21:41 -0700] "GET /?a=7642911041690&mod=1e1d1841&uri=shared.php%3Fid%3D255620-11%26name%3Dvintage+patagonia+lw+synchilla HTTP/2.0" 200 21864 "-" "Mozilla/5.0 AppleWebKit/537.36 (KHTML, like Gecko; compatible; bingbot/2.0; +http://www.bing.com/bingbot.htm) Chrome/116.0.1938.76 Safari/537.36" 299 **0/299175**
40.77.167.9 - - [26/Nov/2025:13:21:42 -0700] "GET /?a=101166596081690&mod=eeb835dc&uri=article.php%3Fid%3D3385103-425%26name%3Def+100mm+canon+60+macro HTTP/2.0" 200 21326 "-" "Mozilla/5.0 AppleWebKit/537.36 (KHTML, like Gecko; compatible; bingbot/2.0; +http://www.bing.com/bingbot.htm) Chrome/116.0.1938.76 Safari/537.36" 340 **0/340137**
40.77.167.9 - - [26/Nov/2025:13:21:42 -0700] "GET /?a=97545314011690&mod=421f8eb2&uri=info.php%3Fid%3D3263870-104%26name%3Dsmart+trainer+bike+trainer+resistance HTTP/2.0" 200 21376 "-" "Mozilla/5.0 AppleWebKit/537.36 (KHTML, like Gecko; compatible; bingbot/2.0; +http://www.bing.com/bingbot.htm) Chrome/116.0.1938.76 Safari/537.36" 320 **0/320375**
40.77.167.132 - - [26/Nov/2025:13:22:12 -0700] "GET /?a=97584832041690&mod=17a2b0ae&uri=search.php%3Fid%3D3265197-1527%26name%3Dbrasier+leonisa+talla+36+c+de+busto HTTP/2.0" 200 19901 "-" "Mozilla/5.0 AppleWebKit/537.36 (KHTML, like Gecko; compatible; bingbot/2.0; +http://www.bing.com/bingbot.htm) Chrome/116.0.1938.76 Safari/537.36" 263 **0/263159**
40.77.167.9 - - [26/Nov/2025:13:22:19 -0700] "GET /?a=113858169041690&mod=8c2c1e2e&uri=form.php%3Fid%3D3809746-844%26name%3Djustin+bieber+clothes HTTP/2.0" 200 20924 "-" "Mozilla/5.0 AppleWebKit/537.36 (KHTML, like Gecko; compatible; bingbot/2.0; +http://www.bing.com/bingbot.htm) Chrome/116.0.1938.76 Safari/537.36" 271 **0/271644**
40.77.167.9 - - [26/Nov/2025:13:22:20 -0700] "GET /?a=117531137031690&mod=27d342e9&uri=article.php%3Fid%3D3932678-363%26name%3Dmountain+bike+velo+electrique+decathlon+femme+vtc HTTP/2.0" 200 21290 "-" "Mozilla/5.0 AppleWebKit/537.36 (KHTML, like Gecko; compatible; bingbot/2.0; +http://www.bing.com/bingbot.htm) Chrome/116.0.1938.76 Safari/537.36" 270 **0/270407**
40.77.167.132 - - [26/Nov/2025:13:22:40 -0700] "GET /?a=94215434041690&mod=0b518a25&uri=shared.php%3Fid%3D3152403-102%26name%3Dprice+fold+out+couch+cover HTTP/2.0" 200 21234 "-" "Mozilla/5.0 AppleWebKit/537.36 (KHTML, like Gecko; compatible; bingbot/2.0; +http://www.bing.com/bingbot.htm) Chrome/116.0.1938.76 Safari/537.36" 303 **0/303326**
40.77.167.32 - - [26/Nov/2025:13:22:50 -0700] "GET /?a=6358235091690&mod=e744f91c&uri=shop.php%3Fid%3D212669-9%26name%3Dadv+alpha+adv+earphones HTTP/2.0" 200 21047 "-" "Mozilla/5.0 AppleWebKit/537.36 (KHTML, like Gecko; compatible; bingbot/2.0; +http://www.bing.com/bingbot.htm) Chrome/116.0.1938.76 Safari/537.36" 309 **0/309920**
20.15.133.184 - - [26/Nov/2025:13:23:07 -0700] "GET /?a=30221882051690&mod=ac2ae241&uri=goods.php%3Fid%3D1010974-958%26name%3Dvans+stores+velvet+vans+slip+on HTTP/2.0" 200 20014 "-" "Mozilla/5.0 AppleWebKit/537.36 (KHTML, like Gecko; compatible; bingbot/2.0; +http://www.bing.com/bingbot.htm) Chrome/116.0.1938.76 Safari/537.36" 299 **0/299145**
40.77.167.9 - - [26/Nov/2025:13:23:11 -0700] "GET /?a=115885689041690&mod=b805d9c9&uri=shared.php%3Fid%3D3877623-1074%26name%3Djohnny+depp+jack+sparrow+anelli HTTP/2.0" 200 20081 "-" "Mozilla/5.0 AppleWebKit/537.36 (KHTML, like Gecko; compatible; bingbot/2.0; +http://www.bing.com/bingbot.htm) Chrome/116.0.1938.76 Safari/537.36" 247 **0/247876**
40.77.167.9 - - [26/Nov/2025:13:23:12 -0700] "GET /?a=98819165051690&mod=7b8cc2b2&uri=blog.php%3Fid%3D3306529-1540%26name%3Djersey+joe+walcott HTTP/2.0" 200 19908 "-" "Mozilla/5.0 AppleWebKit/537.36 (KHTML, like Gecko; compatible; bingbot/2.0; +http://www.bing.com/bingbot.htm) Chrome/116.0.1938.76 Safari/537.36" 282 **0/282106**
66.249.69.172 - - [26/Nov/2025:13:23:17 -0700] "GET /?a=61679191001690&mod=f6ed5734&uri=article.php%3Fid%3D2063565-974%26name%3Dhooded+coat+bee+inspired+parka HTTP/1.1" 200 21232 "-" "Mozilla/5.0 (Linux; Android 6.0.1; Nexus 5X Build/MMB29P) AppleWebKit/537.36 (KHTML, like Gecko) Chrome/141.0.7390.122 Mobile Safari/537.36 (compatible; Googlebot/2.1; +http://www.google.com/bot.html)" 299 **0/299540**
20.15.133.191 - - [26/Nov/2025:13:23:19 -0700] "GET /?a=7198824101690&mod=83187550&uri=news.php%3Fid%3D240774-70%26name%3Dlittle+buddy+super+mario+plush HTTP/2.0" 200 20739 "-" "Mozilla/5.0 AppleWebKit/537.36 (KHTML, like Gecko; compatible; bingbot/2.0; +http://www.bing.com/bingbot.htm) Chrome/116.0.1938.76 Safari/537.36" 255 **0/255939**
52.167.144.176 - - [26/Nov/2025:13:23:44 -0700] "GET /?a=36877797001690&mod=bfb7d8e2&uri=search.php%3Fid%3D1233667-1151%26name%3Dtimberlake%27s+man+man+of+the+woods+jordans HTTP/2.0" 200 20294 "-" "Mozilla/5.0 AppleWebKit/537.36 (KHTML, like Gecko; compatible; bingbot/2.0; +http://www.bing.com/bingbot.htm) Chrome/116.0.1938.76 Safari/537.36" 409 **0/409037**
40.77.167.57 - - [26/Nov/2025:13:23:52 -0700] "GET /product/edit/78031395001690 HTTP/2.0" 200 21248 "-" "Mozilla/5.0 AppleWebKit/537.36 (KHTML, like Gecko; compatible; bingbot/2.0; +http://www.bing.com/bingbot.htm) Chrome/116.0.1938.76 Safari/537.36" 316 **0/316070**
40.77.167.132 - - [26/Nov/2025:13:24:01 -0700] "GET /?a=18341797041690&mod=97598856&uri=news.php%3Fid%3D613624-338%26name%3D%C4%91%E1%BB%95+v%E1%BB%8F+x+iphone+12 HTTP/2.0" 200 21343 "-" "Mozilla/5.0 AppleWebKit/537.36 (KHTML, like Gecko; compatible; bingbot/2.0; +http://www.bing.com/bingbot.htm) Chrome/116.0.1938.76 Safari/537.36" 335 **0/335900**
52.167.144.176 - - [26/Nov/2025:13:24:05 -0700] "GET /?a=104616374011690&mod=17cb0fd7&uri=article.php%3Fid%3D3500540-346%26name%3Dsapphire+nitro%2B+rx+6700+xt+power+consumption HTTP/2.0" 200 21504 "-" "Mozilla/5.0 AppleWebKit/537.36 (KHTML, like Gecko; compatible; bingbot/2.0; +http://www.bing.com/bingbot.htm) Chrome/116.0.1938.76 Safari/537.36" 269 **0/269591**
40.77.167.32 - - [26/Nov/2025:13:24:10 -0700] "GET /product/edit/58811028001690 HTTP/2.0" 200 21408 "-" "Mozilla/5.0 AppleWebKit/537.36 (KHTML, like Gecko; compatible; bingbot/2.0; +http://www.bing.com/bingbot.htm) Chrome/116.0.1938.76 Safari/537.36" 286 **0/286465**
52.167.144.176 - - [26/Nov/2025:13:24:15 -0700] "GET /?a=114205069001690&mod=b579d45d&uri=article.php%3Fid%3D3821365-640%26name%3Dladies+jumpsuits+roman+jumpsuits HTTP/2.0" 200 21018 "-" "Mozilla/5.0 AppleWebKit/537.36 (KHTML, like Gecko; compatible; bingbot/2.0; +http://www.bing.com/bingbot.htm) Chrome/116.0.1938.76 Safari/537.36" 444 **0/444857**
52.167.144.176 - - [26/Nov/2025:13:24:16 -0700] "GET /?a=110673631031690&mod=0eb71de4&uri=blog.php%3Fid%3D3703277-598%26name%3Dsuzuki+gsxr1000r+2018+suzuki+gsxr+1000+for+sale HTTP/2.0" 200 20423 "-" "Mozilla/5.0 AppleWebKit/537.36 (KHTML, like Gecko; compatible; bingbot/2.0; +http://www.bing.com/bingbot.htm) Chrome/116.0.1938.76 Safari/537.36" 281 **0/281061**
66.249.69.160 - - [26/Nov/2025:13:24:23 -0700] "GET /product/edit/41018230071690 HTTP/1.1" 200 20996 "-" "Mozilla/5.0 (Linux; Android 6.0.1; Nexus 5X Build/MMB29P) AppleWebKit/537.36 (KHTML, like Gecko) Chrome/141.0.7390.122 Mobile Safari/537.36 (compatible; Googlebot/2.1; +http://www.google.com/bot.html)" 282 **0/282523**
66.249.72.195 - - [26/Nov/2025:13:24:23 -0700] "GET /?a=95452599001690&mod=f8c84522&uri=products.php%3Fid%3D3193761-92%26name%3Dcactus+print+cactus+ariats HTTP/1.1" 200 21202 "-" "Mozilla/5.0 (Linux; Android 6.0.1; Nexus 5X Build/MMB29P) AppleWebKit/537.36 (KHTML, like Gecko) Chrome/141.0.7390.122 Mobile Safari/537.36 (compatible; Googlebot/2.1; +http://www.google.com/bot.html)" 282 **0/282074**
66.249.69.172 - - [26/Nov/2025:13:24:24 -0700] "GET /?a=104246292041690&mod=91d75bef&uri=dp.php%3Fid%3D3488159-1421%26name%3Dinfant+car+how+to+choose+a+car+seat HTTP/1.1" 200 21176 "-" "Mozilla/5.0 (Linux; Android 6.0.1; Nexus 5X Build/MMB29P) AppleWebKit/537.36 (KHTML, like Gecko) Chrome/141.0.7390.122 Mobile Safari/537.36 (compatible; Googlebot/2.1; +http://www.google.com/bot.html)" 299 **0/299976**
66.249.69.173 - - [26/Nov/2025:13:24:25 -0700] "GET /?a=94543214001690&mod=cdabd261&uri=products.php%3Fid%3D3163365-1447%26name%3Dgirls+cartwheel+children%27s+place+cartwheel+shorts HTTP/1.1" 200 20039 "-" "Mozilla/5.0 (Linux; Android 6.0.1; Nexus 5X Build/MMB29P) AppleWebKit/537.36 (KHTML, like Gecko) Chrome/141.0.7390.122 Mobile Safari/537.36 (compatible; Googlebot/2.1; +http://www.google.com/bot.html)" 273 **0/273429**
85.208.96.199 - - [26/Nov/2025:13:24:26 -0700] "GET /?a=61947353021690&mod=be330ead&uri=form.php%3Fid%3D2072552-976%26name%3Dprimeknit%2Bshoes%2Bsamba%2Bsock%2Bprimeknit%2Breview HTTP/1.1" 200 2554 "-" "Mozilla/5.0 (compatible; SemrushBot/7~bl; +http://www.semrush.com/bot.html)" 102 **0/102326**
66.249.72.194 - - [26/Nov/2025:13:24:24 -0700] "GET /?a=36519053051690&mod=22b8064b&uri=product.php%3Fid%3D1221670-264%26name%3Dgiani+bernini+cubic+zirconia+butterfly+choker HTTP/1.1" 200 20935 "-" "Mozilla/5.0 (Linux; Android 6.0.1; Nexus 5X Build/MMB29P) AppleWebKit/537.36 (KHTML, like Gecko) Chrome/141.0.7390.122 Mobile Safari/537.36 (compatible; Googlebot/2.1; +http://www.google.com/bot.html)" 2702 **2/2702896**
66.249.69.172 - - [26/Nov/2025:13:24:28 -0700] "GET /product/edit/41018230071690?/css_6356af597ebeb154b969e538d3e95f0f/_drupal_sites_default_files_css_css_LmUrbIckCDCKvN2_Q3zbp044aJ28BPsL4EcroazBk2w HTTP/1.1" 200 42233 "https://blalockdialysiscenter.com/product/edit/41018230071690" "Mozilla/5.0 (Linux; Android 6.0.1; Nexus 5X Build/MMB29P) AppleWebKit/537.36 (KHTML, like Gecko) Chrome/141.0.7390.122 Mobile Safari/537.36 (compatible; Googlebot/2.1; +http://www.google.com/bot.html)" 192 **0/192148**
66.249.69.173 - - [26/Nov/2025:13:24:28 -0700] "GET /product/edit/41018230071690?/css_6356af597ebeb154b969e538d3e95f0f/_styles_css_product-detail-ex01 HTTP/1.1" 200 397 "https://blalockdialysiscenter.com/product/edit/41018230071690" "Mozilla/5.0 (Linux; Android 6.0.1; Nexus 5X Build/MMB29P) AppleWebKit/537.36 (KHTML, like Gecko) Chrome/141.0.7390.122 Mobile Safari/537.36 (compatible; Googlebot/2.1; +http://www.google.com/bot.html)" 97 **0/97966**
66.249.69.173 - - [26/Nov/2025:13:24:28 -0700] "GET /product/edit/41018230071690?/js_6356af597ebeb154b969e538d3e95f0f/_styles_js_lightbox HTTP/1.1" 200 4711 "https://blalockdialysiscenter.com/product/edit/41018230071690" "Mozilla/5.0 (Linux; Android 6.0.1; Nexus 5X Build/MMB29P) AppleWebKit/537.36 (KHTML, like Gecko) Chrome/141.0.7390.122 Mobile Safari/537.36 (compatible; Googlebot/2.1; +http://www.google.com/bot.html)" 275 **0/275416**
66.249.69.173 - - [26/Nov/2025:13:24:28 -0700] "GET /product/edit/41018230071690?/js_6356af597ebeb154b969e538d3e95f0f/_styles_js_lazysizes.min HTTP/1.1" 200 3188 "https://blalockdialysiscenter.com/product/edit/41018230071690" "Mozilla/5.0 (Linux; Android 6.0.1; Nexus 5X Build/MMB29P) AppleWebKit/537.36 (KHTML, like Gecko) Chrome/141.0.7390.122 Mobile Safari/537.36 (compatible; Googlebot/2.1; +http://www.google.com/bot.html)" 96 **0/96562**
66.249.69.173 - - [26/Nov/2025:13:24:29 -0700] "GET /product/edit/41018230071690?/css_6356af597ebeb154b969e538d3e95f0f/_styles_css_wanderer-fg HTTP/1.1" 200 184 "https://blalockdialysiscenter.com/product/edit/41018230071690" "Mozilla/5.0 (Linux; Android 6.0.1; Nexus 5X Build/MMB29P) AppleWebKit/537.36 (KHTML, like Gecko) Chrome/141.0.7390.122 Mobile Safari/537.36 (compatible; Googlebot/2.1; +http://www.google.com/bot.html)" 95 **0/95298**
66.249.69.172 - - [26/Nov/2025:13:24:28 -0700] "GET /product/edit/41018230071690?/css_6356af597ebeb154b969e538d3e95f0f/_drupal_modules_product_detail_assets_css_new_pc_product_detail HTTP/1.1" 200 5213 "https://blalockdialysiscenter.com/product/edit/41018230071690" "Mozilla/5.0 (Linux; Android 6.0.1; Nexus 5X Build/MMB29P) AppleWebKit/537.36 (KHTML, like Gecko) Chrome/141.0.7390.122 Mobile Safari/537.36 (compatible; Googlebot/2.1; +http://www.google.com/bot.html)" 307 **0/307190**
66.249.69.172 - - [26/Nov/2025:13:24:29 -0700] "GET /product/edit/41018230071690?/js_6356af597ebeb154b969e538d3e95f0f/_drupal_sites_default_files_js_js_G878YGhv0pYpg9iZ_hIm3vCCQWyhWgLawk-6b6wmZuU HTTP/1.1" 200 52631 "https://blalockdialysiscenter.com/product/edit/41018230071690" "Mozilla/5.0 (Linux; Android 6.0.1; Nexus 5X Build/MMB29P) AppleWebKit/537.36 (KHTML, like Gecko) Chrome/141.0.7390.122 Mobile Safari/537.36 (compatible; Googlebot/2.1; +http://www.google.com/bot.html)" 195 **0/195605**
66.249.69.173 - - [26/Nov/2025:13:24:29 -0700] "GET /product/edit/41018230071690?/css_6356af597ebeb154b969e538d3e95f0f/_drupal_sites_default_files_css_css_YLUY2usEybPXqNO15-ozAgAYsZmniqhrU6f3bp69-r4 HTTP/1.1" 200 3874 "https://blalockdialysiscenter.com/product/edit/41018230071690" "Mozilla/5.0 (Linux; Android 6.0.1; Nexus 5X Build/MMB29P) AppleWebKit/537.36 (KHTML, like Gecko) Chrome/141.0.7390.122 Mobile Safari/537.36 (compatible; Googlebot/2.1; +http://www.google.com/bot.html)" 96 **0/96019**
66.249.69.172 - - [26/Nov/2025:13:24:29 -0700] "GET /product/edit/41018230071690?/js_6356af597ebeb154b969e538d3e95f0f/_drupal_sites_default_files_js_js_z1qFDrghecTCI5Rjumn4rMBYPHvd-E4L0DVpS2JCjnw HTTP/1.1" 200 320 "https://blalockdialysiscenter.com/product/edit/41018230071690" "Mozilla/5.0 (Linux; Android 6.0.1; Nexus 5X Build/MMB29P) AppleWebKit/537.36 (KHTML, like Gecko) Chrome/141.0.7390.122 Mobile Safari/537.36 (compatible; Googlebot/2.1; +http://www.google.com/bot.html)" 92 **0/92588**
66.249.69.173 - - [26/Nov/2025:13:24:29 -0700] "GET /product/edit/41018230071690?/js_6356af597ebeb154b969e538d3e95f0f/_drupal_sites_default_files_js_js_i3BGasXGb_pVk8CAUeSJnjMmyNE-bFprX9j4_djQznQ HTTP/1.1" 200 3857 "https://blalockdialysiscenter.com/product/edit/41018230071690" "Mozilla/5.0 (Linux; Android 6.0.1; Nexus 5X Build/MMB29P) AppleWebKit/537.36 (KHTML, like Gecko) Chrome/141.0.7390.122 Mobile Safari/537.36 (compatible; Googlebot/2.1; +http://www.google.com/bot.html)" 102 **0/102474**
40.77.167.32 - - [26/Nov/2025:13:24:33 -0700] "GET /?a=103286494021690&mod=e8c6ba15&uri=news.php%3Fid%3D3456026-105%26name%3Dhappy+valentine+to+my+dad HTTP/2.0" 200 20447 "-" "Mozilla/5.0 AppleWebKit/537.36 (KHTML, like Gecko; compatible; bingbot/2.0; +http://www.bing.com/bingbot.htm) Chrome/116.0.1938.76 Safari/537.36" 3494 **3/3494146**
40.77.167.9 - - [26/Nov/2025:13:24:39 -0700] "GET /?a=94036038001690&mod=0d98a513&uri=dp.php%3Fid%3D3146395-708%26name%3Ddiamond+plate+vans+x+supreme+donna+2014 HTTP/2.0" 200 21365 "-" "Mozilla/5.0 AppleWebKit/537.36 (KHTML, like Gecko; compatible; bingbot/2.0; +http://www.bing.com/bingbot.htm) Chrome/116.0.1938.76 Safari/537.36" 312 **0/312114**
66.249.69.173 - - [26/Nov/2025:13:24:29 -0700] "GET /product/edit/41018230071690?/js_6356af597ebeb154b969e538d3e95f0f/_drupal_sites_default_files_js_js_nfGRbDhyXF9_dFjG2rkRRw84Gy6p5a4aGnpYcOKhuC4 HTTP/1.1" 200 96506 "https://blalockdialysiscenter.com/product/edit/41018230071690" "Mozilla/5.0 (Linux; Android 6.0.1; Nexus 5X Build/MMB29P) AppleWebKit/537.36 (KHTML, like Gecko) Chrome/141.0.7390.122 Mobile Safari/537.36 (compatible; Googlebot/2.1; +http://www.google.com/bot.html)" 11056 **11/11056978**
52.167.144.176 - - [26/Nov/2025:13:24:43 -0700] "GET /?a=68080331091690&mod=39717cca&uri=news.php%3Fid%3D2277698-1258%26name%3Dveste+polaire+veste+serge+blanco HTTP/2.0" 200 20319 "-" "Mozilla/5.0 AppleWebKit/537.36 (KHTML, like Gecko; compatible; bingbot/2.0; +http://www.bing.com/bingbot.htm) Chrome/116.0.1938.76 Safari/537.36" 286 **0/286702**
40.77.167.132 - - [26/Nov/2025:13:24:52 -0700] "GET /?a=51394928061690&mod=61b5c689&uri=brands.php%3Fid%3D1719355-134%26name%3Dhot+melt+glue+glue+gun+3d+pen HTTP/2.0" 200 21236 "-" "Mozilla/5.0 AppleWebKit/537.36 (KHTML, like Gecko; compatible; bingbot/2.0; +http://www.bing.com/bingbot.htm) Chrome/116.0.1938.76 Safari/537.36" 254 **0/254093**
40.77.167.132 - - [26/Nov/2025:13:24:53 -0700] "GET /?a=26067212011690&mod=aaaac19f&uri=article.php%3Fid%3D872017-111%26name%3Dback+cover+phone+cover+for+samsung+j4+plus HTTP/2.0" 200 21665 "-" "Mozilla/5.0 AppleWebKit/537.36 (KHTML, like Gecko; compatible; bingbot/2.0; +http://www.bing.com/bingbot.htm) Chrome/116.0.1938.76 Safari/537.36" 467 **0/467367**
40.77.167.9 - - [26/Nov/2025:13:24:59 -0700] "GET /?a=119307632021690&mod=8d5aea22&uri=pin.php%3Fid%3D3992117-999%26name%3Dmcm+aktenkoffer+reisekoffer+mcm HTTP/2.0" 200 20714 "-" "Mozilla/5.0 AppleWebKit/537.36 (KHTML, like Gecko; compatible; bingbot/2.0; +http://www.bing.com/bingbot.htm) Chrome/116.0.1938.76 Safari/537.36" 306 **0/306291**
40.77.167.9 - - [26/Nov/2025:13:25:00 -0700] "GET /?a=2737343031690&mod=d10278e3&uri=product.php%3Fid%3D91512-554%26name%3Dbadge+beanie+mens+paul+and+shark+hat HTTP/2.0" 200 20885 "-" "Mozilla/5.0 AppleWebKit/537.36 (KHTML, like Gecko; compatible; bingbot/2.0; +http://www.bing.com/bingbot.htm) Chrome/116.0.1938.76 Safari/537.36" 284 **0/284985**
52.167.144.176 - - [26/Nov/2025:13:25:03 -0700] "GET /?a=5467886091690&mod=aaf096cc&uri=blog.php?id=182894-812&name=playmobil%2071534%20playmobil%20boutique HTTP/2.0" 200 20764 "-" "Mozilla/5.0 AppleWebKit/537.36 (KHTML, like Gecko; compatible; bingbot/2.0; +http://www.bing.com/bingbot.htm) Chrome/116.0.1938.76 Safari/537.36" 306 **0/306002**
40.77.167.57 - - [26/Nov/2025:13:25:03 -0700] "GET /?a=25838251121690&mod=bd0cc810&uri=dp.php%3Fid%3D864354-21%26name%3Dappeal+aftershave+jovan+sex+appeal+for+men HTTP/2.0" 200 20666 "-" "Mozilla/5.0 AppleWebKit/537.36 (KHTML, like Gecko; compatible; bingbot/2.0; +http://www.bing.com/bingbot.htm) Chrome/116.0.1938.76 Safari/537.36" 328 **0/328009**
52.167.144.176 - - [26/Nov/2025:13:25:08 -0700] "GET /?a=103735209021690&mod=3e7e22b6&uri=dp.php%3Fid%3D3471059-295%26name%3Dguinea+pig+easy+pets+to+take+care+of+that+are+small HTTP/2.0" 200 20216 "-" "Mozilla/5.0 AppleWebKit/537.36 (KHTML, like Gecko; compatible; bingbot/2.0; +http://www.bing.com/bingbot.htm) Chrome/116.0.1938.76 Safari/537.36" 275 **0/275720**
85.208.96.198 - - [26/Nov/2025:13:25:11 -0700] "GET /?a=73918799071690&mod=e5074d7c&uri=itm.php%3Fid%3D2473138-889%26name%3Dsvnx%2Bcappello%2Bcappello%2Bda%2Bpescatore%2Bin%2Bpaglia HTTP/1.1" 200 2554 "-" "Mozilla/5.0 (compatible; SemrushBot/7~bl; +http://www.semrush.com/bot.html)" 136 **0/136670**
40.77.167.132 - - [26/Nov/2025:13:25:13 -0700] "GET /?a=29890831041690&mod=aaaac19f&uri=products.php%3Fid%3D999907-111%26name%3Dback+cover+galaxy+mo1+cover HTTP/2.0" 200 21589 "-" "Mozilla/5.0 AppleWebKit/537.36 (KHTML, like Gecko; compatible; bingbot/2.0; +http://www.bing.com/bingbot.htm) Chrome/116.0.1938.76 Safari/537.36" 289 **0/289224**
40.77.167.57 - - [26/Nov/2025:13:25:23 -0700] "GET /?a=5887196021690&mod=0c74b7f7&uri=shop.php%3Fid%3D196917-3%26name%3Ddumbbell+chest+supported+row+for+sale HTTP/2.0" 200 21201 "-" "Mozilla/5.0 AppleWebKit/537.36 (KHTML, like Gecko; compatible; bingbot/2.0; +http://www.bing.com/bingbot.htm) Chrome/116.0.1938.76 Safari/537.36" 272 **0/272991**
185.191.171.7 - - [26/Nov/2025:13:25:29 -0700] "GET /?a=39551394051690&mod=8f804941&uri=category-info.php%3Fid%3D1323051-496%26name%3Dsimple%2Bblack%2Bstone%2Bring%2Bfor%2Bmen HTTP/1.1" 200 2554 "-" "Mozilla/5.0 (compatible; SemrushBot/7~bl; +http://www.semrush.com/bot.html)" 108 **0/108004**
40.77.167.22 - - [26/Nov/2025:13:25:33 -0700] "GET /?a=47807881081690&mod=9e2291f3&uri=pin.php%3Fid%3D1599327-759%26name%3Dchanel+canvas+bag+free HTTP/2.0" 200 20819 "-" "Mozilla/5.0 AppleWebKit/537.36 (KHTML, like Gecko; compatible; bingbot/2.0; +http://www.bing.com/bingbot.htm) Chrome/116.0.1938.76 Safari/537.36" 274 **0/274557**
66.249.69.172 - - [26/Nov/2025:13:25:34 -0700] "GET /?a=49052145031690&mod=0feaf58e&uri=news.php%3Fid%3D1640986-156%26name%3Dwingsuit+tuta+alare+prezzo+amazon HTTP/1.1" 200 20787 "-" "Mozilla/5.0 (Linux; Android 6.0.1; Nexus 5X Build/MMB29P) AppleWebKit/537.36 (KHTML, like Gecko) Chrome/141.0.7390.122 Mobile Safari/537.36 (compatible; Googlebot/2.1; +http://www.google.com/bot.html)" 252 **0/252649**
66.249.72.196 - - [26/Nov/2025:13:25:35 -0700] "GET /?a=27744410001690&mod=1e2d681b&uri=form.php%3Fid%3D928131-235%26name%3Dboiling+point+latent+heat+in+refrigeration HTTP/1.1" 200 21404 "-" "Mozilla/5.0 (Linux; Android 6.0.1; Nexus 5X Build/MMB29P) AppleWebKit/537.36 (KHTML, like Gecko) Chrome/141.0.7390.122 Mobile Safari/537.36 (compatible; Googlebot/2.1; +http://www.google.com/bot.html)" 332 **0/332856**
40.77.167.57 - - [26/Nov/2025:13:25:44 -0700] "GET /?a=47809072061690&mod=9e2291f3&uri=news.php%3Fid%3D1599367-759%26name%3Dice+pack+yeti+lunch+boxes+for+adults HTTP/2.0" 200 21427 "-" "Mozilla/5.0 AppleWebKit/537.36 (KHTML, like Gecko; compatible; bingbot/2.0; +http://www.bing.com/bingbot.htm) Chrome/116.0.1938.76 Safari/537.36" 348 **0/348480**
40.77.167.57 - - [26/Nov/2025:13:25:45 -0700] "GET /?a=34999720031690&mod=e4c5f4bf&uri=brands.php%3Fid%3D1170819-408%26name%3Denamel+jewelry+kate+spade+everyday+spade+earrings HTTP/2.0" 200 19705 "-" "Mozilla/5.0 AppleWebKit/537.36 (KHTML, like Gecko; compatible; bingbot/2.0; +http://www.bing.com/bingbot.htm) Chrome/116.0.1938.76 Safari/537.36" 384 **0/384561**
40.77.167.57 - - [26/Nov/2025:13:26:44 -0700] "GET /?a=32221393041690&mod=06f21f26&uri=products.php%3Fid%3D1077869-1107%26name%3Dgraduated+compression+over+the+knee+support+hose HTTP/2.0" 200 21426 "-" "Mozilla/5.0 AppleWebKit/537.36 (KHTML, like Gecko; compatible; bingbot/2.0; +http://www.bing.com/bingbot.htm) Chrome/116.0.1938.76 Safari/537.36" 303 **0/303720**
20.15.133.191 - - [26/Nov/2025:13:26:49 -0700] "GET /?a=105048395011690&mod=4b8cdf66&uri=brands.php%3Fid%3D3515002-261%26name%3Dwearing+a+is+it+illegal+to+cycle+without+helmet HTTP/2.0" 200 21527 "-" "Mozilla/5.0 AppleWebKit/537.36 (KHTML, like Gecko; compatible; bingbot/2.0; +http://www.bing.com/bingbot.htm) Chrome/116.0.1938.76 Safari/537.36" 240 **0/240969**
52.167.144.176 - - [26/Nov/2025:13:26:55 -0700] "GET /?a=98558084051690&mod=27d342e9&uri=brands.php%3Fid%3D3297806-363%26name%3Dvulture+velo+totem HTTP/2.0" 200 21360 "-" "Mozilla/5.0 AppleWebKit/537.36 (KHTML, like Gecko; compatible; bingbot/2.0; +http://www.bing.com/bingbot.htm) Chrome/116.0.1938.76 Safari/537.36" 251 **0/251090**
40.77.167.132 - - [26/Nov/2025:13:27:22 -0700] "GET /?a=113967162021690&mod=47b71271&uri=blog.php%3Fid%3D3813404-592%26name%3Drimless+designer+clear+eyeglasses HTTP/2.0" 200 21532 "-" "Mozilla/5.0 AppleWebKit/537.36 (KHTML, like Gecko; compatible; bingbot/2.0; +http://www.bing.com/bingbot.htm) Chrome/116.0.1938.76 Safari/537.36" 334 **0/334577**
40.77.167.132 - - [26/Nov/2025:13:27:23 -0700] "GET /?a=97423165051690&mod=5e4d0656&uri=category-info.php%3Fid%3D3259776-334%26name%3Dkenya+instantaneous+shower HTTP/2.0" 200 20855 "-" "Mozilla/5.0 AppleWebKit/537.36 (KHTML, like Gecko; compatible; bingbot/2.0; +http://www.bing.com/bingbot.htm) Chrome/116.0.1938.76 Safari/537.36" 340 **0/340018**
85.208.96.202 - - [26/Nov/2025:13:27:25 -0700] "GET /?a=57472738061690&mod=00f9f10d&uri=products.php%3Fid%3D1922784-1774%26name%3Dbalenciaga%2Bsock%2Bbalenciaga%2Bspeed%2Bknit%2Bpink HTTP/1.1" 200 2554 "-" "Mozilla/5.0 (compatible; SemrushBot/7~bl; +http://www.semrush.com/bot.html)" 109 **0/109946**
40.77.167.32 - - [26/Nov/2025:13:27:43 -0700] "GET /?a=5787529051690&mod=263a8fc7&uri=form.php%3Fid%3D193590-711%26name%3Dmanteaux+hommes+veste+vans+homme+paris HTTP/2.0" 200 20478 "-" "Mozilla/5.0 AppleWebKit/537.36 (KHTML, like Gecko; compatible; bingbot/2.0; +http://www.bing.com/bingbot.htm) Chrome/116.0.1938.76 Safari/537.36" 297 **0/297901**
40.77.167.32 - - [26/Nov/2025:13:27:43 -0700] "GET /?a=45442092021690&mod=e744f91c&uri=info.php%3Fid%3D1520196-9%26name%3Ddongle+usb+wireless+headphones+with+microphone HTTP/2.0" 200 22228 "-" "Mozilla/5.0 AppleWebKit/537.36 (KHTML, like Gecko; compatible; bingbot/2.0; +http://www.bing.com/bingbot.htm) Chrome/116.0.1938.76 Safari/537.36" 269 **0/269609**
52.167.144.176 - - [26/Nov/2025:13:27:44 -0700] "GET /?a=23234103041690&mod=7f4680b3&uri=us.php%3Fid%3D777229-505%26name%3Dessayage+virtuel+google+vetement HTTP/2.0" 200 20912 "-" "Mozilla/5.0 AppleWebKit/537.36 (KHTML, like Gecko; compatible; bingbot/2.0; +http://www.bing.com/bingbot.htm) Chrome/116.0.1938.76 Safari/537.36" 302 **0/302080**
40.77.167.57 - - [26/Nov/2025:13:27:47 -0700] "GET /product/edit/109609129041690 HTTP/2.0" 200 21679 "-" "Mozilla/5.0 AppleWebKit/537.36 (KHTML, like Gecko; compatible; bingbot/2.0; +http://www.bing.com/bingbot.htm) Chrome/116.0.1938.76 Safari/537.36" 314 **0/314653**
47.128.25.136 - - [26/Nov/2025:13:27:49 -0700] "GET /product/edit/6160719001690 HTTP/2.0" 403 2016 "-" "Mozilla/5.0 (Linux; Android 5.0) AppleWebKit/537.36 (KHTML, like Gecko) Mobile Safari/537.36 (compatible; Bytespider; spider-feedback@bytedance.com)" 101 **0/101919**
47.128.123.154 - - [26/Nov/2025:13:27:49 -0700] "GET /?a=29014598101690&mod=e744f91c&uri=blog.php%3Fid%3D970605-9%26name%3Daudio+adapter+gulikit+route+air+switch+dock HTTP/2.0" 403 2016 "-" "Mozilla/5.0 (Linux; Android 5.0) AppleWebKit/537.36 (KHTML, like Gecko) Mobile Safari/537.36 (compatible; Bytespider; spider-feedback@bytedance.com)" 88 **0/88884**
47.128.25.136 - - [26/Nov/2025:13:27:50 -0700] "GET /product/edit/assets/css/bootstrap.min.css HTTP/2.0" 403 2016 "https://www.blalockdialysiscenter.com/product/edit/6160719001690" "Mozilla/5.0 (Linux; Android 5.0) AppleWebKit/537.36 (KHTML, like Gecko) Mobile Safari/537.36 (compatible; Bytespider; spider-feedback@bytedance.com)" 101 **0/101238**
47.128.123.154 - - [26/Nov/2025:13:27:50 -0700] "GET /assets/css/bootstrap.min.css HTTP/2.0" 403 2016 "https://www.blalockdialysiscenter.com/?a=29014598101690&mod=e744f91c&uri=blog.php%3Fid%3D970605-9%26name%3Daudio+adapter+gulikit+route+air+switch+dock" "Mozilla/5.0 (Linux; Android 5.0) AppleWebKit/537.36 (KHTML, like Gecko) Mobile Safari/537.36 (compatible; Bytespider; spider-feedback@bytedance.com)" 102 **0/102755**
47.128.25.136 - - [26/Nov/2025:13:27:50 -0700] "GET /product/edit/assets/css/owl.theme.default.min.css HTTP/2.0" 403 2016 "https://www.blalockdialysiscenter.com/product/edit/6160719001690" "Mozilla/5.0 (Linux; Android 5.0) AppleWebKit/537.36 (KHTML, like Gecko) Mobile Safari/537.36 (compatible; Bytespider; spider-feedback@bytedance.com)" 131 **0/131830**
47.128.25.136 - - [26/Nov/2025:13:27:50 -0700] "GET /product/edit/assets/css/meanmenu.css HTTP/2.0" 403 2016 "https://www.blalockdialysiscenter.com/product/edit/6160719001690" "Mozilla/5.0 (Linux; Android 5.0) AppleWebKit/537.36 (KHTML, like Gecko) Mobile Safari/537.36 (compatible; Bytespider; spider-feedback@bytedance.com)" 160 **0/160910**
47.128.25.136 - - [26/Nov/2025:13:27:50 -0700] "GET /product/edit/assets/css/magnific-popup.min.css HTTP/2.0" 403 2016 "https://www.blalockdialysiscenter.com/product/edit/6160719001690" "Mozilla/5.0 (Linux; Android 5.0) AppleWebKit/537.36 (KHTML, like Gecko) Mobile Safari/537.36 (compatible; Bytespider; spider-feedback@bytedance.com)" 161 **0/161699**
47.128.123.154 - - [26/Nov/2025:13:27:50 -0700] "GET /assets/css/icofont.min.css HTTP/2.0" 403 2016 "https://www.blalockdialysiscenter.com/?a=29014598101690&mod=e744f91c&uri=blog.php%3Fid%3D970605-9%26name%3Daudio+adapter+gulikit+route+air+switch+dock" "Mozilla/5.0 (Linux; Android 5.0) AppleWebKit/537.36 (KHTML, like Gecko) Mobile Safari/537.36 (compatible; Bytespider; spider-feedback@bytedance.com)" 120 **0/120552**
47.128.123.154 - - [26/Nov/2025:13:27:50 -0700] "GET /assets/css/owl.theme.default.min.css HTTP/2.0" 403 2016 "https://www.blalockdialysiscenter.com/?a=29014598101690&mod=e744f91c&uri=blog.php%3Fid%3D970605-9%26name%3Daudio+adapter+gulikit+route+air+switch+dock" "Mozilla/5.0 (Linux; Android 5.0) AppleWebKit/537.36 (KHTML, like Gecko) Mobile Safari/537.36 (compatible; Bytespider; spider-feedback@bytedance.com)" 131 **0/131627**
47.128.123.154 - - [26/Nov/2025:13:27:50 -0700] "GET /assets/css/meanmenu.css HTTP/2.0" 403 2016 "https://www.blalockdialysiscenter.com/?a=29014598101690&mod=e744f91c&uri=blog.php%3Fid%3D970605-9%26name%3Daudio+adapter+gulikit+route+air+switch+dock" "Mozilla/5.0 (Linux; Android 5.0) AppleWebKit/537.36 (KHTML, like Gecko) Mobile Safari/537.36 (compatible; Bytespider; spider-feedback@bytedance.com)" 133 **0/133616**
47.128.25.136 - - [26/Nov/2025:13:27:50 -0700] "GET /product/edit/assets/css/slick-theme.min.css HTTP/2.0" 403 2016 "https://www.blalockdialysiscenter.com/product/edit/6160719001690" "Mozilla/5.0 (Linux; Android 5.0) AppleWebKit/537.36 (KHTML, like Gecko) Mobile Safari/537.36 (compatible; Bytespider; spider-feedback@bytedance.com)" 194 **0/194272**
