20.15.133.191 - - [26/Nov/2025:12:01:40 -0700] "GET /?a=58540194011690&mod=1a32df83&uri=product.php%3Fid%3D1958505-81%26name%3Dquick+shot+graco+ultra+max+review HTTP/2.0" 200 21715 "-" "Mozilla/5.0 AppleWebKit/537.36 (KHTML, like Gecko; compatible; bingbot/2.0; +http://www.bing.com/bingbot.htm) Chrome/116.0.1938.76 Safari/537.36" 285 **0/285627**
40.77.167.32 - - [26/Nov/2025:12:01:46 -0700] "GET /?a=2542845141690&mod=bce937a8&uri=products.php%3Fid%3D85008-518%26name%3Dshoe+madden+girl+beella+black HTTP/2.0" 200 19804 "-" "Mozilla/5.0 AppleWebKit/537.36 (KHTML, like Gecko; compatible; bingbot/2.0; +http://www.bing.com/bingbot.htm) Chrome/116.0.1938.76 Safari/537.36" 264 **0/264286**
40.77.167.70 - - [26/Nov/2025:12:01:47 -0700] "GET /?a=29890081031690&mod=eeb835dc&uri=news.php%3Fid%3D999882-425%26name%3Dleica+sl3+photos HTTP/2.0" 200 21449 "-" "Mozilla/5.0 AppleWebKit/537.36 (KHTML, like Gecko; compatible; bingbot/2.0; +http://www.bing.com/bingbot.htm) Chrome/116.0.1938.76 Safari/537.36" 286 **0/286179**
66.249.70.98 - - [26/Nov/2025:12:01:48 -0700] "GET /?a=45132793031690&mod=73830f56&uri=product.php%3Fid%3D1509856-636%26name%3Dsand+wellensteyn+tivana+382+beige HTTP/1.1" 200 21165 "-" "Mozilla/5.0 (Linux; Android 6.0.1; Nexus 5X Build/MMB29P) AppleWebKit/537.36 (KHTML, like Gecko) Chrome/141.0.7390.122 Mobile Safari/537.36 (compatible; Googlebot/2.1; +http://www.google.com/bot.html)" 288 **0/288075**
66.249.72.194 - - [26/Nov/2025:12:01:48 -0700] "GET /?a=114827932041690&mod=7d7b04e9&uri=brands.php%3Fid%3D3842198-145%26name%3Dvans+senfgelbe+sneaker HTTP/1.1" 200 20868 "-" "Mozilla/5.0 (Linux; Android 6.0.1; Nexus 5X Build/MMB29P) AppleWebKit/537.36 (KHTML, like Gecko) Chrome/141.0.7390.122 Mobile Safari/537.36 (compatible; Googlebot/2.1; +http://www.google.com/bot.html)" 274 **0/274288**
40.77.167.75 - - [26/Nov/2025:12:01:50 -0700] "GET /?a=85310229041690&mod=679b4e06&uri=shop.php%3Fid%3D2854406-501%26name%3Dextinct+heaviest+wild+cat HTTP/2.0" 200 21608 "-" "Mozilla/5.0 AppleWebKit/537.36 (KHTML, like Gecko; compatible; bingbot/2.0; +http://www.bing.com/bingbot.htm) Chrome/116.0.1938.76 Safari/537.36" 257 **0/257268**
52.167.144.172 - - [26/Nov/2025:12:01:55 -0700] "GET /?a=34967919021690&mod=30cd1e36&uri=goods.php%3Fid%3D1169757-130%26name%3Dxbox+series+connect+xbox+one+controller+to+nvidia+shield HTTP/2.0" 200 21123 "-" "Mozilla/5.0 AppleWebKit/537.36 (KHTML, like Gecko; compatible; bingbot/2.0; +http://www.bing.com/bingbot.htm) Chrome/116.0.1938.76 Safari/537.36" 267 **0/267811**
52.167.144.227 - - [26/Nov/2025:12:01:56 -0700] "GET /?a=64966471061690&mod=2b355675&uri=us.php%3Fid%3D2173539-437%26name%3Dkopfkissen+daunendecke+trockner+programm+miele HTTP/2.0" 200 21502 "-" "Mozilla/5.0 AppleWebKit/537.36 (KHTML, like Gecko; compatible; bingbot/2.0; +http://www.bing.com/bingbot.htm) Chrome/116.0.1938.76 Safari/537.36" 296 **0/296093**
52.167.144.227 - - [26/Nov/2025:12:01:58 -0700] "GET /?a=119256073071690&mod=a0946d73&uri=product.php%3Fid%3D3990390-362%26name%3Dquechua+kollektion+spirale+winterschuhe HTTP/2.0" 200 20975 "-" "Mozilla/5.0 AppleWebKit/537.36 (KHTML, like Gecko; compatible; bingbot/2.0; +http://www.bing.com/bingbot.htm) Chrome/116.0.1938.76 Safari/537.36" 270 **0/270660**
40.77.167.75 - - [26/Nov/2025:12:02:02 -0700] "GET /?a=29415587011690&mod=5d48e9f7&uri=blog.php%3Fid%3D984010-1557%26name%3Dfila+outlet+sweat+fila+femme+jaune HTTP/2.0" 200 20217 "-" "Mozilla/5.0 AppleWebKit/537.36 (KHTML, like Gecko; compatible; bingbot/2.0; +http://www.bing.com/bingbot.htm) Chrome/116.0.1938.76 Safari/537.36" 268 **0/268356**
40.77.167.32 - - [26/Nov/2025:12:02:08 -0700] "GET /?a=78296115021690&mod=39a6f257&uri=category-info.php%3Fid%3D2619678-936%26name%3Dtransformers+legacy+united+optimus+prime+g1+hasbro HTTP/2.0" 200 21746 "-" "Mozilla/5.0 AppleWebKit/537.36 (KHTML, like Gecko; compatible; bingbot/2.0; +http://www.bing.com/bingbot.htm) Chrome/116.0.1938.76 Safari/537.36" 273 **0/273422**
40.77.167.151 - - [26/Nov/2025:12:02:15 -0700] "GET /?a=34821099101690&mod=bf1d38de&uri=form.php%3Fid%3D1164846-1281%26name%3Dbambino+hairdryer+babyliss+pro+travel+hair+dryer HTTP/2.0" 200 20405 "-" "Mozilla/5.0 AppleWebKit/537.36 (KHTML, like Gecko; compatible; bingbot/2.0; +http://www.bing.com/bingbot.htm) Chrome/116.0.1938.76 Safari/537.36" 253 **0/253105**
40.77.167.75 - - [26/Nov/2025:12:02:21 -0700] "GET /?a=105298636031690&mod=e3ad7bdd&uri=shared.php%3Fid%3D3523429-472%26name%3Dgeforce+g210+driver+gt218+nvidia HTTP/2.0" 200 20776 "-" "Mozilla/5.0 AppleWebKit/537.36 (KHTML, like Gecko; compatible; bingbot/2.0; +http://www.bing.com/bingbot.htm) Chrome/116.0.1938.76 Safari/537.36" 281 **0/281073**
66.249.69.160 - - [26/Nov/2025:12:02:24 -0700] "GET /?a=105182454001690&mod=b2251137&uri=shared.php%3Fid%3D3519539-161%26name%3Dold+school+giacca+stile+football+americano HTTP/1.1" 200 21654 "-" "Mozilla/5.0 (Linux; Android 6.0.1; Nexus 5X Build/MMB29P) AppleWebKit/537.36 (KHTML, like Gecko) Chrome/141.0.7390.122 Mobile Safari/537.36 (compatible; Googlebot/2.1; +http://www.google.com/bot.html)" 272 **0/272459**
20.15.133.174 - - [26/Nov/2025:12:03:10 -0700] "GET /?a=65355045041690&mod=c9041cfd&uri=blog.php%3Fid%3D2186536-202%26name%3Dperfume+marquis+deodorant+price HTTP/2.0" 200 21310 "-" "Mozilla/5.0 AppleWebKit/537.36 (KHTML, like Gecko; compatible; bingbot/2.0; +http://www.bing.com/bingbot.htm) Chrome/116.0.1938.76 Safari/537.36" 304 **0/304931**
40.77.167.32 - - [26/Nov/2025:12:03:17 -0700] "GET /?a=36108494001690&mod=494b9174&uri=shared.php%3Fid%3D1207947-593%26name%3Dmientras+duerme+bebe+duerme+mal+por+la+noche HTTP/2.0" 200 21198 "-" "Mozilla/5.0 AppleWebKit/537.36 (KHTML, like Gecko; compatible; bingbot/2.0; +http://www.bing.com/bingbot.htm) Chrome/116.0.1938.76 Safari/537.36" 306 **0/306722**
40.77.167.48 - - [26/Nov/2025:12:03:24 -0700] "GET /?a=98902736021690&mod=36fa774e&uri=goods.php%3Fid%3D3309326-471%26name%3Dtb+optiplex+nvme HTTP/2.0" 200 20866 "-" "Mozilla/5.0 AppleWebKit/537.36 (KHTML, like Gecko; compatible; bingbot/2.0; +http://www.bing.com/bingbot.htm) Chrome/116.0.1938.76 Safari/537.36" 278 **0/278690**
40.77.167.151 - - [26/Nov/2025:12:03:36 -0700] "GET /?a=2960684051690&mod=68d17645&uri=brands.php%3Fid%3D98984-590%26name%3Dleather+boots+black+elasticated+ankle+boots HTTP/2.0" 200 20156 "-" "Mozilla/5.0 AppleWebKit/537.36 (KHTML, like Gecko; compatible; bingbot/2.0; +http://www.bing.com/bingbot.htm) Chrome/116.0.1938.76 Safari/537.36" 365 **0/365801**
40.77.167.32 - - [26/Nov/2025:12:03:45 -0700] "GET /product/edit/68944213031690 HTTP/2.0" 200 21049 "-" "Mozilla/5.0 AppleWebKit/537.36 (KHTML, like Gecko; compatible; bingbot/2.0; +http://www.bing.com/bingbot.htm) Chrome/116.0.1938.76 Safari/537.36" 268 **0/268790**
40.77.167.32 - - [26/Nov/2025:12:03:46 -0700] "GET /?a=52167893041690&mod=b17b1ffe&uri=news.php%3Fid%3D1745229-250%26name%3Dbrown+vans+sport+suede+review HTTP/2.0" 200 20643 "-" "Mozilla/5.0 AppleWebKit/537.36 (KHTML, like Gecko; compatible; bingbot/2.0; +http://www.bing.com/bingbot.htm) Chrome/116.0.1938.76 Safari/537.36" 283 **0/283792**
40.77.167.151 - - [26/Nov/2025:12:04:02 -0700] "GET /?a=108546699081690&mod=4f18f486&uri=article.php%3Fid%3D3632113-545%26name%3Ddark+mauve+bomber+jacket HTTP/2.0" 200 20413 "-" "Mozilla/5.0 AppleWebKit/537.36 (KHTML, like Gecko; compatible; bingbot/2.0; +http://www.bing.com/bingbot.htm) Chrome/116.0.1938.76 Safari/537.36" 266 **0/266719**
40.77.167.151 - - [26/Nov/2025:12:04:03 -0700] "GET /product/edit/17562635001690 HTTP/2.0" 200 21567 "-" "Mozilla/5.0 AppleWebKit/537.36 (KHTML, like Gecko; compatible; bingbot/2.0; +http://www.bing.com/bingbot.htm) Chrome/116.0.1938.76 Safari/537.36" 273 **0/273985**
40.77.167.32 - - [26/Nov/2025:12:04:08 -0700] "GET /?a=74303588001690&mod=69091bb9&uri=category-info.php%3Fid%3D2486043-639%26name%3Dv+neck+bell+sleeve+party+dress HTTP/2.0" 200 21700 "-" "Mozilla/5.0 AppleWebKit/537.36 (KHTML, like Gecko; compatible; bingbot/2.0; +http://www.bing.com/bingbot.htm) Chrome/116.0.1938.76 Safari/537.36" 327 **0/327802**
20.15.133.191 - - [26/Nov/2025:12:04:10 -0700] "GET /?a=23281105021690&mod=2f3bbb97&uri=article.php%3Fid%3D778805-49%26name%3Dsuper+mario+bros+nintendo+birthday+presents HTTP/2.0" 200 21439 "-" "Mozilla/5.0 AppleWebKit/537.36 (KHTML, like Gecko; compatible; bingbot/2.0; +http://www.bing.com/bingbot.htm) Chrome/116.0.1938.76 Safari/537.36" 271 **0/271695**
52.167.144.227 - - [26/Nov/2025:12:04:16 -0700] "GET /?a=114764088071690&mod=398024cb&uri=article.php%3Fid%3D3840058-78%26name%3Dpresent+surprise+pearl+lol+surprise HTTP/2.0" 200 19681 "-" "Mozilla/5.0 AppleWebKit/537.36 (KHTML, like Gecko; compatible; bingbot/2.0; +http://www.bing.com/bingbot.htm) Chrome/116.0.1938.76 Safari/537.36" 310 **0/310361**
20.15.133.174 - - [26/Nov/2025:12:04:20 -0700] "GET /?a=93902635031690&mod=3292cdae&uri=shared.php%3Fid%3D3141932-476%26name%3Dkimono+gilet+long+dentelle+femme HTTP/2.0" 200 20497 "-" "Mozilla/5.0 AppleWebKit/537.36 (KHTML, like Gecko; compatible; bingbot/2.0; +http://www.bing.com/bingbot.htm) Chrome/116.0.1938.76 Safari/537.36" 261 **0/261591**
20.15.133.191 - - [26/Nov/2025:12:04:20 -0700] "GET /?a=22245503031690&mod=c80d4a2c&uri=goods.php%3Fid%3D744178-249%26name%3Dhuggie+earrings+diamond+drop+earrings+nz HTTP/2.0" 200 21173 "-" "Mozilla/5.0 AppleWebKit/537.36 (KHTML, like Gecko; compatible; bingbot/2.0; +http://www.bing.com/bingbot.htm) Chrome/116.0.1938.76 Safari/537.36" 303 **0/303966**
85.208.96.207 - - [26/Nov/2025:12:04:26 -0700] "GET /?a=112570773081690&mod=f484e641&uri=goods.php%3Fid%3D3766705-1436%26name%3Dlouboutin%2Bsuede%2Broyal%2Bblue%2Bchristian%2Blouboutin%2Bmens HTTP/1.1" 200 2554 "-" "Mozilla/5.0 (compatible; SemrushBot/7~bl; +http://www.semrush.com/bot.html)" 99 **0/99831**
85.208.96.212 - - [26/Nov/2025:12:04:27 -0700] "GET /?a=91604057091690&mod=236f119f&uri=pin.php%3Fid%3D3065032-75%26name%3Dcouple%2Bname%2Bgold%2Bchain%2Bpendant%2Bwith%2Bname HTTP/1.1" 200 2554 "-" "Mozilla/5.0 (compatible; SemrushBot/7~bl; +http://www.semrush.com/bot.html)" 104 **0/104500**
52.167.144.227 - - [26/Nov/2025:12:04:31 -0700] "GET /?a=65020716051690&mod=a2009556&uri=dp.php%3Fid%3D2175350-218%26name%3Dariat+m5+stackable+straight+leg+jean HTTP/2.0" 200 20273 "-" "Mozilla/5.0 AppleWebKit/537.36 (KHTML, like Gecko; compatible; bingbot/2.0; +http://www.bing.com/bingbot.htm) Chrome/116.0.1938.76 Safari/537.36" 248 **0/248957**
40.77.167.76 - - [26/Nov/2025:12:04:44 -0700] "GET /?a=69306724031690&mod=6135ca9d&uri=pin.php%3Fid%3D2318738-764%26name%3Dtalon+tendance+bottines+hiver+2019 HTTP/2.0" 200 20411 "-" "Mozilla/5.0 AppleWebKit/537.36 (KHTML, like Gecko; compatible; bingbot/2.0; +http://www.bing.com/bingbot.htm) Chrome/116.0.1938.76 Safari/537.36" 346 **0/346913**
40.77.167.76 - - [26/Nov/2025:12:04:45 -0700] "GET /?a=5400390051690&mod=1a32df83&uri=form.php?id=180636-81&name=trimmer%20blower%20combo%20dewalt%2020v%20xr%20string%20trimmer HTTP/2.0" 200 20679 "-" "Mozilla/5.0 AppleWebKit/537.36 (KHTML, like Gecko; compatible; bingbot/2.0; +http://www.bing.com/bingbot.htm) Chrome/116.0.1938.76 Safari/537.36" 279 **0/279954**
40.77.167.32 - - [26/Nov/2025:12:04:45 -0700] "GET /product/edit/105986147071690 HTTP/2.0" 200 20597 "-" "Mozilla/5.0 AppleWebKit/537.36 (KHTML, like Gecko; compatible; bingbot/2.0; +http://www.bing.com/bingbot.htm) Chrome/116.0.1938.76 Safari/537.36" 286 **0/286397**
40.77.167.75 - - [26/Nov/2025:12:04:53 -0700] "GET /?a=65483469071690&mod=77c493ec&uri=form.php%3Fid%3D2190833-35%26name%3Dsega+genesis+handheld+games HTTP/2.0" 200 20168 "-" "Mozilla/5.0 AppleWebKit/537.36 (KHTML, like Gecko; compatible; bingbot/2.0; +http://www.bing.com/bingbot.htm) Chrome/116.0.1938.76 Safari/537.36" 249 **0/249656**
66.249.72.194 - - [26/Nov/2025:12:04:55 -0700] "GET /?a=59004268031690&mod=325995af&uri=form.php%3Fid%3D1974036-20%26name%3Dfreestyle+predator+shark+freestyle+watch+battery HTTP/1.1" 200 21407 "-" "Mozilla/5.0 (Linux; Android 6.0.1; Nexus 5X Build/MMB29P) AppleWebKit/537.36 (KHTML, like Gecko) Chrome/141.0.7390.122 Mobile Safari/537.36 (compatible; Googlebot/2.1; +http://www.google.com/bot.html)" 1222 **1/1222482**
52.167.144.227 - - [26/Nov/2025:12:04:57 -0700] "GET /?a=98543893001690&mod=27d342e9&uri=products.php%3Fid%3D3297325-363%26name%3Dpeugeot+paris+nice+velo HTTP/2.0" 200 20705 "-" "Mozilla/5.0 AppleWebKit/537.36 (KHTML, like Gecko; compatible; bingbot/2.0; +http://www.bing.com/bingbot.htm) Chrome/116.0.1938.76 Safari/537.36" 235 **0/235399**
40.77.167.151 - - [26/Nov/2025:12:05:05 -0700] "GET /?a=36331869041690&mod=e77a9fb9&uri=category-info.php%3Fid%3D1215408-263%26name%3Dtrack+and+field+200m+sprint+workouts HTTP/2.0" 200 21668 "-" "Mozilla/5.0 AppleWebKit/537.36 (KHTML, like Gecko; compatible; bingbot/2.0; +http://www.bing.com/bingbot.htm) Chrome/116.0.1938.76 Safari/537.36" 286 **0/286227**
20.15.133.184 - - [26/Nov/2025:12:05:21 -0700] "GET /?a=8009190041690&mod=d0cc167c&uri=category-info.php%3Fid%3D267879-967%26name%3Dcolor+verde+vestidos+para+damas+de+boda+ni%C3%83%C2%B1as HTTP/2.0" 200 21325 "-" "Mozilla/5.0 AppleWebKit/537.36 (KHTML, like Gecko; compatible; bingbot/2.0; +http://www.bing.com/bingbot.htm) Chrome/116.0.1938.76 Safari/537.36" 323 **0/323966**
185.191.171.13 - - [26/Nov/2025:12:05:34 -0700] "GET /?a=26490489021690&mod=0928a2ac&uri=product.php%3Fid%3D886178-788%26name%3Drunning%2Bshoes%2Bblack%2Bcool%2Bshoes HTTP/1.1" 200 2554 "-" "Mozilla/5.0 (compatible; SemrushBot/7~bl; +http://www.semrush.com/bot.html)" 101 **0/101968**
40.77.167.151 - - [26/Nov/2025:12:05:45 -0700] "GET /?a=33553366001690&mod=d39e8a0d&uri=brands.php%3Fid%3D1122440-528%26name%3Dgarmin+fenix+pro+solar+cena HTTP/2.0" 200 21393 "-" "Mozilla/5.0 AppleWebKit/537.36 (KHTML, like Gecko; compatible; bingbot/2.0; +http://www.bing.com/bingbot.htm) Chrome/116.0.1938.76 Safari/537.36" 295 **0/295957**
40.77.167.75 - - [26/Nov/2025:12:05:52 -0700] "GET /?a=111740082071690&mod=5227fa9a&uri=form.php%3Fid%3D3738938-65%26name%3Dbolt+size+camera+stand+thread+size HTTP/2.0" 200 20667 "-" "Mozilla/5.0 AppleWebKit/537.36 (KHTML, like Gecko; compatible; bingbot/2.0; +http://www.bing.com/bingbot.htm) Chrome/116.0.1938.76 Safari/537.36" 329 **0/329662**
85.208.96.201 - - [26/Nov/2025:12:05:55 -0700] "GET /?a=6029088021690&mod=77c493ec&uri=goods.php%3Fid%3D201658-35%26name%3Dthe%2Bmean%2Bgreens%2Bgreen%2Barmy%2Bmen%2Bvideo%2Bgame HTTP/1.1" 200 2554 "-" "Mozilla/5.0 (compatible; SemrushBot/7~bl; +http://www.semrush.com/bot.html)" 113 **0/113013**
40.77.167.76 - - [26/Nov/2025:12:05:55 -0700] "GET /?a=5388962051690&mod=1a32df83&uri=shop.php%3Fid%3D180254-81%26name%3Deinhell+power+einhell+chainsaw+battery HTTP/2.0" 200 20790 "-" "Mozilla/5.0 AppleWebKit/537.36 (KHTML, like Gecko; compatible; bingbot/2.0; +http://www.bing.com/bingbot.htm) Chrome/116.0.1938.76 Safari/537.36" 260 **0/260933**
40.77.167.76 - - [26/Nov/2025:12:05:56 -0700] "GET /?a=97523741051690&mod=aa2d4ab1&uri=category-info.php%3Fid%3D3263142-799%26name%3Dcolnago+v3+size+chart HTTP/2.0" 200 20316 "-" "Mozilla/5.0 AppleWebKit/537.36 (KHTML, like Gecko; compatible; bingbot/2.0; +http://www.bing.com/bingbot.htm) Chrome/116.0.1938.76 Safari/537.36" 261 **0/261693**
40.77.167.151 - - [26/Nov/2025:12:06:15 -0700] "GET /?a=12756009101690&mod=4c26774d&uri=goods.php%3Fid%3D426764-58%26name%3Dsvartpilen+125+husqvarna+motorcycles+parent+organization HTTP/2.0" 200 21439 "-" "Mozilla/5.0 AppleWebKit/537.36 (KHTML, like Gecko; compatible; bingbot/2.0; +http://www.bing.com/bingbot.htm) Chrome/116.0.1938.76 Safari/537.36" 289 **0/289554**
40.77.167.76 - - [26/Nov/2025:12:06:15 -0700] "GET /?a=64858453031690&mod=0c74b7f7&uri=itm.php%3Fid%3D2169930-3%26name%3Doffice+chair+under+chair+exercise+bike HTTP/2.0" 200 21519 "-" "Mozilla/5.0 AppleWebKit/537.36 (KHTML, like Gecko; compatible; bingbot/2.0; +http://www.bing.com/bingbot.htm) Chrome/116.0.1938.76 Safari/537.36" 304 **0/304565**
40.77.167.123 - - [26/Nov/2025:12:06:20 -0700] "GET /?a=119509932071690&mod=69e76024&uri=search.php%3Fid%3D3998880-325%26name%3Dfridge+freezer+12v+240v+cool+box HTTP/2.0" 200 20358 "-" "Mozilla/5.0 AppleWebKit/537.36 (KHTML, like Gecko; compatible; bingbot/2.0; +http://www.bing.com/bingbot.htm) Chrome/116.0.1938.76 Safari/537.36" 248 **0/248459**
40.77.167.3 - - [26/Nov/2025:12:06:20 -0700] "GET /?a=2076819031690&mod=8158fa3e&uri=blog.php%3Fid%3D69408-322%26name%3Dtitanium+29+forks HTTP/2.0" 200 20973 "-" "Mozilla/5.0 AppleWebKit/537.36 (KHTML, like Gecko; compatible; bingbot/2.0; +http://www.bing.com/bingbot.htm) Chrome/116.0.1938.76 Safari/537.36" 252 **0/252532**
20.15.133.165 - - [26/Nov/2025:12:06:22 -0700] "GET /robots.txt HTTP/2.0" 200 74 "-" "Mozilla/5.0 AppleWebKit/537.36 (KHTML, like Gecko; compatible; bingbot/2.0; +http://www.bing.com/bingbot.htm) Chrome/116.0.1938.76 Safari/537.36" 93 **0/93367**
20.15.133.165 - - [26/Nov/2025:12:06:22 -0700] "GET /robots.txt HTTP/2.0" 200 74 "-" "Mozilla/5.0 AppleWebKit/537.36 (KHTML, like Gecko; compatible; bingbot/2.0; +http://www.bing.com/bingbot.htm) Chrome/116.0.1938.76 Safari/537.36" 95 **0/95216**
52.167.144.227 - - [26/Nov/2025:12:06:25 -0700] "GET /?a=64682978011690&mod=fb4c4860&uri=search.php%3Fid%3D2164059-40%26name%3Damazon+ghost+game+of+thrones+funko+pop HTTP/2.0" 200 21218 "-" "Mozilla/5.0 AppleWebKit/537.36 (KHTML, like Gecko; compatible; bingbot/2.0; +http://www.bing.com/bingbot.htm) Chrome/116.0.1938.76 Safari/537.36" 272 **0/272094**
40.77.167.3 - - [26/Nov/2025:12:06:57 -0700] "GET /?a=78361826031690&mod=add05065&uri=article.php%3Fid%3D2621876-1334%26name%3Ddoona+infant+car+seat+stroller HTTP/2.0" 200 21259 "-" "Mozilla/5.0 AppleWebKit/537.36 (KHTML, like Gecko; compatible; bingbot/2.0; +http://www.bing.com/bingbot.htm) Chrome/116.0.1938.76 Safari/537.36" 309 **0/309586**
20.15.133.174 - - [26/Nov/2025:12:07:01 -0700] "GET /?a=106040891081690&mod=8cd7775f&uri=news.php%3Fid%3D3548279-85%26name%3Dcapilar+keratina+madathi HTTP/2.0" 200 21027 "-" "Mozilla/5.0 AppleWebKit/537.36 (KHTML, like Gecko; compatible; bingbot/2.0; +http://www.bing.com/bingbot.htm) Chrome/116.0.1938.76 Safari/537.36" 306 **0/306350**
40.77.167.76 - - [26/Nov/2025:12:07:05 -0700] "GET /?a=30590416131690&mod=27a748f0&uri=shop.php%3Fid%3D1023293-1360%26name%3Dset+backpacks+for+kids HTTP/2.0" 200 20577 "-" "Mozilla/5.0 AppleWebKit/537.36 (KHTML, like Gecko; compatible; bingbot/2.0; +http://www.bing.com/bingbot.htm) Chrome/116.0.1938.76 Safari/537.36" 297 **0/297468**
40.77.167.123 - - [26/Nov/2025:12:07:28 -0700] "GET /?a=65236932001690&mod=9e014d8c&uri=itm.php%3Fid%3D2182581-451%26name%3D0412+h5+fv+lenga+monocomando HTTP/2.0" 200 20719 "-" "Mozilla/5.0 AppleWebKit/537.36 (KHTML, like Gecko; compatible; bingbot/2.0; +http://www.bing.com/bingbot.htm) Chrome/116.0.1938.76 Safari/537.36" 340 **0/340101**
20.15.133.184 - - [26/Nov/2025:12:07:32 -0700] "GET /?a=113993170061690&mod=38990c06&uri=goods.php%3Fid%3D3814273-527%26name%3Deagles+nfl+bilasports+nfl+stream HTTP/2.0" 200 20851 "-" "Mozilla/5.0 AppleWebKit/537.36 (KHTML, like Gecko; compatible; bingbot/2.0; +http://www.bing.com/bingbot.htm) Chrome/116.0.1938.76 Safari/537.36" 284 **0/284372**
40.77.167.76 - - [26/Nov/2025:12:07:35 -0700] "GET /?a=97368121071690&mod=68c694de&uri=category-info.php%3Fid%3D3257938-18%26name%3Dhonda+glamour+bike+new+price HTTP/2.0" 200 21041 "-" "Mozilla/5.0 AppleWebKit/537.36 (KHTML, like Gecko; compatible; bingbot/2.0; +http://www.bing.com/bingbot.htm) Chrome/116.0.1938.76 Safari/537.36" 265 **0/265935**
185.191.171.5 - - [26/Nov/2025:12:07:46 -0700] "GET /?a=36120752001690&mod=1e2d681b&uri=blog.php%3Fid%3D1208360-235%26name%3Dhadapsar%2Bpune%2Bwall%2Bair%2Bconditioner%2Binstallation%2Bnear%2Bme HTTP/1.1" 200 2554 "-" "Mozilla/5.0 (compatible; SemrushBot/7~bl; +http://www.semrush.com/bot.html)" 106 **0/106411**
185.191.171.6 - - [26/Nov/2025:12:07:47 -0700] "GET /?a=48559393041690&mod=4520957b&uri=news.php%3Fid%3D1624478-1728%26name%3Dclothing%2Bselectshop%2Bthrasher HTTP/1.1" 200 2554 "-" "Mozilla/5.0 (compatible; SemrushBot/7~bl; +http://www.semrush.com/bot.html)" 94 **0/94789**
20.15.133.184 - - [26/Nov/2025:12:07:51 -0700] "GET /?a=23321116031690&mod=1c009f16&uri=form.php%3Fid%3D780143-331%26name%3Dgros+noeud+papillon+robe+avec+noeud+a+la+taille HTTP/2.0" 200 20849 "-" "Mozilla/5.0 AppleWebKit/537.36 (KHTML, like Gecko; compatible; bingbot/2.0; +http://www.bing.com/bingbot.htm) Chrome/116.0.1938.76 Safari/537.36" 269 **0/269904**
40.77.167.76 - - [26/Nov/2025:12:07:56 -0700] "GET /?a=114562818041690&mod=be077c4d&uri=shop.php%3Fid%3D3833317-1784%26name%3Dleather+ulysse+nardin+monopusher HTTP/2.0" 200 19738 "-" "Mozilla/5.0 AppleWebKit/537.36 (KHTML, like Gecko; compatible; bingbot/2.0; +http://www.bing.com/bingbot.htm) Chrome/116.0.1938.76 Safari/537.36" 279 **0/279872**
40.77.167.123 - - [26/Nov/2025:12:07:57 -0700] "GET /?a=51295681071690&mod=d6116f99&uri=goods.php%3Fid%3D1716030-615%26name%3Drolex+gmt+how+do+i+tell+if+my+rolex+is+real HTTP/2.0" 200 20570 "-" "Mozilla/5.0 AppleWebKit/537.36 (KHTML, like Gecko; compatible; bingbot/2.0; +http://www.bing.com/bingbot.htm) Chrome/116.0.1938.76 Safari/537.36" 250 **0/250490**
66.249.72.194 - - [26/Nov/2025:12:07:58 -0700] "GET /?a=49831621021690&mod=d157d577&uri=goods.php%3Fid%3D1667075-239%26name%3Ddos+eastpak+hutson+eastpak HTTP/1.1" 200 20796 "-" "Mozilla/5.0 (Linux; Android 6.0.1; Nexus 5X Build/MMB29P) AppleWebKit/537.36 (KHTML, like Gecko) Chrome/141.0.7390.122 Mobile Safari/537.36 (compatible; Googlebot/2.1; +http://www.google.com/bot.html)" 273 **0/273798**
52.167.144.227 - - [26/Nov/2025:12:08:13 -0700] "GET /?a=26276722011690&mod=7fa3244f&uri=us.php%3Fid%3D879028-359%26name%3Dleather+boots+call+it+spring+mens+boots HTTP/2.0" 200 21520 "-" "Mozilla/5.0 AppleWebKit/537.36 (KHTML, like Gecko; compatible; bingbot/2.0; +http://www.bing.com/bingbot.htm) Chrome/116.0.1938.76 Safari/537.36" 494 **0/494662**
52.167.144.227 - - [26/Nov/2025:12:08:15 -0700] "GET /?a=94008060041690&mod=c80d4a2c&uri=article.php%3Fid%3D3145458-249%26name%3Dmadison+nj+rose+city+jewelers HTTP/2.0" 200 21181 "-" "Mozilla/5.0 AppleWebKit/537.36 (KHTML, like Gecko; compatible; bingbot/2.0; +http://www.bing.com/bingbot.htm) Chrome/116.0.1938.76 Safari/537.36" 280 **0/280689**
47.128.50.78 - - [26/Nov/2025:12:08:17 -0700] "GET /?a=15057551031690&mod=82d3149f&uri=dp.php%3Fid%3D503742-94%26name%3Dlight+bar+roof+bars HTTP/2.0" 403 2016 "-" "Mozilla/5.0 (Linux; Android 5.0) AppleWebKit/537.36 (KHTML, like Gecko) Mobile Safari/537.36 (compatible; Bytespider; spider-feedback@bytedance.com)" 106 **0/106381**
47.128.99.171 - - [26/Nov/2025:12:08:17 -0700] "GET /?a=64160462011690&mod=ea56b27f&uri=category-info.php%3Fid%3D2146586-328%26name%3Dheadphones+auriculares+bluetooth+holyhigh HTTP/2.0" 403 2016 "-" "Mozilla/5.0 (Linux; Android 5.0) AppleWebKit/537.36 (KHTML, like Gecko) Mobile Safari/537.36 (compatible; Bytespider; spider-feedback@bytedance.com)" 97 **0/97803**
47.128.50.78 - - [26/Nov/2025:12:08:18 -0700] "GET /assets/css/bootstrap.min.css HTTP/2.0" 403 2016 "https://blalockdialysiscenter.com/?a=15057551031690&mod=82d3149f&uri=dp.php%3Fid%3D503742-94%26name%3Dlight+bar+roof+bars" "Mozilla/5.0 (Linux; Android 5.0) AppleWebKit/537.36 (KHTML, like Gecko) Mobile Safari/537.36 (compatible; Bytespider; spider-feedback@bytedance.com)" 93 **0/93321**
47.128.99.171 - - [26/Nov/2025:12:08:18 -0700] "GET /assets/css/owl.carousel.min.css HTTP/2.0" 403 2016 "https://www.blalockdialysiscenter.com/?a=64160462011690&mod=ea56b27f&uri=category-info.php%3Fid%3D2146586-328%26name%3Dheadphones+auriculares+bluetooth+holyhigh" "Mozilla/5.0 (Linux; Android 5.0) AppleWebKit/537.36 (KHTML, like Gecko) Mobile Safari/537.36 (compatible; Bytespider; spider-feedback@bytedance.com)" 91 **0/91483**
47.128.99.171 - - [26/Nov/2025:12:08:18 -0700] "GET /assets/css/bootstrap.min.css HTTP/2.0" 403 2016 "https://www.blalockdialysiscenter.com/?a=64160462011690&mod=ea56b27f&uri=category-info.php%3Fid%3D2146586-328%26name%3Dheadphones+auriculares+bluetooth+holyhigh" "Mozilla/5.0 (Linux; Android 5.0) AppleWebKit/537.36 (KHTML, like Gecko) Mobile Safari/537.36 (compatible; Bytespider; spider-feedback@bytedance.com)" 105 **0/105422**
47.128.50.78 - - [26/Nov/2025:12:08:18 -0700] "GET /assets/css/owl.theme.default.min.css HTTP/2.0" 403 2016 "https://blalockdialysiscenter.com/?a=15057551031690&mod=82d3149f&uri=dp.php%3Fid%3D503742-94%26name%3Dlight+bar+roof+bars" "Mozilla/5.0 (Linux; Android 5.0) AppleWebKit/537.36 (KHTML, like Gecko) Mobile Safari/537.36 (compatible; Bytespider; spider-feedback@bytedance.com)" 91 **0/91798**
47.128.50.78 - - [26/Nov/2025:12:08:18 -0700] "GET /assets/css/icofont.min.css HTTP/2.0" 403 2016 "https://blalockdialysiscenter.com/?a=15057551031690&mod=82d3149f&uri=dp.php%3Fid%3D503742-94%26name%3Dlight+bar+roof+bars" "Mozilla/5.0 (Linux; Android 5.0) AppleWebKit/537.36 (KHTML, like Gecko) Mobile Safari/537.36 (compatible; Bytespider; spider-feedback@bytedance.com)" 101 **0/101705**
47.128.50.78 - - [26/Nov/2025:12:08:18 -0700] "GET /assets/css/meanmenu.css HTTP/2.0" 403 2016 "https://blalockdialysiscenter.com/?a=15057551031690&mod=82d3149f&uri=dp.php%3Fid%3D503742-94%26name%3Dlight+bar+roof+bars" "Mozilla/5.0 (Linux; Android 5.0) AppleWebKit/537.36 (KHTML, like Gecko) Mobile Safari/537.36 (compatible; Bytespider; spider-feedback@bytedance.com)" 118 **0/118585**
47.128.50.78 - - [26/Nov/2025:12:08:18 -0700] "GET /assets/css/owl.carousel.min.css HTTP/2.0" 403 2016 "https://blalockdialysiscenter.com/?a=15057551031690&mod=82d3149f&uri=dp.php%3Fid%3D503742-94%26name%3Dlight+bar+roof+bars" "Mozilla/5.0 (Linux; Android 5.0) AppleWebKit/537.36 (KHTML, like Gecko) Mobile Safari/537.36 (compatible; Bytespider; spider-feedback@bytedance.com)" 127 **0/127843**
47.128.50.78 - - [26/Nov/2025:12:08:18 -0700] "GET /assets/css/slick.min.css HTTP/2.0" 403 2016 "https://blalockdialysiscenter.com/?a=15057551031690&mod=82d3149f&uri=dp.php%3Fid%3D503742-94%26name%3Dlight+bar+roof+bars" "Mozilla/5.0 (Linux; Android 5.0) AppleWebKit/537.36 (KHTML, like Gecko) Mobile Safari/537.36 (compatible; Bytespider; spider-feedback@bytedance.com)" 130 **0/130829**
47.128.50.78 - - [26/Nov/2025:12:08:18 -0700] "GET /assets/css/slick-theme.min.css HTTP/2.0" 403 2016 "https://blalockdialysiscenter.com/?a=15057551031690&mod=82d3149f&uri=dp.php%3Fid%3D503742-94%26name%3Dlight+bar+roof+bars" "Mozilla/5.0 (Linux; Android 5.0) AppleWebKit/537.36 (KHTML, like Gecko) Mobile Safari/537.36 (compatible; Bytespider; spider-feedback@bytedance.com)" 139 **0/139306**
47.128.50.78 - - [26/Nov/2025:12:08:18 -0700] "GET /assets/css/animate.css HTTP/2.0" 403 2016 "https://blalockdialysiscenter.com/?a=15057551031690&mod=82d3149f&uri=dp.php%3Fid%3D503742-94%26name%3Dlight+bar+roof+bars" "Mozilla/5.0 (Linux; Android 5.0) AppleWebKit/537.36 (KHTML, like Gecko) Mobile Safari/537.36 (compatible; Bytespider; spider-feedback@bytedance.com)" 188 **0/188316**
47.128.50.78 - - [26/Nov/2025:12:08:18 -0700] "GET /assets/css/magnific-popup.min.css HTTP/2.0" 403 2016 "https://blalockdialysiscenter.com/?a=15057551031690&mod=82d3149f&uri=dp.php%3Fid%3D503742-94%26name%3Dlight+bar+roof+bars" "Mozilla/5.0 (Linux; Android 5.0) AppleWebKit/537.36 (KHTML, like Gecko) Mobile Safari/537.36 (compatible; Bytespider; spider-feedback@bytedance.com)" 199 **0/199616**
47.128.50.78 - - [26/Nov/2025:12:08:18 -0700] "GET /assets/css/style.css HTTP/2.0" 403 2016 "https://blalockdialysiscenter.com/?a=15057551031690&mod=82d3149f&uri=dp.php%3Fid%3D503742-94%26name%3Dlight+bar+roof+bars" "Mozilla/5.0 (Linux; Android 5.0) AppleWebKit/537.36 (KHTML, like Gecko) Mobile Safari/537.36 (compatible; Bytespider; spider-feedback@bytedance.com)" 227 **0/227303**
47.128.50.78 - - [26/Nov/2025:12:08:18 -0700] "GET /assets/css/odometer.min.css HTTP/2.0" 403 2016 "https://blalockdialysiscenter.com/?a=15057551031690&mod=82d3149f&uri=dp.php%3Fid%3D503742-94%26name%3Dlight+bar+roof+bars" "Mozilla/5.0 (Linux; Android 5.0) AppleWebKit/537.36 (KHTML, like Gecko) Mobile Safari/537.36 (compatible; Bytespider; spider-feedback@bytedance.com)" 232 **0/232317**
47.128.50.78 - - [26/Nov/2025:12:08:18 -0700] "GET /assets/css/responsive.css HTTP/2.0" 403 2016 "https://blalockdialysiscenter.com/?a=15057551031690&mod=82d3149f&uri=dp.php%3Fid%3D503742-94%26name%3Dlight+bar+roof+bars" "Mozilla/5.0 (Linux; Android 5.0) AppleWebKit/537.36 (KHTML, like Gecko) Mobile Safari/537.36 (compatible; Bytespider; spider-feedback@bytedance.com)" 241 **0/241951**
47.128.99.171 - - [26/Nov/2025:12:08:18 -0700] "GET /assets/css/owl.theme.default.min.css HTTP/2.0" 403 2016 "https://www.blalockdialysiscenter.com/?a=64160462011690&mod=ea56b27f&uri=category-info.php%3Fid%3D2146586-328%26name%3Dheadphones+auriculares+bluetooth+holyhigh" "Mozilla/5.0 (Linux; Android 5.0) AppleWebKit/537.36 (KHTML, like Gecko) Mobile Safari/537.36 (compatible; Bytespider; spider-feedback@bytedance.com)" 107 **0/107495**
47.128.99.171 - - [26/Nov/2025:12:08:18 -0700] "GET /assets/css/icofont.min.css HTTP/2.0" 403 2016 "https://www.blalockdialysiscenter.com/?a=64160462011690&mod=ea56b27f&uri=category-info.php%3Fid%3D2146586-328%26name%3Dheadphones+auriculares+bluetooth+holyhigh" "Mozilla/5.0 (Linux; Android 5.0) AppleWebKit/537.36 (KHTML, like Gecko) Mobile Safari/537.36 (compatible; Bytespider; spider-feedback@bytedance.com)" 110 **0/110546**
47.128.99.171 - - [26/Nov/2025:12:08:18 -0700] "GET /assets/css/magnific-popup.min.css HTTP/2.0" 403 2016 "https://www.blalockdialysiscenter.com/?a=64160462011690&mod=ea56b27f&uri=category-info.php%3Fid%3D2146586-328%26name%3Dheadphones+auriculares+bluetooth+holyhigh" "Mozilla/5.0 (Linux; Android 5.0) AppleWebKit/537.36 (KHTML, like Gecko) Mobile Safari/537.36 (compatible; Bytespider; spider-feedback@bytedance.com)" 112 **0/112524**
47.128.99.171 - - [26/Nov/2025:12:08:18 -0700] "GET /assets/css/meanmenu.css HTTP/2.0" 403 2016 "https://www.blalockdialysiscenter.com/?a=64160462011690&mod=ea56b27f&uri=category-info.php%3Fid%3D2146586-328%26name%3Dheadphones+auriculares+bluetooth+holyhigh" "Mozilla/5.0 (Linux; Android 5.0) AppleWebKit/537.36 (KHTML, like Gecko) Mobile Safari/537.36 (compatible; Bytespider; spider-feedback@bytedance.com)" 121 **0/121861**
47.128.99.171 - - [26/Nov/2025:12:08:18 -0700] "GET /assets/css/odometer.min.css HTTP/2.0" 403 2016 "https://www.blalockdialysiscenter.com/?a=64160462011690&mod=ea56b27f&uri=category-info.php%3Fid%3D2146586-328%26name%3Dheadphones+auriculares+bluetooth+holyhigh" "Mozilla/5.0 (Linux; Android 5.0) AppleWebKit/537.36 (KHTML, like Gecko) Mobile Safari/537.36 (compatible; Bytespider; spider-feedback@bytedance.com)" 144 **0/144315**
47.128.99.171 - - [26/Nov/2025:12:08:18 -0700] "GET /assets/css/slick-theme.min.css HTTP/2.0" 403 2016 "https://www.blalockdialysiscenter.com/?a=64160462011690&mod=ea56b27f&uri=category-info.php%3Fid%3D2146586-328%26name%3Dheadphones+auriculares+bluetooth+holyhigh" "Mozilla/5.0 (Linux; Android 5.0) AppleWebKit/537.36 (KHTML, like Gecko) Mobile Safari/537.36 (compatible; Bytespider; spider-feedback@bytedance.com)" 146 **0/146924**
47.128.99.171 - - [26/Nov/2025:12:08:18 -0700] "GET /assets/css/animate.css HTTP/2.0" 403 2016 "https://www.blalockdialysiscenter.com/?a=64160462011690&mod=ea56b27f&uri=category-info.php%3Fid%3D2146586-328%26name%3Dheadphones+auriculares+bluetooth+holyhigh" "Mozilla/5.0 (Linux; Android 5.0) AppleWebKit/537.36 (KHTML, like Gecko) Mobile Safari/537.36 (compatible; Bytespider; spider-feedback@bytedance.com)" 150 **0/150596**
47.128.99.171 - - [26/Nov/2025:12:08:18 -0700] "GET /assets/css/style.css HTTP/2.0" 403 2016 "https://www.blalockdialysiscenter.com/?a=64160462011690&mod=ea56b27f&uri=category-info.php%3Fid%3D2146586-328%26name%3Dheadphones+auriculares+bluetooth+holyhigh" "Mozilla/5.0 (Linux; Android 5.0) AppleWebKit/537.36 (KHTML, like Gecko) Mobile Safari/537.36 (compatible; Bytespider; spider-feedback@bytedance.com)" 163 **0/163318**
47.128.99.171 - - [26/Nov/2025:12:08:18 -0700] "GET /assets/css/slick.min.css HTTP/2.0" 403 2016 "https://www.blalockdialysiscenter.com/?a=64160462011690&mod=ea56b27f&uri=category-info.php%3Fid%3D2146586-328%26name%3Dheadphones+auriculares+bluetooth+holyhigh" "Mozilla/5.0 (Linux; Android 5.0) AppleWebKit/537.36 (KHTML, like Gecko) Mobile Safari/537.36 (compatible; Bytespider; spider-feedback@bytedance.com)" 164 **0/164102**
47.128.99.171 - - [26/Nov/2025:12:08:18 -0700] "GET /assets/css/responsive.css HTTP/2.0" 403 2016 "https://www.blalockdialysiscenter.com/?a=64160462011690&mod=ea56b27f&uri=category-info.php%3Fid%3D2146586-328%26name%3Dheadphones+auriculares+bluetooth+holyhigh" "Mozilla/5.0 (Linux; Android 5.0) AppleWebKit/537.36 (KHTML, like Gecko) Mobile Safari/537.36 (compatible; Bytespider; spider-feedback@bytedance.com)" 170 **0/170633**
47.128.50.78 - - [26/Nov/2025:12:08:18 -0700] "GET /assets/img/logo_new.jpg HTTP/2.0" 403 7157 "https://blalockdialysiscenter.com/?a=15057551031690&mod=82d3149f&uri=dp.php%3Fid%3D503742-94%26name%3Dlight+bar+roof+bars" "Mozilla/5.0 (Linux; Android 5.0) AppleWebKit/537.36 (KHTML, like Gecko) Mobile Safari/537.36 (compatible; Bytespider; spider-feedback@bytedance.com)" 96 **0/96040**
47.128.99.171 - - [26/Nov/2025:12:08:18 -0700] "GET /admin/upload/banner_image/1653491564_1.jpg HTTP/2.0" 403 7157 "https://www.blalockdialysiscenter.com/?a=64160462011690&mod=ea56b27f&uri=category-info.php%3Fid%3D2146586-328%26name%3Dheadphones+auriculares+bluetooth+holyhigh" "Mozilla/5.0 (Linux; Android 5.0) AppleWebKit/537.36 (KHTML, like Gecko) Mobile Safari/537.36 (compatible; Bytespider; spider-feedback@bytedance.com)" 94 **0/94502**
47.128.50.78 - - [26/Nov/2025:12:08:19 -0700] "GET /admin/upload/banner_image/1653491580_2.jpg HTTP/2.0" 403 7157 "https://blalockdialysiscenter.com/?a=15057551031690&mod=82d3149f&uri=dp.php%3Fid%3D503742-94%26name%3Dlight+bar+roof+bars" "Mozilla/5.0 (Linux; Android 5.0) AppleWebKit/537.36 (KHTML, like Gecko) Mobile Safari/537.36 (compatible; Bytespider; spider-feedback@bytedance.com)" 90 **0/90604**
47.128.50.78 - - [26/Nov/2025:12:08:19 -0700] "GET /admin/upload/banner_image/1653491592_3.jpg HTTP/2.0" 403 7157 "https://blalockdialysiscenter.com/?a=15057551031690&mod=82d3149f&uri=dp.php%3Fid%3D503742-94%26name%3Dlight+bar+roof+bars" "Mozilla/5.0 (Linux; Android 5.0) AppleWebKit/537.36 (KHTML, like Gecko) Mobile Safari/537.36 (compatible; Bytespider; spider-feedback@bytedance.com)" 93 **0/93941**
47.128.50.78 - - [26/Nov/2025:12:08:19 -0700] "GET /assets/img/btn-portal.png HTTP/2.0" 403 7157 "https://blalockdialysiscenter.com/?a=15057551031690&mod=82d3149f&uri=dp.php%3Fid%3D503742-94%26name%3Dlight+bar+roof+bars" "Mozilla/5.0 (Linux; Android 5.0) AppleWebKit/537.36 (KHTML, like Gecko) Mobile Safari/537.36 (compatible; Bytespider; spider-feedback@bytedance.com)" 99 **0/99413**
47.128.50.78 - - [26/Nov/2025:12:08:19 -0700] "GET /admin/upload/banner_image/1653491564_1.jpg HTTP/2.0" 403 7157 "https://blalockdialysiscenter.com/?a=15057551031690&mod=82d3149f&uri=dp.php%3Fid%3D503742-94%26name%3Dlight+bar+roof+bars" "Mozilla/5.0 (Linux; Android 5.0) AppleWebKit/537.36 (KHTML, like Gecko) Mobile Safari/537.36 (compatible; Bytespider; spider-feedback@bytedance.com)" 104 **0/104119**
47.128.50.78 - - [26/Nov/2025:12:08:19 -0700] "GET /admin/upload/banner_image/1760478706_ooo.php HTTP/2.0" 403 7157 "https://blalockdialysiscenter.com/?a=15057551031690&mod=82d3149f&uri=dp.php%3Fid%3D503742-94%26name%3Dlight+bar+roof+bars" "Mozilla/5.0 (Linux; Android 5.0) AppleWebKit/537.36 (KHTML, like Gecko) Mobile Safari/537.36 (compatible; Bytespider; spider-feedback@bytedance.com)" 107 **0/107048**
47.128.99.171 - - [26/Nov/2025:12:08:19 -0700] "GET /admin/upload/banner_image/1653491592_3.jpg HTTP/2.0" 403 7157 "https://www.blalockdialysiscenter.com/?a=64160462011690&mod=ea56b27f&uri=category-info.php%3Fid%3D2146586-328%26name%3Dheadphones+auriculares+bluetooth+holyhigh" "Mozilla/5.0 (Linux; Android 5.0) AppleWebKit/537.36 (KHTML, like Gecko) Mobile Safari/537.36 (compatible; Bytespider; spider-feedback@bytedance.com)" 96 **0/96354**
47.128.99.171 - - [26/Nov/2025:12:08:19 -0700] "GET /assets/img/logo_new.jpg HTTP/2.0" 403 7157 "https://www.blalockdialysiscenter.com/?a=64160462011690&mod=ea56b27f&uri=category-info.php%3Fid%3D2146586-328%26name%3Dheadphones+auriculares+bluetooth+holyhigh" "Mozilla/5.0 (Linux; Android 5.0) AppleWebKit/537.36 (KHTML, like Gecko) Mobile Safari/537.36 (compatible; Bytespider; spider-feedback@bytedance.com)" 100 **0/100391**
47.128.99.171 - - [26/Nov/2025:12:08:19 -0700] "GET /assets/img/btn-portal.png HTTP/2.0" 403 7157 "https://www.blalockdialysiscenter.com/?a=64160462011690&mod=ea56b27f&uri=category-info.php%3Fid%3D2146586-328%26name%3Dheadphones+auriculares+bluetooth+holyhigh" "Mozilla/5.0 (Linux; Android 5.0) AppleWebKit/537.36 (KHTML, like Gecko) Mobile Safari/537.36 (compatible; Bytespider; spider-feedback@bytedance.com)" 101 **0/101872**
47.128.99.171 - - [26/Nov/2025:12:08:19 -0700] "GET /admin/upload/banner_image/1653491580_2.jpg HTTP/2.0" 403 7157 "https://www.blalockdialysiscenter.com/?a=64160462011690&mod=ea56b27f&uri=category-info.php%3Fid%3D2146586-328%26name%3Dheadphones+auriculares+bluetooth+holyhigh" "Mozilla/5.0 (Linux; Android 5.0) AppleWebKit/537.36 (KHTML, like Gecko) Mobile Safari/537.36 (compatible; Bytespider; spider-feedback@bytedance.com)" 109 **0/109378**
47.128.99.171 - - [26/Nov/2025:12:08:19 -0700] "GET /admin/upload/banner_image/1760478706_ooo.php HTTP/2.0" 403 7157 "https://www.blalockdialysiscenter.com/?a=64160462011690&mod=ea56b27f&uri=category-info.php%3Fid%3D2146586-328%26name%3Dheadphones+auriculares+bluetooth+holyhigh" "Mozilla/5.0 (Linux; Android 5.0) AppleWebKit/537.36 (KHTML, like Gecko) Mobile Safari/537.36 (compatible; Bytespider; spider-feedback@bytedance.com)" 112 **0/112852**
52.167.144.227 - - [26/Nov/2025:12:08:32 -0700] "GET /?a=5460561061690&mod=a71da2bb&uri=info.php?id=182649-613&name=zapatos%20chanclas%20bimba%20y%20lola%202021 HTTP/2.0" 200 20286 "-" "Mozilla/5.0 AppleWebKit/537.36 (KHTML, like Gecko; compatible; bingbot/2.0; +http://www.bing.com/bingbot.htm) Chrome/116.0.1938.76 Safari/537.36" 257 **0/257354**
40.77.167.76 - - [26/Nov/2025:12:08:36 -0700] "GET /?a=113919736001690&mod=c306791f&uri=form.php%3Fid%3D3811807-416%26name%3Dgolden+star+zapatillas+estrella+hombre HTTP/2.0" 200 20957 "-" "Mozilla/5.0 AppleWebKit/537.36 (KHTML, like Gecko; compatible; bingbot/2.0; +http://www.bing.com/bingbot.htm) Chrome/116.0.1938.76 Safari/537.36" 267 **0/267880**
40.77.167.76 - - [26/Nov/2025:12:08:37 -0700] "GET /?a=114461495031690&mod=966142f9&uri=pin.php%3Fid%3D3829936-956%26name%3Dnasa+airplane+shirt+h%26m HTTP/2.0" 200 20429 "-" "Mozilla/5.0 AppleWebKit/537.36 (KHTML, like Gecko; compatible; bingbot/2.0; +http://www.bing.com/bingbot.htm) Chrome/116.0.1938.76 Safari/537.36" 259 **0/259597**
20.15.133.184 - - [26/Nov/2025:12:08:52 -0700] "GET /?a=64748870051690&mod=bfc33550&uri=products.php%3Fid%3D2166259-1667%26name%3Dpolo+ralph+lauren+sullivan+slim+stretch+jean HTTP/2.0" 200 20127 "-" "Mozilla/5.0 AppleWebKit/537.36 (KHTML, like Gecko; compatible; bingbot/2.0; +http://www.bing.com/bingbot.htm) Chrome/116.0.1938.76 Safari/537.36" 232 **0/232932**
185.191.171.2 - - [26/Nov/2025:12:08:52 -0700] "GET /?a=117831751001690&mod=344a260f&uri=products.php%3Fid%3D3942730-1912%26name%3Dsneaker%2Bprix%2Bde%2Bair%2Bmax%2B720 HTTP/1.1" 200 2554 "-" "Mozilla/5.0 (compatible; SemrushBot/7~bl; +http://www.semrush.com/bot.html)" 97 **0/97469**
52.167.144.227 - - [26/Nov/2025:12:08:54 -0700] "GET /?a=84115333051690&mod=8ccb7fc7&uri=news.php%3Fid%3D2814375-1849%26name%3Danalog+watch+nk95041wm01 HTTP/2.0" 200 20288 "-" "Mozilla/5.0 AppleWebKit/537.36 (KHTML, like Gecko; compatible; bingbot/2.0; +http://www.bing.com/bingbot.htm) Chrome/116.0.1938.76 Safari/537.36" 244 **0/244499**
40.77.167.3 - - [26/Nov/2025:12:08:56 -0700] "GET /?a=108429777041690&mod=e800feb8&uri=form.php%3Fid%3D3628203-890%26name%3Dsolid+cotton+best+cotton+shirts HTTP/2.0" 200 20906 "-" "Mozilla/5.0 AppleWebKit/537.36 (KHTML, like Gecko; compatible; bingbot/2.0; +http://www.bing.com/bingbot.htm) Chrome/116.0.1938.76 Safari/537.36" 267 **0/267880**
40.77.167.3 - - [26/Nov/2025:12:08:57 -0700] "GET /?a=29919624011690&mod=8a57e2e0&uri=search.php%3Fid%3D1000868-700%26name%3Dsmall+michael+kors+backpack HTTP/2.0" 200 21522 "-" "Mozilla/5.0 AppleWebKit/537.36 (KHTML, like Gecko; compatible; bingbot/2.0; +http://www.bing.com/bingbot.htm) Chrome/116.0.1938.76 Safari/537.36" 308 **0/308262**
66.249.72.196 - - [26/Nov/2025:12:09:09 -0700] "GET /?a=105454131041690&mod=3f6ad121&uri=brands.php%3Fid%3D3528633-393%26name%3Dlakers+phoenix+suns+just+don+shorts HTTP/1.1" 200 21890 "-" "Mozilla/5.0 (Linux; Android 6.0.1; Nexus 5X Build/MMB29P) AppleWebKit/537.36 (KHTML, like Gecko) Chrome/141.0.7390.122 Mobile Safari/537.36 (compatible; Googlebot/2.1; +http://www.google.com/bot.html)" 229 **0/229005**
40.77.167.75 - - [26/Nov/2025:12:09:12 -0700] "GET /product/edit/105460279111690 HTTP/2.0" 200 20882 "-" "Mozilla/5.0 AppleWebKit/537.36 (KHTML, like Gecko; compatible; bingbot/2.0; +http://www.bing.com/bingbot.htm) Chrome/116.0.1938.76 Safari/537.36" 236 **0/236940**
185.191.171.1 - - [26/Nov/2025:12:09:16 -0700] "GET /?a=46202406041690&mod=a7a734b7&uri=news.php%3Fid%3D1545632-1716%26name%3Drugby%2Bmaillot%2Bde%2Bfoot%2Ble%2Bcoq%2Bsportif HTTP/1.1" 200 2554 "-" "Mozilla/5.0 (compatible; SemrushBot/7~bl; +http://www.semrush.com/bot.html)" 96 **0/96767**
40.77.167.3 - - [26/Nov/2025:12:09:17 -0700] "GET /?a=83487079041690&mod=8be8d5f3&uri=blog.php%3Fid%3D2793351-106%26name%3Drucksack+md20+rucksack+damen+mandarina+duck HTTP/2.0" 200 20611 "-" "Mozilla/5.0 AppleWebKit/537.36 (KHTML, like Gecko; compatible; bingbot/2.0; +http://www.bing.com/bingbot.htm) Chrome/116.0.1938.76 Safari/537.36" 276 **0/276610**
40.77.167.123 - - [26/Nov/2025:12:09:18 -0700] "GET /?a=114874838041690&mod=c9041cfd&uri=search.php%3Fid%3D3843775-202%26name%3Dzara+jimmy+choo+flash+dupe HTTP/2.0" 200 21523 "-" "Mozilla/5.0 AppleWebKit/537.36 (KHTML, like Gecko; compatible; bingbot/2.0; +http://www.bing.com/bingbot.htm) Chrome/116.0.1938.76 Safari/537.36" 278 **0/278747**
40.77.167.151 - - [26/Nov/2025:12:09:24 -0700] "GET /?a=11411136021690&mod=44ac09ac&uri=product.php%3Fid%3D381771-27%26name%3Dshopkins+pack+costco+shopkins HTTP/2.0" 200 21508 "-" "Mozilla/5.0 AppleWebKit/537.36 (KHTML, like Gecko; compatible; bingbot/2.0; +http://www.bing.com/bingbot.htm) Chrome/116.0.1938.76 Safari/537.36" 293 **0/293711**
40.77.167.3 - - [26/Nov/2025:12:09:29 -0700] "GET /?a=63227394111690&mod=06138bc5&uri=info.php%3Fid%3D2115374-2%26name%3Dzapaka+red+plaid+family+christmas+pajamas HTTP/2.0" 200 21240 "-" "Mozilla/5.0 AppleWebKit/537.36 (KHTML, like Gecko; compatible; bingbot/2.0; +http://www.bing.com/bingbot.htm) Chrome/116.0.1938.76 Safari/537.36" 365 **0/365800**
66.249.69.173 - - [26/Nov/2025:12:09:44 -0700] "GET /?a=116040639011690&mod=d9788dca&uri=news.php%3Fid%3D3882812-507%26name%3Dmarseillais+claquette+fourrure+femme+maeva+ghennam HTTP/1.1" 200 20311 "-" "Mozilla/5.0 (Linux; Android 6.0.1; Nexus 5X Build/MMB29P) AppleWebKit/537.36 (KHTML, like Gecko) Chrome/141.0.7390.122 Mobile Safari/537.36 (compatible; Googlebot/2.1; +http://www.google.com/bot.html)" 253 **0/253512**
40.77.167.123 - - [26/Nov/2025:12:09:47 -0700] "GET /?a=49809095051690&mod=d157d577&uri=dp.php%3Fid%3D1666319-239%26name%3Decoflex+luggage+samsonite+ecoflex+29 HTTP/2.0" 200 21096 "-" "Mozilla/5.0 AppleWebKit/537.36 (KHTML, like Gecko; compatible; bingbot/2.0; +http://www.bing.com/bingbot.htm) Chrome/116.0.1938.76 Safari/537.36" 272 **0/272765**
52.167.144.227 - - [26/Nov/2025:12:10:13 -0700] "GET /?a=97372711061690&mod=06138bc5&uri=news.php%3Fid%3D3258091-2%26name%3Dubuy+kids+wolf+onesie HTTP/2.0" 200 20864 "-" "Mozilla/5.0 AppleWebKit/537.36 (KHTML, like Gecko; compatible; bingbot/2.0; +http://www.bing.com/bingbot.htm) Chrome/116.0.1938.76 Safari/537.36" 264 **0/264154**
40.77.167.151 - - [26/Nov/2025:12:10:16 -0700] "GET /?a=35673289131690&mod=8c2ea383&uri=pin.php%3Fid%3D1193379-1597%26name%3Dpetsafe+spray+bark+collar+pets+at+home HTTP/2.0" 200 20025 "-" "Mozilla/5.0 AppleWebKit/537.36 (KHTML, like Gecko; compatible; bingbot/2.0; +http://www.bing.com/bingbot.htm) Chrome/116.0.1938.76 Safari/537.36" 258 **0/258350**
40.77.167.123 - - [26/Nov/2025:12:10:18 -0700] "GET /?a=26222784021690&mod=7d5ea852&uri=article.php%3Fid%3D877218-1456%26name%3Dendorphin+saucony+tennis+shoes+for+men HTTP/2.0" 200 20409 "-" "Mozilla/5.0 AppleWebKit/537.36 (KHTML, like Gecko; compatible; bingbot/2.0; +http://www.bing.com/bingbot.htm) Chrome/116.0.1938.76 Safari/537.36" 308 **0/308106**
20.15.133.184 - - [26/Nov/2025:12:10:21 -0700] "GET /?a=113970672031690&mod=47b71271&uri=blog.php%3Fid%3D3813522-592%26name%3Dgucci+designer+clear+eyeglasses HTTP/2.0" 200 20047 "-" "Mozilla/5.0 AppleWebKit/537.36 (KHTML, like Gecko; compatible; bingbot/2.0; +http://www.bing.com/bingbot.htm) Chrome/116.0.1938.76 Safari/537.36" 299 **0/299621**
40.77.167.76 - - [26/Nov/2025:12:10:24 -0700] "GET /product/edit/64792075001690 HTTP/2.0" 200 20702 "-" "Mozilla/5.0 AppleWebKit/537.36 (KHTML, like Gecko; compatible; bingbot/2.0; +http://www.bing.com/bingbot.htm) Chrome/116.0.1938.76 Safari/537.36" 376 **0/376012**
40.77.167.58 - - [26/Nov/2025:12:10:36 -0700] "GET /?a=1895468021690&mod=c89cef51&uri=shared.php%3Fid%3D63352-259%26name%3Dbrown+leather+peugeot+watch+leather+band HTTP/2.0" 200 20437 "-" "Mozilla/5.0 AppleWebKit/537.36 (KHTML, like Gecko; compatible; bingbot/2.0; +http://www.bing.com/bingbot.htm) Chrome/116.0.1938.76 Safari/537.36" 274 **0/274608**
40.77.167.58 - - [26/Nov/2025:12:10:36 -0700] "GET /?a=98893132141690&mod=d3deed73&uri=itm.php%3Fid%3D3309004-1045%26name%3Dholzkern+uhren+holz HTTP/2.0" 200 20771 "-" "Mozilla/5.0 AppleWebKit/537.36 (KHTML, like Gecko; compatible; bingbot/2.0; +http://www.bing.com/bingbot.htm) Chrome/116.0.1938.76 Safari/537.36" 251 **0/251840**
40.77.167.151 - - [26/Nov/2025:12:10:45 -0700] "GET /?a=6284101081690&mod=3906ddb4&uri=news.php%3Fid%3D210193-570%26name%3Delbow+brace+elbow+guards+for+dogs HTTP/2.0" 200 20414 "-" "Mozilla/5.0 AppleWebKit/537.36 (KHTML, like Gecko; compatible; bingbot/2.0; +http://www.bing.com/bingbot.htm) Chrome/116.0.1938.76 Safari/537.36" 280 **0/280529**
66.249.69.173 - - [26/Nov/2025:12:10:54 -0700] "GET /?a=38729145081690&mod=54a96ac3&uri=pin.php%3Fid%3D1295571-314%26name%3D35mm+film+roll+fujifilm+36+film HTTP/1.1" 200 20844 "-" "Mozilla/5.0 (Linux; Android 6.0.1; Nexus 5X Build/MMB29P) AppleWebKit/537.36 (KHTML, like Gecko) Chrome/141.0.7390.122 Mobile Safari/537.36 (compatible; Googlebot/2.1; +http://www.google.com/bot.html)" 260 **0/260867**
40.77.167.151 - - [26/Nov/2025:12:11:16 -0700] "GET /?a=31319755041690&mod=5e4d0656&uri=dp.php%3Fid%3D1047707-334%26name%3Dtankless+water+radiators HTTP/2.0" 200 21090 "-" "Mozilla/5.0 AppleWebKit/537.36 (KHTML, like Gecko; compatible; bingbot/2.0; +http://www.bing.com/bingbot.htm) Chrome/116.0.1938.76 Safari/537.36" 275 **0/275137**
40.77.167.3 - - [26/Nov/2025:12:11:26 -0700] "GET /?a=6023898061690&mod=2ed1d85e&uri=info.php?id=201485-846&name=versace%20platform%20heels%20versace%20heels%20orange%20and%20blue HTTP/2.0" 200 19845 "-" "Mozilla/5.0 AppleWebKit/537.36 (KHTML, like Gecko; compatible; bingbot/2.0; +http://www.bing.com/bingbot.htm) Chrome/116.0.1938.76 Safari/537.36" 376 **0/376434**
20.15.133.184 - - [26/Nov/2025:12:11:31 -0700] "GET /?a=64749890001690&mod=b9d938a1&uri=blog.php%3Fid%3D2166293-929%26name%3Dysl+sac+de+jour+saint+laurent+size HTTP/2.0" 200 20596 "-" "Mozilla/5.0 AppleWebKit/537.36 (KHTML, like Gecko; compatible; bingbot/2.0; +http://www.bing.com/bingbot.htm) Chrome/116.0.1938.76 Safari/537.36" 252 **0/252306**
185.191.171.13 - - [26/Nov/2025:12:11:33 -0700] "GET /?a=2271696051690&mod=5eca46e4&uri=shared.php%3Fid%3D75929-480%26name%3Dcollege%2Bfootball%2Badidas%2Bfootball%2Bus%2Btwitter HTTP/1.1" 200 2554 "-" "Mozilla/5.0 (compatible; SemrushBot/7~bl; +http://www.semrush.com/bot.html)" 94 **0/94547**
20.15.133.184 - - [26/Nov/2025:12:11:33 -0700] "GET /?a=119423457061690&mod=be330ead&uri=search.php%3Fid%3D3995991-976%26name%3Dadidas+japan+adidas+high+top+trainers+canvas HTTP/2.0" 200 20103 "-" "Mozilla/5.0 AppleWebKit/537.36 (KHTML, like Gecko; compatible; bingbot/2.0; +http://www.bing.com/bingbot.htm) Chrome/116.0.1938.76 Safari/537.36" 264 **0/264926**
85.208.96.206 - - [26/Nov/2025:12:11:34 -0700] "GET /?a=37421239011690&mod=8b2c1694&uri=itm.php%3Fid%3D1251830-1576%26name%3Dgoose%2Bmid%2Bstar%2Bgolden%2Bgoose%2Bneiman HTTP/1.1" 200 2554 "-" "Mozilla/5.0 (compatible; SemrushBot/7~bl; +http://www.semrush.com/bot.html)" 93 **0/93360**
185.191.171.19 - - [26/Nov/2025:12:11:36 -0700] "GET /?a=87965507091690&mod=0545eaa6&uri=dp.php%3Fid%3D2943270-1425%26name%3Dabito%2Bsposa%2Banita%2Bsposa%2Bscafati HTTP/1.1" 200 2554 "-" "Mozilla/5.0 (compatible; SemrushBot/7~bl; +http://www.semrush.com/bot.html)" 97 **0/97289**
40.77.167.151 - - [26/Nov/2025:12:12:04 -0700] "GET /?a=14152791061690&mod=5ed17b7a&uri=info.php%3Fid%3D473468-128%26name%3Dmonte+carlo+wool+cardigan+sweater HTTP/2.0" 200 20838 "-" "Mozilla/5.0 AppleWebKit/537.36 (KHTML, like Gecko; compatible; bingbot/2.0; +http://www.bing.com/bingbot.htm) Chrome/116.0.1938.76 Safari/537.36" 283 **0/283875**
40.77.167.58 - - [26/Nov/2025:12:12:06 -0700] "GET /?a=64700085091690&mod=44ac09ac&uri=shared.php%3Fid%3D2164630-27%26name%3Dnascar+diecast+car+track HTTP/2.0" 200 20864 "-" "Mozilla/5.0 AppleWebKit/537.36 (KHTML, like Gecko; compatible; bingbot/2.0; +http://www.bing.com/bingbot.htm) Chrome/116.0.1938.76 Safari/537.36" 246 **0/246025**
40.77.167.3 - - [26/Nov/2025:12:12:08 -0700] "GET /product/edit/109394041690 HTTP/2.0" 200 20137 "-" "Mozilla/5.0 AppleWebKit/537.36 (KHTML, like Gecko; compatible; bingbot/2.0; +http://www.bing.com/bingbot.htm) Chrome/116.0.1938.76 Safari/537.36" 265 **0/265833**
