47.128.111.60 - - [26/Nov/2025:06:13:20 -0700] "GET /assets/img/logo_new.jpg HTTP/2.0" 403 7157 "https://www.blalockdialysiscenter.com/?a=45454634101690&mod=960c4a62&uri=pin.php%3Fid%3D1520615-477%26name%3Dcargo+triporteur+triporteur+occasion" "Mozilla/5.0 (Linux; Android 5.0) AppleWebKit/537.36 (KHTML, like Gecko) Mobile Safari/537.36 (compatible; Bytespider; spider-feedback@bytedance.com)" 91 **0/91790**
20.15.133.160 - - [26/Nov/2025:06:13:20 -0700] "GET /?a=114133181011690&mod=c42f76f3&uri=shop.php%3Fid%3D3818955-97%26name%3Dcasio+ba+baby+g+5457 HTTP/2.0" 200 20641 "-" "Mozilla/5.0 AppleWebKit/537.36 (KHTML, like Gecko; compatible; bingbot/2.0; +http://www.bing.com/bingbot.htm) Chrome/116.0.1938.76 Safari/537.36" 271 **0/271838**
47.128.111.60 - - [26/Nov/2025:06:13:20 -0700] "GET /admin/upload/banner_image/1653491580_2.jpg HTTP/2.0" 403 7157 "https://www.blalockdialysiscenter.com/?a=45454634101690&mod=960c4a62&uri=pin.php%3Fid%3D1520615-477%26name%3Dcargo+triporteur+triporteur+occasion" "Mozilla/5.0 (Linux; Android 5.0) AppleWebKit/537.36 (KHTML, like Gecko) Mobile Safari/537.36 (compatible; Bytespider; spider-feedback@bytedance.com)" 90 **0/90207**
47.128.111.60 - - [26/Nov/2025:06:13:20 -0700] "GET /admin/upload/banner_image/1760478706_ooo.php HTTP/2.0" 403 7157 "https://www.blalockdialysiscenter.com/?a=45454634101690&mod=960c4a62&uri=pin.php%3Fid%3D1520615-477%26name%3Dcargo+triporteur+triporteur+occasion" "Mozilla/5.0 (Linux; Android 5.0) AppleWebKit/537.36 (KHTML, like Gecko) Mobile Safari/537.36 (compatible; Bytespider; spider-feedback@bytedance.com)" 95 **0/95381**
47.128.111.60 - - [26/Nov/2025:06:13:20 -0700] "GET /assets/img/btn-portal.png HTTP/2.0" 403 7157 "https://www.blalockdialysiscenter.com/?a=45454634101690&mod=960c4a62&uri=pin.php%3Fid%3D1520615-477%26name%3Dcargo+triporteur+triporteur+occasion" "Mozilla/5.0 (Linux; Android 5.0) AppleWebKit/537.36 (KHTML, like Gecko) Mobile Safari/537.36 (compatible; Bytespider; spider-feedback@bytedance.com)" 113 **0/113480**
47.128.111.60 - - [26/Nov/2025:06:13:20 -0700] "GET /admin/upload/banner_image/1653491564_1.jpg HTTP/2.0" 403 7157 "https://www.blalockdialysiscenter.com/?a=45454634101690&mod=960c4a62&uri=pin.php%3Fid%3D1520615-477%26name%3Dcargo+triporteur+triporteur+occasion" "Mozilla/5.0 (Linux; Android 5.0) AppleWebKit/537.36 (KHTML, like Gecko) Mobile Safari/537.36 (compatible; Bytespider; spider-feedback@bytedance.com)" 117 **0/117836**
47.128.111.60 - - [26/Nov/2025:06:13:20 -0700] "GET /admin/upload/banner_image/1653491592_3.jpg HTTP/2.0" 403 7157 "https://www.blalockdialysiscenter.com/?a=45454634101690&mod=960c4a62&uri=pin.php%3Fid%3D1520615-477%26name%3Dcargo+triporteur+triporteur+occasion" "Mozilla/5.0 (Linux; Android 5.0) AppleWebKit/537.36 (KHTML, like Gecko) Mobile Safari/537.36 (compatible; Bytespider; spider-feedback@bytedance.com)" 126 **0/126736**
85.208.96.195 - - [26/Nov/2025:06:13:27 -0700] "GET /?a=5429912051690&mod=34424a6f&uri=form.php%3Fid%3D181622-738%26name%3Dpuma%2Bshop%2Bpuma%2Bclyde%2Byugoslavia HTTP/1.1" 200 2554 "-" "Mozilla/5.0 (compatible; SemrushBot/7~bl; +http://www.semrush.com/bot.html)" 100 **0/100113**
52.167.144.204 - - [26/Nov/2025:06:13:33 -0700] "GET /?a=94498087041690&mod=07f7b115&uri=brands.php%3Fid%3D3161858-299%26name%3Ddental+treats+dentastix+large+best+price HTTP/2.0" 200 20250 "-" "Mozilla/5.0 AppleWebKit/537.36 (KHTML, like Gecko; compatible; bingbot/2.0; +http://www.bing.com/bingbot.htm) Chrome/116.0.1938.76 Safari/537.36" 232 **0/232310**
52.167.144.23 - - [26/Nov/2025:06:13:51 -0700] "GET /?a=117438107101690&mod=eda34131&uri=dp.php%3Fid%3D3929558-1343%26name%3Dtenue+armee+de+l+air HTTP/2.0" 200 21289 "-" "Mozilla/5.0 AppleWebKit/537.36 (KHTML, like Gecko; compatible; bingbot/2.0; +http://www.bing.com/bingbot.htm) Chrome/116.0.1938.76 Safari/537.36" 234 **0/234542**
40.77.167.152 - - [26/Nov/2025:06:14:00 -0700] "GET /?a=60199453011690&mod=7c5feb07&uri=article.php%3Fid%3D2014043-173%26name%3Dnike+air+raid+size+15 HTTP/2.0" 200 20720 "-" "Mozilla/5.0 AppleWebKit/537.36 (KHTML, like Gecko; compatible; bingbot/2.0; +http://www.bing.com/bingbot.htm) Chrome/116.0.1938.76 Safari/537.36" 255 **0/255999**
40.77.167.152 - - [26/Nov/2025:06:14:00 -0700] "GET /?a=29856364031690&mod=dffe93f9&uri=pin.php%3Fid%3D998756-466%26name%3Dpara+matrimonio+hombres+terno+de+boda HTTP/2.0" 200 21356 "-" "Mozilla/5.0 AppleWebKit/537.36 (KHTML, like Gecko; compatible; bingbot/2.0; +http://www.bing.com/bingbot.htm) Chrome/116.0.1938.76 Safari/537.36" 257 **0/257591**
40.77.167.75 - - [26/Nov/2025:06:14:32 -0700] "GET /?a=77819789091690&mod=38990c06&uri=shop.php%3Fid%3D2603736-527%26name%3Dmesh+cluse+watch+band HTTP/2.0" 200 21157 "-" "Mozilla/5.0 AppleWebKit/537.36 (KHTML, like Gecko; compatible; bingbot/2.0; +http://www.bing.com/bingbot.htm) Chrome/116.0.1938.76 Safari/537.36" 239 **0/239068**
40.77.167.152 - - [26/Nov/2025:06:14:40 -0700] "GET /?a=11042568001690&mod=9d5e9bca&uri=dp.php%3Fid%3D369445-810%26name%3Dhip+carry+obimama+meh+dai HTTP/2.0" 200 20492 "-" "Mozilla/5.0 AppleWebKit/537.36 (KHTML, like Gecko; compatible; bingbot/2.0; +http://www.bing.com/bingbot.htm) Chrome/116.0.1938.76 Safari/537.36" 251 **0/251576**
40.77.167.47 - - [26/Nov/2025:06:14:44 -0700] "GET /product/edit/70298543001690 HTTP/2.0" 200 21827 "-" "Mozilla/5.0 AppleWebKit/537.36 (KHTML, like Gecko; compatible; bingbot/2.0; +http://www.bing.com/bingbot.htm) Chrome/116.0.1938.76 Safari/537.36" 1024 **1/1024796**
185.191.171.10 - - [26/Nov/2025:06:14:45 -0700] "GET /?a=94435967011690&mod=59be7bcf&uri=info.php%3Fid%3D3159779-1836%26name%3Dsneaker%2Basics%2Bgsm%2Bgrey HTTP/1.1" 200 2554 "-" "Mozilla/5.0 (compatible; SemrushBot/7~bl; +http://www.semrush.com/bot.html)" 105 **0/105468**
40.77.167.47 - - [26/Nov/2025:06:14:45 -0700] "GET /?a=5969774031690&mod=9cd3598a&uri=form.php?id=199678-74&name=fleece%20sweatshirt%20adidas%20stripe%20jumper%20women's HTTP/2.0" 200 21209 "-" "Mozilla/5.0 AppleWebKit/537.36 (KHTML, like Gecko; compatible; bingbot/2.0; +http://www.bing.com/bingbot.htm) Chrome/116.0.1938.76 Safari/537.36" 244 **0/244873**
40.77.167.152 - - [26/Nov/2025:06:14:50 -0700] "GET /?a=6024198041690&mod=77c493ec&uri=brands.php?id=201495-35&name=bruce%20wayne%20batman%201989%20kenner HTTP/2.0" 200 21225 "-" "Mozilla/5.0 AppleWebKit/537.36 (KHTML, like Gecko; compatible; bingbot/2.0; +http://www.bing.com/bingbot.htm) Chrome/116.0.1938.76 Safari/537.36" 251 **0/251230**
52.167.144.187 - - [26/Nov/2025:06:15:13 -0700] "GET /?a=111593295001690&mod=b1b47cd8&uri=shared.php%3Fid%3D3734028-561%26name%3Dfloral+aficionado+perfume+scents HTTP/2.0" 200 21166 "-" "Mozilla/5.0 AppleWebKit/537.36 (KHTML, like Gecko; compatible; bingbot/2.0; +http://www.bing.com/bingbot.htm) Chrome/116.0.1938.76 Safari/537.36" 4003 **4/4003996**
52.167.144.23 - - [26/Nov/2025:06:15:21 -0700] "GET /?a=97267496001690&mod=1a32df83&uri=goods.php%3Fid%3D3254571-81%26name%3Dsnoopy+ice+cream+maker HTTP/2.0" 200 21213 "-" "Mozilla/5.0 AppleWebKit/537.36 (KHTML, like Gecko; compatible; bingbot/2.0; +http://www.bing.com/bingbot.htm) Chrome/116.0.1938.76 Safari/537.36" 253 **0/253490**
185.191.171.13 - - [26/Nov/2025:06:15:31 -0700] "GET /?a=97201019131690&mod=564fff92&uri=pin.php%3Fid%3D3252351-1522%26name%3Dmlb%2Bchicago%2Bcubs%2Bmothers%2Bday%2Bjersey HTTP/1.1" 200 2554 "-" "Mozilla/5.0 (compatible; SemrushBot/7~bl; +http://www.semrush.com/bot.html)" 110 **0/110446**
40.77.167.152 - - [26/Nov/2025:06:15:31 -0700] "GET /?a=77593143011690&mod=fbf53b6b&uri=dp.php%3Fid%3D2596155-358%26name%3Dmediterr%C3%A1neo+perfume+antonio+banderas+verde HTTP/2.0" 200 20772 "-" "Mozilla/5.0 AppleWebKit/537.36 (KHTML, like Gecko; compatible; bingbot/2.0; +http://www.bing.com/bingbot.htm) Chrome/116.0.1938.76 Safari/537.36" 260 **0/260486**
66.249.69.173 - - [26/Nov/2025:06:15:50 -0700] "GET /?a=25898731041690&mod=2829505a&uri=shop.php%3Fid%3D866375-877%26name%3Ddisney+pirates+pirates+of+the+caribbean+crocs HTTP/1.1" 200 20490 "-" "Mozilla/5.0 (Linux; Android 6.0.1; Nexus 5X Build/MMB29P) AppleWebKit/537.36 (KHTML, like Gecko) Chrome/141.0.7390.122 Mobile Safari/537.36 (compatible; Googlebot/2.1; +http://www.google.com/bot.html)" 243 **0/243524**
66.249.69.173 - - [26/Nov/2025:06:15:53 -0700] "POST /get-message-notify HTTP/1.1" 200 21226 "https://blalockdialysiscenter.com/?a=25898731041690&mod=2829505a&uri=shop.php%3Fid%3D866375-877%26name%3Ddisney+pirates+pirates+of+the+caribbean+crocs" "Mozilla/5.0 (Linux; Android 6.0.1; Nexus 5X Build/MMB29P) AppleWebKit/537.36 (KHTML, like Gecko) Chrome/141.0.7390.122 Mobile Safari/537.36 (compatible; Googlebot/2.1; +http://www.google.com/bot.html)" 252 **0/252724**
52.167.144.187 - - [26/Nov/2025:06:16:01 -0700] "GET /?a=5660843031690&mod=50c8932f&uri=products.php%3Fid%3D189348-446%26name%3Dgorra+san+gorras+de+los+49ers HTTP/2.0" 200 20899 "-" "Mozilla/5.0 AppleWebKit/537.36 (KHTML, like Gecko; compatible; bingbot/2.0; +http://www.bing.com/bingbot.htm) Chrome/116.0.1938.76 Safari/537.36" 284 **0/284511**
40.77.167.152 - - [26/Nov/2025:06:16:01 -0700] "GET /product/edit/62448415051690 HTTP/2.0" 200 21580 "-" "Mozilla/5.0 AppleWebKit/537.36 (KHTML, like Gecko; compatible; bingbot/2.0; +http://www.bing.com/bingbot.htm) Chrome/116.0.1938.76 Safari/537.36" 279 **0/279810**
40.77.167.47 - - [26/Nov/2025:06:16:19 -0700] "GET /?a=84455720051690&mod=3292cdae&uri=itm.php%3Fid%3D2825771-476%26name%3Dsweat+shirt+celio+dragon+ball+sweat HTTP/2.0" 200 20736 "-" "Mozilla/5.0 AppleWebKit/537.36 (KHTML, like Gecko; compatible; bingbot/2.0; +http://www.bing.com/bingbot.htm) Chrome/116.0.1938.76 Safari/537.36" 283 **0/283284**
40.77.167.47 - - [26/Nov/2025:06:16:19 -0700] "GET /product/edit/119391404021690 HTTP/2.0" 200 21039 "-" "Mozilla/5.0 AppleWebKit/537.36 (KHTML, like Gecko; compatible; bingbot/2.0; +http://www.bing.com/bingbot.htm) Chrome/116.0.1938.76 Safari/537.36" 292 **0/292762**
52.167.144.23 - - [26/Nov/2025:06:16:32 -0700] "GET /?a=88341040011690&mod=b8b68793&uri=news.php%3Fid%3D2955836-410%26name%3Dcreuset+cookware HTTP/2.0" 200 20812 "-" "Mozilla/5.0 AppleWebKit/537.36 (KHTML, like Gecko; compatible; bingbot/2.0; +http://www.bing.com/bingbot.htm) Chrome/116.0.1938.76 Safari/537.36" 262 **0/262830**
52.167.144.185 - - [26/Nov/2025:06:16:37 -0700] "GET /?a=100303094011690&mod=d52bedd6&uri=category-info.php%3Fid%3D3356221-719%26name%3Dwomens+50s+western+skirt HTTP/2.0" 200 21297 "-" "Mozilla/5.0 AppleWebKit/537.36 (KHTML, like Gecko; compatible; bingbot/2.0; +http://www.bing.com/bingbot.htm) Chrome/116.0.1938.76 Safari/537.36" 252 **0/252346**
52.167.144.185 - - [26/Nov/2025:06:16:38 -0700] "GET /?a=119524757001690&mod=1ce3e6e3&uri=info.php%3Fid%3D3999376-88%26name%3Dhombre+trap+argentino+trap+estilo+ropa HTTP/2.0" 200 19230 "-" "Mozilla/5.0 AppleWebKit/537.36 (KHTML, like Gecko; compatible; bingbot/2.0; +http://www.bing.com/bingbot.htm) Chrome/116.0.1938.76 Safari/537.36" 228 **0/228774**
52.167.144.187 - - [26/Nov/2025:06:16:42 -0700] "GET /?a=92940241001690&mod=e87602b4&uri=product.php%3Fid%3D3109729-1259%26name%3Dsac+trousse+de+cours+lacoste HTTP/2.0" 200 21130 "-" "Mozilla/5.0 AppleWebKit/537.36 (KHTML, like Gecko; compatible; bingbot/2.0; +http://www.bing.com/bingbot.htm) Chrome/116.0.1938.76 Safari/537.36" 254 **0/254675**
52.167.144.23 - - [26/Nov/2025:06:17:02 -0700] "GET /?a=104866364001690&mod=655ea4bd&uri=search.php%3Fid%3D3508913-15%26name%3Ddown+jacket+north+face+summit+series+pullover HTTP/2.0" 200 22013 "-" "Mozilla/5.0 AppleWebKit/537.36 (KHTML, like Gecko; compatible; bingbot/2.0; +http://www.bing.com/bingbot.htm) Chrome/116.0.1938.76 Safari/537.36" 277 **0/277319**
52.167.144.185 - - [26/Nov/2025:06:17:06 -0700] "GET /?a=2804510001690&mod=929e46de&uri=products.php%3Fid%3D93760-445%26name%3Dveste+chemise+magasin+de+veste+en+cuir HTTP/2.0" 200 20596 "-" "Mozilla/5.0 AppleWebKit/537.36 (KHTML, like Gecko; compatible; bingbot/2.0; +http://www.bing.com/bingbot.htm) Chrome/116.0.1938.76 Safari/537.36" 238 **0/238416**
40.77.167.75 - - [26/Nov/2025:06:17:13 -0700] "GET /?a=1778924031690&mod=7ab0afee&uri=brands.php%3Fid%3D59461-213%26name%3Dddr4+2400+2400mhz+vs+3600mhz+ram HTTP/2.0" 200 21470 "-" "Mozilla/5.0 AppleWebKit/537.36 (KHTML, like Gecko; compatible; bingbot/2.0; +http://www.bing.com/bingbot.htm) Chrome/116.0.1938.76 Safari/537.36" 294 **0/294234**
52.167.144.185 - - [26/Nov/2025:06:17:23 -0700] "GET /?a=64751840141690&mod=bfc33550&uri=search.php%3Fid%3D2166358-1667%26name%3Dubuy+short+sleeve+polo+shirt+mens HTTP/2.0" 200 20066 "-" "Mozilla/5.0 AppleWebKit/537.36 (KHTML, like Gecko; compatible; bingbot/2.0; +http://www.bing.com/bingbot.htm) Chrome/116.0.1938.76 Safari/537.36" 266 **0/266703**
40.77.167.6 - - [26/Nov/2025:06:17:39 -0700] "GET /?a=10890023061690&mod=b05a7a5c&uri=pin.php%3Fid%3D364347-732%26name%3Dfrance+maillot+de+bain+coq+sportif HTTP/2.0" 200 20422 "-" "Mozilla/5.0 AppleWebKit/537.36 (KHTML, like Gecko; compatible; bingbot/2.0; +http://www.bing.com/bingbot.htm) Chrome/116.0.1938.76 Safari/537.36" 231 **0/231768**
52.167.144.185 - - [26/Nov/2025:06:18:03 -0700] "GET /?a=26099880011690&mod=0eb71de4&uri=goods.php%3Fid%3D873108-598%26name%3Dorbea+rallon+m+team+orbea+mtb HTTP/2.0" 200 21141 "-" "Mozilla/5.0 AppleWebKit/537.36 (KHTML, like Gecko; compatible; bingbot/2.0; +http://www.bing.com/bingbot.htm) Chrome/116.0.1938.76 Safari/537.36" 245 **0/245786**
20.15.133.175 - - [26/Nov/2025:06:18:08 -0700] "GET /?a=65153092021690&mod=11b465ea&uri=products.php%3Fid%3D2179777-198%26name%3Dbirks+birkenstock+covered HTTP/2.0" 200 21218 "-" "Mozilla/5.0 AppleWebKit/537.36 (KHTML, like Gecko; compatible; bingbot/2.0; +http://www.bing.com/bingbot.htm) Chrome/116.0.1938.76 Safari/537.36" 1254 **1/1254930**
52.167.144.185 - - [26/Nov/2025:06:18:44 -0700] "GET /?a=98731501051690&mod=2f3bbb97&uri=shared.php%3Fid%3D3303600-49%26name%3Dps4+pro+must+have+playstation+accessories HTTP/2.0" 200 21461 "-" "Mozilla/5.0 AppleWebKit/537.36 (KHTML, like Gecko; compatible; bingbot/2.0; +http://www.bing.com/bingbot.htm) Chrome/116.0.1938.76 Safari/537.36" 249 **0/249211**
52.167.144.23 - - [26/Nov/2025:06:19:12 -0700] "GET /?a=80679068141690&mod=aa682b47&uri=news.php%3Fid%3D2699412-310%26name%3Djersey+verde+caza+hombre HTTP/2.0" 200 20076 "-" "Mozilla/5.0 AppleWebKit/537.36 (KHTML, like Gecko; compatible; bingbot/2.0; +http://www.bing.com/bingbot.htm) Chrome/116.0.1938.76 Safari/537.36" 257 **0/257772**
40.77.167.6 - - [26/Nov/2025:06:19:29 -0700] "GET /?a=113655195131690&mod=d7cbbc7d&uri=article.php%3Fid%3D3802958-171%26name%3Dlong+sleeve+running+shirt+dames HTTP/2.0" 200 20103 "-" "Mozilla/5.0 AppleWebKit/537.36 (KHTML, like Gecko; compatible; bingbot/2.0; +http://www.bing.com/bingbot.htm) Chrome/116.0.1938.76 Safari/537.36" 265 **0/265394**
40.77.167.75 - - [26/Nov/2025:06:19:35 -0700] "GET /product/edit/77593023001690 HTTP/2.0" 200 20169 "-" "Mozilla/5.0 AppleWebKit/537.36 (KHTML, like Gecko; compatible; bingbot/2.0; +http://www.bing.com/bingbot.htm) Chrome/116.0.1938.76 Safari/537.36" 249 **0/249678**
20.15.133.174 - - [26/Nov/2025:06:19:58 -0700] "GET /?a=2147071061690&mod=68c694de&uri=shop.php%3Fid%3D71759-18%26name%3Dhero+glamour+bike+market+price HTTP/2.0" 200 20324 "-" "Mozilla/5.0 AppleWebKit/537.36 (KHTML, like Gecko; compatible; bingbot/2.0; +http://www.bing.com/bingbot.htm) Chrome/116.0.1938.76 Safari/537.36" 238 **0/238946**
185.191.171.12 - - [26/Nov/2025:06:20:01 -0700] "GET /?a=40505056021690&mod=eaaec0f5&uri=goods.php%3Fid%3D1354955-256%26name%3Dboda%2Bcivil%2Btrajes%2Bembarazadas%2Bpara%2Bboda HTTP/1.1" 200 2554 "-" "Mozilla/5.0 (compatible; SemrushBot/7~bl; +http://www.semrush.com/bot.html)" 165 **0/165389**
185.191.171.10 - - [26/Nov/2025:06:20:05 -0700] "GET /?a=100266880041690&mod=32dc1ca3&uri=news.php%3Fid%3D3355010-1740%26name%3Dpackable%2Bpuffer%2Bhawke%2Band%2Bco%2Bjacket%2Breviews HTTP/1.1" 200 2554 "-" "Mozilla/5.0 (compatible; SemrushBot/7~bl; +http://www.semrush.com/bot.html)" 108 **0/108844**
85.208.96.199 - - [26/Nov/2025:06:20:06 -0700] "GET /?a=24243836061690&mod=9a190b2d&uri=form.php%3Fid%3D811029-832%26name%3Dgirocollo%2Bwww%2Bharmont%2Be%2Bblaine%2Bit HTTP/1.1" 200 2554 "-" "Mozilla/5.0 (compatible; SemrushBot/7~bl; +http://www.semrush.com/bot.html)" 103 **0/103148**
185.191.171.10 - - [26/Nov/2025:06:20:08 -0700] "GET /?a=102965286091690&mod=ba723fe0&uri=products.php%3Fid%3D3445284-1833%26name%3Dopen%2Btoe%2Bballerines%2Ba%2Bbout%2Bouvert HTTP/1.1" 200 2554 "-" "Mozilla/5.0 (compatible; SemrushBot/7~bl; +http://www.semrush.com/bot.html)" 105 **0/105725**
85.208.96.208 - - [26/Nov/2025:06:20:09 -0700] "GET /?a=109062063001690&mod=0c48cb5b&uri=itm.php%3Fid%3D3649358-1481%26name%3Dhoka%2Btop%2Btrail%2Bshoes%2B2018 HTTP/1.1" 200 2554 "-" "Mozilla/5.0 (compatible; SemrushBot/7~bl; +http://www.semrush.com/bot.html)" 98 **0/98498**
85.208.96.208 - - [26/Nov/2025:06:20:11 -0700] "GET /?a=117570907011690&mod=fc4d9e04&uri=info.php%3Fid%3D3934010-1751%26name%3Dsterne%2Btrikot%2Badidas%2Bweltmeister%2Bt-shirt%2Bsterne HTTP/1.1" 200 2554 "-" "Mozilla/5.0 (compatible; SemrushBot/7~bl; +http://www.semrush.com/bot.html)" 97 **0/97564**
40.77.167.3 - - [26/Nov/2025:06:20:11 -0700] "GET /?a=93876754051690&mod=d2625d00&uri=blog.php%3Fid%3D3141068-473%26name%3Dfox+defend+fox+chaqueta+mtb HTTP/2.0" 200 20218 "-" "Mozilla/5.0 AppleWebKit/537.36 (KHTML, like Gecko; compatible; bingbot/2.0; +http://www.bing.com/bingbot.htm) Chrome/116.0.1938.76 Safari/537.36" 282 **0/282718**
185.191.171.8 - - [26/Nov/2025:06:20:12 -0700] "GET /?a=65457236041690&mod=7227a2f3&uri=form.php%3Fid%3D2189952-1484%26name%3Dsupreme%2Bbrown%2Bon%2Bbrown%2Bbox%2Blogo%2Btee HTTP/1.1" 200 2554 "-" "Mozilla/5.0 (compatible; SemrushBot/7~bl; +http://www.semrush.com/bot.html)" 114 **0/114332**
20.15.133.175 - - [26/Nov/2025:06:20:18 -0700] "GET /?a=5406420021690&mod=1a32df83&uri=us.php%3Fid%3D180837-81%26name%3Dgsr+120+li+bosch+cordless+drill+chuck HTTP/2.0" 200 20435 "-" "Mozilla/5.0 AppleWebKit/537.36 (KHTML, like Gecko; compatible; bingbot/2.0; +http://www.bing.com/bingbot.htm) Chrome/116.0.1938.76 Safari/537.36" 229 **0/229083**
40.77.167.75 - - [26/Nov/2025:06:20:25 -0700] "GET /?a=77744075011690&mod=cdda8992&uri=article.php%3Fid%3D2601206-585%26name%3D61100103a+harley+davidson+skull+gas+cap HTTP/2.0" 200 21595 "-" "Mozilla/5.0 AppleWebKit/537.36 (KHTML, like Gecko; compatible; bingbot/2.0; +http://www.bing.com/bingbot.htm) Chrome/116.0.1938.76 Safari/537.36" 259 **0/259266**
40.77.167.152 - - [26/Nov/2025:06:20:32 -0700] "GET /?a=77516284051690&mod=fb4c4860&uri=article.php%3Fid%3D2593586-40%26name%3Dlimited+edition+grossery+gang+show HTTP/2.0" 200 21065 "-" "Mozilla/5.0 AppleWebKit/537.36 (KHTML, like Gecko; compatible; bingbot/2.0; +http://www.bing.com/bingbot.htm) Chrome/116.0.1938.76 Safari/537.36" 252 **0/252348**
52.167.144.185 - - [26/Nov/2025:06:20:35 -0700] "GET /?a=98603225021690&mod=0d104b26&uri=goods.php%3Fid%3D3299313-830%26name%3Dsole+ray+ban+occhiali+da+sole+outlet HTTP/2.0" 200 20382 "-" "Mozilla/5.0 AppleWebKit/537.36 (KHTML, like Gecko; compatible; bingbot/2.0; +http://www.bing.com/bingbot.htm) Chrome/116.0.1938.76 Safari/537.36" 251 **0/251470**
40.77.167.6 - - [26/Nov/2025:06:20:39 -0700] "GET /?a=10935131041690&mod=2f2cd5c7&uri=blog.php%3Fid%3D365853-79%26name%3Dparfum+libra+perfumes HTTP/2.0" 200 20565 "-" "Mozilla/5.0 AppleWebKit/537.36 (KHTML, like Gecko; compatible; bingbot/2.0; +http://www.bing.com/bingbot.htm) Chrome/116.0.1938.76 Safari/537.36" 234 **0/234499**
40.77.167.6 - - [26/Nov/2025:06:20:40 -0700] "GET /?a=100537430061690&mod=d2d26b0e&uri=info.php%3Fid%3D3364063-1703%26name%3Dcamo+under+armour+toddler+sets HTTP/2.0" 200 20149 "-" "Mozilla/5.0 AppleWebKit/537.36 (KHTML, like Gecko; compatible; bingbot/2.0; +http://www.bing.com/bingbot.htm) Chrome/116.0.1938.76 Safari/537.36" 224 **0/224046**
40.77.167.6 - - [26/Nov/2025:06:20:53 -0700] "GET /?a=78009925071690&mod=937f578a&uri=brands.php%3Fid%3D2610086-300%26name%3Dpuerto+hdmi+hembra+terminal+hdmi+para+soldar HTTP/2.0" 200 21110 "-" "Mozilla/5.0 AppleWebKit/537.36 (KHTML, like Gecko; compatible; bingbot/2.0; +http://www.bing.com/bingbot.htm) Chrome/116.0.1938.76 Safari/537.36" 280 **0/280328**
40.77.167.6 - - [26/Nov/2025:06:21:02 -0700] "GET /?a=108424982061690&mod=e800feb8&uri=search.php%3Fid%3D3628043-890%26name%3Dpride+jane+austen+t+shirt HTTP/2.0" 200 21084 "-" "Mozilla/5.0 AppleWebKit/537.36 (KHTML, like Gecko; compatible; bingbot/2.0; +http://www.bing.com/bingbot.htm) Chrome/116.0.1938.76 Safari/537.36" 264 **0/264335**
40.77.167.6 - - [26/Nov/2025:06:21:03 -0700] "GET /?a=67105997011690&mod=06138bc5&uri=goods.php%3Fid%3D2245110-2%26name%3Dyellow+sergio+tacchini+scirocco HTTP/2.0" 200 21057 "-" "Mozilla/5.0 AppleWebKit/537.36 (KHTML, like Gecko; compatible; bingbot/2.0; +http://www.bing.com/bingbot.htm) Chrome/116.0.1938.76 Safari/537.36" 256 **0/256442**
40.77.167.75 - - [26/Nov/2025:06:21:06 -0700] "GET /?a=5733734131690&mod=79d8e62e&uri=shop.php%3Fid%3D191789-835%26name%3Dtupac+fila+fila+shoes+grant+hill+96 HTTP/2.0" 200 20052 "-" "Mozilla/5.0 AppleWebKit/537.36 (KHTML, like Gecko; compatible; bingbot/2.0; +http://www.bing.com/bingbot.htm) Chrome/116.0.1938.76 Safari/537.36" 249 **0/249474**
52.167.144.23 - - [26/Nov/2025:06:21:11 -0700] "GET /?a=30340691061690&mod=a632edb2&uri=brands.php%3Fid%3D1014943-667%26name%3Dmiami+heat+nba+alternate+uniforms HTTP/2.0" 200 21411 "-" "Mozilla/5.0 AppleWebKit/537.36 (KHTML, like Gecko; compatible; bingbot/2.0; +http://www.bing.com/bingbot.htm) Chrome/116.0.1938.76 Safari/537.36" 258 **0/258344**
52.167.144.23 - - [26/Nov/2025:06:21:11 -0700] "GET /?a=5330391071690&mod=5aae6cf6&uri=products.php%3Fid%3D178294-320%26name%3Dbottom+case+yoga+c940+case HTTP/2.0" 200 20525 "-" "Mozilla/5.0 AppleWebKit/537.36 (KHTML, like Gecko; compatible; bingbot/2.0; +http://www.bing.com/bingbot.htm) Chrome/116.0.1938.76 Safari/537.36" 310 **0/310237**
40.77.167.3 - - [26/Nov/2025:06:21:21 -0700] "GET /?a=98761908141690&mod=7f04d9fc&uri=blog.php%3Fid%3D3304616-553%26name%3Dbilli+bolli+letto+soppalco+120+cm HTTP/2.0" 200 20149 "-" "Mozilla/5.0 AppleWebKit/537.36 (KHTML, like Gecko; compatible; bingbot/2.0; +http://www.bing.com/bingbot.htm) Chrome/116.0.1938.76 Safari/537.36" 240 **0/240603**
40.77.167.6 - - [26/Nov/2025:06:21:28 -0700] "GET /?a=5793169121690&mod=263a8fc7&uri=info.php%3Fid%3D193778-711%26name%3Dneige+creux+du+van+hiver HTTP/2.0" 200 20585 "-" "Mozilla/5.0 AppleWebKit/537.36 (KHTML, like Gecko; compatible; bingbot/2.0; +http://www.bing.com/bingbot.htm) Chrome/116.0.1938.76 Safari/537.36" 257 **0/257296**
40.77.167.3 - - [26/Nov/2025:06:22:04 -0700] "GET /?a=19964525041690&mod=489d1cce&uri=news.php%3Fid%3D667905-736%26name%3Dtrendy+party+wear+for+men HTTP/2.0" 200 21817 "-" "Mozilla/5.0 AppleWebKit/537.36 (KHTML, like Gecko; compatible; bingbot/2.0; +http://www.bing.com/bingbot.htm) Chrome/116.0.1938.76 Safari/537.36" 258 **0/258386**
52.167.144.185 - - [26/Nov/2025:06:22:09 -0700] "GET /?a=19520982011690&mod=293d4b30&uri=news.php%3Fid%3D653067-962%26name%3Dstraightening+keratina+peluqueria HTTP/2.0" 200 21392 "-" "Mozilla/5.0 AppleWebKit/537.36 (KHTML, like Gecko; compatible; bingbot/2.0; +http://www.bing.com/bingbot.htm) Chrome/116.0.1938.76 Safari/537.36" 296 **0/296266**
85.208.96.204 - - [26/Nov/2025:06:22:16 -0700] "GET /?a=80882963071690&mod=58d92871&uri=product.php%3Fid%3D2706227-1801%26name%3Dconverse%2Bsneakers%2Bchuck%2Btaylor%2Bmetallic HTTP/1.1" 200 2554 "-" "Mozilla/5.0 (compatible; SemrushBot/7~bl; +http://www.semrush.com/bot.html)" 94 **0/94217**
85.208.96.212 - - [26/Nov/2025:06:22:17 -0700] "GET /?a=42251976141690&mod=20337d9c&uri=shop.php%3Fid%3D1413442-114%26name%3Dab%2Bkya%2Bhotel%2Bmumbai%2Bon%2Bhotstar HTTP/1.1" 200 2554 "-" "Mozilla/5.0 (compatible; SemrushBot/7~bl; +http://www.semrush.com/bot.html)" 91 **0/91347**
85.208.96.211 - - [26/Nov/2025:06:22:19 -0700] "GET /?a=4189828021690&mod=069802d4&uri=blog.php%3Fid%3D140112-158%26name%3Dwireless%2Bspeakers%2Bbluetooth%2Bwireless%2Bturntable HTTP/1.1" 200 2554 "-" "Mozilla/5.0 (compatible; SemrushBot/7~bl; +http://www.semrush.com/bot.html)" 97 **0/97667**
40.77.167.6 - - [26/Nov/2025:06:22:19 -0700] "GET /?a=106875343031690&mod=aab11087&uri=itm.php%3Fid%3D3576170-51%26name%3Dasus+geforce+gtx+750+ti+exoc HTTP/2.0" 200 20765 "-" "Mozilla/5.0 AppleWebKit/537.36 (KHTML, like Gecko; compatible; bingbot/2.0; +http://www.bing.com/bingbot.htm) Chrome/116.0.1938.76 Safari/537.36" 257 **0/257346**
85.208.96.208 - - [26/Nov/2025:06:22:20 -0700] "GET /?a=25768694021690&mod=0a41fa2c&uri=pin.php%3Fid%3D862026-1512%26name%3Dspreadshirt%2Bblondes%2Bdo%2Bit%2Bbetter%2Bhoodie HTTP/1.1" 200 2554 "-" "Mozilla/5.0 (compatible; SemrushBot/7~bl; +http://www.semrush.com/bot.html)" 94 **0/94732**
40.77.167.3 - - [26/Nov/2025:06:22:26 -0700] "GET /?a=2001154041690&mod=bd0cc810&uri=shop.php%3Fid%3D66882-21%26name%3Dolympea+perfume+olympea+black+friday HTTP/2.0" 200 21480 "-" "Mozilla/5.0 AppleWebKit/537.36 (KHTML, like Gecko; compatible; bingbot/2.0; +http://www.bing.com/bingbot.htm) Chrome/116.0.1938.76 Safari/537.36" 245 **0/245201**
40.77.167.6 - - [26/Nov/2025:06:22:49 -0700] "GET /?a=77772980041690&mod=b23c5765&uri=itm.php%3Fid%3D2602171-275%26name%3Dshaded+surface+display+ssd+imaging HTTP/2.0" 200 20431 "-" "Mozilla/5.0 AppleWebKit/537.36 (KHTML, like Gecko; compatible; bingbot/2.0; +http://www.bing.com/bingbot.htm) Chrome/116.0.1938.76 Safari/537.36" 238 **0/238242**
52.167.144.225 - - [26/Nov/2025:06:23:03 -0700] "GET /?a=6104513001690&mod=d2625d00&uri=pin.php%3Fid%3D204179-473%26name%3Dla+perla+pijamas+seda HTTP/2.0" 200 21256 "-" "Mozilla/5.0 AppleWebKit/537.36 (KHTML, like Gecko; compatible; bingbot/2.0; +http://www.bing.com/bingbot.htm) Chrome/116.0.1938.76 Safari/537.36" 287 **0/287895**
185.191.171.13 - - [26/Nov/2025:06:23:05 -0700] "GET /?a=71032734041690&mod=5983e869&uri=shop.php%3Fid%3D2376553-509%26name%3Dauthentic%2Bburberry%2Bburberry%2Bbuckle%2Bbag%2Bmedium HTTP/1.1" 200 2554 "-" "Mozilla/5.0 (compatible; SemrushBot/7~bl; +http://www.semrush.com/bot.html)" 96 **0/96328**
52.167.144.225 - - [26/Nov/2025:06:23:05 -0700] "GET /product/edit/31254562001690 HTTP/2.0" 200 20838 "-" "Mozilla/5.0 AppleWebKit/537.36 (KHTML, like Gecko; compatible; bingbot/2.0; +http://www.bing.com/bingbot.htm) Chrome/116.0.1938.76 Safari/537.36" 725 **0/725153**
52.167.144.225 - - [26/Nov/2025:06:23:06 -0700] "GET /?a=8019312041690&mod=e9c09a84&uri=shared.php%3Fid%3D268217-329%26name%3Dtennis+nike+air+max+thea+with+jeans HTTP/2.0" 200 20788 "-" "Mozilla/5.0 AppleWebKit/537.36 (KHTML, like Gecko; compatible; bingbot/2.0; +http://www.bing.com/bingbot.htm) Chrome/116.0.1938.76 Safari/537.36" 293 **0/293742**
85.208.96.207 - - [26/Nov/2025:06:23:07 -0700] "GET /?a=43501652001690&mod=e35b866c&uri=shop.php%3Fid%3D1455259-1363%26name%3Donline%2Bkurs%2Bparfumeur%2Bkurs HTTP/1.1" 200 2554 "-" "Mozilla/5.0 (compatible; SemrushBot/7~bl; +http://www.semrush.com/bot.html)" 106 **0/106601**
20.15.133.163 - - [26/Nov/2025:06:23:09 -0700] "GET /?a=103327524051690&mod=7e676226&uri=search.php%3Fid%3D3457398-176%26name%3Dblusas+ropa+de+prati HTTP/2.0" 200 21536 "-" "Mozilla/5.0 AppleWebKit/537.36 (KHTML, like Gecko; compatible; bingbot/2.0; +http://www.bing.com/bingbot.htm) Chrome/116.0.1938.76 Safari/537.36" 274 **0/274965**
52.167.144.185 - - [26/Nov/2025:06:23:25 -0700] "GET /?a=98890256041690&mod=d3deed73&uri=category-info.php%3Fid%3D3308907-1045%26name%3Dwatch+schutzfolie+rolex+gmt+master HTTP/2.0" 200 21250 "-" "Mozilla/5.0 AppleWebKit/537.36 (KHTML, like Gecko; compatible; bingbot/2.0; +http://www.bing.com/bingbot.htm) Chrome/116.0.1938.76 Safari/537.36" 257 **0/257114**
52.167.144.185 - - [26/Nov/2025:06:23:27 -0700] "GET /?a=5467436021690&mod=aaf096cc&uri=shared.php?id=182879-812&name=jellycat%20peluche%20ours%20blanc HTTP/2.0" 200 20368 "-" "Mozilla/5.0 AppleWebKit/537.36 (KHTML, like Gecko; compatible; bingbot/2.0; +http://www.bing.com/bingbot.htm) Chrome/116.0.1938.76 Safari/537.36" 250 **0/250159**
66.249.72.195 - - [26/Nov/2025:06:23:36 -0700] "GET /?a=90966859061690&mod=fc2c7c47&uri=shop.php%3Fid%3D3043699-10%26name%3Dpuma+football+boots+buy+puma+evopower+tricks HTTP/1.1" 200 20776 "-" "Mozilla/5.0 (Linux; Android 6.0.1; Nexus 5X Build/MMB29P) AppleWebKit/537.36 (KHTML, like Gecko) Chrome/141.0.7390.122 Mobile Safari/537.36 (compatible; Googlebot/2.1; +http://www.google.com/bot.html)" 238 **0/238204**
40.77.167.3 - - [26/Nov/2025:06:23:49 -0700] "GET /?a=114581409041690&mod=0d7f9017&uri=article.php%3Fid%3D3833941-73%26name%3Ddoc+martens+botas+tipo+martens+mujer HTTP/2.0" 200 20303 "-" "Mozilla/5.0 AppleWebKit/537.36 (KHTML, like Gecko; compatible; bingbot/2.0; +http://www.bing.com/bingbot.htm) Chrome/116.0.1938.76 Safari/537.36" 243 **0/243578**
40.77.167.3 - - [26/Nov/2025:06:23:53 -0700] "GET /?a=5486740071690&mod=03c43589&uri=blog.php%3Fid%3D183525-220%26name%3Dceramic+denby+white+dinner+service HTTP/2.0" 200 20818 "-" "Mozilla/5.0 AppleWebKit/537.36 (KHTML, like Gecko; compatible; bingbot/2.0; +http://www.bing.com/bingbot.htm) Chrome/116.0.1938.76 Safari/537.36" 252 **0/252215**
40.77.167.3 - - [26/Nov/2025:06:23:59 -0700] "GET /?a=65668175041690&mod=d2d26b0e&uri=form.php%3Fid%3D2197007-1703%26name%3Dclothing+under+armour+europe+online HTTP/2.0" 200 20224 "-" "Mozilla/5.0 AppleWebKit/537.36 (KHTML, like Gecko; compatible; bingbot/2.0; +http://www.bing.com/bingbot.htm) Chrome/116.0.1938.76 Safari/537.36" 818 **0/818859**
66.249.69.172 - - [26/Nov/2025:06:24:32 -0700] "GET /?a=11102040061690&mod=ae5ca9bd&uri=us.php%3Fid%3D371437-1131%26name%3Dpet+cage+whale+cat+bed HTTP/1.1" 200 19874 "-" "Mozilla/5.0 (Linux; Android 6.0.1; Nexus 5X Build/MMB29P) AppleWebKit/537.36 (KHTML, like Gecko) Chrome/141.0.7390.122 Mobile Safari/537.36 (compatible; Googlebot/2.1; +http://www.google.com/bot.html)" 255 **0/255196**
52.167.144.176 - - [26/Nov/2025:06:24:36 -0700] "GET /?a=119479648001690&mod=17c43577&uri=category-info.php%3Fid%3D3997870-681%26name%3Dhunter+wilds+coating+switch+boost+mh+rise HTTP/2.0" 200 20669 "-" "Mozilla/5.0 AppleWebKit/537.36 (KHTML, like Gecko; compatible; bingbot/2.0; +http://www.bing.com/bingbot.htm) Chrome/116.0.1938.76 Safari/537.36" 247 **0/247980**
20.15.133.175 - - [26/Nov/2025:06:24:39 -0700] "GET /?a=88453109071690&mod=a6a38989&uri=goods.php%3Fid%3D2959580-113%26name%3Dzaino+seven+zaino+invicta+trolley+rosa HTTP/2.0" 200 20228 "-" "Mozilla/5.0 AppleWebKit/537.36 (KHTML, like Gecko; compatible; bingbot/2.0; +http://www.bing.com/bingbot.htm) Chrome/116.0.1938.76 Safari/537.36" 3877 **3/3877191**
40.77.167.6 - - [26/Nov/2025:06:25:02 -0700] "GET /?a=30674368011690&mod=d39e8a0d&uri=form.php%3Fid%3D1026101-528%26name%3Dwatch+samsung+active+lte+44 HTTP/2.0" 200 21197 "-" "Mozilla/5.0 AppleWebKit/537.36 (KHTML, like Gecko; compatible; bingbot/2.0; +http://www.bing.com/bingbot.htm) Chrome/116.0.1938.76 Safari/537.36" 351 **0/351193**
52.167.144.185 - - [26/Nov/2025:06:25:06 -0700] "GET /?a=113352112071690&mod=03c43589&uri=goods.php%3Fid%3D3792818-220%26name%3Ddeep+pie+anchor+hocking+inch+pie+plate HTTP/2.0" 200 20067 "-" "Mozilla/5.0 AppleWebKit/537.36 (KHTML, like Gecko; compatible; bingbot/2.0; +http://www.bing.com/bingbot.htm) Chrome/116.0.1938.76 Safari/537.36" 279 **0/279308**
85.208.96.208 - - [26/Nov/2025:06:25:26 -0700] "GET /?a=21529208091690&mod=765fe558&uri=form.php%3Fid%3D720229-1430%26name%3Dethiopia%2Bhabesha%2Bkemis%2B2019 HTTP/1.1" 200 2554 "-" "Mozilla/5.0 (compatible; SemrushBot/7~bl; +http://www.semrush.com/bot.html)" 93 **0/93380**
85.208.96.211 - - [26/Nov/2025:06:25:27 -0700] "GET /?a=27102733051690&mod=faf8c572&uri=brands.php%3Fid%3D906637-1082%26name%3Da%2Bdog%2Bbed%2Bshould%2Bpuppies%2Bsleep%2Bin%2Ba%2Bcrate%2Bat%2Bnight HTTP/1.1" 200 2554 "-" "Mozilla/5.0 (compatible; SemrushBot/7~bl; +http://www.semrush.com/bot.html)" 102 **0/102989**
66.249.72.195 - - [26/Nov/2025:06:25:28 -0700] "GET /?a=101102270101690&mod=06138bc5&uri=brands.php%3Fid%3D3382954-2%26name%3Dteal+blue+pathani+suit+blue+colour HTTP/1.1" 200 20516 "-" "Mozilla/5.0 (Linux; Android 6.0.1; Nexus 5X Build/MMB29P) AppleWebKit/537.36 (KHTML, like Gecko) Chrome/141.0.7390.122 Mobile Safari/537.36 (compatible; Googlebot/2.1; +http://www.google.com/bot.html)" 272 **0/272667**
185.191.171.12 - - [26/Nov/2025:06:25:29 -0700] "GET /?a=55902162091690&mod=0793520c&uri=products.php%3Fid%3D1870200-1771%26name%3Dpuma%2Bfootball%2Bshoes%2Bpuma%2Bevopower%2Bvigor%2Bgraphic HTTP/1.1" 200 2554 "-" "Mozilla/5.0 (compatible; SemrushBot/7~bl; +http://www.semrush.com/bot.html)" 92 **0/92473**
40.77.167.6 - - [26/Nov/2025:06:25:29 -0700] "GET /?a=6216535021690&mod=50c8932f&uri=goods.php%3Fid%3D207931-446%26name%3Dgorra+mujer+gorra+ny+chica HTTP/2.0" 200 20961 "-" "Mozilla/5.0 AppleWebKit/537.36 (KHTML, like Gecko; compatible; bingbot/2.0; +http://www.bing.com/bingbot.htm) Chrome/116.0.1938.76 Safari/537.36" 253 **0/253417**
40.77.167.73 - - [26/Nov/2025:06:25:33 -0700] "GET /?a=77730613071690&mod=5e4d0656&uri=dp.php%3Fid%3D2600756-334%26name%3Dreel+eupro+dragon+knight+rod HTTP/2.0" 200 21120 "-" "Mozilla/5.0 AppleWebKit/537.36 (KHTML, like Gecko; compatible; bingbot/2.0; +http://www.bing.com/bingbot.htm) Chrome/116.0.1938.76 Safari/537.36" 252 **0/252627**
40.77.167.6 - - [26/Nov/2025:06:25:40 -0700] "GET /?a=32090602091690&mod=7fa3244f&uri=category-info.php%3Fid%3D1073487-359%26name%3Dlow+top+junior+nike+airforce HTTP/2.0" 200 20577 "-" "Mozilla/5.0 AppleWebKit/537.36 (KHTML, like Gecko; compatible; bingbot/2.0; +http://www.bing.com/bingbot.htm) Chrome/116.0.1938.76 Safari/537.36" 244 **0/244090**
40.77.167.3 - - [26/Nov/2025:06:25:41 -0700] "GET /?a=111508827031690&mod=2f3bbb97&uri=shared.php%3Fid%3D3731203-49%26name%3Dclassic+arcade+pandora%27s+box+arcade+stick HTTP/2.0" 200 21622 "-" "Mozilla/5.0 AppleWebKit/537.36 (KHTML, like Gecko; compatible; bingbot/2.0; +http://www.bing.com/bingbot.htm) Chrome/116.0.1938.76 Safari/537.36" 259 **0/259118**
52.167.144.225 - - [26/Nov/2025:06:25:51 -0700] "GET /?a=111569402021690&mod=f6ed5734&uri=search.php%3Fid%3D3733226-974%26name%3Dfur+mackage+red+jacket HTTP/2.0" 200 21514 "-" "Mozilla/5.0 AppleWebKit/537.36 (KHTML, like Gecko; compatible; bingbot/2.0; +http://www.bing.com/bingbot.htm) Chrome/116.0.1938.76 Safari/537.36" 247 **0/247021**
52.167.144.225 - - [26/Nov/2025:06:25:52 -0700] "GET /?a=66531034071690&mod=22b8064b&uri=news.php%3Fid%3D2225867-264%26name%3Dfind+your+how+do+i+know+my+ring+size HTTP/2.0" 200 20947 "-" "Mozilla/5.0 AppleWebKit/537.36 (KHTML, like Gecko; compatible; bingbot/2.0; +http://www.bing.com/bingbot.htm) Chrome/116.0.1938.76 Safari/537.36" 261 **0/261274**
40.77.167.15 - - [26/Nov/2025:06:25:53 -0700] "GET /?a=1764401071690&mod=ae06fbdc&uri=us.php%3Fid%3D58976-54%26name%3Dde+yo+antes+de+ti+vestido+rojo+me+before+you HTTP/2.0" 200 21183 "-" "Mozilla/5.0 AppleWebKit/537.36 (KHTML, like Gecko; compatible; bingbot/2.0; +http://www.bing.com/bingbot.htm) Chrome/116.0.1938.76 Safari/537.36" 256 **0/256477**
40.77.167.15 - - [26/Nov/2025:06:26:16 -0700] "GET /?a=64730750061690&mod=c3106615&uri=category-info.php%3Fid%3D2165655-1120%26name%3Dtricycle+smart+trike+months HTTP/2.0" 200 19807 "-" "Mozilla/5.0 AppleWebKit/537.36 (KHTML, like Gecko; compatible; bingbot/2.0; +http://www.bing.com/bingbot.htm) Chrome/116.0.1938.76 Safari/537.36" 263 **0/263365**
40.77.167.73 - - [26/Nov/2025:06:26:24 -0700] "GET /?a=10884524001690&mod=4d855669&uri=goods.php%3Fid%3D364163-19%26name%3Dnba+shoes+dame+miadidas HTTP/2.0" 200 21198 "-" "Mozilla/5.0 AppleWebKit/537.36 (KHTML, like Gecko; compatible; bingbot/2.0; +http://www.bing.com/bingbot.htm) Chrome/116.0.1938.76 Safari/537.36" 242 **0/242873**
66.249.69.172 - - [26/Nov/2025:06:26:25 -0700] "GET /?a=114843791041690&mod=20337d9c&uri=us.php%3Fid%3D3842737-114%26name%3Dfootball+espn%2B+att+uverse HTTP/1.1" 200 21448 "-" "Mozilla/5.0 (Linux; Android 6.0.1; Nexus 5X Build/MMB29P) AppleWebKit/537.36 (KHTML, like Gecko) Chrome/141.0.7390.122 Mobile Safari/537.36 (compatible; Googlebot/2.1; +http://www.google.com/bot.html)" 289 **0/289410**
40.77.167.73 - - [26/Nov/2025:06:26:26 -0700] "GET /product/edit/54487662001690 HTTP/2.0" 200 21247 "-" "Mozilla/5.0 AppleWebKit/537.36 (KHTML, like Gecko; compatible; bingbot/2.0; +http://www.bing.com/bingbot.htm) Chrome/116.0.1938.76 Safari/537.36" 276 **0/276766**
52.167.144.176 - - [26/Nov/2025:06:26:31 -0700] "GET /?a=64806734051690&mod=e87602b4&uri=product.php%3Fid%3D2168196-1259%26name%3Dikks+sac+en+cuir+vert+femme HTTP/2.0" 200 20730 "-" "Mozilla/5.0 AppleWebKit/537.36 (KHTML, like Gecko; compatible; bingbot/2.0; +http://www.bing.com/bingbot.htm) Chrome/116.0.1938.76 Safari/537.36" 242 **0/242387**
52.167.144.176 - - [26/Nov/2025:06:26:32 -0700] "GET /?a=19879206001690&mod=21928905&uri=search.php%3Fid%3D665051-41%26name%3Drobe+dos+rose HTTP/2.0" 200 20533 "-" "Mozilla/5.0 AppleWebKit/537.36 (KHTML, like Gecko; compatible; bingbot/2.0; +http://www.bing.com/bingbot.htm) Chrome/116.0.1938.76 Safari/537.36" 974 **0/974996**
40.77.167.15 - - [26/Nov/2025:06:26:35 -0700] "GET /?a=96696808001690&mod=44ac09ac&uri=shared.php%3Fid%3D3235469-27%26name%3Dkato+ho+scale+p42 HTTP/2.0" 200 21443 "-" "Mozilla/5.0 AppleWebKit/537.36 (KHTML, like Gecko; compatible; bingbot/2.0; +http://www.bing.com/bingbot.htm) Chrome/116.0.1938.76 Safari/537.36" 279 **0/279522**
52.167.144.225 - - [26/Nov/2025:06:26:41 -0700] "GET /?a=111742362011690&mod=de28a58d&uri=dp.php%3Fid%3D3739014-1339%26name%3Dcouguar+un+puma+poids HTTP/2.0" 200 21061 "-" "Mozilla/5.0 AppleWebKit/537.36 (KHTML, like Gecko; compatible; bingbot/2.0; +http://www.bing.com/bingbot.htm) Chrome/116.0.1938.76 Safari/537.36" 313 **0/313521**
52.167.144.176 - - [26/Nov/2025:06:27:21 -0700] "GET /?a=97503519081690&mod=c80d4a2c&uri=dp.php%3Fid%3D3262463-249%26name%3Ddecor+hearth+and+hand+wood+garland HTTP/2.0" 200 20659 "-" "Mozilla/5.0 AppleWebKit/537.36 (KHTML, like Gecko; compatible; bingbot/2.0; +http://www.bing.com/bingbot.htm) Chrome/116.0.1938.76 Safari/537.36" 257 **0/257533**
40.77.167.15 - - [26/Nov/2025:06:27:26 -0700] "GET /?a=84722479031690&mod=7cc5a754&uri=itm.php%3Fid%3D2834698-80%26name%3Deames+table+vintage HTTP/2.0" 200 19992 "-" "Mozilla/5.0 AppleWebKit/537.36 (KHTML, like Gecko; compatible; bingbot/2.0; +http://www.bing.com/bingbot.htm) Chrome/116.0.1938.76 Safari/537.36" 232 **0/232015**
40.77.167.3 - - [26/Nov/2025:06:27:32 -0700] "GET /?a=15752740011690&mod=4906d502&uri=itm.php%3Fid%3D526984-1288%26name%3Dflyknit+racer+nike+270+flyknit+bleu HTTP/2.0" 200 20155 "-" "Mozilla/5.0 AppleWebKit/537.36 (KHTML, like Gecko; compatible; bingbot/2.0; +http://www.bing.com/bingbot.htm) Chrome/116.0.1938.76 Safari/537.36" 238 **0/238824**
52.167.144.225 - - [26/Nov/2025:06:27:32 -0700] "GET /?a=34894044061690&mod=debac080&uri=article.php%3Fid%3D1167285-704%26name%3Despejo+retro+gafas+kdeam+opiniones HTTP/2.0" 200 21584 "-" "Mozilla/5.0 AppleWebKit/537.36 (KHTML, like Gecko; compatible; bingbot/2.0; +http://www.bing.com/bingbot.htm) Chrome/116.0.1938.76 Safari/537.36" 283 **0/283780**
185.191.171.2 - - [26/Nov/2025:06:27:33 -0700] "GET /?a=93963525051690&mod=073b678a&uri=us.php%3Fid%3D3143968-1496%26name%3Dtankian%2Breleases%2Bserj%2Btankian%2Brar HTTP/1.1" 200 2554 "-" "Mozilla/5.0 (compatible; SemrushBot/7~bl; +http://www.semrush.com/bot.html)" 93 **0/93303**
85.208.96.204 - - [26/Nov/2025:06:27:35 -0700] "GET /?a=115805070061690&mod=30cef342&uri=products.php%3Fid%3D3874928-1282%26name%3Djd%2Bsports%2Bnike%2Bair%2Bforce%2Bmax%2Bgross HTTP/1.1" 200 2554 "-" "Mozilla/5.0 (compatible; SemrushBot/7~bl; +http://www.semrush.com/bot.html)" 95 **0/95669**
185.191.171.7 - - [26/Nov/2025:06:27:36 -0700] "GET /?a=40248876001690&mod=c8f5889d&uri=blog.php%3Fid%3D1346383-326%26name%3Db%2Bvitality%2Boral%2Bb%2Bcepillo%2Belectrico%2Bpack HTTP/1.1" 200 2554 "-" "Mozilla/5.0 (compatible; SemrushBot/7~bl; +http://www.semrush.com/bot.html)" 96 **0/96248**
185.191.171.19 - - [26/Nov/2025:06:27:38 -0700] "GET /?a=35451926091690&mod=047a5439&uri=category-info.php%3Fid%3D1185959-447%26name%3Dribelle%2Bsalvatore%2Bferragamo%2Bperfume%2Bsignorina%2Bprice HTTP/1.1" 200 2554 "-" "Mozilla/5.0 (compatible; SemrushBot/7~bl; +http://www.semrush.com/bot.html)" 90 **0/90427**
85.208.96.204 - - [26/Nov/2025:06:27:39 -0700] "GET /?a=59181856021690&mod=04e6bf7c&uri=goods.php%3Fid%3D1979977-950%26name%3Dcasual%2Bshoes%2Breebok%2Binsta%2Bpump%2Bfury%2Bfit HTTP/1.1" 200 2554 "-" "Mozilla/5.0 (compatible; SemrushBot/7~bl; +http://www.semrush.com/bot.html)" 264 **0/264103**
185.191.171.10 - - [26/Nov/2025:06:27:41 -0700] "GET /?a=46785038011690&mod=8c2c1e2e&uri=shop.php%3Fid%3D1565112-844%26name%3Dmaheshwari%2Bsilk%2Bsouth%2Bcotton%2Bsilk%2Bdress%2Bmaterial HTTP/1.1" 200 2554 "-" "Mozilla/5.0 (compatible; SemrushBot/7~bl; +http://www.semrush.com/bot.html)" 87 **0/87320**
185.191.171.16 - - [26/Nov/2025:06:27:43 -0700] "GET /?a=43849476001690&mod=2ba77af8&uri=search.php%3Fid%3D1466924-413%26name%3Dvineyard%2Bbest%2Bbourgogne HTTP/1.1" 200 2554 "-" "Mozilla/5.0 (compatible; SemrushBot/7~bl; +http://www.semrush.com/bot.html)" 90 **0/90943**
40.77.167.73 - - [26/Nov/2025:06:27:43 -0700] "GET /?a=44428816031690&mod=1efa41af&uri=brands.php%3Fid%3D1486322-964%26name%3Dclear+oakley+snakeskin+sunglasses HTTP/2.0" 200 20521 "-" "Mozilla/5.0 AppleWebKit/537.36 (KHTML, like Gecko; compatible; bingbot/2.0; +http://www.bing.com/bingbot.htm) Chrome/116.0.1938.76 Safari/537.36" 298 **0/298984**
40.77.167.6 - - [26/Nov/2025:06:27:51 -0700] "GET /?a=18371271021690&mod=f80fab2d&uri=us.php%3Fid%3D614609-586%26name%3Dd%C6%B0%E1%BB%A1ng+dior+dreamskin+capture+dior HTTP/2.0" 200 21439 "-" "Mozilla/5.0 AppleWebKit/537.36 (KHTML, like Gecko; compatible; bingbot/2.0; +http://www.bing.com/bingbot.htm) Chrome/116.0.1938.76 Safari/537.36" 276 **0/276103**
185.191.171.19 - - [26/Nov/2025:06:27:59 -0700] "GET /?a=60391873121690&mod=2b9aa863&uri=news.php%3Fid%3D2020485-1457%26name%3Dnegozio%2Bpittarosso%2Bscarpe%2Bnavacchio HTTP/1.1" 200 2554 "-" "Mozilla/5.0 (compatible; SemrushBot/7~bl; +http://www.semrush.com/bot.html)" 90 **0/90723**
52.167.144.176 - - [26/Nov/2025:06:28:14 -0700] "GET /?a=94092403001690&mod=70e17786&uri=dp.php%3Fid%3D3148282-398%26name%3Delastano+calca+jeans+masculina+slim HTTP/2.0" 200 22061 "-" "Mozilla/5.0 AppleWebKit/537.36 (KHTML, like Gecko; compatible; bingbot/2.0; +http://www.bing.com/bingbot.htm) Chrome/116.0.1938.76 Safari/537.36" 258 **0/258675**
66.249.72.194 - - [26/Nov/2025:06:28:17 -0700] "GET /?a=106586029051690&mod=144b646e&uri=blog.php%3Fid%3D3566510-146%26name%3Dshoe+surgeon+jordan+cactus+jack+green HTTP/1.1" 200 20364 "-" "Mozilla/5.0 (Linux; Android 6.0.1; Nexus 5X Build/MMB29P) AppleWebKit/537.36 (KHTML, like Gecko) Chrome/141.0.7390.122 Mobile Safari/537.36 (compatible; Googlebot/2.1; +http://www.google.com/bot.html)" 241 **0/241270**
52.167.144.176 - - [26/Nov/2025:06:28:40 -0700] "GET /?a=114566747091690&mod=be077c4d&uri=shop.php%3Fid%3D3833448-1784%26name%3Dbrand+hierarchy+prestige+watches+list HTTP/2.0" 200 19843 "-" "Mozilla/5.0 AppleWebKit/537.36 (KHTML, like Gecko; compatible; bingbot/2.0; +http://www.bing.com/bingbot.htm) Chrome/116.0.1938.76 Safari/537.36" 384 **0/384550**
52.167.144.176 - - [26/Nov/2025:06:28:51 -0700] "GET /?a=5452304041690&mod=1dc3a89d&uri=dp.php?id=182373-52&name=nike%20tacos%20aluminio%20puma HTTP/2.0" 200 21229 "-" "Mozilla/5.0 AppleWebKit/537.36 (KHTML, like Gecko; compatible; bingbot/2.0; +http://www.bing.com/bingbot.htm) Chrome/116.0.1938.76 Safari/537.36" 253 **0/253464**
40.77.167.73 - - [26/Nov/2025:06:28:54 -0700] "GET /?a=109085659111690&mod=0c48cb5b&uri=dp.php%3Fid%3D3650145-1481%26name%3Dadidas+top+running+shoes+2019+men HTTP/2.0" 200 20234 "-" "Mozilla/5.0 AppleWebKit/537.36 (KHTML, like Gecko; compatible; bingbot/2.0; +http://www.bing.com/bingbot.htm) Chrome/116.0.1938.76 Safari/537.36" 261 **0/261461**
52.167.144.225 - - [26/Nov/2025:06:29:10 -0700] "GET /?a=108407970031690&mod=0ce31e63&uri=dp.php%3Fid%3D3627475-382%26name%3Dpiercing+stretchers+and+plugs HTTP/2.0" 200 21733 "-" "Mozilla/5.0 AppleWebKit/537.36 (KHTML, like Gecko; compatible; bingbot/2.0; +http://www.bing.com/bingbot.htm) Chrome/116.0.1938.76 Safari/537.36" 261 **0/261895**
40.77.167.3 - - [26/Nov/2025:06:29:12 -0700] "GET /?a=32412104031690&mod=1a32df83&uri=products.php%3Fid%3D1084245-81%26name%3Djohn+deere+mower+never+sharpen+mower+blades HTTP/2.0" 200 20736 "-" "Mozilla/5.0 AppleWebKit/537.36 (KHTML, like Gecko; compatible; bingbot/2.0; +http://www.bing.com/bingbot.htm) Chrome/116.0.1938.76 Safari/537.36" 240 **0/240178**
40.77.167.73 - - [26/Nov/2025:06:29:19 -0700] "GET /?a=3635619131690&mod=be547580&uri=dp.php%3Fid%3D121572-474%26name%3Dzalando+marc+jacobs+tee HTTP/2.0" 200 20392 "-" "Mozilla/5.0 AppleWebKit/537.36 (KHTML, like Gecko; compatible; bingbot/2.0; +http://www.bing.com/bingbot.htm) Chrome/116.0.1938.76 Safari/537.36" 268 **0/268123**
40.77.167.73 - - [26/Nov/2025:06:29:20 -0700] "GET /?a=13727662061690&mod=4c26774d&uri=form.php%3Fid%3D459248-58%26name%3Dbunch+bike+electric+bike+with+child+trailer HTTP/2.0" 200 20684 "-" "Mozilla/5.0 AppleWebKit/537.36 (KHTML, like Gecko; compatible; bingbot/2.0; +http://www.bing.com/bingbot.htm) Chrome/116.0.1938.76 Safari/537.36" 273 **0/273905**
52.167.144.176 - - [26/Nov/2025:06:29:23 -0700] "GET /?a=113870526101690&mod=185b60aa&uri=pin.php%3Fid%3D3810158-1114%26name%3Dpartition+adjustable+cake+pan HTTP/2.0" 200 20206 "-" "Mozilla/5.0 AppleWebKit/537.36 (KHTML, like Gecko; compatible; bingbot/2.0; +http://www.bing.com/bingbot.htm) Chrome/116.0.1938.76 Safari/537.36" 292 **0/292148**
52.167.144.213 - - [26/Nov/2025:06:29:31 -0700] "GET /?a=2049671031690&mod=72f9b9ad&uri=shared.php%3Fid%3D68502-142%26name%3Ddress+material+punjabi HTTP/2.0" 200 20630 "-" "Mozilla/5.0 AppleWebKit/537.36 (KHTML, like Gecko; compatible; bingbot/2.0; +http://www.bing.com/bingbot.htm) Chrome/116.0.1938.76 Safari/537.36" 243 **0/243211**
52.167.144.213 - - [26/Nov/2025:06:29:32 -0700] "GET /?a=95148696061690&mod=a1a97c7e&uri=itm.php%3Fid%3D3183603-1645%26name%3Dsuper+mini+gucci+crossbody+bag+brown HTTP/2.0" 200 20559 "-" "Mozilla/5.0 AppleWebKit/537.36 (KHTML, like Gecko; compatible; bingbot/2.0; +http://www.bing.com/bingbot.htm) Chrome/116.0.1938.76 Safari/537.36" 236 **0/236926**
40.77.167.73 - - [26/Nov/2025:06:29:44 -0700] "GET /?a=21207768061690&mod=69e76024&uri=dp.php%3Fid%3D709473-325%26name%3Dstainless+steel+personal+water+cooler HTTP/2.0" 200 21742 "-" "Mozilla/5.0 AppleWebKit/537.36 (KHTML, like Gecko; compatible; bingbot/2.0; +http://www.bing.com/bingbot.htm) Chrome/116.0.1938.76 Safari/537.36" 257 **0/257812**
40.77.167.15 - - [26/Nov/2025:06:29:45 -0700] "GET /?a=1959700101690&mod=44ac09ac&uri=goods.php%3Fid%3D65497-27%26name%3Dsurprise+hottest+gifts+for+kids HTTP/2.0" 200 20854 "-" "Mozilla/5.0 AppleWebKit/537.36 (KHTML, like Gecko; compatible; bingbot/2.0; +http://www.bing.com/bingbot.htm) Chrome/116.0.1938.76 Safari/537.36" 236 **0/236219**
52.167.144.225 - - [26/Nov/2025:06:29:51 -0700] "GET /?a=10936931041690&mod=06138bc5&uri=pin.php%3Fid%3D365913-2%26name%3Dblack+heavy+gildan+hoodie HTTP/2.0" 200 21302 "-" "Mozilla/5.0 AppleWebKit/537.36 (KHTML, like Gecko; compatible; bingbot/2.0; +http://www.bing.com/bingbot.htm) Chrome/116.0.1938.76 Safari/537.36" 265 **0/265458**
85.208.96.200 - - [26/Nov/2025:06:29:55 -0700] "GET /?a=70518536021690&mod=7f6c9dc0&uri=pin.php%3Fid%3D2359301-975%26name%3Dfootwear%2Bbuy%2Bsuperstar%2Bshoes%2Bonline HTTP/1.1" 200 2554 "-" "Mozilla/5.0 (compatible; SemrushBot/7~bl; +http://www.semrush.com/bot.html)" 109 **0/109146**
185.191.171.4 - - [26/Nov/2025:06:29:56 -0700] "GET /?a=23503330011690&mod=870a2dff&uri=products.php%3Fid%3D786254-1467%26name%3Ddiadora%2Bbrasil%2Bdiadora%2Blimited HTTP/1.1" 200 2554 "-" "Mozilla/5.0 (compatible; SemrushBot/7~bl; +http://www.semrush.com/bot.html)" 89 **0/89171**
185.191.171.5 - - [26/Nov/2025:06:30:15 -0700] "GET /?a=116054833081690&mod=d9788dca&uri=article.php%3Fid%3D3883288-507%26name%3Dsandale%2Bbeige%2Bsandales%2Btalons%2Bmoyens%2Bcuir HTTP/1.1" 200 2554 "-" "Mozilla/5.0 (compatible; SemrushBot/7~bl; +http://www.semrush.com/bot.html)" 99 **0/99011**
52.167.144.213 - - [26/Nov/2025:06:30:20 -0700] "GET /?a=4502174031690&mod=f81dee42&uri=pin.php?id=150558-39&name=circle%20bar%20charm%20necklace HTTP/2.0" 200 21161 "-" "Mozilla/5.0 AppleWebKit/537.36 (KHTML, like Gecko; compatible; bingbot/2.0; +http://www.bing.com/bingbot.htm) Chrome/116.0.1938.76 Safari/537.36" 254 **0/254452**
52.167.144.213 - - [26/Nov/2025:06:30:21 -0700] "GET /?a=97273650091690&mod=4c26774d&uri=blog.php%3Fid%3D3254777-58%26name%3Ddecathlon+btwin+cycle+rockrider+340 HTTP/2.0" 200 20763 "-" "Mozilla/5.0 AppleWebKit/537.36 (KHTML, like Gecko; compatible; bingbot/2.0; +http://www.bing.com/bingbot.htm) Chrome/116.0.1938.76 Safari/537.36" 259 **0/259214**
52.167.144.213 - - [26/Nov/2025:06:30:21 -0700] "GET /?a=119258053101690&mod=325c9a93&uri=goods.php%3Fid%3D3990457-531%26name%3Dzara+home+cesta+de+gatos HTTP/2.0" 200 21017 "-" "Mozilla/5.0 AppleWebKit/537.36 (KHTML, like Gecko; compatible; bingbot/2.0; +http://www.bing.com/bingbot.htm) Chrome/116.0.1938.76 Safari/537.36" 242 **0/242814**
52.167.144.225 - - [26/Nov/2025:06:30:33 -0700] "GET /?a=77762299031690&mod=13a0e2e9&uri=dp.php%3Fid%3D2601814-311%26name%3Dnvidia+quadro+600+nvidia+gt+600 HTTP/2.0" 200 21030 "-" "Mozilla/5.0 AppleWebKit/537.36 (KHTML, like Gecko; compatible; bingbot/2.0; +http://www.bing.com/bingbot.htm) Chrome/116.0.1938.76 Safari/537.36" 255 **0/255102**
52.167.144.225 - - [26/Nov/2025:06:30:33 -0700] "GET /?a=78325440041690&mod=63f09a36&uri=shared.php%3Fid%3D2620660-348%26name%3Dwaterproof+case+black+screen+cover+for+iphone HTTP/2.0" 200 21326 "-" "Mozilla/5.0 AppleWebKit/537.36 (KHTML, like Gecko; compatible; bingbot/2.0; +http://www.bing.com/bingbot.htm) Chrome/116.0.1938.76 Safari/537.36" 243 **0/243479**
