40.77.167.54 - - [26/Nov/2025:08:14:36 -0700] "GET /?a=21206100031690&mod=799d3f5d&uri=us.php%3Fid%3D709417-258%26name%3Dmameluco+mundo+trabajo+ropa HTTP/2.0" 200 21148 "-" "Mozilla/5.0 AppleWebKit/537.36 (KHTML, like Gecko; compatible; bingbot/2.0; +http://www.bing.com/bingbot.htm) Chrome/116.0.1938.76 Safari/537.36" 258 **0/258227**
40.77.167.54 - - [26/Nov/2025:08:14:38 -0700] "GET /?a=57404025041690&mod=35e3dc18&uri=blog.php%3Fid%3D1920469-541%26name%3Dfacebook+dunlop+suitcases HTTP/2.0" 200 20625 "-" "Mozilla/5.0 AppleWebKit/537.36 (KHTML, like Gecko; compatible; bingbot/2.0; +http://www.bing.com/bingbot.htm) Chrome/116.0.1938.76 Safari/537.36" 276 **0/276239**
52.167.144.171 - - [26/Nov/2025:08:14:45 -0700] "GET /?a=15153490091690&mod=d77f939c&uri=product.php%3Fid%3D506952-292%26name%3Dtaye+stride+rite+baby HTTP/2.0" 200 20156 "-" "Mozilla/5.0 AppleWebKit/537.36 (KHTML, like Gecko; compatible; bingbot/2.0; +http://www.bing.com/bingbot.htm) Chrome/116.0.1938.76 Safari/537.36" 251 **0/251893**
20.15.133.175 - - [26/Nov/2025:08:14:49 -0700] "GET /?a=87416775001690&mod=7ab0afee&uri=pin.php%3Fid%3D2924893-213%26name%3Dcrucial+ram+cost+of+12gb+ram+for+laptop HTTP/2.0" 200 20693 "-" "Mozilla/5.0 AppleWebKit/537.36 (KHTML, like Gecko; compatible; bingbot/2.0; +http://www.bing.com/bingbot.htm) Chrome/116.0.1938.76 Safari/537.36" 318 **0/318076**
40.77.167.132 - - [26/Nov/2025:08:15:00 -0700] "GET /?a=30698145031690&mod=c80d4a2c&uri=news.php%3Fid%3D1026895-249%26name%3Dfine+dmt+diamond+hone HTTP/2.0" 200 20348 "-" "Mozilla/5.0 AppleWebKit/537.36 (KHTML, like Gecko; compatible; bingbot/2.0; +http://www.bing.com/bingbot.htm) Chrome/116.0.1938.76 Safari/537.36" 236 **0/236335**
40.77.167.54 - - [26/Nov/2025:08:15:04 -0700] "GET /?a=47621972061690&mod=e5074d7c&uri=products.php%3Fid%3D1593103-889%26name%3Dpizzo+calze+nere+particolari HTTP/2.0" 200 20990 "-" "Mozilla/5.0 AppleWebKit/537.36 (KHTML, like Gecko; compatible; bingbot/2.0; +http://www.bing.com/bingbot.htm) Chrome/116.0.1938.76 Safari/537.36" 289 **0/289120**
40.77.167.2 - - [26/Nov/2025:08:15:13 -0700] "GET /?a=114526738011690&mod=069802d4&uri=info.php%3Fid%3D3832112-158%26name%3Djbl+sound+soundboost HTTP/2.0" 200 20746 "-" "Mozilla/5.0 AppleWebKit/537.36 (KHTML, like Gecko; compatible; bingbot/2.0; +http://www.bing.com/bingbot.htm) Chrome/116.0.1938.76 Safari/537.36" 260 **0/260966**
40.77.167.54 - - [26/Nov/2025:08:15:31 -0700] "GET /?a=77709456061690&mod=50c8932f&uri=info.php%3Fid%3D2600049-446%26name%3Dgorra+39thirty+gorra+multicolor+nfl HTTP/2.0" 200 20777 "-" "Mozilla/5.0 AppleWebKit/537.36 (KHTML, like Gecko; compatible; bingbot/2.0; +http://www.bing.com/bingbot.htm) Chrome/116.0.1938.76 Safari/537.36" 279 **0/279852**
40.77.167.2 - - [26/Nov/2025:08:15:33 -0700] "GET /?a=58824389041690&mod=1a32df83&uri=brands.php%3Fid%3D1968016-81%26name%3Ddewalt+cordless+multi+tool+kit HTTP/2.0" 200 21322 "-" "Mozilla/5.0 AppleWebKit/537.36 (KHTML, like Gecko; compatible; bingbot/2.0; +http://www.bing.com/bingbot.htm) Chrome/116.0.1938.76 Safari/537.36" 389 **0/389422**
85.208.96.193 - - [26/Nov/2025:08:15:46 -0700] "GET /?a=22186503131690&mod=5295def3&uri=blog.php%3Fid%3D742207-1443%26name%3Dadidas%2Bshoes%2Badidas%2Bchaussur%2Bfemme HTTP/1.1" 200 2554 "-" "Mozilla/5.0 (compatible; SemrushBot/7~bl; +http://www.semrush.com/bot.html)" 112 **0/112625**
85.208.96.208 - - [26/Nov/2025:08:16:02 -0700] "GET /?a=101861010001690&mod=0b5b89bb&uri=info.php%3Fid%3D3408337-1228%26name%3Drangers%2Bmitchell%2Band%2Bness%2Binternational HTTP/1.1" 200 2554 "-" "Mozilla/5.0 (compatible; SemrushBot/7~bl; +http://www.semrush.com/bot.html)" 103 **0/103325**
40.77.167.32 - - [26/Nov/2025:08:16:04 -0700] "GET /?a=64756690011690&mod=bf81b5c5&uri=pin.php%3Fid%3D2166522-1796%26name%3Dklcc+shopping+balenciaga+klcc HTTP/2.0" 200 20093 "-" "Mozilla/5.0 AppleWebKit/537.36 (KHTML, like Gecko; compatible; bingbot/2.0; +http://www.bing.com/bingbot.htm) Chrome/116.0.1938.76 Safari/537.36" 260 **0/260414**
52.167.144.55 - - [26/Nov/2025:08:16:07 -0700] "GET /robots.txt HTTP/2.0" 200 74 "-" "Mozilla/5.0 AppleWebKit/537.36 (KHTML, like Gecko; compatible; bingbot/2.0; +http://www.bing.com/bingbot.htm) Chrome/116.0.1938.76 Safari/537.36" 100 **0/100621**
52.167.144.55 - - [26/Nov/2025:08:16:07 -0700] "GET /robots.txt HTTP/2.0" 200 74 "-" "Mozilla/5.0 AppleWebKit/537.36 (KHTML, like Gecko; compatible; bingbot/2.0; +http://www.bing.com/bingbot.htm) Chrome/116.0.1938.76 Safari/537.36" 101 **0/101660**
40.77.167.132 - - [26/Nov/2025:08:16:12 -0700] "GET /?a=5966940081690&mod=9cd3598a&uri=search.php%3Fid%3D199583-74%26name%3Dtraining+pants+tight+adidas+pants HTTP/2.0" 200 21154 "-" "Mozilla/5.0 AppleWebKit/537.36 (KHTML, like Gecko; compatible; bingbot/2.0; +http://www.bing.com/bingbot.htm) Chrome/116.0.1938.76 Safari/537.36" 268 **0/268644**
40.77.167.32 - - [26/Nov/2025:08:16:24 -0700] "GET /?a=114570287041690&mod=0d7f9017&uri=itm.php%3Fid%3D3833566-73%26name%3Dskechers+venta+de+zapatos+de+hombre HTTP/2.0" 200 20533 "-" "Mozilla/5.0 AppleWebKit/537.36 (KHTML, like Gecko; compatible; bingbot/2.0; +http://www.bing.com/bingbot.htm) Chrome/116.0.1938.76 Safari/537.36" 286 **0/286846**
185.191.171.14 - - [26/Nov/2025:08:16:30 -0700] "GET /?a=109142368031690&mod=69190c59&uri=dp.php%3Fid%3D3652040-626%26name%3Dhyderabad%2Bh%2Band%2Bm%2Binorbit HTTP/1.1" 200 2554 "-" "Mozilla/5.0 (compatible; SemrushBot/7~bl; +http://www.semrush.com/bot.html)" 97 **0/97380**
40.77.167.19 - - [26/Nov/2025:08:16:45 -0700] "GET /?a=1661794041690&mod=2ba77af8&uri=us.php%3Fid%3D55545-413%26name%3Dkwv+south+african+malbec HTTP/2.0" 200 20351 "-" "Mozilla/5.0 AppleWebKit/537.36 (KHTML, like Gecko; compatible; bingbot/2.0; +http://www.bing.com/bingbot.htm) Chrome/116.0.1938.76 Safari/537.36" 261 **0/261397**
40.77.167.73 - - [26/Nov/2025:08:16:51 -0700] "GET /?a=25322078021690&mod=6ca8424d&uri=us.php%3Fid%3D847101-757%26name%3Dsneaker+new+jordans+orange HTTP/2.0" 200 20626 "-" "Mozilla/5.0 AppleWebKit/537.36 (KHTML, like Gecko; compatible; bingbot/2.0; +http://www.bing.com/bingbot.htm) Chrome/116.0.1938.76 Safari/537.36" 267 **0/267323**
40.77.167.32 - - [26/Nov/2025:08:16:56 -0700] "GET /?a=114776403061690&mod=47f1adc4&uri=goods.php%3Fid%3D3840470-500%26name%3Dclothes+michael+kors+maglie+uomo HTTP/2.0" 200 21088 "-" "Mozilla/5.0 AppleWebKit/537.36 (KHTML, like Gecko; compatible; bingbot/2.0; +http://www.bing.com/bingbot.htm) Chrome/116.0.1938.76 Safari/537.36" 358 **0/358954**
40.77.167.32 - - [26/Nov/2025:08:17:05 -0700] "GET /?a=113897872061690&mod=ae06fbdc&uri=itm.php%3Fid%3D3811073-54%26name%3Dcatalogo+camisas+yazbek+colores HTTP/2.0" 200 21366 "-" "Mozilla/5.0 AppleWebKit/537.36 (KHTML, like Gecko; compatible; bingbot/2.0; +http://www.bing.com/bingbot.htm) Chrome/116.0.1938.76 Safari/537.36" 271 **0/271273**
185.191.171.1 - - [26/Nov/2025:08:17:27 -0700] "GET /?a=49524362001690&mod=6215a558&uri=dp.php%3Fid%3D1656787-1017%26name%3Ddavid%2Brobinson%2Bnike%2Bair%2Bunlimited%2Bog HTTP/1.1" 200 2554 "-" "Mozilla/5.0 (compatible; SemrushBot/7~bl; +http://www.semrush.com/bot.html)" 98 **0/98375**
40.77.167.132 - - [26/Nov/2025:08:17:30 -0700] "GET /?a=43939012031690&mod=65d7720b&uri=article.php%3Fid%3D1469922-395%26name%3Dbmw+m1000rr+bmw+s1000rr+hp4+2019 HTTP/2.0" 200 19972 "-" "Mozilla/5.0 AppleWebKit/537.36 (KHTML, like Gecko; compatible; bingbot/2.0; +http://www.bing.com/bingbot.htm) Chrome/116.0.1938.76 Safari/537.36" 266 **0/266503**
185.191.171.18 - - [26/Nov/2025:08:17:36 -0700] "GET /?a=76974429051690&mod=4568cffb&uri=product.php%3Fid%3D2575465-1092%26name%3Dmuffler%2Bscarf%2Bpendleton%2Bscarf%2Bwomens HTTP/1.1" 200 2554 "-" "Mozilla/5.0 (compatible; SemrushBot/7~bl; +http://www.semrush.com/bot.html)" 92 **0/92982**
185.191.171.11 - - [26/Nov/2025:08:17:54 -0700] "GET /?a=48112241031690&mod=f1920129&uri=article.php%3Fid%3D1609509-45%26name%3Dnike%2Bair%2Bforce%2Bnavy%2Bmens%2Bnike%2Bshoes HTTP/1.1" 200 2554 "-" "Mozilla/5.0 (compatible; SemrushBot/7~bl; +http://www.semrush.com/bot.html)" 90 **0/90030**
40.77.167.54 - - [26/Nov/2025:08:18:12 -0700] "GET /?a=108426482061690&mod=e800feb8&uri=us.php%3Fid%3D3628093-890%26name%3Dneck+grey+and+white+t+shirt HTTP/2.0" 200 20302 "-" "Mozilla/5.0 AppleWebKit/537.36 (KHTML, like Gecko; compatible; bingbot/2.0; +http://www.bing.com/bingbot.htm) Chrome/116.0.1938.76 Safari/537.36" 276 **0/276173**
40.77.167.132 - - [26/Nov/2025:08:18:30 -0700] "GET /product/edit/109364111690 HTTP/2.0" 200 20214 "-" "Mozilla/5.0 AppleWebKit/537.36 (KHTML, like Gecko; compatible; bingbot/2.0; +http://www.bing.com/bingbot.htm) Chrome/116.0.1938.76 Safari/537.36" 276 **0/276349**
40.77.167.2 - - [26/Nov/2025:08:18:32 -0700] "GET /?a=98516221021690&mod=a02f16dc&uri=form.php%3Fid%3D3296399-499%26name%3Drain+coat+aquascutum+berkeley+trench+coat HTTP/2.0" 200 21638 "-" "Mozilla/5.0 AppleWebKit/537.36 (KHTML, like Gecko; compatible; bingbot/2.0; +http://www.bing.com/bingbot.htm) Chrome/116.0.1938.76 Safari/537.36" 287 **0/287411**
40.77.167.54 - - [26/Nov/2025:08:18:34 -0700] "GET /product/edit/15629031690 HTTP/2.0" 200 20114 "-" "Mozilla/5.0 AppleWebKit/537.36 (KHTML, like Gecko; compatible; bingbot/2.0; +http://www.bing.com/bingbot.htm) Chrome/116.0.1938.76 Safari/537.36" 271 **0/271535**
40.77.167.32 - - [26/Nov/2025:08:18:36 -0700] "GET /?a=19612476021690&mod=253fbcc9&uri=us.php%3Fid%3D656123-629%26name%3Disofix+booster+seat+murah HTTP/2.0" 200 19570 "-" "Mozilla/5.0 AppleWebKit/537.36 (KHTML, like Gecko; compatible; bingbot/2.0; +http://www.bing.com/bingbot.htm) Chrome/116.0.1938.76 Safari/537.36" 249 **0/249491**
40.77.167.73 - - [26/Nov/2025:08:18:44 -0700] "GET /?a=65078622051690&mod=22b8064b&uri=brands.php%3Fid%3D2177285-264%26name%3Dfine+jewelers+marketplace+mall+jewelry+stores HTTP/2.0" 200 20619 "-" "Mozilla/5.0 AppleWebKit/537.36 (KHTML, like Gecko; compatible; bingbot/2.0; +http://www.bing.com/bingbot.htm) Chrome/116.0.1938.76 Safari/537.36" 262 **0/262050**
52.167.144.227 - - [26/Nov/2025:08:18:45 -0700] "GET /?a=63225534141690&mod=06138bc5&uri=form.php%3Fid%3D2115312-2%26name%3Dmandalorian+target+star+wars+pjs HTTP/2.0" 200 21265 "-" "Mozilla/5.0 AppleWebKit/537.36 (KHTML, like Gecko; compatible; bingbot/2.0; +http://www.bing.com/bingbot.htm) Chrome/116.0.1938.76 Safari/537.36" 1366 **1/1366394**
40.77.167.54 - - [26/Nov/2025:08:18:48 -0700] "GET /?a=5921708011690&mod=7cc5a754&uri=product.php%3Fid%3D198070-80%26name%3Dback+pain+strongest+recliner+chair HTTP/2.0" 200 21439 "-" "Mozilla/5.0 AppleWebKit/537.36 (KHTML, like Gecko; compatible; bingbot/2.0; +http://www.bing.com/bingbot.htm) Chrome/116.0.1938.76 Safari/537.36" 290 **0/290948**
52.167.144.227 - - [26/Nov/2025:08:18:54 -0700] "GET /?a=108546249031690&mod=4f18f486&uri=blog.php%3Fid%3D3632098-545%26name%3Dplus+size+crop+biker+jacket HTTP/2.0" 200 21188 "-" "Mozilla/5.0 AppleWebKit/537.36 (KHTML, like Gecko; compatible; bingbot/2.0; +http://www.bing.com/bingbot.htm) Chrome/116.0.1938.76 Safari/537.36" 273 **0/273254**
85.208.96.193 - - [26/Nov/2025:08:18:59 -0700] "GET /?a=8961814001690&mod=2bae70dc&uri=us.php%3Fid%3D299771-1022%26name%3Dscarpe%2Bdiadora%2Bgame%2Bdiadora%2Bda%2Buomo HTTP/1.1" 200 2554 "-" "Mozilla/5.0 (compatible; SemrushBot/7~bl; +http://www.semrush.com/bot.html)" 112 **0/112442**
20.15.133.175 - - [26/Nov/2025:08:19:10 -0700] "GET /?a=108496610071690&mod=c6927253&uri=shared.php%3Fid%3D3630440-550%26name%3Dcotton+shorts+tommy+hilfiger+shorts+outfit HTTP/2.0" 200 20842 "-" "Mozilla/5.0 AppleWebKit/537.36 (KHTML, like Gecko; compatible; bingbot/2.0; +http://www.bing.com/bingbot.htm) Chrome/116.0.1938.76 Safari/537.36" 246 **0/246931**
40.77.167.19 - - [26/Nov/2025:08:19:14 -0700] "GET /?a=5990140041690&mod=06138bc5&uri=dp.php?id=200359-2&name=sweatpants%20sale%20aritzia%20ex%20boyfriend%20sweatpants HTTP/2.0" 200 21119 "-" "Mozilla/5.0 AppleWebKit/537.36 (KHTML, like Gecko; compatible; bingbot/2.0; +http://www.bing.com/bingbot.htm) Chrome/116.0.1938.76 Safari/537.36" 289 **0/289666**
40.77.167.32 - - [26/Nov/2025:08:19:16 -0700] "GET /?a=30503076031690&mod=e6e537c2&uri=article.php%3Fid%3D1020374-1064%26name%3Dbumbleride+plastique+pour+poussette HTTP/2.0" 200 20486 "-" "Mozilla/5.0 AppleWebKit/537.36 (KHTML, like Gecko; compatible; bingbot/2.0; +http://www.bing.com/bingbot.htm) Chrome/116.0.1938.76 Safari/537.36" 252 **0/252794**
52.167.144.227 - - [26/Nov/2025:08:19:37 -0700] "GET /?a=64855560041690&mod=8c2ea383&uri=shop.php%3Fid%3D2169833-1597%26name%3Ddoggy+bathroom+inside+dog+litter+box HTTP/2.0" 200 20746 "-" "Mozilla/5.0 AppleWebKit/537.36 (KHTML, like Gecko; compatible; bingbot/2.0; +http://www.bing.com/bingbot.htm) Chrome/116.0.1938.76 Safari/537.36" 266 **0/266592**
40.77.167.54 - - [26/Nov/2025:08:19:42 -0700] "GET /?a=10986898051690&mod=fb4c2277&uri=brands.php%3Fid%3D367584-703%26name%3Dbrogue+80er+schuhe+herren HTTP/2.0" 200 21813 "-" "Mozilla/5.0 AppleWebKit/537.36 (KHTML, like Gecko; compatible; bingbot/2.0; +http://www.bing.com/bingbot.htm) Chrome/116.0.1938.76 Safari/537.36" 271 **0/271443**
40.77.167.32 - - [26/Nov/2025:08:19:47 -0700] "GET /?a=114469415051690&mod=b8b68793&uri=article.php%3Fid%3D3830200-410%26name%3Dgrease+stains+cleaning+le+creuset+exterior HTTP/2.0" 200 20953 "-" "Mozilla/5.0 AppleWebKit/537.36 (KHTML, like Gecko; compatible; bingbot/2.0; +http://www.bing.com/bingbot.htm) Chrome/116.0.1938.76 Safari/537.36" 311 **0/311987**
40.77.167.2 - - [26/Nov/2025:08:19:57 -0700] "GET /?a=118891950011690&mod=27d342e9&uri=info.php%3Fid%3D3978210-363%26name%3Ddecathlon+vtt+electrique+le+plus+cher HTTP/2.0" 200 21666 "-" "Mozilla/5.0 AppleWebKit/537.36 (KHTML, like Gecko; compatible; bingbot/2.0; +http://www.bing.com/bingbot.htm) Chrome/116.0.1938.76 Safari/537.36" 251 **0/251500**
20.15.133.175 - - [26/Nov/2025:08:20:09 -0700] "GET /?a=10886529051690&mod=028bc2ad&uri=us.php%3Fid%3D364230-224%26name%3Dfingerless+gloves+debenhams+mens+leather+gloves HTTP/2.0" 200 21104 "-" "Mozilla/5.0 AppleWebKit/537.36 (KHTML, like Gecko; compatible; bingbot/2.0; +http://www.bing.com/bingbot.htm) Chrome/116.0.1938.76 Safari/537.36" 288 **0/288623**
40.77.167.72 - - [26/Nov/2025:08:20:10 -0700] "GET /?a=30113837021690&mod=579c9a6d&uri=pin.php%3Fid%3D1007359-414%26name%3Dfashion+sliders+ladies+sliders+size HTTP/2.0" 200 21723 "-" "Mozilla/5.0 AppleWebKit/537.36 (KHTML, like Gecko; compatible; bingbot/2.0; +http://www.bing.com/bingbot.htm) Chrome/116.0.1938.76 Safari/537.36" 269 **0/269542**
40.77.167.72 - - [26/Nov/2025:08:20:11 -0700] "GET /?a=98547562011690&mod=27d342e9&uri=search.php%3Fid%3D3297449-363%26name%3Dmountain+bike+decathlon+garde+boue HTTP/2.0" 200 20264 "-" "Mozilla/5.0 AppleWebKit/537.36 (KHTML, like Gecko; compatible; bingbot/2.0; +http://www.bing.com/bingbot.htm) Chrome/116.0.1938.76 Safari/537.36" 250 **0/250683**
40.77.167.19 - - [26/Nov/2025:08:20:17 -0700] "GET /?a=77733793011690&mod=cdda8992&uri=form.php%3Fid%3D2600862-585%26name%3Dtrucker+hat+big+fish+hat HTTP/2.0" 200 21065 "-" "Mozilla/5.0 AppleWebKit/537.36 (KHTML, like Gecko; compatible; bingbot/2.0; +http://www.bing.com/bingbot.htm) Chrome/116.0.1938.76 Safari/537.36" 282 **0/282888**
20.15.133.184 - - [26/Nov/2025:08:20:20 -0700] "GET /?a=97285874021690&mod=35cb6aa3&uri=shared.php%3Fid%3D3255187-1346%26name%3Dkit+nettoyage+nettoyer+basket+cuir HTTP/2.0" 200 21633 "-" "Mozilla/5.0 AppleWebKit/537.36 (KHTML, like Gecko; compatible; bingbot/2.0; +http://www.bing.com/bingbot.htm) Chrome/116.0.1938.76 Safari/537.36" 292 **0/292975**
40.77.167.54 - - [26/Nov/2025:08:20:22 -0700] "GET /?a=6347871001690&mod=e0f120ee&uri=us.php%3Fid%3D212323-44%26name%3Damazon+neoprene+laptop+sleeve+15+inch HTTP/2.0" 200 21765 "-" "Mozilla/5.0 AppleWebKit/537.36 (KHTML, like Gecko; compatible; bingbot/2.0; +http://www.bing.com/bingbot.htm) Chrome/116.0.1938.76 Safari/537.36" 415 **0/415683**
52.167.144.227 - - [26/Nov/2025:08:20:22 -0700] "GET /product/edit/13353902001690 HTTP/2.0" 200 20305 "-" "Mozilla/5.0 AppleWebKit/537.36 (KHTML, like Gecko; compatible; bingbot/2.0; +http://www.bing.com/bingbot.htm) Chrome/116.0.1938.76 Safari/537.36" 285 **0/285898**
85.208.96.200 - - [26/Nov/2025:08:20:24 -0700] "GET /?a=60935443041690&mod=4f4e14a0&uri=article.php%3Fid%3D2038690-1538%26name%3Dgunsmoke%2Bair%2Bzoom%2Bpegasus%2Bwomens%2B35 HTTP/1.1" 200 2554 "-" "Mozilla/5.0 (compatible; SemrushBot/7~bl; +http://www.semrush.com/bot.html)" 101 **0/101736**
40.77.167.32 - - [26/Nov/2025:08:20:24 -0700] "GET /?a=19624740031690&mod=f7c914bf&uri=brands.php%3Fid%3D656535-234%26name%3Dmalta+grifo+monomando+cocina+blanco HTTP/2.0" 200 18813 "-" "Mozilla/5.0 AppleWebKit/537.36 (KHTML, like Gecko; compatible; bingbot/2.0; +http://www.bing.com/bingbot.htm) Chrome/116.0.1938.76 Safari/537.36" 225 **0/225003**
40.77.167.32 - - [26/Nov/2025:08:20:25 -0700] "GET /?a=97415340111690&mod=5e4d0656&uri=category-info.php%3Fid%3D3259515-334%26name%3Dplant+chp+boiler HTTP/2.0" 200 21446 "-" "Mozilla/5.0 AppleWebKit/537.36 (KHTML, like Gecko; compatible; bingbot/2.0; +http://www.bing.com/bingbot.htm) Chrome/116.0.1938.76 Safari/537.36" 296 **0/296882**
40.77.167.32 - - [26/Nov/2025:08:20:25 -0700] "GET /?a=30225591021690&mod=bd0cc810&uri=pin.php%3Fid%3D1011099-21%26name%3Dmiss+dior+perfume+chanel HTTP/2.0" 200 21079 "-" "Mozilla/5.0 AppleWebKit/537.36 (KHTML, like Gecko; compatible; bingbot/2.0; +http://www.bing.com/bingbot.htm) Chrome/116.0.1938.76 Safari/537.36" 297 **0/297063**
40.77.167.32 - - [26/Nov/2025:08:20:26 -0700] "GET /?a=98533416051690&mod=27d342e9&uri=form.php%3Fid%3D3296974-363%26name%3Doriginal+700+btwin+original+prix HTTP/2.0" 200 20638 "-" "Mozilla/5.0 AppleWebKit/537.36 (KHTML, like Gecko; compatible; bingbot/2.0; +http://www.bing.com/bingbot.htm) Chrome/116.0.1938.76 Safari/537.36" 245 **0/245062**
185.191.171.7 - - [26/Nov/2025:08:20:27 -0700] "GET /?a=23727371051690&mod=daf33b81&uri=news.php%3Fid%3D793755-522%26name%3Dflipkart%2Bpuma%2Bmuse%2Beos%2Bblack HTTP/1.1" 200 2554 "-" "Mozilla/5.0 (compatible; SemrushBot/7~bl; +http://www.semrush.com/bot.html)" 102 **0/102941**
40.77.167.54 - - [26/Nov/2025:08:20:32 -0700] "GET /product/edit/78173021690 HTTP/2.0" 200 21411 "-" "Mozilla/5.0 AppleWebKit/537.36 (KHTML, like Gecko; compatible; bingbot/2.0; +http://www.bing.com/bingbot.htm) Chrome/116.0.1938.76 Safari/537.36" 617 **0/617910**
85.208.96.211 - - [26/Nov/2025:08:20:36 -0700] "GET /?a=91721908041690&mod=1ed6f515&uri=news.php%3Fid%3D3068985-989%26name%3Dbernina%2Bbally%2Bhandbag%2Bsale HTTP/1.1" 200 2554 "-" "Mozilla/5.0 (compatible; SemrushBot/7~bl; +http://www.semrush.com/bot.html)" 96 **0/96038**
40.77.167.32 - - [26/Nov/2025:08:20:36 -0700] "GET /?a=117511536141690&mod=27d342e9&uri=goods.php%3Fid%3D3932024-363%26name%3Dbicycle+btwin+rockrider+femme HTTP/2.0" 200 20784 "-" "Mozilla/5.0 AppleWebKit/537.36 (KHTML, like Gecko; compatible; bingbot/2.0; +http://www.bing.com/bingbot.htm) Chrome/116.0.1938.76 Safari/537.36" 265 **0/265201**
40.77.167.54 - - [26/Nov/2025:08:20:52 -0700] "GET /product/edit/70331381041690 HTTP/2.0" 200 21788 "-" "Mozilla/5.0 AppleWebKit/537.36 (KHTML, like Gecko; compatible; bingbot/2.0; +http://www.bing.com/bingbot.htm) Chrome/116.0.1938.76 Safari/537.36" 302 **0/302745**
185.191.171.4 - - [26/Nov/2025:08:20:53 -0700] "GET /?a=44081863041690&mod=e70056d5&uri=blog.php%3Fid%3D1474712-589%26name%3Dclassic%2Bbackpack%2Bnfinity%2Bteal%2Bsparkle%2Bbackpack HTTP/1.1" 200 2554 "-" "Mozilla/5.0 (compatible; SemrushBot/7~bl; +http://www.semrush.com/bot.html)" 95 **0/95596**
85.208.96.210 - - [26/Nov/2025:08:21:01 -0700] "GET /?a=98590501001690&mod=647c3090&uri=product.php%3Fid%3D3298888-350%26name%3Damazon%2Bchaussette%2Bsemelle%2Bcaoutchouc%2Bb%C3%83%C2%A9b%C3%83%C2%A9 HTTP/1.1" 200 2554 "-" "Mozilla/5.0 (compatible; SemrushBot/7~bl; +http://www.semrush.com/bot.html)" 105 **0/105220**
52.167.144.227 - - [26/Nov/2025:08:21:02 -0700] "GET /?a=108465318141690&mod=8cd7775f&uri=shop.php%3Fid%3D3629392-85%26name%3Dtr%C3%ADpode+telefono+con+aro+de+luz HTTP/2.0" 200 21368 "-" "Mozilla/5.0 AppleWebKit/537.36 (KHTML, like Gecko; compatible; bingbot/2.0; +http://www.bing.com/bingbot.htm) Chrome/116.0.1938.76 Safari/537.36" 291 **0/291943**
40.77.167.72 - - [26/Nov/2025:08:21:05 -0700] "GET /?a=93946570021690&mod=d10278e3&uri=dp.php%3Fid%3D3143401-554%26name%3Dgolf+grips+golf+club+end+caps HTTP/2.0" 200 21478 "-" "Mozilla/5.0 AppleWebKit/537.36 (KHTML, like Gecko; compatible; bingbot/2.0; +http://www.bing.com/bingbot.htm) Chrome/116.0.1938.76 Safari/537.36" 264 **0/264320**
40.77.167.2 - - [26/Nov/2025:08:21:10 -0700] "GET /?a=94002499111690&mod=c80d4a2c&uri=search.php%3Fid%3D3145272-249%26name%3Dwooden+cross+rear+view+mirror+cross+charms HTTP/2.0" 200 21377 "-" "Mozilla/5.0 AppleWebKit/537.36 (KHTML, like Gecko; compatible; bingbot/2.0; +http://www.bing.com/bingbot.htm) Chrome/116.0.1938.76 Safari/537.36" 308 **0/308302**
40.77.167.32 - - [26/Nov/2025:08:21:24 -0700] "GET /?a=65089404061690&mod=b8b68793&uri=itm.php%3Fid%3D2177645-410%26name%3Dnut+butters+peanut+butter+in+blender HTTP/2.0" 200 21142 "-" "Mozilla/5.0 AppleWebKit/537.36 (KHTML, like Gecko; compatible; bingbot/2.0; +http://www.bing.com/bingbot.htm) Chrome/116.0.1938.76 Safari/537.36" 315 **0/315880**
85.208.96.196 - - [26/Nov/2025:08:21:30 -0700] "GET /?a=39888559001690&mod=3b6e6f6f&uri=dp.php%3Fid%3D1334314-698%26name%3Dnike%2Bbenassi%2Bsolarsoft%2Bnike%2Bgolf%2Bslide%2Bsandals HTTP/1.1" 200 2554 "-" "Mozilla/5.0 (compatible; SemrushBot/7~bl; +http://www.semrush.com/bot.html)" 110 **0/110092**
40.77.167.2 - - [26/Nov/2025:08:21:31 -0700] "GET /?a=2824764031690&mod=b1b47cd8&uri=goods.php%3Fid%3D94438-561%26name%3Dpink+romance+perfume HTTP/2.0" 200 21603 "-" "Mozilla/5.0 AppleWebKit/537.36 (KHTML, like Gecko; compatible; bingbot/2.0; +http://www.bing.com/bingbot.htm) Chrome/116.0.1938.76 Safari/537.36" 272 **0/272577**
85.208.96.206 - - [26/Nov/2025:08:21:33 -0700] "GET /?a=55865358081690&mod=d3c95acb&uri=news.php%3Fid%3D1868968-55%26name%3Drajasthan%2Btour%2Bfelpa%2Bnasa%2Bbambino HTTP/1.1" 200 2554 "-" "Mozilla/5.0 (compatible; SemrushBot/7~bl; +http://www.semrush.com/bot.html)" 93 **0/93244**
52.167.144.227 - - [26/Nov/2025:08:21:52 -0700] "GET /?a=27842421031690&mod=bb969c87&uri=blog.php%3Fid%3D931410-530%26name%3Drag+and+bone+victor+silk+blouse HTTP/2.0" 200 21159 "-" "Mozilla/5.0 AppleWebKit/537.36 (KHTML, like Gecko; compatible; bingbot/2.0; +http://www.bing.com/bingbot.htm) Chrome/116.0.1938.76 Safari/537.36" 260 **0/260037**
40.77.167.2 - - [26/Nov/2025:08:21:53 -0700] "GET /?a=5547522001690&mod=340725bb&uri=dp.php%3Fid%3D185556-776%26name%3Dfeet+should+i+get+a+size+down+in+air+force HTTP/2.0" 200 21411 "-" "Mozilla/5.0 AppleWebKit/537.36 (KHTML, like Gecko; compatible; bingbot/2.0; +http://www.bing.com/bingbot.htm) Chrome/116.0.1938.76 Safari/537.36" 261 **0/261024**
40.77.167.32 - - [26/Nov/2025:08:22:05 -0700] "GET /?a=114572734051690&mod=0d7f9017&uri=dp.php%3Fid%3D3833649-73%26name%3Doutfit+botas+jeep+mujer+cafes HTTP/2.0" 200 20232 "-" "Mozilla/5.0 AppleWebKit/537.36 (KHTML, like Gecko; compatible; bingbot/2.0; +http://www.bing.com/bingbot.htm) Chrome/116.0.1938.76 Safari/537.36" 229 **0/229668**
185.191.171.13 - - [26/Nov/2025:08:22:29 -0700] "GET /?a=70314085011690&mod=a680cf6f&uri=pin.php%3Fid%3D2352451-1309%26name%3Dathletics%2Basics%2Bfirenze HTTP/1.1" 200 2554 "-" "Mozilla/5.0 (compatible; SemrushBot/7~bl; +http://www.semrush.com/bot.html)" 98 **0/98813**
52.167.144.179 - - [26/Nov/2025:08:22:37 -0700] "GET /?a=46824892001690&mod=db5b8809&uri=search.php%3Fid%3D1566442-1520%26name%3Dbeastie+band+collar HTTP/2.0" 200 20708 "-" "Mozilla/5.0 AppleWebKit/537.36 (KHTML, like Gecko; compatible; bingbot/2.0; +http://www.bing.com/bingbot.htm) Chrome/116.0.1938.76 Safari/537.36" 269 **0/269081**
20.15.133.175 - - [26/Nov/2025:08:22:50 -0700] "GET /?a=69828297021690&mod=4c26774d&uri=form.php%3Fid%3D2336205-58%26name%3Dshimano+ultegra+are+all+10+speed+chains+the+same HTTP/2.0" 200 21317 "-" "Mozilla/5.0 AppleWebKit/537.36 (KHTML, like Gecko; compatible; bingbot/2.0; +http://www.bing.com/bingbot.htm) Chrome/116.0.1938.76 Safari/537.36" 269 **0/269249**
40.77.167.2 - - [26/Nov/2025:08:22:57 -0700] "GET /?a=32259666011690&mod=c80d4a2c&uri=us.php%3Fid%3D1079152-249%26name%3Dscissors+sharpal+162n HTTP/2.0" 200 21363 "-" "Mozilla/5.0 AppleWebKit/537.36 (KHTML, like Gecko; compatible; bingbot/2.0; +http://www.bing.com/bingbot.htm) Chrome/116.0.1938.76 Safari/537.36" 258 **0/258689**
40.77.167.32 - - [26/Nov/2025:08:23:07 -0700] "GET /?a=64845976051690&mod=8c2ea383&uri=search.php%3Fid%3D2169512-1597%26name%3Droyal+canin+feline+cat+dental+kibble HTTP/2.0" 200 21062 "-" "Mozilla/5.0 AppleWebKit/537.36 (KHTML, like Gecko; compatible; bingbot/2.0; +http://www.bing.com/bingbot.htm) Chrome/116.0.1938.76 Safari/537.36" 268 **0/268967**
20.15.133.184 - - [26/Nov/2025:08:23:10 -0700] "GET /?a=61250460031690&mod=69e76024&uri=shared.php%3Fid%3D2049240-325%26name%3Dhydration+bottle+rubbermaid+chug+bottle+14+oz HTTP/2.0" 200 21108 "-" "Mozilla/5.0 AppleWebKit/537.36 (KHTML, like Gecko; compatible; bingbot/2.0; +http://www.bing.com/bingbot.htm) Chrome/116.0.1938.76 Safari/537.36" 302 **0/302616**
40.77.167.72 - - [26/Nov/2025:08:23:21 -0700] "GET /?a=210039081690&mod=40262352&uri=us.php%3Fid%3D7023-93%26name%3Dse+salgan+que+hacer+si+un+tenis+me+queda+grande HTTP/2.0" 200 20649 "-" "Mozilla/5.0 AppleWebKit/537.36 (KHTML, like Gecko; compatible; bingbot/2.0; +http://www.bing.com/bingbot.htm) Chrome/116.0.1938.76 Safari/537.36" 1408 **1/1408420**
185.191.171.9 - - [26/Nov/2025:08:23:23 -0700] "GET /?a=119469598081690&mod=489acfbf&uri=pin.php%3Fid%3D3997534-786%26name%3Ddenim%2Bjacket%2Boff%2Bwhite%2Bjacket%2Bsale HTTP/1.1" 200 2554 "-" "Mozilla/5.0 (compatible; SemrushBot/7~bl; +http://www.semrush.com/bot.html)" 96 **0/96689**
52.167.144.227 - - [26/Nov/2025:08:23:31 -0700] "GET /?a=105012474001690&mod=4009fb33&uri=article.php%3Fid%3D3513801-164%26name%3Diphone+12+anime+phone+case HTTP/2.0" 200 21396 "-" "Mozilla/5.0 AppleWebKit/537.36 (KHTML, like Gecko; compatible; bingbot/2.0; +http://www.bing.com/bingbot.htm) Chrome/116.0.1938.76 Safari/537.36" 292 **0/292635**
40.77.167.2 - - [26/Nov/2025:08:23:35 -0700] "GET /?a=97244301021690&mod=97598856&uri=brands.php%3Fid%3D3253796-338%26name%3D30+pin+bluetooth+adapter+iphone HTTP/2.0" 200 20738 "-" "Mozilla/5.0 AppleWebKit/537.36 (KHTML, like Gecko; compatible; bingbot/2.0; +http://www.bing.com/bingbot.htm) Chrome/116.0.1938.76 Safari/537.36" 288 **0/288694**
40.77.167.72 - - [26/Nov/2025:08:23:41 -0700] "GET /?a=19619776071690&mod=253fbcc9&uri=products.php%3Fid%3D656368-629%26name%3Dgraco+slimfit+car+seat+for+42+lbs HTTP/2.0" 200 20382 "-" "Mozilla/5.0 AppleWebKit/537.36 (KHTML, like Gecko; compatible; bingbot/2.0; +http://www.bing.com/bingbot.htm) Chrome/116.0.1938.76 Safari/537.36" 257 **0/257335**
52.167.144.227 - - [26/Nov/2025:08:23:51 -0700] "GET /?a=15760865101690&mod=9b03c0d9&uri=search.php%3Fid%3D527256-1289%26name%3Dchampions+survet+chelsea+adidas HTTP/2.0" 200 19500 "-" "Mozilla/5.0 AppleWebKit/537.36 (KHTML, like Gecko; compatible; bingbot/2.0; +http://www.bing.com/bingbot.htm) Chrome/116.0.1938.76 Safari/537.36" 250 **0/250584**
52.167.144.179 - - [26/Nov/2025:08:23:57 -0700] "GET /?a=109496347051690&mod=17cb0fd7&uri=pin.php%3Fid%3D3663912-346%26name%3Dm+western+digital+sn730+256gb HTTP/2.0" 200 20712 "-" "Mozilla/5.0 AppleWebKit/537.36 (KHTML, like Gecko; compatible; bingbot/2.0; +http://www.bing.com/bingbot.htm) Chrome/116.0.1938.76 Safari/537.36" 252 **0/252227**
52.167.144.179 - - [26/Nov/2025:08:23:57 -0700] "GET /?a=74391936021690&mod=c00c7389&uri=shared.php%3Fid%3D2488997-392%26name%3Dtoddler+winter+wear+for+baby+girl HTTP/2.0" 200 21074 "-" "Mozilla/5.0 AppleWebKit/537.36 (KHTML, like Gecko; compatible; bingbot/2.0; +http://www.bing.com/bingbot.htm) Chrome/116.0.1938.76 Safari/537.36" 248 **0/248248**
52.167.144.179 - - [26/Nov/2025:08:23:58 -0700] "GET /?a=5828144061690&mod=d2285c1f&uri=shared.php%3Fid%3D194945-839%26name%3Ddesert+london+clarks+boots+london HTTP/2.0" 200 19980 "-" "Mozilla/5.0 AppleWebKit/537.36 (KHTML, like Gecko; compatible; bingbot/2.0; +http://www.bing.com/bingbot.htm) Chrome/116.0.1938.76 Safari/537.36" 281 **0/281677**
52.167.144.24 - - [26/Nov/2025:08:24:10 -0700] "GET /?a=94173416091690&mod=7cc5a754&uri=itm.php%3Fid%3D3150994-80%26name%3Ddining+table+table+top+bar+stools HTTP/2.0" 200 21240 "-" "Mozilla/5.0 AppleWebKit/537.36 (KHTML, like Gecko; compatible; bingbot/2.0; +http://www.bing.com/bingbot.htm) Chrome/116.0.1938.76 Safari/537.36" 253 **0/253373**
185.191.171.18 - - [26/Nov/2025:08:24:16 -0700] "GET /?a=27960167021690&mod=553ae296&uri=shop.php%3Fid%3D935346-1534%26name%3Dorgan%2Bcasio%2Bsa%2B78%2Bprice HTTP/1.1" 200 2554 "-" "Mozilla/5.0 (compatible; SemrushBot/7~bl; +http://www.semrush.com/bot.html)" 96 **0/96658**
52.167.144.179 - - [26/Nov/2025:08:24:16 -0700] "GET /?a=54553516021690&mod=d479a55e&uri=blog.php%3Fid%3D1825067-562%26name%3Dmango+bolso+dior+personalizado HTTP/2.0" 200 21159 "-" "Mozilla/5.0 AppleWebKit/537.36 (KHTML, like Gecko; compatible; bingbot/2.0; +http://www.bing.com/bingbot.htm) Chrome/116.0.1938.76 Safari/537.36" 271 **0/271157**
40.77.167.32 - - [26/Nov/2025:08:24:17 -0700] "GET /?a=26155896051690&mod=7f4680b3&uri=category-info.php%3Fid%3D874982-505%26name%3Djacket+project+x+paris+gilet HTTP/2.0" 200 20817 "-" "Mozilla/5.0 AppleWebKit/537.36 (KHTML, like Gecko; compatible; bingbot/2.0; +http://www.bing.com/bingbot.htm) Chrome/116.0.1938.76 Safari/537.36" 250 **0/250359**
52.167.144.227 - - [26/Nov/2025:08:24:20 -0700] "GET /?a=10878061071690&mod=0c74b7f7&uri=blog.php%3Fid%3D363946-3%26name%3Ddiy+pull+up+bar+on+floor+joist HTTP/2.0" 200 21286 "-" "Mozilla/5.0 AppleWebKit/537.36 (KHTML, like Gecko; compatible; bingbot/2.0; +http://www.bing.com/bingbot.htm) Chrome/116.0.1938.76 Safari/537.36" 319 **0/319952**
40.77.167.19 - - [26/Nov/2025:08:24:21 -0700] "GET /?a=37001035061690&mod=68c694de&uri=itm.php%3Fid%3D1237783-18%26name%3Dsuspension+fox+36+kashima+160mm HTTP/2.0" 200 20264 "-" "Mozilla/5.0 AppleWebKit/537.36 (KHTML, like Gecko; compatible; bingbot/2.0; +http://www.bing.com/bingbot.htm) Chrome/116.0.1938.76 Safari/537.36" 284 **0/284013**
52.167.144.227 - - [26/Nov/2025:08:24:25 -0700] "GET /?a=13885853001690&mod=b1491b67&uri=article.php%3Fid%3D464545-168%26name%3Dgoogle+docs+cotizacion+de+google HTTP/2.0" 200 21315 "-" "Mozilla/5.0 AppleWebKit/537.36 (KHTML, like Gecko; compatible; bingbot/2.0; +http://www.bing.com/bingbot.htm) Chrome/116.0.1938.76 Safari/537.36" 291 **0/291967**
185.191.171.14 - - [26/Nov/2025:08:24:29 -0700] "GET /?a=73926871011690&mod=40fd5ccc&uri=search.php%3Fid%3D2473408-1776%26name%3Dgu7774%2B74w%2Bguess%2Bsunglasses%2Busa HTTP/1.1" 200 2554 "-" "Mozilla/5.0 (compatible; SemrushBot/7~bl; +http://www.semrush.com/bot.html)" 92 **0/92910**
40.77.167.72 - - [26/Nov/2025:08:24:45 -0700] "GET /?a=117614683041690&mod=48203361&uri=search.php%3Fid%3D3935473-725%26name%3Dgreat+value+walmart+ugly+sweater+cookie+kit HTTP/2.0" 200 20096 "-" "Mozilla/5.0 AppleWebKit/537.36 (KHTML, like Gecko; compatible; bingbot/2.0; +http://www.bing.com/bingbot.htm) Chrome/116.0.1938.76 Safari/537.36" 259 **0/259941**
52.167.144.24 - - [26/Nov/2025:08:24:50 -0700] "GET /?a=98283986071690&mod=fc0de4e0&uri=goods.php%3Fid%3D3288632-89%26name%3Dfishing+operations+danish+seine+net+fishing HTTP/2.0" 200 20753 "-" "Mozilla/5.0 AppleWebKit/537.36 (KHTML, like Gecko; compatible; bingbot/2.0; +http://www.bing.com/bingbot.htm) Chrome/116.0.1938.76 Safari/537.36" 283 **0/283015**
185.191.171.14 - - [26/Nov/2025:08:24:53 -0700] "GET /?a=25485262031690&mod=068239f4&uri=goods.php%3Fid%3D852553-1143%26name%3Dwhirpool%2Bdishwasher%2Bwhirlpool%2Bgold%2Bseries%2Bdishwasher%2Bquiet%2Bpartner%2Biii HTTP/1.1" 200 2554 "-" "Mozilla/5.0 (compatible; SemrushBot/7~bl; +http://www.semrush.com/bot.html)" 102 **0/102724**
52.167.144.227 - - [26/Nov/2025:08:25:03 -0700] "GET /?a=78230606031690&mod=68d17645&uri=us.php%3Fid%3D2617480-590%26name%3Ddesdemona+bearpaw+lace+up+winter+boots HTTP/2.0" 200 20535 "-" "Mozilla/5.0 AppleWebKit/537.36 (KHTML, like Gecko; compatible; bingbot/2.0; +http://www.bing.com/bingbot.htm) Chrome/116.0.1938.76 Safari/537.36" 321 **0/321599**
185.191.171.18 - - [26/Nov/2025:08:25:19 -0700] "GET /?a=112734430031690&mod=d5a25409&uri=us.php%3Fid%3D3772171-1905%26name%3Dboa%2Bsnowboard%2Bboot%2Bnike%2Bvapen%2Bsnowboard HTTP/1.1" 200 2554 "-" "Mozilla/5.0 (compatible; SemrushBot/7~bl; +http://www.semrush.com/bot.html)" 117 **0/117957**
20.15.133.191 - - [26/Nov/2025:08:25:20 -0700] "GET /?a=94180826061690&mod=7cc5a754&uri=shop.php%3Fid%3D3151241-80%26name%3Dlight+beige+ikea+kivik+lounge HTTP/2.0" 200 21202 "-" "Mozilla/5.0 AppleWebKit/537.36 (KHTML, like Gecko; compatible; bingbot/2.0; +http://www.bing.com/bingbot.htm) Chrome/116.0.1938.76 Safari/537.36" 317 **0/317943**
40.77.167.72 - - [26/Nov/2025:08:25:24 -0700] "GET /?a=24287047071690&mod=8a7129b8&uri=goods.php%3Fid%3D812480-56%26name%3Dshoe+fw8237 HTTP/2.0" 200 20304 "-" "Mozilla/5.0 AppleWebKit/537.36 (KHTML, like Gecko; compatible; bingbot/2.0; +http://www.bing.com/bingbot.htm) Chrome/116.0.1938.76 Safari/537.36" 298 **0/298537**
185.191.171.12 - - [26/Nov/2025:08:25:31 -0700] "GET /?a=112490492001690&mod=2b611b37&uri=category-info.php%3Fid%3D3764018-339%26name%3Dmizuno%2Bfutbol%2Bbotines%2Bmizuno%2Bfutsal HTTP/1.1" 200 2554 "-" "Mozilla/5.0 (compatible; SemrushBot/7~bl; +http://www.semrush.com/bot.html)" 100 **0/100509**
66.249.72.194 - - [26/Nov/2025:08:25:59 -0700] "GET /?a=110833780031690&mod=baedb748&uri=search.php%3Fid%3D3708626-380%26name%3Dluxury+boutique+boutique+hogan HTTP/1.1" 200 21071 "-" "Mozilla/5.0 (Linux; Android 6.0.1; Nexus 5X Build/MMB29P) AppleWebKit/537.36 (KHTML, like Gecko) Chrome/141.0.7390.122 Mobile Safari/537.36 (compatible; Googlebot/2.1; +http://www.google.com/bot.html)" 262 **0/262862**
52.167.144.179 - - [26/Nov/2025:08:26:09 -0700] "GET /?a=3012378011690&mod=0155ff4e&uri=info.php%3Fid%3D100714-596%26name%3Dsam+and+tv+shows+like+supernatural HTTP/2.0" 200 20847 "-" "Mozilla/5.0 AppleWebKit/537.36 (KHTML, like Gecko; compatible; bingbot/2.0; +http://www.bing.com/bingbot.htm) Chrome/116.0.1938.76 Safari/537.36" 311 **0/311467**
40.77.167.241 - - [26/Nov/2025:08:26:18 -0700] "GET /?a=27708473061690&mod=929e46de&uri=pin.php%3Fid%3D926928-445%26name%3Ddoudoune+longue+veste+redskins+femme HTTP/2.0" 200 19917 "-" "Mozilla/5.0 AppleWebKit/537.36 (KHTML, like Gecko; compatible; bingbot/2.0; +http://www.bing.com/bingbot.htm) Chrome/116.0.1938.76 Safari/537.36" 251 **0/251364**
40.77.167.72 - - [26/Nov/2025:08:26:22 -0700] "GET /?a=47104340041690&mod=27702e4a&uri=article.php%3Fid%3D1575780-1261%26name%3Doutward+hound+petsmart+life+jacket HTTP/2.0" 200 19707 "-" "Mozilla/5.0 AppleWebKit/537.36 (KHTML, like Gecko; compatible; bingbot/2.0; +http://www.bing.com/bingbot.htm) Chrome/116.0.1938.76 Safari/537.36" 259 **0/259611**
85.208.96.200 - - [26/Nov/2025:08:26:23 -0700] "GET /robots.txt HTTP/1.1" 200 98 "-" "Mozilla/5.0 (compatible; SemrushBot/7~bl; +http://www.semrush.com/bot.html)" 111 **0/111479**
40.77.167.72 - - [26/Nov/2025:08:26:23 -0700] "GET /?a=98591341011690&mod=2210bc8c&uri=form.php%3Fid%3D3298916-286%26name%3Dblack+liberty+pump+shoes HTTP/2.0" 200 20887 "-" "Mozilla/5.0 AppleWebKit/537.36 (KHTML, like Gecko; compatible; bingbot/2.0; +http://www.bing.com/bingbot.htm) Chrome/116.0.1938.76 Safari/537.36" 275 **0/275050**
185.191.171.16 - - [26/Nov/2025:08:26:24 -0700] "GET /?a=71094604071690&mod=68fd8e03&uri=itm.php%3Fid%3D2378618-1498%26name%3Dpantalone%2Btuta%2Badidas%2Boriginals%2Bpantaloni%2Badidas%2Buomo%2Bprezzo HTTP/1.1" 200 2554 "-" "Mozilla/5.0 (compatible; SemrushBot/7~bl; +http://www.semrush.com/bot.html)" 101 **0/101248**
85.208.96.210 - - [26/Nov/2025:08:26:25 -0700] "GET /?a=56973628071690&mod=ed1be91d&uri=shop.php%3Fid%3D1906075-1122%26name%3Dlow%2Btop%2Btenis%2Bconverse%2Ball%2Bstar%2Bchuck%2Btaylor HTTP/1.1" 200 2554 "-" "Mozilla/5.0 (compatible; SemrushBot/7~bl; +http://www.semrush.com/bot.html)" 90 **0/90463**
185.191.171.15 - - [26/Nov/2025:08:26:27 -0700] "GET /?a=9624485011690&mod=3811144c&uri=shared.php%3Fid%3D321957-424%26name%3Dbleu%2Bmarine%2Brobe%2Bdegrade%2Bde%2Bcouleur HTTP/1.1" 200 2554 "-" "Mozilla/5.0 (compatible; SemrushBot/7~bl; +http://www.semrush.com/bot.html)" 100 **0/100858**
52.167.144.24 - - [26/Nov/2025:08:26:37 -0700] "GET /?a=30846552051690&mod=b3b6a68e&uri=shop.php%3Fid%3D1031869-1170%26name%3Drolex+submariner+rolex+gmt+master+clone HTTP/2.0" 200 20846 "-" "Mozilla/5.0 AppleWebKit/537.36 (KHTML, like Gecko; compatible; bingbot/2.0; +http://www.bing.com/bingbot.htm) Chrome/116.0.1938.76 Safari/537.36" 244 **0/244875**
85.208.96.195 - - [26/Nov/2025:08:26:47 -0700] "GET /?a=58382612001690&mod=37b7c7f7&uri=products.php%3Fid%3D1953237-1246%26name%3Darmani%2Bperfume%2Bequivalenza%2Bsi%2Bgiorgio%2Barmani HTTP/1.1" 200 2554 "-" "Mozilla/5.0 (compatible; SemrushBot/7~bl; +http://www.semrush.com/bot.html)" 99 **0/99487**
85.208.96.198 - - [26/Nov/2025:08:26:53 -0700] "GET /?a=8048714141690&mod=dc09c218&uri=products.php%3Fid%3D269203-968%26name%3Dacerbis%2Bpantaloni%2Bcross%2Bblu HTTP/1.1" 200 2554 "-" "Mozilla/5.0 (compatible; SemrushBot/7~bl; +http://www.semrush.com/bot.html)" 101 **0/101269**
66.249.72.196 - - [26/Nov/2025:08:26:54 -0700] "GET /?a=9291964031690&mod=d7d71ade&uri=search.php%3Fid%3D310836-337%26name%3Drunning+shoes+new+balance+574+dames+zilver HTTP/1.1" 200 20685 "-" "Mozilla/5.0 (Linux; Android 6.0.1; Nexus 5X Build/MMB29P) AppleWebKit/537.36 (KHTML, like Gecko) Chrome/141.0.7390.122 Mobile Safari/537.36 (compatible; Googlebot/2.1; +http://www.google.com/bot.html)" 283 **0/283087**
66.249.72.195 - - [26/Nov/2025:08:26:54 -0700] "GET /?a=100267330001690&mod=2fedb611&uri=info.php%3Fid%3D3355025-133%26name%3Dadidas+fitness+trainingsbroek+adidas+heren+sale HTTP/1.1" 200 21111 "-" "Mozilla/5.0 (Linux; Android 6.0.1; Nexus 5X Build/MMB29P) AppleWebKit/537.36 (KHTML, like Gecko) Chrome/141.0.7390.122 Mobile Safari/537.36 (compatible; Googlebot/2.1; +http://www.google.com/bot.html)" 278 **0/278989**
20.15.133.184 - - [26/Nov/2025:08:27:01 -0700] "GET /?a=64287874071690&mod=7cc5a754&uri=news.php%3Fid%3D2150846-80%26name%3Dcushion+cover+piece+slipcover+for+wingback+chair HTTP/2.0" 200 21053 "-" "Mozilla/5.0 AppleWebKit/537.36 (KHTML, like Gecko; compatible; bingbot/2.0; +http://www.bing.com/bingbot.htm) Chrome/116.0.1938.76 Safari/537.36" 257 **0/257579**
66.249.72.195 - - [26/Nov/2025:08:27:01 -0700] "POST /get-message-notify HTTP/1.1" 200 21497 "https://www.blalockdialysiscenter.com/?a=100267330001690&mod=2fedb611&uri=info.php%3Fid%3D3355025-133%26name%3Dadidas+fitness+trainingsbroek+adidas+heren+sale" "Mozilla/5.0 (Linux; Android 6.0.1; Nexus 5X Build/MMB29P) AppleWebKit/537.36 (KHTML, like Gecko) Chrome/141.0.7390.122 Mobile Safari/537.36 (compatible; Googlebot/2.1; +http://www.google.com/bot.html)" 279 **0/279719**
52.167.144.170 - - [26/Nov/2025:08:27:17 -0700] "GET /?a=115768087121690&mod=7cc5a754&uri=blog.php%3Fid%3D3873693-80%26name%3Doffice+chair+wellow+baytree+egg+swivel HTTP/2.0" 200 20678 "-" "Mozilla/5.0 AppleWebKit/537.36 (KHTML, like Gecko; compatible; bingbot/2.0; +http://www.bing.com/bingbot.htm) Chrome/116.0.1938.76 Safari/537.36" 296 **0/296540**
185.191.171.12 - - [26/Nov/2025:08:27:28 -0700] "GET /?a=107226188061690&mod=fd112b9e&uri=category-info.php%3Fid%3D3587909-432%26name%3Duniqlo%2Bairism%2Buniqlo%2Bgym%2Bclothes HTTP/1.1" 200 2554 "-" "Mozilla/5.0 (compatible; SemrushBot/7~bl; +http://www.semrush.com/bot.html)" 99 **0/99868**
52.167.144.227 - - [26/Nov/2025:08:27:31 -0700] "GET /?a=108549530031690&mod=4f18f486&uri=shop.php%3Fid%3D3632208-545%26name%3Dblank+nyc+blue+suede+moto+jacket HTTP/2.0" 200 20796 "-" "Mozilla/5.0 AppleWebKit/537.36 (KHTML, like Gecko; compatible; bingbot/2.0; +http://www.bing.com/bingbot.htm) Chrome/116.0.1938.76 Safari/537.36" 298 **0/298898**
52.167.144.179 - - [26/Nov/2025:08:27:35 -0700] "GET /?a=44806076051690&mod=8700eaf7&uri=info.php%3Fid%3D1498926-601%26name%3Dpolo+shirts+vicomte+arthur+polo HTTP/2.0" 200 20117 "-" "Mozilla/5.0 AppleWebKit/537.36 (KHTML, like Gecko; compatible; bingbot/2.0; +http://www.bing.com/bingbot.htm) Chrome/116.0.1938.76 Safari/537.36" 258 **0/258117**
52.167.144.227 - - [26/Nov/2025:08:27:42 -0700] "GET /?a=13912512051690&mod=00e3fc1d&uri=blog.php%3Fid%3D465438-214%26name%3Dwood+reptile+enclosure+stand HTTP/2.0" 200 20701 "-" "Mozilla/5.0 AppleWebKit/537.36 (KHTML, like Gecko; compatible; bingbot/2.0; +http://www.bing.com/bingbot.htm) Chrome/116.0.1938.76 Safari/537.36" 304 **0/304105**
185.191.171.18 - - [26/Nov/2025:08:28:01 -0700] "GET /?a=50002123061690&mod=1935652b&uri=shared.php%3Fid%3D1672772-887%26name%3Dwinnie%2Bthe%2Bpooh%2Bnike%2Bair%2Bforce%2Bdjecje HTTP/1.1" 200 2554 "-" "Mozilla/5.0 (compatible; SemrushBot/7~bl; +http://www.semrush.com/bot.html)" 110 **0/110327**
20.15.133.160 - - [26/Nov/2025:08:28:12 -0700] "GET /?a=46158248061690&mod=7069092a&uri=blog.php%3Fid%3D1544155-1168%26name%3Dmocassin+cuir+noir+mocassin+marque+femme HTTP/2.0" 200 20947 "-" "Mozilla/5.0 AppleWebKit/537.36 (KHTML, like Gecko; compatible; bingbot/2.0; +http://www.bing.com/bingbot.htm) Chrome/116.0.1938.76 Safari/537.36" 292 **0/292686**
20.15.133.191 - - [26/Nov/2025:08:28:20 -0700] "GET /?a=97288067021690&mod=9076b975&uri=dp.php%3Fid%3D3255261-735%26name%3D900+tuned+taille+cadre+vtt+scott HTTP/2.0" 200 21054 "-" "Mozilla/5.0 AppleWebKit/537.36 (KHTML, like Gecko; compatible; bingbot/2.0; +http://www.bing.com/bingbot.htm) Chrome/116.0.1938.76 Safari/537.36" 280 **0/280732**
40.77.167.241 - - [26/Nov/2025:08:28:35 -0700] "GET /?a=77980750061690&mod=f8c84522&uri=shop.php%3Fid%3D2609111-92%26name%3Drain+boots+with+shorts HTTP/2.0" 200 21154 "-" "Mozilla/5.0 AppleWebKit/537.36 (KHTML, like Gecko; compatible; bingbot/2.0; +http://www.bing.com/bingbot.htm) Chrome/116.0.1938.76 Safari/537.36" 269 **0/269905**
185.191.171.18 - - [26/Nov/2025:08:28:35 -0700] "GET /?a=98642219061690&mod=8457eca4&uri=product.php%3Fid%3D3300616-1761%26name%3Dgraphic%2Btshirt%2Bwomens%2Bdisney%2Bt%2Bshirt%2Bdress HTTP/1.1" 200 2554 "-" "Mozilla/5.0 (compatible; SemrushBot/7~bl; +http://www.semrush.com/bot.html)" 91 **0/91502**
40.77.167.241 - - [26/Nov/2025:08:28:36 -0700] "GET /?a=22683579021690&mod=06138bc5&uri=goods.php%3Fid%3D758833-2%26name%3Ddecorative+bath+towel+collection HTTP/2.0" 200 21183 "-" "Mozilla/5.0 AppleWebKit/537.36 (KHTML, like Gecko; compatible; bingbot/2.0; +http://www.bing.com/bingbot.htm) Chrome/116.0.1938.76 Safari/537.36" 273 **0/273917**
52.167.144.24 - - [26/Nov/2025:08:28:42 -0700] "GET /?a=117510906001690&mod=27d342e9&uri=products.php%3Fid%3D3932003-363%26name%3D24+pouces+taille+velo+enfant+14+ans HTTP/2.0" 200 20837 "-" "Mozilla/5.0 AppleWebKit/537.36 (KHTML, like Gecko; compatible; bingbot/2.0; +http://www.bing.com/bingbot.htm) Chrome/116.0.1938.76 Safari/537.36" 257 **0/257999**
52.167.144.227 - - [26/Nov/2025:08:28:53 -0700] "GET /?a=13475757041690&mod=ee6db913&uri=search.php%3Fid%3D450830-120%26name%3Dalarm+system+ring+alarm+connection+issues HTTP/2.0" 200 21299 "-" "Mozilla/5.0 AppleWebKit/537.36 (KHTML, like Gecko; compatible; bingbot/2.0; +http://www.bing.com/bingbot.htm) Chrome/116.0.1938.76 Safari/537.36" 316 **0/316243**
52.167.144.170 - - [26/Nov/2025:08:28:57 -0700] "GET /?a=111208386031690&mod=44ac09ac&uri=article.php%3Fid%3D3721164-27%26name%3Dplaymobil+6798+playmobil+wildlife+truck HTTP/2.0" 200 20904 "-" "Mozilla/5.0 AppleWebKit/537.36 (KHTML, like Gecko; compatible; bingbot/2.0; +http://www.bing.com/bingbot.htm) Chrome/116.0.1938.76 Safari/537.36" 299 **0/299801**
40.77.167.72 - - [26/Nov/2025:08:29:02 -0700] "GET /?a=114574359011690&mod=be077c4d&uri=dp.php%3Fid%3D3833704-1784%26name%3Dsteinhart+ovm+39mm HTTP/2.0" 200 19648 "-" "Mozilla/5.0 AppleWebKit/537.36 (KHTML, like Gecko; compatible; bingbot/2.0; +http://www.bing.com/bingbot.htm) Chrome/116.0.1938.76 Safari/537.36" 254 **0/254860**
85.208.96.202 - - [26/Nov/2025:08:29:04 -0700] "GET /?a=94225351001690&mod=25fac99a&uri=form.php%3Fid%3D3152734-386%26name%3Dhiking%2Bboots%2Bchildren%27s%2Bsafety%2Bboots HTTP/1.1" 200 2554 "-" "Mozilla/5.0 (compatible; SemrushBot/7~bl; +http://www.semrush.com/bot.html)" 119 **0/119832**
20.15.133.191 - - [26/Nov/2025:08:29:40 -0700] "GET /?a=119511996031690&mod=69e76024&uri=shop.php%3Fid%3D3998949-325%26name%3Dremote+control+arctic+king+87795056 HTTP/2.0" 200 20297 "-" "Mozilla/5.0 AppleWebKit/537.36 (KHTML, like Gecko; compatible; bingbot/2.0; +http://www.bing.com/bingbot.htm) Chrome/116.0.1938.76 Safari/537.36" 258 **0/258347**
52.167.144.179 - - [26/Nov/2025:08:29:42 -0700] "GET /?a=22567866001690&mod=4864fe6d&uri=info.php%3Fid%3D754960-1398%26name%3Djacket+off+white+flannel+price HTTP/2.0" 200 19638 "-" "Mozilla/5.0 AppleWebKit/537.36 (KHTML, like Gecko; compatible; bingbot/2.0; +http://www.bing.com/bingbot.htm) Chrome/116.0.1938.76 Safari/537.36" 230 **0/230811**
20.15.133.191 - - [26/Nov/2025:08:29:45 -0700] "GET /?a=113669328051690&mod=2f3bbb97&uri=shop.php%3Fid%3D3803430-49%26name%3Dnacon+wired+compact+controller+gamepad+nacon HTTP/2.0" 200 21529 "-" "Mozilla/5.0 AppleWebKit/537.36 (KHTML, like Gecko; compatible; bingbot/2.0; +http://www.bing.com/bingbot.htm) Chrome/116.0.1938.76 Safari/537.36" 305 **0/305018**
20.15.133.191 - - [26/Nov/2025:08:29:47 -0700] "GET /?a=113563270031690&mod=25fac99a&uri=search.php%3Fid%3D3799882-386%26name%3Dapron+toe+rockport+shoes+dress HTTP/2.0" 200 20282 "-" "Mozilla/5.0 AppleWebKit/537.36 (KHTML, like Gecko; compatible; bingbot/2.0; +http://www.bing.com/bingbot.htm) Chrome/116.0.1938.76 Safari/537.36" 280 **0/280626**
20.15.133.175 - - [26/Nov/2025:08:30:01 -0700] "GET /?a=21279616051690&mod=bd0cc810&uri=category-info.php%3Fid%3D711884-21%26name%3Dcologne+chanel+pour HTTP/2.0" 200 20979 "-" "Mozilla/5.0 AppleWebKit/537.36 (KHTML, like Gecko; compatible; bingbot/2.0; +http://www.bing.com/bingbot.htm) Chrome/116.0.1938.76 Safari/537.36" 275 **0/275775**
40.77.167.13 - - [26/Nov/2025:08:30:01 -0700] "GET /?a=2114287091690&mod=b8b68793&uri=itm.php%3Fid%3D70662-410%26name%3Dvegetarian+mexican+chilli+seasoning HTTP/2.0" 200 20518 "-" "Mozilla/5.0 AppleWebKit/537.36 (KHTML, like Gecko; compatible; bingbot/2.0; +http://www.bing.com/bingbot.htm) Chrome/116.0.1938.76 Safari/537.36" 329 **0/329854**
52.167.144.24 - - [26/Nov/2025:08:30:06 -0700] "GET /?a=110573210011690&mod=d92491ca&uri=product.php%3Fid%3D3699917-565%26name%3Dzapatos+tenis+del+lidl HTTP/2.0" 200 20306 "-" "Mozilla/5.0 AppleWebKit/537.36 (KHTML, like Gecko; compatible; bingbot/2.0; +http://www.bing.com/bingbot.htm) Chrome/116.0.1938.76 Safari/537.36" 258 **0/258406**
20.15.133.191 - - [26/Nov/2025:08:30:11 -0700] "GET /?a=114901180001690&mod=d77f939c&uri=product.php%3Fid%3D3844656-292%26name%3Dskechers+slip+on+mens+skechers+size+15+wide HTTP/2.0" 200 20285 "-" "Mozilla/5.0 AppleWebKit/537.36 (KHTML, like Gecko; compatible; bingbot/2.0; +http://www.bing.com/bingbot.htm) Chrome/116.0.1938.76 Safari/537.36" 255 **0/255586**
52.167.144.24 - - [26/Nov/2025:08:30:15 -0700] "GET /?a=29839180071690&mod=dffe93f9&uri=brands.php%3Fid%3D998180-466%26name%3Dtimberland+pantalon+verde+corto+hombre HTTP/2.0" 200 21321 "-" "Mozilla/5.0 AppleWebKit/537.36 (KHTML, like Gecko; compatible; bingbot/2.0; +http://www.bing.com/bingbot.htm) Chrome/116.0.1938.76 Safari/537.36" 323 **0/323674**
40.77.167.72 - - [26/Nov/2025:08:30:22 -0700] "GET /?a=65358103131690&mod=15f28fbc&uri=pin.php%3Fid%3D2186638-68%26name%3Dhandbag+sloan+mk HTTP/2.0" 200 20030 "-" "Mozilla/5.0 AppleWebKit/537.36 (KHTML, like Gecko; compatible; bingbot/2.0; +http://www.bing.com/bingbot.htm) Chrome/116.0.1938.76 Safari/537.36" 263 **0/263649**
185.191.171.19 - - [26/Nov/2025:08:30:30 -0700] "GET /?a=109358793011690&mod=a17bf70c&uri=us.php%3Fid%3D3659310-963%26name%3Dnike%2Bfootwear%2Bnike%2Bair%2Bmax%2B2017%2Bwomens%2Borange HTTP/1.1" 200 2554 "-" "Mozilla/5.0 (compatible; SemrushBot/7~bl; +http://www.semrush.com/bot.html)" 119 **0/119234**
40.77.167.13 - - [26/Nov/2025:08:30:32 -0700] "GET /?a=6246721131690&mod=a02f16dc&uri=pin.php%3Fid%3D208943-499%26name%3Dsimms+waypoints+rain+jacket HTTP/2.0" 200 21105 "-" "Mozilla/5.0 AppleWebKit/537.36 (KHTML, like Gecko; compatible; bingbot/2.0; +http://www.bing.com/bingbot.htm) Chrome/116.0.1938.76 Safari/537.36" 260 **0/260504**
85.208.96.208 - - [26/Nov/2025:08:30:37 -0700] "GET /?a=36714247011690&mod=dfbcaf09&uri=products.php%3Fid%3D1228203-1238%26name%3Dmen%2Bcelebrity%2Bjewelry%2Bnecklace HTTP/1.1" 200 2554 "-" "Mozilla/5.0 (compatible; SemrushBot/7~bl; +http://www.semrush.com/bot.html)" 101 **0/101336**
20.15.133.160 - - [26/Nov/2025:08:30:40 -0700] "GET /?a=10996166051690&mod=eaac44ee&uri=dp.php%3Fid%3D367893-419%26name%3Dsanjana+sanghi+dil+bechara+movie+download+hd HTTP/2.0" 200 21070 "-" "Mozilla/5.0 AppleWebKit/537.36 (KHTML, like Gecko; compatible; bingbot/2.0; +http://www.bing.com/bingbot.htm) Chrome/116.0.1938.76 Safari/537.36" 281 **0/281099**
185.191.171.2 - - [26/Nov/2025:08:30:42 -0700] "GET /?a=100983012011690&mod=3f6ad121&uri=news.php%3Fid%3D3378966-393%26name%3Dwedding%2Bodd%2Bmolly%2Blace%2Bvibration%2Bdress HTTP/1.1" 200 2554 "-" "Mozilla/5.0 (compatible; SemrushBot/7~bl; +http://www.semrush.com/bot.html)" 126 **0/126705**
52.167.144.179 - - [26/Nov/2025:08:30:45 -0700] "GET /?a=78388906001690&mod=0b518a25&uri=article.php%3Fid%3D2622780-102%26name%3Ddark+oak+stow+leaf+dining+table HTTP/2.0" 200 21342 "-" "Mozilla/5.0 AppleWebKit/537.36 (KHTML, like Gecko; compatible; bingbot/2.0; +http://www.bing.com/bingbot.htm) Chrome/116.0.1938.76 Safari/537.36" 268 **0/268641**
