40.77.167.130 - - [26/Nov/2025:05:44:37 -0700] "GET /?a=114762872011690&mod=398024cb&uri=info.php%3Fid%3D3840017-78%26name%3Dgrosvenor+hall+the+dollhouse+emporium HTTP/2.0" 200 21266 "-" "Mozilla/5.0 AppleWebKit/537.36 (KHTML, like Gecko; compatible; bingbot/2.0; +http://www.bing.com/bingbot.htm) Chrome/116.0.1938.76 Safari/537.36" 239 **0/239824**
20.15.133.160 - - [26/Nov/2025:05:45:15 -0700] "GET /?a=5101642041690&mod=325995af&uri=brands.php%3Fid%3D170640-20%26name%3Dsmartwatch+alexa+fitbit HTTP/2.0" 200 21374 "-" "Mozilla/5.0 AppleWebKit/537.36 (KHTML, like Gecko; compatible; bingbot/2.0; +http://www.bing.com/bingbot.htm) Chrome/116.0.1938.76 Safari/537.36" 271 **0/271544**
185.191.171.9 - - [26/Nov/2025:05:45:41 -0700] "GET /?a=96402085031690&mod=6079ffa7&uri=products.php%3Fid%3D3225582-828%26name%3Dtempest%2Bmomo%2Bdesign%2Bwatch%2Bprice HTTP/1.1" 200 2554 "-" "Mozilla/5.0 (compatible; SemrushBot/7~bl; +http://www.semrush.com/bot.html)" 102 **0/102893**
185.191.171.12 - - [26/Nov/2025:05:45:42 -0700] "GET /?a=33203238051690&mod=1dc3a89d&uri=blog.php%3Fid%3D1110707-52%26name%3Dchelsea%2Bcomprar%2Bbotines%2Bde%2Bhombre HTTP/1.1" 200 2554 "-" "Mozilla/5.0 (compatible; SemrushBot/7~bl; +http://www.semrush.com/bot.html)" 91 **0/91859**
185.191.171.8 - - [26/Nov/2025:05:45:44 -0700] "GET /?a=94933788071690&mod=892f9f70&uri=shared.php%3Fid%3D3176421-1766%26name%3Djeans%2Bgrey%2Bleggings%2Band%2Bbrown%2Bboots HTTP/1.1" 200 2554 "-" "Mozilla/5.0 (compatible; SemrushBot/7~bl; +http://www.semrush.com/bot.html)" 104 **0/104270**
85.208.96.198 - - [26/Nov/2025:05:45:46 -0700] "GET /?a=92618306021690&mod=e22dff39&uri=category-info.php%3Fid%3D3098959-816%26name%3Dcasco%2Bshiro%2Bpinlock%2Bshiro HTTP/1.1" 200 2554 "-" "Mozilla/5.0 (compatible; SemrushBot/7~bl; +http://www.semrush.com/bot.html)" 88 **0/88850**
85.208.96.209 - - [26/Nov/2025:05:45:47 -0700] "GET /?a=95227155031690&mod=d94eb7db&uri=dp.php%3Fid%3D3186223-1224%26name%3Dnike%2Bsneaker%2Bnike%2Bonline%2Bgolf HTTP/1.1" 200 2554 "-" "Mozilla/5.0 (compatible; SemrushBot/7~bl; +http://www.semrush.com/bot.html)" 92 **0/92054**
40.77.167.130 - - [26/Nov/2025:05:45:48 -0700] "GET /?a=64777741141690&mod=eb9b2480&uri=us.php%3Fid%3D2167224-283%26name%3Dsym+orbit+engine HTTP/2.0" 200 21048 "-" "Mozilla/5.0 AppleWebKit/537.36 (KHTML, like Gecko; compatible; bingbot/2.0; +http://www.bing.com/bingbot.htm) Chrome/116.0.1938.76 Safari/537.36" 295 **0/295542**
85.208.96.198 - - [26/Nov/2025:05:45:49 -0700] "GET /?a=20361247021690&mod=0c74b7f7&uri=search.php%3Fid%3D681165-3%26name%3Ddual%2Bcable%2Bbiceps%2Bwith%2Bcable%2Bmachine HTTP/1.1" 200 2554 "-" "Mozilla/5.0 (compatible; SemrushBot/7~bl; +http://www.semrush.com/bot.html)" 99 **0/99150**
52.167.144.204 - - [26/Nov/2025:05:45:49 -0700] "GET /?a=50519204011690&mod=d157d577&uri=form.php%3Fid%3D1690070-239%26name%3Dunder+armour+gym+kit+bags HTTP/2.0" 200 21208 "-" "Mozilla/5.0 AppleWebKit/537.36 (KHTML, like Gecko; compatible; bingbot/2.0; +http://www.bing.com/bingbot.htm) Chrome/116.0.1938.76 Safari/537.36" 285 **0/285134**
52.167.144.174 - - [26/Nov/2025:05:45:53 -0700] "GET /?a=98813795071690&mod=c66a7f30&uri=us.php%3Fid%3D3306350-1600%26name%3Dbomber+jackets+mens+down+jacket+canada HTTP/2.0" 200 20022 "-" "Mozilla/5.0 AppleWebKit/537.36 (KHTML, like Gecko; compatible; bingbot/2.0; +http://www.bing.com/bingbot.htm) Chrome/116.0.1938.76 Safari/537.36" 228 **0/228298**
66.249.72.196 - - [26/Nov/2025:05:45:55 -0700] "GET /?a=49385678051690&mod=6ec59538&uri=brands.php%3Fid%3D1652155-403%26name%3Ddog+breeds+white+and+tan+german+shepherd HTTP/1.1" 200 20777 "-" "Mozilla/5.0 (Linux; Android 6.0.1; Nexus 5X Build/MMB29P) AppleWebKit/537.36 (KHTML, like Gecko) Chrome/141.0.7390.122 Mobile Safari/537.36 (compatible; Googlebot/2.1; +http://www.google.com/bot.html)" 269 **0/269371**
52.167.144.236 - - [26/Nov/2025:05:46:02 -0700] "GET /?a=68250788011690&mod=15fe2942&uri=form.php%3Fid%3D2283404-1080%26name%3Dglasses+lentes+de+hombre+2019 HTTP/2.0" 200 20349 "-" "Mozilla/5.0 AppleWebKit/537.36 (KHTML, like Gecko; compatible; bingbot/2.0; +http://www.bing.com/bingbot.htm) Chrome/116.0.1938.76 Safari/537.36" 240 **0/240910**
52.167.144.236 - - [26/Nov/2025:05:46:02 -0700] "GET /?a=6302621011690&mod=3906ddb4&uri=shared.php%3Fid%3D210811-570%26name%3Dbottle+giving+dogs+milk HTTP/2.0" 200 20793 "-" "Mozilla/5.0 AppleWebKit/537.36 (KHTML, like Gecko; compatible; bingbot/2.0; +http://www.bing.com/bingbot.htm) Chrome/116.0.1938.76 Safari/537.36" 250 **0/250421**
52.167.144.204 - - [26/Nov/2025:05:46:17 -0700] "GET /?a=65405956011690&mod=c6c83f62&uri=category-info.php%3Fid%3D2188236-659%26name%3Dmoda+ropa+deportiva+verano HTTP/2.0" 200 19983 "-" "Mozilla/5.0 AppleWebKit/537.36 (KHTML, like Gecko; compatible; bingbot/2.0; +http://www.bing.com/bingbot.htm) Chrome/116.0.1938.76 Safari/537.36" 340 **0/340843**
40.77.167.6 - - [26/Nov/2025:05:46:27 -0700] "GET /?a=113812287011690&mod=c23a2e3f&uri=pin.php%3Fid%3D3808212-1676%26name%3Djean+brut+femme+jeans+femme+1083 HTTP/2.0" 200 20084 "-" "Mozilla/5.0 AppleWebKit/537.36 (KHTML, like Gecko; compatible; bingbot/2.0; +http://www.bing.com/bingbot.htm) Chrome/116.0.1938.76 Safari/537.36" 324 **0/324608**
52.167.144.236 - - [26/Nov/2025:05:46:32 -0700] "GET /?a=3365748021690&mod=ea35d0f8&uri=us.php%3Fid%3D112548-124%26name%3Dnike+air+max HTTP/2.0" 200 20249 "-" "Mozilla/5.0 AppleWebKit/537.36 (KHTML, like Gecko; compatible; bingbot/2.0; +http://www.bing.com/bingbot.htm) Chrome/116.0.1938.76 Safari/537.36" 268 **0/268835**
20.15.133.184 - - [26/Nov/2025:05:46:35 -0700] "GET /?a=106072402091690&mod=e744f91c&uri=shared.php%3Fid%3D3549331-9%26name%3Dear+headphones+sennheiser+momentum+buttons HTTP/2.0" 200 21391 "-" "Mozilla/5.0 AppleWebKit/537.36 (KHTML, like Gecko; compatible; bingbot/2.0; +http://www.bing.com/bingbot.htm) Chrome/116.0.1938.76 Safari/537.36" 249 **0/249635**
52.167.144.174 - - [26/Nov/2025:05:46:41 -0700] "GET /?a=113870316061690&mod=185b60aa&uri=brands.php%3Fid%3D3810151-1114%26name%3Dhair+straightener+dyson+airwrap+complete+styler+hair+styling+set HTTP/2.0" 200 21409 "-" "Mozilla/5.0 AppleWebKit/537.36 (KHTML, like Gecko; compatible; bingbot/2.0; +http://www.bing.com/bingbot.htm) Chrome/116.0.1938.76 Safari/537.36" 272 **0/272284**
40.77.167.130 - - [26/Nov/2025:05:46:48 -0700] "GET /?a=103663198031690&mod=77c493ec&uri=info.php%3Fid%3D3468650-35%26name%3Ddrawer+boys+bedroom+dressers HTTP/2.0" 200 20827 "-" "Mozilla/5.0 AppleWebKit/537.36 (KHTML, like Gecko; compatible; bingbot/2.0; +http://www.bing.com/bingbot.htm) Chrome/116.0.1938.76 Safari/537.36" 276 **0/276696**
52.167.144.174 - - [26/Nov/2025:05:47:11 -0700] "GET /?a=5299995001690&mod=8b1c998c&uri=article.php%3Fid%3D177279-116%26name%3Dykk+zipper+para+jacket HTTP/2.0" 200 21474 "-" "Mozilla/5.0 AppleWebKit/537.36 (KHTML, like Gecko; compatible; bingbot/2.0; +http://www.bing.com/bingbot.htm) Chrome/116.0.1938.76 Safari/537.36" 299 **0/299247**
52.167.144.204 - - [26/Nov/2025:05:47:16 -0700] "GET /?a=5469023011690&mod=25fac99a&uri=news.php?id=182932-386&name=air%20jordan%20low%20chicago%20on%20feet HTTP/2.0" 200 20962 "-" "Mozilla/5.0 AppleWebKit/537.36 (KHTML, like Gecko; compatible; bingbot/2.0; +http://www.bing.com/bingbot.htm) Chrome/116.0.1938.76 Safari/537.36" 331 **0/331577**
40.77.167.130 - - [26/Nov/2025:05:47:21 -0700] "GET /?a=4500374031690&mod=f81dee42&uri=blog.php?id=150498-39&name=vajratik%20jewellery%20design HTTP/2.0" 200 21621 "-" "Mozilla/5.0 AppleWebKit/537.36 (KHTML, like Gecko; compatible; bingbot/2.0; +http://www.bing.com/bingbot.htm) Chrome/116.0.1938.76 Safari/537.36" 368 **0/368869**
40.77.167.130 - - [26/Nov/2025:05:47:21 -0700] "GET /?a=5397570071690&mod=1a32df83&uri=pin.php?id=180542-81&name=gsb%201300%20harga%20bosch%20drill HTTP/2.0" 200 20310 "-" "Mozilla/5.0 AppleWebKit/537.36 (KHTML, like Gecko; compatible; bingbot/2.0; +http://www.bing.com/bingbot.htm) Chrome/116.0.1938.76 Safari/537.36" 233 **0/233902**
52.167.144.236 - - [26/Nov/2025:05:47:30 -0700] "GET /?a=88435797021690&mod=a6a38989&uri=form.php%3Fid%3D2959000-113%26name%3Dzaino+misure+valigia+a+bordo+ryanair HTTP/2.0" 200 19979 "-" "Mozilla/5.0 AppleWebKit/537.36 (KHTML, like Gecko; compatible; bingbot/2.0; +http://www.bing.com/bingbot.htm) Chrome/116.0.1938.76 Safari/537.36" 243 **0/243140**
52.167.144.204 - - [26/Nov/2025:05:47:35 -0700] "GET /?a=5520963081690&mod=460c9b56&uri=goods.php?id=184669-170&name=guardabarro%20delantero%20guardabarros%20merida HTTP/2.0" 200 20275 "-" "Mozilla/5.0 AppleWebKit/537.36 (KHTML, like Gecko; compatible; bingbot/2.0; +http://www.bing.com/bingbot.htm) Chrome/116.0.1938.76 Safari/537.36" 242 **0/242317**
52.167.144.204 - - [26/Nov/2025:05:47:36 -0700] "GET /?a=96561099061690&mod=2ef3dce7&uri=dp.php%3Fid%3D3230913-99%26name%3Drtx+2070+2060+desktop+vs+laptop HTTP/2.0" 200 20807 "-" "Mozilla/5.0 AppleWebKit/537.36 (KHTML, like Gecko; compatible; bingbot/2.0; +http://www.bing.com/bingbot.htm) Chrome/116.0.1938.76 Safari/537.36" 351 **0/351321**
52.167.144.174 - - [26/Nov/2025:05:47:44 -0700] "GET /?a=115610777001690&mod=bb969c87&uri=news.php%3Fid%3D3868431-530%26name%3Dpalazzo+pants+flared+trousers+pattern HTTP/2.0" 200 21344 "-" "Mozilla/5.0 AppleWebKit/537.36 (KHTML, like Gecko; compatible; bingbot/2.0; +http://www.bing.com/bingbot.htm) Chrome/116.0.1938.76 Safari/537.36" 324 **0/324215**
52.167.144.204 - - [26/Nov/2025:05:47:45 -0700] "GET /?a=2067477051690&mod=8158fa3e&uri=news.php%3Fid%3D69096-322%26name%3Dderny+bike+race HTTP/2.0" 200 20913 "-" "Mozilla/5.0 AppleWebKit/537.36 (KHTML, like Gecko; compatible; bingbot/2.0; +http://www.bing.com/bingbot.htm) Chrome/116.0.1938.76 Safari/537.36" 316 **0/316615**
52.167.144.204 - - [26/Nov/2025:05:47:49 -0700] "GET /?a=103261762041690&mod=44ac09ac&uri=goods.php%3Fid%3D3455201-27%26name%3Dfisher+price+jurassic+park+kids+toys HTTP/2.0" 200 20764 "-" "Mozilla/5.0 AppleWebKit/537.36 (KHTML, like Gecko; compatible; bingbot/2.0; +http://www.bing.com/bingbot.htm) Chrome/116.0.1938.76 Safari/537.36" 287 **0/287610**
52.167.144.204 - - [26/Nov/2025:05:47:50 -0700] "GET /?a=16094711041690&mod=c89cef51&uri=blog.php%3Fid%3D538437-259%26name%3Dsamsung+galaxy+watch+active+straps HTTP/2.0" 200 21452 "-" "Mozilla/5.0 AppleWebKit/537.36 (KHTML, like Gecko; compatible; bingbot/2.0; +http://www.bing.com/bingbot.htm) Chrome/116.0.1938.76 Safari/537.36" 256 **0/256594**
52.167.144.236 - - [26/Nov/2025:05:47:51 -0700] "GET /?a=78054651001690&mod=b51c6cd3&uri=pin.php%3Fid%3D2611583-440%26name%3Dliquid+glitter+realme+pro+glitter+back+cover HTTP/2.0" 200 20961 "-" "Mozilla/5.0 AppleWebKit/537.36 (KHTML, like Gecko; compatible; bingbot/2.0; +http://www.bing.com/bingbot.htm) Chrome/116.0.1938.76 Safari/537.36" 297 **0/297994**
52.167.144.174 - - [26/Nov/2025:05:48:01 -0700] "GET /?a=119297331091690&mod=a1f69f60&uri=search.php%3Fid%3D3991772-147%26name%3Dtiffany+love+perfume+parfum+tiffany+damen HTTP/2.0" 200 19986 "-" "Mozilla/5.0 AppleWebKit/537.36 (KHTML, like Gecko; compatible; bingbot/2.0; +http://www.bing.com/bingbot.htm) Chrome/116.0.1938.76 Safari/537.36" 265 **0/265808**
52.167.144.204 - - [26/Nov/2025:05:48:18 -0700] "GET /?a=98795604011690&mod=7b8cc2b2&uri=shop.php%3Fid%3D3305742-1540%26name%3Dcolor+rush+allen+robinson+jersey+shirt HTTP/2.0" 200 20645 "-" "Mozilla/5.0 AppleWebKit/537.36 (KHTML, like Gecko; compatible; bingbot/2.0; +http://www.bing.com/bingbot.htm) Chrome/116.0.1938.76 Safari/537.36" 291 **0/291217**
52.167.144.204 - - [26/Nov/2025:05:48:27 -0700] "GET /?a=25246574001690&mod=bd0cc810&uri=product.php%3Fid%3D844581-21%26name%3Dnoir+perfume+crystal+noir+notino HTTP/2.0" 200 21839 "-" "Mozilla/5.0 AppleWebKit/537.36 (KHTML, like Gecko; compatible; bingbot/2.0; +http://www.bing.com/bingbot.htm) Chrome/116.0.1938.76 Safari/537.36" 265 **0/265163**
52.167.144.236 - - [26/Nov/2025:05:48:32 -0700] "GET /?a=27021808051690&mod=69a2835d&uri=form.php%3Fid%3D903935-266%26name%3Dquarter+zip+sweater+mens+xlt+sweaters HTTP/2.0" 200 21063 "-" "Mozilla/5.0 AppleWebKit/537.36 (KHTML, like Gecko; compatible; bingbot/2.0; +http://www.bing.com/bingbot.htm) Chrome/116.0.1938.76 Safari/537.36" 283 **0/283324**
52.167.144.236 - - [26/Nov/2025:05:48:32 -0700] "GET /?a=77852222011690&mod=87c6a6c6&uri=search.php%3Fid%3D2604818-673%26name%3Dnurse+gifts+nurse+keychain+bulk HTTP/2.0" 200 20931 "-" "Mozilla/5.0 AppleWebKit/537.36 (KHTML, like Gecko; compatible; bingbot/2.0; +http://www.bing.com/bingbot.htm) Chrome/116.0.1938.76 Safari/537.36" 275 **0/275404**
52.167.144.174 - - [26/Nov/2025:05:48:41 -0700] "GET /?a=119507502011690&mod=69e76024&uri=pin.php%3Fid%3D3998799-325%26name%3Dcup+warmer+drink+cooling+pad HTTP/2.0" 200 20336 "-" "Mozilla/5.0 AppleWebKit/537.36 (KHTML, like Gecko; compatible; bingbot/2.0; +http://www.bing.com/bingbot.htm) Chrome/116.0.1938.76 Safari/537.36" 233 **0/233314**
40.77.167.48 - - [26/Nov/2025:05:48:49 -0700] "GET /?a=5997820101690&mod=06138bc5&uri=shop.php%3Fid%3D200615-2%26name%3Dnike+collab+nike+stussy+pullover HTTP/2.0" 200 21067 "-" "Mozilla/5.0 AppleWebKit/537.36 (KHTML, like Gecko; compatible; bingbot/2.0; +http://www.bing.com/bingbot.htm) Chrome/116.0.1938.76 Safari/537.36" 415 **0/415994**
40.77.167.48 - - [26/Nov/2025:05:48:50 -0700] "GET /?a=62543820001690&mod=88983389&uri=info.php%3Fid%3D2092503-428%26name%3D14mwz+ladies+wranglers HTTP/2.0" 200 20850 "-" "Mozilla/5.0 AppleWebKit/537.36 (KHTML, like Gecko; compatible; bingbot/2.0; +http://www.bing.com/bingbot.htm) Chrome/116.0.1938.76 Safari/537.36" 288 **0/288739**
52.167.144.174 - - [26/Nov/2025:05:48:50 -0700] "GET /?a=64795658001690&mod=e87602b4&uri=itm.php%3Fid%3D2167825-1259%26name%3Dtote+bag+sac+chiquito+noir HTTP/2.0" 200 21091 "-" "Mozilla/5.0 AppleWebKit/537.36 (KHTML, like Gecko; compatible; bingbot/2.0; +http://www.bing.com/bingbot.htm) Chrome/116.0.1938.76 Safari/537.36" 343 **0/343445**
66.249.72.195 - - [26/Nov/2025:05:48:57 -0700] "GET /?a=101082226081690&mod=22cc83ba&uri=info.php%3Fid%3D3382285-1813%26name%3Dneo+6m+gpgga+converter HTTP/1.1" 200 20498 "-" "Mozilla/5.0 (Linux; Android 6.0.1; Nexus 5X Build/MMB29P) AppleWebKit/537.36 (KHTML, like Gecko) Chrome/141.0.7390.122 Mobile Safari/537.36 (compatible; Googlebot/2.1; +http://www.google.com/bot.html)" 297 **0/297018**
52.167.144.204 - - [26/Nov/2025:05:49:08 -0700] "GET /?a=12182637071690&mod=ae06fbdc&uri=blog.php%3Fid%3D407585-54%26name%3Dbailar+merengue+bachata+vestuario+mujer HTTP/2.0" 200 21105 "-" "Mozilla/5.0 AppleWebKit/537.36 (KHTML, like Gecko; compatible; bingbot/2.0; +http://www.bing.com/bingbot.htm) Chrome/116.0.1938.76 Safari/537.36" 263 **0/263846**
47.128.31.252 - - [26/Nov/2025:05:49:16 -0700] "GET /?a=72363529051690&mod=e0f120ee&uri=brands.php%3Fid%3D2421082-44%26name%3Dhollister+incorporated+hollister+colostomy+bags+8901 HTTP/2.0" 403 2016 "-" "Mozilla/5.0 (Linux; Android 5.0) AppleWebKit/537.36 (KHTML, like Gecko) Mobile Safari/537.36 (compatible; Bytespider; spider-feedback@bytedance.com)" 89 **0/89945**
52.167.144.174 - - [26/Nov/2025:05:49:21 -0700] "GET /?a=93845653051690&mod=1a32df83&uri=category-info.php%3Fid%3D3140028-81%26name%3Dcraftsman+gcv160+self+propelled+lawn+mower HTTP/2.0" 200 20643 "-" "Mozilla/5.0 AppleWebKit/537.36 (KHTML, like Gecko; compatible; bingbot/2.0; +http://www.bing.com/bingbot.htm) Chrome/116.0.1938.76 Safari/537.36" 276 **0/276157**
52.167.144.236 - - [26/Nov/2025:05:49:31 -0700] "GET /?a=77534630041690&mod=6dc4a31d&uri=article.php%3Fid%3D2594199-138%26name%3Dmackenzie+phillips+american+graffiti+streaming+free HTTP/2.0" 200 21643 "-" "Mozilla/5.0 AppleWebKit/537.36 (KHTML, like Gecko; compatible; bingbot/2.0; +http://www.bing.com/bingbot.htm) Chrome/116.0.1938.76 Safari/537.36" 263 **0/263215**
52.167.144.174 - - [26/Nov/2025:05:49:41 -0700] "GET /?a=19438425021690&mod=ab74cae5&uri=pin.php%3Fid%3D650308-390%26name%3Dsoccer+players+soccer+fitness+tracker HTTP/2.0" 200 20735 "-" "Mozilla/5.0 AppleWebKit/537.36 (KHTML, like Gecko; compatible; bingbot/2.0; +http://www.bing.com/bingbot.htm) Chrome/116.0.1938.76 Safari/537.36" 244 **0/244156**
85.208.96.204 - - [26/Nov/2025:05:49:56 -0700] "GET /?a=100107289051690&mod=b575e1f6&uri=products.php%3Fid%3D3349680-254%26name%3Dtrekking%2Bshoes%2Bscarpe%2Basolo%2Bdonna HTTP/1.1" 200 2554 "-" "Mozilla/5.0 (compatible; SemrushBot/7~bl; +http://www.semrush.com/bot.html)" 89 **0/89236**
40.77.167.130 - - [26/Nov/2025:05:49:57 -0700] "GET /?a=26100210021690&mod=0eb71de4&uri=dp.php%3Fid%3D873119-598%26name%3Dbody+kit+activa+3g+current+price HTTP/2.0" 200 21096 "-" "Mozilla/5.0 AppleWebKit/537.36 (KHTML, like Gecko; compatible; bingbot/2.0; +http://www.bing.com/bingbot.htm) Chrome/116.0.1938.76 Safari/537.36" 270 **0/270336**
185.191.171.10 - - [26/Nov/2025:05:49:59 -0700] "GET /?a=45750597001690&mod=9ce2a235&uri=pin.php%3Fid%3D1530519-707%26name%3Dtech%2Bfleece%2Bjordan%2Bsweat%2Boutfit HTTP/1.1" 200 2554 "-" "Mozilla/5.0 (compatible; SemrushBot/7~bl; +http://www.semrush.com/bot.html)" 92 **0/92684**
185.191.171.4 - - [26/Nov/2025:05:50:06 -0700] "GET /robots.txt HTTP/1.1" 200 98 "-" "Mozilla/5.0 (compatible; SemrushBot/7~bl; +http://www.semrush.com/bot.html)" 96 **0/96046**
20.15.133.160 - - [26/Nov/2025:05:50:15 -0700] "GET /?a=242087031690&mod=20337d9c&uri=products.php%3Fid%3D8094-114%26name%3Dchannel+number+tata+sky+bundle+pack HTTP/2.0" 200 20844 "-" "Mozilla/5.0 AppleWebKit/537.36 (KHTML, like Gecko; compatible; bingbot/2.0; +http://www.bing.com/bingbot.htm) Chrome/116.0.1938.76 Safari/537.36" 313 **0/313522**
20.15.133.175 - - [26/Nov/2025:05:50:16 -0700] "GET /?a=26184676001690&mod=20337d9c&uri=product.php%3Fid%3D875946-114%26name%3Dbulova+watches+bulova+96p124 HTTP/2.0" 200 21204 "-" "Mozilla/5.0 AppleWebKit/537.36 (KHTML, like Gecko; compatible; bingbot/2.0; +http://www.bing.com/bingbot.htm) Chrome/116.0.1938.76 Safari/537.36" 311 **0/311814**
52.167.144.236 - - [26/Nov/2025:05:50:22 -0700] "GET /?a=27043153011690&mod=d8ad1a33&uri=search.php%3Fid%3D904648-1402%26name%3Dnvidia+gt+1gd3h HTTP/2.0" 200 20612 "-" "Mozilla/5.0 AppleWebKit/537.36 (KHTML, like Gecko; compatible; bingbot/2.0; +http://www.bing.com/bingbot.htm) Chrome/116.0.1938.76 Safari/537.36" 394 **0/394184**
20.15.133.175 - - [26/Nov/2025:05:50:37 -0700] "GET /?a=106101482051690&mod=d0689f40&uri=us.php%3Fid%3D3550302-1808%26name%3Dseraphine+oversized+maternity+jumper HTTP/2.0" 200 19935 "-" "Mozilla/5.0 AppleWebKit/537.36 (KHTML, like Gecko; compatible; bingbot/2.0; +http://www.bing.com/bingbot.htm) Chrome/116.0.1938.76 Safari/537.36" 255 **0/255627**
52.167.144.204 - - [26/Nov/2025:05:50:56 -0700] "GET /?a=2077359011690&mod=8158fa3e&uri=form.php%3Fid%3D69426-322%26name%3D26+inch+carbon+fork HTTP/2.0" 200 20452 "-" "Mozilla/5.0 AppleWebKit/537.36 (KHTML, like Gecko; compatible; bingbot/2.0; +http://www.bing.com/bingbot.htm) Chrome/116.0.1938.76 Safari/537.36" 287 **0/287152**
52.167.144.140 - - [26/Nov/2025:05:50:59 -0700] "GET /?a=118580900031690&mod=7db0fc0b&uri=shop.php%3Fid%3D3967788-1781%26name%3Dwatch+sbgh001g HTTP/2.0" 200 20015 "-" "Mozilla/5.0 AppleWebKit/537.36 (KHTML, like Gecko; compatible; bingbot/2.0; +http://www.bing.com/bingbot.htm) Chrome/116.0.1938.76 Safari/537.36" 241 **0/241999**
40.77.167.48 - - [26/Nov/2025:05:51:09 -0700] "GET /product/edit/111476147061690 HTTP/2.0" 200 21110 "-" "Mozilla/5.0 AppleWebKit/537.36 (KHTML, like Gecko; compatible; bingbot/2.0; +http://www.bing.com/bingbot.htm) Chrome/116.0.1938.76 Safari/537.36" 242 **0/242047**
52.167.144.174 - - [26/Nov/2025:05:51:10 -0700] "GET /?a=111369200061690&mod=ef963f95&uri=info.php%3Fid%3D3726537-513%26name%3Dsneakers+pegasus+37+white HTTP/2.0" 200 20533 "-" "Mozilla/5.0 AppleWebKit/537.36 (KHTML, like Gecko; compatible; bingbot/2.0; +http://www.bing.com/bingbot.htm) Chrome/116.0.1938.76 Safari/537.36" 245 **0/245294**
40.77.167.19 - - [26/Nov/2025:05:51:12 -0700] "GET /?a=111736014081690&mod=5227fa9a&uri=form.php%3Fid%3D3738801-65%26name%3Dmet+parachute+action+camera+mount HTTP/2.0" 200 20799 "-" "Mozilla/5.0 AppleWebKit/537.36 (KHTML, like Gecko; compatible; bingbot/2.0; +http://www.bing.com/bingbot.htm) Chrome/116.0.1938.76 Safari/537.36" 262 **0/262208**
20.15.133.175 - - [26/Nov/2025:05:51:15 -0700] "GET /?a=7711639021690&mod=f26e4f57&uri=shared.php%3Fid%3D257917-947%26name%3Dfootwear+puma+trainers+for+girls HTTP/2.0" 200 20768 "-" "Mozilla/5.0 AppleWebKit/537.36 (KHTML, like Gecko; compatible; bingbot/2.0; +http://www.bing.com/bingbot.htm) Chrome/116.0.1938.76 Safari/537.36" 272 **0/272623**
40.77.167.48 - - [26/Nov/2025:05:51:18 -0700] "GET /?a=1850776011690&mod=4db13496&uri=blog.php%3Fid%3D61862-433%26name%3Dversa+lite+officeworks+fitbit+versa HTTP/2.0" 200 20064 "-" "Mozilla/5.0 AppleWebKit/537.36 (KHTML, like Gecko; compatible; bingbot/2.0; +http://www.bing.com/bingbot.htm) Chrome/116.0.1938.76 Safari/537.36" 233 **0/233374**
52.167.144.204 - - [26/Nov/2025:05:51:18 -0700] "GET /?a=68263497071690&mod=ec4ecf2f&uri=product.php%3Fid%3D2283828-290%26name%3Dsamsung+i+want+to+buy+phone+on+emi+without+credit+card HTTP/2.0" 200 21563 "-" "Mozilla/5.0 AppleWebKit/537.36 (KHTML, like Gecko; compatible; bingbot/2.0; +http://www.bing.com/bingbot.htm) Chrome/116.0.1938.76 Safari/537.36" 279 **0/279322**
20.15.133.184 - - [26/Nov/2025:05:51:20 -0700] "GET /?a=55049084031690&mod=0ac34cb7&uri=pin.php%3Fid%3D1841650-1404%26name%3Dahinsa+shoes+barefoot+winterschuhe HTTP/2.0" 200 20640 "-" "Mozilla/5.0 AppleWebKit/537.36 (KHTML, like Gecko; compatible; bingbot/2.0; +http://www.bing.com/bingbot.htm) Chrome/116.0.1938.76 Safari/537.36" 276 **0/276690**
52.167.144.174 - - [26/Nov/2025:05:51:22 -0700] "GET /?a=30501786041690&mod=e6e537c2&uri=shared.php%3Fid%3D1020331-1064%26name%3Dpoussette+jumeaux+cora+poussette+jouet HTTP/2.0" 200 20473 "-" "Mozilla/5.0 AppleWebKit/537.36 (KHTML, like Gecko; compatible; bingbot/2.0; +http://www.bing.com/bingbot.htm) Chrome/116.0.1938.76 Safari/537.36" 249 **0/249030**
52.167.144.174 - - [26/Nov/2025:05:51:22 -0700] "GET /?a=118774197141690&mod=8a47481a&uri=news.php%3Fid%3D3974259-90%26name%3Ddisposable+diapers+babygearlab+diapers HTTP/2.0" 200 21301 "-" "Mozilla/5.0 AppleWebKit/537.36 (KHTML, like Gecko; compatible; bingbot/2.0; +http://www.bing.com/bingbot.htm) Chrome/116.0.1938.76 Safari/537.36" 374 **0/374271**
52.167.144.204 - - [26/Nov/2025:05:51:29 -0700] "GET /?a=77530760111690&mod=6dc4a31d&uri=blog.php%3Fid%3D2594070-138%26name%3Dkasam+2016+online+sanam+teri+kasam+full+movie HTTP/2.0" 200 20104 "-" "Mozilla/5.0 AppleWebKit/537.36 (KHTML, like Gecko; compatible; bingbot/2.0; +http://www.bing.com/bingbot.htm) Chrome/116.0.1938.76 Safari/537.36" 276 **0/276599**
52.167.144.204 - - [26/Nov/2025:05:51:29 -0700] "GET /?a=5360909031690&mod=53b48d36&uri=article.php%3Fid%3D179316-801%26name%3Dhair+clippers+conair+25mm HTTP/2.0" 200 20605 "-" "Mozilla/5.0 AppleWebKit/537.36 (KHTML, like Gecko; compatible; bingbot/2.0; +http://www.bing.com/bingbot.htm) Chrome/116.0.1938.76 Safari/537.36" 218 **0/218904**
52.167.144.140 - - [26/Nov/2025:05:51:38 -0700] "GET /?a=113898832001690&mod=253167a7&uri=search.php%3Fid%3D3811105-606%26name%3Ddecathlon+woman+snow+shoes HTTP/2.0" 200 20694 "-" "Mozilla/5.0 AppleWebKit/537.36 (KHTML, like Gecko; compatible; bingbot/2.0; +http://www.bing.com/bingbot.htm) Chrome/116.0.1938.76 Safari/537.36" 253 **0/253858**
52.167.144.174 - - [26/Nov/2025:05:51:42 -0700] "GET /?a=98787980061690&mod=28f9fe37&uri=news.php%3Fid%3D3305487-1884%26name%3Dlacoste+original+lacoste+saldo HTTP/2.0" 200 19987 "-" "Mozilla/5.0 AppleWebKit/537.36 (KHTML, like Gecko; compatible; bingbot/2.0; +http://www.bing.com/bingbot.htm) Chrome/116.0.1938.76 Safari/537.36" 222 **0/222803**
52.167.144.174 - - [26/Nov/2025:05:51:43 -0700] "GET /?a=98896429011690&mod=d3deed73&uri=brands.php%3Fid%3D3309115-1045%26name%3Dadallor+uhrenarmband+metall+herren HTTP/2.0" 200 20789 "-" "Mozilla/5.0 AppleWebKit/537.36 (KHTML, like Gecko; compatible; bingbot/2.0; +http://www.bing.com/bingbot.htm) Chrome/116.0.1938.76 Safari/537.36" 265 **0/265038**
40.77.167.19 - - [26/Nov/2025:05:51:53 -0700] "GET /?a=31322665011690&mod=e744f91c&uri=us.php%3Fid%3D1047804-9%26name%3Dear+tips+stayhear+earbuds HTTP/2.0" 200 21754 "-" "Mozilla/5.0 AppleWebKit/537.36 (KHTML, like Gecko; compatible; bingbot/2.0; +http://www.bing.com/bingbot.htm) Chrome/116.0.1938.76 Safari/537.36" 414 **0/414581**
66.249.72.196 - - [26/Nov/2025:05:52:01 -0700] "GET /?a=110406487051690&mod=5227fa9a&uri=info.php%3Fid%3D3694340-65%26name%3Dmouth+guard+gopro+hero+bite+mount HTTP/1.1" 200 21454 "-" "Mozilla/5.0 (Linux; Android 6.0.1; Nexus 5X Build/MMB29P) AppleWebKit/537.36 (KHTML, like Gecko) Chrome/141.0.7390.122 Mobile Safari/537.36 (compatible; Googlebot/2.1; +http://www.google.com/bot.html)" 273 **0/273512**
85.208.96.208 - - [26/Nov/2025:05:52:04 -0700] "GET /?a=64514991001690&mod=35cb6aa3&uri=goods.php%3Fid%3D2158445-1346%26name%3Dcuir%2Bbotte%2Bviking%2Bbucheron HTTP/1.1" 200 2554 "-" "Mozilla/5.0 (compatible; SemrushBot/7~bl; +http://www.semrush.com/bot.html)" 101 **0/101362**
185.191.171.10 - - [26/Nov/2025:05:52:07 -0700] "GET /?a=51456624001690&mod=caeb2faf&uri=itm.php%3Fid%3D1721422-1748%26name%3Dnike%2Baf1%2Bair%2Bforce%2Bone%2Bchange%2Bswoosh HTTP/1.1" 200 2554 "-" "Mozilla/5.0 (compatible; SemrushBot/7~bl; +http://www.semrush.com/bot.html)" 92 **0/92628**
185.191.171.19 - - [26/Nov/2025:05:52:08 -0700] "GET /?a=106649396001690&mod=ae4045dd&uri=goods.php%3Fid%3D3568629-1542%26name%3Dbusiness%2Bcasual%2Bwith%2Bleggings HTTP/1.1" 200 2554 "-" "Mozilla/5.0 (compatible; SemrushBot/7~bl; +http://www.semrush.com/bot.html)" 87 **0/87135**
85.208.96.198 - - [26/Nov/2025:05:52:10 -0700] "GET /?a=103704101061690&mod=6a58e303&uri=blog.php%3Fid%3D3470017-1571%26name%3Dporteur%2Bminnie%2Bporteur%2Bsmoby%2Btoys%2Br%2Bus HTTP/1.1" 200 2554 "-" "Mozilla/5.0 (compatible; SemrushBot/7~bl; +http://www.semrush.com/bot.html)" 99 **0/99338**
185.191.171.2 - - [26/Nov/2025:05:52:11 -0700] "GET /?a=79901311031690&mod=0179bda3&uri=form.php%3Fid%3D2673416-1490%26name%3Dacid%2Bwash%2Bdenim%2Bshoes%2Bvans HTTP/1.1" 200 2554 "-" "Mozilla/5.0 (compatible; SemrushBot/7~bl; +http://www.semrush.com/bot.html)" 97 **0/97285**
85.208.96.209 - - [26/Nov/2025:05:52:13 -0700] "GET /?a=107969553011690&mod=20cf775f&uri=pin.php%3Fid%3D3612814-48%26name%3Dcool%2Bmens%2Bturquoise%2Bearrings HTTP/1.1" 200 2554 "-" "Mozilla/5.0 (compatible; SemrushBot/7~bl; +http://www.semrush.com/bot.html)" 97 **0/97988**
85.208.96.194 - - [26/Nov/2025:05:52:14 -0700] "GET /?a=44436766081690&mod=bed2b601&uri=news.php%3Fid%3D1486587-734%26name%3Dskechers%2Bslides%2Bfor%2Bmen HTTP/1.1" 200 2554 "-" "Mozilla/5.0 (compatible; SemrushBot/7~bl; +http://www.semrush.com/bot.html)" 104 **0/104666**
185.191.171.15 - - [26/Nov/2025:05:52:17 -0700] "GET /?a=35243540041690&mod=30cd1e36&uri=pin.php%3Fid%3D1178972-130%26name%3Dbios%2Bdell%2Bhard%2Bdrive HTTP/1.1" 200 2554 "-" "Mozilla/5.0 (compatible; SemrushBot/7~bl; +http://www.semrush.com/bot.html)" 89 **0/89493**
52.167.144.204 - - [26/Nov/2025:05:52:17 -0700] "GET /?a=10899890091690&mod=530ad673&uri=dp.php%3Fid%3D364676-100%26name%3Ddenim+hoodie+jacket HTTP/2.0" 200 20525 "-" "Mozilla/5.0 AppleWebKit/537.36 (KHTML, like Gecko; compatible; bingbot/2.0; +http://www.bing.com/bingbot.htm) Chrome/116.0.1938.76 Safari/537.36" 317 **0/317810**
185.191.171.12 - - [26/Nov/2025:05:52:20 -0700] "GET /?a=29216510051690&mod=e57afa63&uri=shop.php%3Fid%3D977350-1297%26name%3Dn%C6%B0%E1%BB%9Bc%2Bhoa%2Bhugo%2Bhugo%2Bboss%2Bthe%2Bscent%2Bkit HTTP/1.1" 200 2554 "-" "Mozilla/5.0 (compatible; SemrushBot/7~bl; +http://www.semrush.com/bot.html)" 91 **0/91392**
40.77.167.48 - - [26/Nov/2025:05:52:21 -0700] "GET /?a=5786786041690&mod=263a8fc7&uri=info.php%3Fid%3D193565-711%26name%3Dvestes+manteaux+veste+vans+homme+paris HTTP/2.0" 200 20502 "-" "Mozilla/5.0 AppleWebKit/537.36 (KHTML, like Gecko; compatible; bingbot/2.0; +http://www.bing.com/bingbot.htm) Chrome/116.0.1938.76 Safari/537.36" 265 **0/265275**
85.208.96.209 - - [26/Nov/2025:05:52:22 -0700] "GET /?a=109242732081690&mod=e6d29272&uri=itm.php%3Fid%3D3655436-512%26name%3Dtom%2Bbrady%2Bsalute%2Bto%2Bservice%2Bnfl%2Bjerseys HTTP/1.1" 200 2554 "-" "Mozilla/5.0 (compatible; SemrushBot/7~bl; +http://www.semrush.com/bot.html)" 93 **0/93989**
185.191.171.10 - - [26/Nov/2025:05:52:23 -0700] "GET /?a=80671132011690&mod=6716543c&uri=goods.php%3Fid%3D2699146-557%26name%3Dpara%2Bgraduacion%2Bvestidos%2Bpara%2Bfiesta%2Bde%2Bmanga%2Blarga HTTP/1.1" 200 2554 "-" "Mozilla/5.0 (compatible; SemrushBot/7~bl; +http://www.semrush.com/bot.html)" 96 **0/96748**
85.208.96.210 - - [26/Nov/2025:05:52:25 -0700] "GET /?a=58358903031690&mod=097c6863&uri=products.php%3Fid%3D1952435-479%26name%3Deau%2Bde%2Bparfum%2Bburberry%2Bburberry%2Bher%2Bzapach HTTP/1.1" 200 2554 "-" "Mozilla/5.0 (compatible; SemrushBot/7~bl; +http://www.semrush.com/bot.html)" 92 **0/92574**
40.77.167.48 - - [26/Nov/2025:05:52:40 -0700] "GET /?a=78511400051690&mod=02501d64&uri=news.php%3Fid%3D2626882-1025%26name%3Drain+jacket+port+authority+signature+jacket HTTP/2.0" 200 21216 "-" "Mozilla/5.0 AppleWebKit/537.36 (KHTML, like Gecko; compatible; bingbot/2.0; +http://www.bing.com/bingbot.htm) Chrome/116.0.1938.76 Safari/537.36" 262 **0/262525**
40.77.167.61 - - [26/Nov/2025:05:52:50 -0700] "GET /product/edit/113977300061690 HTTP/2.0" 200 20696 "-" "Mozilla/5.0 AppleWebKit/537.36 (KHTML, like Gecko; compatible; bingbot/2.0; +http://www.bing.com/bingbot.htm) Chrome/116.0.1938.76 Safari/537.36" 242 **0/242245**
52.167.144.204 - - [26/Nov/2025:05:52:56 -0700] "GET /?a=26464423141690&mod=4568cffb&uri=category-info.php%3Fid%3D885309-1092%26name%3Dtailored+fit+jos+a+bank+scarf HTTP/2.0" 200 20567 "-" "Mozilla/5.0 AppleWebKit/537.36 (KHTML, like Gecko; compatible; bingbot/2.0; +http://www.bing.com/bingbot.htm) Chrome/116.0.1938.76 Safari/537.36" 269 **0/269861**
52.167.144.204 - - [26/Nov/2025:05:52:57 -0700] "GET /?a=29642970041690&mod=784e966b&uri=article.php%3Fid%3D991609-347%26name%3Dseiko+prospex+land+srpa95p9 HTTP/2.0" 200 20867 "-" "Mozilla/5.0 AppleWebKit/537.36 (KHTML, like Gecko; compatible; bingbot/2.0; +http://www.bing.com/bingbot.htm) Chrome/116.0.1938.76 Safari/537.36" 266 **0/266970**
52.167.144.140 - - [26/Nov/2025:05:53:30 -0700] "GET /?a=111322767031690&mod=9db1c4a3&uri=blog.php%3Fid%3D3724986-620%26name%3Dbridge+ellie+wedding+ring HTTP/2.0" 200 21441 "-" "Mozilla/5.0 AppleWebKit/537.36 (KHTML, like Gecko; compatible; bingbot/2.0; +http://www.bing.com/bingbot.htm) Chrome/116.0.1938.76 Safari/537.36" 248 **0/248478**
52.167.144.204 - - [26/Nov/2025:05:53:38 -0700] "GET /?a=118321899141690&mod=ec4ecf2f&uri=category-info.php%3Fid%3D3959130-290%26name%3Dshower+gift+thank+you+for+celebrating+baby+shower HTTP/2.0" 200 20793 "-" "Mozilla/5.0 AppleWebKit/537.36 (KHTML, like Gecko; compatible; bingbot/2.0; +http://www.bing.com/bingbot.htm) Chrome/116.0.1938.76 Safari/537.36" 249 **0/249400**
52.167.144.204 - - [26/Nov/2025:05:53:46 -0700] "GET /?a=11307495041690&mod=127f7590&uri=news.php%3Fid%3D378310-420%26name%3Drado+jubile+swiss+reloj+rado+dama HTTP/2.0" 200 20613 "-" "Mozilla/5.0 AppleWebKit/537.36 (KHTML, like Gecko; compatible; bingbot/2.0; +http://www.bing.com/bingbot.htm) Chrome/116.0.1938.76 Safari/537.36" 359 **0/359384**
52.167.144.204 - - [26/Nov/2025:05:53:56 -0700] "GET /?a=105283783021690&mod=e3ad7bdd&uri=shop.php%3Fid%3D3522933-472%26name%3Dradeon+pro+radeon+vega+software HTTP/2.0" 200 20562 "-" "Mozilla/5.0 AppleWebKit/537.36 (KHTML, like Gecko; compatible; bingbot/2.0; +http://www.bing.com/bingbot.htm) Chrome/116.0.1938.76 Safari/537.36" 242 **0/242216**
40.77.167.48 - - [26/Nov/2025:05:54:01 -0700] "GET /?a=78109103001690&mod=61b5c689&uri=us.php%3Fid%3D2613403-134%26name%3Dugee+monitor+tablet+drawing HTTP/2.0" 200 20720 "-" "Mozilla/5.0 AppleWebKit/537.36 (KHTML, like Gecko; compatible; bingbot/2.0; +http://www.bing.com/bingbot.htm) Chrome/116.0.1938.76 Safari/537.36" 286 **0/286842**
66.249.69.172 - - [26/Nov/2025:05:54:18 -0700] "GET /?a=71891184021690&mod=23e18616&uri=goods.php%3Fid%3D2405283-317%26name%3Dcooking+philips+airfryer+2021 HTTP/1.1" 200 20926 "-" "Mozilla/5.0 (Linux; Android 6.0.1; Nexus 5X Build/MMB29P) AppleWebKit/537.36 (KHTML, like Gecko) Chrome/141.0.7390.122 Mobile Safari/537.36 (compatible; Googlebot/2.1; +http://www.google.com/bot.html)" 278 **0/278682**
185.191.171.16 - - [26/Nov/2025:05:54:30 -0700] "GET /?a=39153091051690&mod=7fa3244f&uri=us.php%3Fid%3D1309736-359%26name%3Dgi%C3%A0y%2Bnb%2Bnew%2Bbalance%2B530mr HTTP/1.1" 200 2554 "-" "Mozilla/5.0 (compatible; SemrushBot/7~bl; +http://www.semrush.com/bot.html)" 103 **0/103976**
85.208.96.208 - - [26/Nov/2025:05:54:34 -0700] "GET /?a=81369073041690&mod=d0d310ae&uri=goods.php%3Fid%3D2722484-818%26name%3Dmetatarsal%2Bpads%2Brunning%2Bshoe%2Binserts%2Bfor%2Bball%2Bof%2Bfoot%2Bpain HTTP/1.1" 200 2554 "-" "Mozilla/5.0 (compatible; SemrushBot/7~bl; +http://www.semrush.com/bot.html)" 87 **0/87004**
185.191.171.15 - - [26/Nov/2025:05:54:38 -0700] "GET /?a=46689712001690&mod=bd1de862&uri=us.php%3Fid%3D1561919-201%26name%3Dlaptop%2Basus%2Bvivobook%2B14%2Bryzen%2Bssd%2Blaptop HTTP/1.1" 200 2554 "-" "Mozilla/5.0 (compatible; SemrushBot/7~bl; +http://www.semrush.com/bot.html)" 86 **0/86673**
85.208.96.196 - - [26/Nov/2025:05:54:40 -0700] "GET /?a=108068414021690&mod=ea9a43c6&uri=news.php%3Fid%3D3616115-1048%26name%3Dwide%2Bt%2Bshirts HTTP/1.1" 200 2554 "-" "Mozilla/5.0 (compatible; SemrushBot/7~bl; +http://www.semrush.com/bot.html)" 90 **0/90369**
52.167.144.140 - - [26/Nov/2025:05:54:42 -0700] "GET /?a=26079138041690&mod=0eb71de4&uri=category-info.php%3Fid%3D872416-598%26name%3Drockshox+170mm+fork HTTP/2.0" 200 21584 "-" "Mozilla/5.0 AppleWebKit/537.36 (KHTML, like Gecko; compatible; bingbot/2.0; +http://www.bing.com/bingbot.htm) Chrome/116.0.1938.76 Safari/537.36" 263 **0/263681**
185.191.171.13 - - [26/Nov/2025:05:54:45 -0700] "GET /?a=42256105061690&mod=ff3f928a&uri=itm.php%3Fid%3D1413580-1243%26name%3Dsunray%2Badjust%2Bsandale%2Bnike%2Bgarcon%2Bintersport HTTP/1.1" 200 2554 "-" "Mozilla/5.0 (compatible; SemrushBot/7~bl; +http://www.semrush.com/bot.html)" 89 **0/89427**
52.167.144.204 - - [26/Nov/2025:05:54:56 -0700] "GET /?a=10884134051690&mod=02501d64&uri=brands.php%3Fid%3D364150-1025%26name%3Dhi+vis+vest+orange+cargo+vest HTTP/2.0" 200 21003 "-" "Mozilla/5.0 AppleWebKit/537.36 (KHTML, like Gecko; compatible; bingbot/2.0; +http://www.bing.com/bingbot.htm) Chrome/116.0.1938.76 Safari/537.36" 283 **0/283253**
52.167.144.204 - - [26/Nov/2025:05:54:57 -0700] "GET /?a=108428132011690&mod=e800feb8&uri=pin.php%3Fid%3D3628148-890%26name%3Djeans+best+funny+shirts HTTP/2.0" 200 20578 "-" "Mozilla/5.0 AppleWebKit/537.36 (KHTML, like Gecko; compatible; bingbot/2.0; +http://www.bing.com/bingbot.htm) Chrome/116.0.1938.76 Safari/537.36" 236 **0/236721**
40.77.167.19 - - [26/Nov/2025:05:55:01 -0700] "GET /product/edit/62468001690 HTTP/2.0" 200 20818 "-" "Mozilla/5.0 AppleWebKit/537.36 (KHTML, like Gecko; compatible; bingbot/2.0; +http://www.bing.com/bingbot.htm) Chrome/116.0.1938.76 Safari/537.36" 335 **0/335333**
40.77.167.19 - - [26/Nov/2025:05:55:02 -0700] "GET /?a=6005718021690&mod=06138bc5&uri=pin.php?id=200879-2&name=amazon%20christmas%20pullover%20family%20set HTTP/2.0" 200 21666 "-" "Mozilla/5.0 AppleWebKit/537.36 (KHTML, like Gecko; compatible; bingbot/2.0; +http://www.bing.com/bingbot.htm) Chrome/116.0.1938.76 Safari/537.36" 292 **0/292360**
40.77.167.61 - - [26/Nov/2025:05:55:02 -0700] "GET /?a=97666690041690&mod=bf21d8ea&uri=shared.php%3Fid%3D3267935-1673%26name%3Dbob+strollers+with+sibling+board HTTP/2.0" 200 20610 "-" "Mozilla/5.0 AppleWebKit/537.36 (KHTML, like Gecko; compatible; bingbot/2.0; +http://www.bing.com/bingbot.htm) Chrome/116.0.1938.76 Safari/537.36" 261 **0/261934**
66.249.72.195 - - [26/Nov/2025:05:55:03 -0700] "GET /?a=87622439001690&mod=22e17d98&uri=shop.php%3Fid%3D2931777-748%26name%3Dred+obsidian+sb+dunk+university+red HTTP/1.1" 200 20498 "-" "Mozilla/5.0 (Linux; Android 6.0.1; Nexus 5X Build/MMB29P) AppleWebKit/537.36 (KHTML, like Gecko) Chrome/141.0.7390.122 Mobile Safari/537.36 (compatible; Googlebot/2.1; +http://www.google.com/bot.html)" 267 **0/267207**
85.208.96.193 - - [26/Nov/2025:05:55:06 -0700] "GET /?a=60592133071690&mod=160c305b&uri=goods.php%3Fid%3D2027181-1317%26name%3Dboost%2Bshoes%2Bnike%2Bultra%2Bboost%2Bschwarz HTTP/1.1" 200 2554 "-" "Mozilla/5.0 (compatible; SemrushBot/7~bl; +http://www.semrush.com/bot.html)" 100 **0/100634**
40.77.167.61 - - [26/Nov/2025:05:55:10 -0700] "GET /?a=64850950051690&mod=8c2ea383&uri=info.php%3Fid%3D2169678-1597%26name%3Ddry+cat+food+royal+canin+diarrhea+cat HTTP/2.0" 200 20706 "-" "Mozilla/5.0 AppleWebKit/537.36 (KHTML, like Gecko; compatible; bingbot/2.0; +http://www.bing.com/bingbot.htm) Chrome/116.0.1938.76 Safari/537.36" 348 **0/348704**
52.167.144.169 - - [26/Nov/2025:05:55:37 -0700] "GET /product/edit/66779061041690 HTTP/2.0" 200 21105 "-" "Mozilla/5.0 AppleWebKit/537.36 (KHTML, like Gecko; compatible; bingbot/2.0; +http://www.bing.com/bingbot.htm) Chrome/116.0.1938.76 Safari/537.36" 285 **0/285654**
185.191.171.3 - - [26/Nov/2025:05:55:46 -0700] "GET /?a=15765210011690&mod=a8d4c6ab&uri=search.php%3Fid%3D527401-525%26name%3Dtiktok%2Bperfilador%2Bde%2Bbarba%2Bcarrefour HTTP/1.1" 200 2554 "-" "Mozilla/5.0 (compatible; SemrushBot/7~bl; +http://www.semrush.com/bot.html)" 87 **0/87576**
52.167.144.204 - - [26/Nov/2025:05:55:47 -0700] "GET /?a=19622313041690&mod=253fbcc9&uri=article.php%3Fid%3D656454-629%26name%3Dumbrella+bugaboo+fresh+white HTTP/2.0" 200 20345 "-" "Mozilla/5.0 AppleWebKit/537.36 (KHTML, like Gecko; compatible; bingbot/2.0; +http://www.bing.com/bingbot.htm) Chrome/116.0.1938.76 Safari/537.36" 244 **0/244919**
185.191.171.17 - - [26/Nov/2025:05:55:54 -0700] "GET /?a=82915988031690&mod=c3106615&uri=goods.php%3Fid%3D2774250-1120%26name%3Dschwinn%2Bbloom%2Bschwinn%2Btwilight%2Bbike HTTP/1.1" 200 2554 "-" "Mozilla/5.0 (compatible; SemrushBot/7~bl; +http://www.semrush.com/bot.html)" 91 **0/91513**
20.15.133.191 - - [26/Nov/2025:05:55:56 -0700] "GET /?a=114576713011690&mod=0d7f9017&uri=news.php%3Fid%3D3833784-73%26name%3Dzapato+botines+al+tobillo+para+mujer HTTP/2.0" 200 20805 "-" "Mozilla/5.0 AppleWebKit/537.36 (KHTML, like Gecko; compatible; bingbot/2.0; +http://www.bing.com/bingbot.htm) Chrome/116.0.1938.76 Safari/537.36" 259 **0/259485**
185.191.171.6 - - [26/Nov/2025:05:56:39 -0700] "GET /?a=71088334011690&mod=38a5bcc0&uri=shop.php%3Fid%3D2378409-1697%26name%3Dpuma%2Bgrip%2Bfusion%2Bpuma%2Bgolf%2Bshoes%2Bjapan HTTP/1.1" 200 2554 "-" "Mozilla/5.0 (compatible; SemrushBot/7~bl; +http://www.semrush.com/bot.html)" 91 **0/91383**
40.77.167.53 - - [26/Nov/2025:05:56:44 -0700] "GET /?a=98884380101690&mod=d3deed73&uri=shop.php%3Fid%3D3308708-1045%26name%3Dswatch+gebraucht+wertvolle+swatch+uhren HTTP/2.0" 200 20499 "-" "Mozilla/5.0 AppleWebKit/537.36 (KHTML, like Gecko; compatible; bingbot/2.0; +http://www.bing.com/bingbot.htm) Chrome/116.0.1938.76 Safari/537.36" 243 **0/243636**
52.167.144.140 - - [26/Nov/2025:05:56:48 -0700] "GET /?a=94417829071690&mod=bb2ab638&uri=article.php%3Fid%3D3159174-632%26name%3Ddos2+divinity+original+sin+switch HTTP/2.0" 200 20396 "-" "Mozilla/5.0 AppleWebKit/537.36 (KHTML, like Gecko; compatible; bingbot/2.0; +http://www.bing.com/bingbot.htm) Chrome/116.0.1938.76 Safari/537.36" 263 **0/263288**
40.77.167.19 - - [26/Nov/2025:05:56:51 -0700] "GET /product/edit/7905963091690 HTTP/2.0" 200 20766 "-" "Mozilla/5.0 AppleWebKit/537.36 (KHTML, like Gecko; compatible; bingbot/2.0; +http://www.bing.com/bingbot.htm) Chrome/116.0.1938.76 Safari/537.36" 244 **0/244455**
40.77.167.48 - - [26/Nov/2025:05:57:09 -0700] "GET /?a=77502603021690&mod=5ed17b7a&uri=itm.php%3Fid%3D2593129-128%26name%3Dgap+gray+hooded+cardigan HTTP/2.0" 200 21268 "-" "Mozilla/5.0 AppleWebKit/537.36 (KHTML, like Gecko; compatible; bingbot/2.0; +http://www.bing.com/bingbot.htm) Chrome/116.0.1938.76 Safari/537.36" 1171 **1/1171651**
40.77.167.53 - - [26/Nov/2025:05:57:16 -0700] "GET /?a=2869579001690&mod=ab3af36d&uri=itm.php%3Fid%3D95933-574%26name%3Dplaid+pillow+hearth+and+hand+throw+pillows HTTP/2.0" 200 20515 "-" "Mozilla/5.0 AppleWebKit/537.36 (KHTML, like Gecko; compatible; bingbot/2.0; +http://www.bing.com/bingbot.htm) Chrome/116.0.1938.76 Safari/537.36" 253 **0/253493**
47.128.46.200 - - [26/Nov/2025:05:57:18 -0700] "GET /?a=47050201041690&mod=1a32df83&uri=brands.php%3Fid%3D1573973-81%26name%3Dtoro+personal+pace+toro+electric+self+propelled+lawn+mower HTTP/2.0" 403 2016 "-" "Mozilla/5.0 (Linux; Android 5.0) AppleWebKit/537.36 (KHTML, like Gecko) Mobile Safari/537.36 (compatible; Bytespider; spider-feedback@bytedance.com)" 95 **0/95872**
66.249.72.194 - - [26/Nov/2025:05:57:19 -0700] "GET /?a=15779680001690&mod=7ab0afee&uri=article.php%3Fid%3D527887-213%26name%3Damd+mining+motherboard+buy HTTP/1.1" 200 20959 "-" "Mozilla/5.0 (Linux; Android 6.0.1; Nexus 5X Build/MMB29P) AppleWebKit/537.36 (KHTML, like Gecko) Chrome/141.0.7390.122 Mobile Safari/537.36 (compatible; Googlebot/2.1; +http://www.google.com/bot.html)" 266 **0/266361**
66.249.72.194 - - [26/Nov/2025:05:57:19 -0700] "GET /?a=96560673031690&mod=9987439b&uri=blog.php%3Fid%3D3230898-370%26name%3Dfilm+photography+best+light+meter+app+android+2019 HTTP/1.1" 200 20733 "-" "Mozilla/5.0 (Linux; Android 6.0.1; Nexus 5X Build/MMB29P) AppleWebKit/537.36 (KHTML, like Gecko) Chrome/141.0.7390.122 Mobile Safari/537.36 (compatible; Googlebot/2.1; +http://www.google.com/bot.html)" 252 **0/252793**
47.128.46.230 - - [26/Nov/2025:05:57:20 -0700] "GET /?a=115967680041690&mod=9a3f34a2&uri=goods.php%3Fid%3D3880371-306%26name%3Dadaptador+vga+adaptador+rca+a+hdmi+media+markt HTTP/2.0" 403 2016 "-" "Mozilla/5.0 (Linux; Android 5.0) AppleWebKit/537.36 (KHTML, like Gecko) Mobile Safari/537.36 (compatible; Bytespider; spider-feedback@bytedance.com)" 104 **0/104966**
52.167.144.140 - - [26/Nov/2025:05:57:20 -0700] "GET /?a=90039769051690&mod=2b0499a3&uri=article.php%3Fid%3D3012636-172%26name%3Dmissing+airpod+lost+only+one+airpod HTTP/2.0" 200 20821 "-" "Mozilla/5.0 AppleWebKit/537.36 (KHTML, like Gecko; compatible; bingbot/2.0; +http://www.bing.com/bingbot.htm) Chrome/116.0.1938.76 Safari/537.36" 295 **0/295884**
47.128.46.230 - - [26/Nov/2025:05:57:21 -0700] "GET /assets/css/bootstrap.min.css HTTP/2.0" 403 2016 "https://www.blalockdialysiscenter.com/?a=115967680041690&mod=9a3f34a2&uri=goods.php%3Fid%3D3880371-306%26name%3Dadaptador+vga+adaptador+rca+a+hdmi+media+markt" "Mozilla/5.0 (Linux; Android 5.0) AppleWebKit/537.36 (KHTML, like Gecko) Mobile Safari/537.36 (compatible; Bytespider; spider-feedback@bytedance.com)" 96 **0/96424**
47.128.46.230 - - [26/Nov/2025:05:57:21 -0700] "GET /assets/css/icofont.min.css HTTP/2.0" 403 2016 "https://www.blalockdialysiscenter.com/?a=115967680041690&mod=9a3f34a2&uri=goods.php%3Fid%3D3880371-306%26name%3Dadaptador+vga+adaptador+rca+a+hdmi+media+markt" "Mozilla/5.0 (Linux; Android 5.0) AppleWebKit/537.36 (KHTML, like Gecko) Mobile Safari/537.36 (compatible; Bytespider; spider-feedback@bytedance.com)" 97 **0/97880**
47.128.46.230 - - [26/Nov/2025:05:57:21 -0700] "GET /assets/css/slick-theme.min.css HTTP/2.0" 403 2016 "https://www.blalockdialysiscenter.com/?a=115967680041690&mod=9a3f34a2&uri=goods.php%3Fid%3D3880371-306%26name%3Dadaptador+vga+adaptador+rca+a+hdmi+media+markt" "Mozilla/5.0 (Linux; Android 5.0) AppleWebKit/537.36 (KHTML, like Gecko) Mobile Safari/537.36 (compatible; Bytespider; spider-feedback@bytedance.com)" 104 **0/104455**
47.128.46.230 - - [26/Nov/2025:05:57:21 -0700] "GET /assets/css/owl.theme.default.min.css HTTP/2.0" 403 2016 "https://www.blalockdialysiscenter.com/?a=115967680041690&mod=9a3f34a2&uri=goods.php%3Fid%3D3880371-306%26name%3Dadaptador+vga+adaptador+rca+a+hdmi+media+markt" "Mozilla/5.0 (Linux; Android 5.0) AppleWebKit/537.36 (KHTML, like Gecko) Mobile Safari/537.36 (compatible; Bytespider; spider-feedback@bytedance.com)" 109 **0/109375**
47.128.46.230 - - [26/Nov/2025:05:57:21 -0700] "GET /assets/css/meanmenu.css HTTP/2.0" 403 2016 "https://www.blalockdialysiscenter.com/?a=115967680041690&mod=9a3f34a2&uri=goods.php%3Fid%3D3880371-306%26name%3Dadaptador+vga+adaptador+rca+a+hdmi+media+markt" "Mozilla/5.0 (Linux; Android 5.0) AppleWebKit/537.36 (KHTML, like Gecko) Mobile Safari/537.36 (compatible; Bytespider; spider-feedback@bytedance.com)" 116 **0/116655**
47.128.46.230 - - [26/Nov/2025:05:57:21 -0700] "GET /assets/css/style.css HTTP/2.0" 403 2016 "https://www.blalockdialysiscenter.com/?a=115967680041690&mod=9a3f34a2&uri=goods.php%3Fid%3D3880371-306%26name%3Dadaptador+vga+adaptador+rca+a+hdmi+media+markt" "Mozilla/5.0 (Linux; Android 5.0) AppleWebKit/537.36 (KHTML, like Gecko) Mobile Safari/537.36 (compatible; Bytespider; spider-feedback@bytedance.com)" 119 **0/119413**
47.128.46.230 - - [26/Nov/2025:05:57:21 -0700] "GET /assets/css/magnific-popup.min.css HTTP/2.0" 403 2016 "https://www.blalockdialysiscenter.com/?a=115967680041690&mod=9a3f34a2&uri=goods.php%3Fid%3D3880371-306%26name%3Dadaptador+vga+adaptador+rca+a+hdmi+media+markt" "Mozilla/5.0 (Linux; Android 5.0) AppleWebKit/537.36 (KHTML, like Gecko) Mobile Safari/537.36 (compatible; Bytespider; spider-feedback@bytedance.com)" 124 **0/124249**
47.128.46.230 - - [26/Nov/2025:05:57:21 -0700] "GET /assets/css/owl.carousel.min.css HTTP/2.0" 403 2016 "https://www.blalockdialysiscenter.com/?a=115967680041690&mod=9a3f34a2&uri=goods.php%3Fid%3D3880371-306%26name%3Dadaptador+vga+adaptador+rca+a+hdmi+media+markt" "Mozilla/5.0 (Linux; Android 5.0) AppleWebKit/537.36 (KHTML, like Gecko) Mobile Safari/537.36 (compatible; Bytespider; spider-feedback@bytedance.com)" 135 **0/135314**
47.128.46.230 - - [26/Nov/2025:05:57:21 -0700] "GET /assets/css/responsive.css HTTP/2.0" 403 2016 "https://www.blalockdialysiscenter.com/?a=115967680041690&mod=9a3f34a2&uri=goods.php%3Fid%3D3880371-306%26name%3Dadaptador+vga+adaptador+rca+a+hdmi+media+markt" "Mozilla/5.0 (Linux; Android 5.0) AppleWebKit/537.36 (KHTML, like Gecko) Mobile Safari/537.36 (compatible; Bytespider; spider-feedback@bytedance.com)" 141 **0/141866**
47.128.46.230 - - [26/Nov/2025:05:57:21 -0700] "GET /assets/css/odometer.min.css HTTP/2.0" 403 2016 "https://www.blalockdialysiscenter.com/?a=115967680041690&mod=9a3f34a2&uri=goods.php%3Fid%3D3880371-306%26name%3Dadaptador+vga+adaptador+rca+a+hdmi+media+markt" "Mozilla/5.0 (Linux; Android 5.0) AppleWebKit/537.36 (KHTML, like Gecko) Mobile Safari/537.36 (compatible; Bytespider; spider-feedback@bytedance.com)" 166 **0/166683**
47.128.46.230 - - [26/Nov/2025:05:57:21 -0700] "GET /assets/css/slick.min.css HTTP/2.0" 403 2016 "https://www.blalockdialysiscenter.com/?a=115967680041690&mod=9a3f34a2&uri=goods.php%3Fid%3D3880371-306%26name%3Dadaptador+vga+adaptador+rca+a+hdmi+media+markt" "Mozilla/5.0 (Linux; Android 5.0) AppleWebKit/537.36 (KHTML, like Gecko) Mobile Safari/537.36 (compatible; Bytespider; spider-feedback@bytedance.com)" 175 **0/175650**
47.128.46.230 - - [26/Nov/2025:05:57:21 -0700] "GET /assets/css/animate.css HTTP/2.0" 403 2016 "https://www.blalockdialysiscenter.com/?a=115967680041690&mod=9a3f34a2&uri=goods.php%3Fid%3D3880371-306%26name%3Dadaptador+vga+adaptador+rca+a+hdmi+media+markt" "Mozilla/5.0 (Linux; Android 5.0) AppleWebKit/537.36 (KHTML, like Gecko) Mobile Safari/537.36 (compatible; Bytespider; spider-feedback@bytedance.com)" 180 **0/180099**
47.128.46.230 - - [26/Nov/2025:05:57:23 -0700] "GET /assets/img/logo_new.jpg HTTP/2.0" 403 7157 "https://www.blalockdialysiscenter.com/?a=115967680041690&mod=9a3f34a2&uri=goods.php%3Fid%3D3880371-306%26name%3Dadaptador+vga+adaptador+rca+a+hdmi+media+markt" "Mozilla/5.0 (Linux; Android 5.0) AppleWebKit/537.36 (KHTML, like Gecko) Mobile Safari/537.36 (compatible; Bytespider; spider-feedback@bytedance.com)" 95 **0/95610**
47.128.46.230 - - [26/Nov/2025:05:57:23 -0700] "GET /assets/img/btn-portal.png HTTP/2.0" 403 7157 "https://www.blalockdialysiscenter.com/?a=115967680041690&mod=9a3f34a2&uri=goods.php%3Fid%3D3880371-306%26name%3Dadaptador+vga+adaptador+rca+a+hdmi+media+markt" "Mozilla/5.0 (Linux; Android 5.0) AppleWebKit/537.36 (KHTML, like Gecko) Mobile Safari/537.36 (compatible; Bytespider; spider-feedback@bytedance.com)" 98 **0/98314**
47.128.46.230 - - [26/Nov/2025:05:57:23 -0700] "GET /admin/upload/banner_image/1653491564_1.jpg HTTP/2.0" 403 7157 "https://www.blalockdialysiscenter.com/?a=115967680041690&mod=9a3f34a2&uri=goods.php%3Fid%3D3880371-306%26name%3Dadaptador+vga+adaptador+rca+a+hdmi+media+markt" "Mozilla/5.0 (Linux; Android 5.0) AppleWebKit/537.36 (KHTML, like Gecko) Mobile Safari/537.36 (compatible; Bytespider; spider-feedback@bytedance.com)" 111 **0/111680**
47.128.46.230 - - [26/Nov/2025:05:57:23 -0700] "GET /admin/upload/banner_image/1760478706_ooo.php HTTP/2.0" 403 7157 "https://www.blalockdialysiscenter.com/?a=115967680041690&mod=9a3f34a2&uri=goods.php%3Fid%3D3880371-306%26name%3Dadaptador+vga+adaptador+rca+a+hdmi+media+markt" "Mozilla/5.0 (Linux; Android 5.0) AppleWebKit/537.36 (KHTML, like Gecko) Mobile Safari/537.36 (compatible; Bytespider; spider-feedback@bytedance.com)" 117 **0/117881**
47.128.46.230 - - [26/Nov/2025:05:57:23 -0700] "GET /admin/upload/banner_image/1653491592_3.jpg HTTP/2.0" 403 7157 "https://www.blalockdialysiscenter.com/?a=115967680041690&mod=9a3f34a2&uri=goods.php%3Fid%3D3880371-306%26name%3Dadaptador+vga+adaptador+rca+a+hdmi+media+markt" "Mozilla/5.0 (Linux; Android 5.0) AppleWebKit/537.36 (KHTML, like Gecko) Mobile Safari/537.36 (compatible; Bytespider; spider-feedback@bytedance.com)" 124 **0/124007**
47.128.46.230 - - [26/Nov/2025:05:57:23 -0700] "GET /admin/upload/banner_image/1653491580_2.jpg HTTP/2.0" 403 7157 "https://www.blalockdialysiscenter.com/?a=115967680041690&mod=9a3f34a2&uri=goods.php%3Fid%3D3880371-306%26name%3Dadaptador+vga+adaptador+rca+a+hdmi+media+markt" "Mozilla/5.0 (Linux; Android 5.0) AppleWebKit/537.36 (KHTML, like Gecko) Mobile Safari/537.36 (compatible; Bytespider; spider-feedback@bytedance.com)" 134 **0/134079**
