52.167.144.172 - - [26/Nov/2025:11:51:32 -0700] "GET /?a=66967048071690&mod=5227fa9a&uri=article.php%3Fid%3D2240460-65%26name%3Dlens+hood+fuji+x100f+teleconverter HTTP/2.0" 200 20773 "-" "Mozilla/5.0 AppleWebKit/537.36 (KHTML, like Gecko; compatible; bingbot/2.0; +http://www.bing.com/bingbot.htm) Chrome/116.0.1938.76 Safari/537.36" 1404 **1/1404216**
52.167.144.172 - - [26/Nov/2025:11:51:35 -0700] "GET /?a=114435551031690&mod=cc9183ca&uri=us.php%3Fid%3D3829070-532%26name%3Drucksack+army+backpacks+for+kids HTTP/2.0" 200 21664 "-" "Mozilla/5.0 AppleWebKit/537.36 (KHTML, like Gecko; compatible; bingbot/2.0; +http://www.bing.com/bingbot.htm) Chrome/116.0.1938.76 Safari/537.36" 431 **0/431061**
52.167.144.172 - - [26/Nov/2025:11:51:44 -0700] "GET /?a=29245206041690&mod=849c7b9f&uri=shared.php%3Fid%3D978307-353%26name%3Dbsd+raider+bsd+bmx+bars HTTP/2.0" 200 20372 "-" "Mozilla/5.0 AppleWebKit/537.36 (KHTML, like Gecko; compatible; bingbot/2.0; +http://www.bing.com/bingbot.htm) Chrome/116.0.1938.76 Safari/537.36" 243 **0/243434**
40.77.167.235 - - [26/Nov/2025:11:51:51 -0700] "GET /?a=25320548081690&mod=51de85dd&uri=form.php%3Fid%3D847050-22%26name%3Dblack+velvet+anarkali+dress HTTP/2.0" 200 20241 "-" "Mozilla/5.0 AppleWebKit/537.36 (KHTML, like Gecko; compatible; bingbot/2.0; +http://www.bing.com/bingbot.htm) Chrome/116.0.1938.76 Safari/537.36" 280 **0/280910**
185.191.171.10 - - [26/Nov/2025:11:52:01 -0700] "GET /?a=24561993121690&mod=cf80f2ee&uri=search.php%3Fid%3D821677-355%26name%3Dsuperbreak%2Bplus%2Bjansport%2Bbackpack%2Bzumiez HTTP/1.1" 200 2554 "-" "Mozilla/5.0 (compatible; SemrushBot/7~bl; +http://www.semrush.com/bot.html)" 103 **0/103490**
85.208.96.206 - - [26/Nov/2025:11:52:03 -0700] "GET /?a=37028760041690&mod=c4ad18f2&uri=pin.php%3Fid%3D1238710-1218%26name%3Drain%2Bboot%2Bjoules%2Bneola HTTP/1.1" 200 2554 "-" "Mozilla/5.0 (compatible; SemrushBot/7~bl; +http://www.semrush.com/bot.html)" 109 **0/109809**
85.208.96.201 - - [26/Nov/2025:11:52:04 -0700] "GET /?a=80639939001690&mod=5601077f&uri=form.php%3Fid%3D2698103-494%26name%3Dnike%2Bsneakers%2Bnike%2Bair%2Bforce%2Bcrater%2Bwhite HTTP/1.1" 200 2554 "-" "Mozilla/5.0 (compatible; SemrushBot/7~bl; +http://www.semrush.com/bot.html)" 118 **0/118849**
40.77.167.235 - - [26/Nov/2025:11:52:04 -0700] "GET /?a=53424800011690&mod=c98e1bdd&uri=brands.php%3Fid%3D1787292-631%26name%3Doverclock+rx+570+8gb+hashrate HTTP/2.0" 200 20581 "-" "Mozilla/5.0 AppleWebKit/537.36 (KHTML, like Gecko; compatible; bingbot/2.0; +http://www.bing.com/bingbot.htm) Chrome/116.0.1938.76 Safari/537.36" 271 **0/271690**
20.15.133.184 - - [26/Nov/2025:11:52:29 -0700] "GET /?a=32206706001690&mod=d157d577&uri=product.php%3Fid%3D1077379-239%26name%3Dgym+bag+mockup HTTP/2.0" 200 21373 "-" "Mozilla/5.0 AppleWebKit/537.36 (KHTML, like Gecko; compatible; bingbot/2.0; +http://www.bing.com/bingbot.htm) Chrome/116.0.1938.76 Safari/537.36" 300 **0/300792**
185.191.171.18 - - [26/Nov/2025:11:52:51 -0700] "GET /?a=108665368021690&mod=92ee5fcb&uri=shop.php%3Fid%3D3636085-454%26name%3Dsunglasses%2Btf321%2Btom%2Bford%2Bdaria%2Bsunglasses HTTP/1.1" 200 2554 "-" "Mozilla/5.0 (compatible; SemrushBot/7~bl; +http://www.semrush.com/bot.html)" 89 **0/89145**
66.249.69.172 - - [26/Nov/2025:11:52:58 -0700] "GET /?a=64714824041690&mod=44ac09ac&uri=info.php%3Fid%3D2165123-27%26name%3Dspiderman+hot+wheels+marvel+collection HTTP/1.1" 200 21446 "-" "Mozilla/5.0 (Linux; Android 6.0.1; Nexus 5X Build/MMB29P) AppleWebKit/537.36 (KHTML, like Gecko) Chrome/141.0.7390.122 Mobile Safari/537.36 (compatible; Googlebot/2.1; +http://www.google.com/bot.html)" 271 **0/271690**
52.167.144.172 - - [26/Nov/2025:11:53:05 -0700] "GET /?a=26099220051690&mod=0eb71de4&uri=products.php%3Fid%3D873086-598%26name%3Dsuzuki+gixxer+155+model+2021 HTTP/2.0" 200 21138 "-" "Mozilla/5.0 AppleWebKit/537.36 (KHTML, like Gecko; compatible; bingbot/2.0; +http://www.bing.com/bingbot.htm) Chrome/116.0.1938.76 Safari/537.36" 334 **0/334059**
40.77.167.48 - - [26/Nov/2025:11:53:12 -0700] "GET /?a=114453257001690&mod=966142f9&uri=article.php%3Fid%3D3829661-956%26name%3Dclothing+dumbo+loewe+t+shirt HTTP/2.0" 200 20256 "-" "Mozilla/5.0 AppleWebKit/537.36 (KHTML, like Gecko; compatible; bingbot/2.0; +http://www.bing.com/bingbot.htm) Chrome/116.0.1938.76 Safari/537.36" 237 **0/237213**
185.191.171.19 - - [26/Nov/2025:11:53:14 -0700] "GET /?a=81534224001690&mod=87eaf855&uri=us.php%3Fid%3D2728000-712%26name%3Dair%2Bmax%2Bnike%2Bhuarache%2Bsverige HTTP/1.1" 200 2554 "-" "Mozilla/5.0 (compatible; SemrushBot/7~bl; +http://www.semrush.com/bot.html)" 96 **0/96930**
52.167.144.203 - - [26/Nov/2025:11:53:17 -0700] "GET /?a=30158581091690&mod=30cd1e36&uri=category-info.php%3Fid%3D1008853-130%26name%3Dalt+mode+type+c+displayport+hub HTTP/2.0" 200 21603 "-" "Mozilla/5.0 AppleWebKit/537.36 (KHTML, like Gecko; compatible; bingbot/2.0; +http://www.bing.com/bingbot.htm) Chrome/116.0.1938.76 Safari/537.36" 267 **0/267151**
40.77.167.67 - - [26/Nov/2025:11:53:21 -0700] "GET /?a=97263086011690&mod=1e2d681b&uri=news.php%3Fid%3D3254424-235%26name%3Dgas+cracked+furnace HTTP/2.0" 200 20063 "-" "Mozilla/5.0 AppleWebKit/537.36 (KHTML, like Gecko; compatible; bingbot/2.0; +http://www.bing.com/bingbot.htm) Chrome/116.0.1938.76 Safari/537.36" 274 **0/274196**
52.167.144.172 - - [26/Nov/2025:11:53:26 -0700] "GET /?a=111527930021690&mod=2f3bbb97&uri=article.php%3Fid%3D3731841-49%26name%3Dgame+console+digi+retro+boy HTTP/2.0" 200 21169 "-" "Mozilla/5.0 AppleWebKit/537.36 (KHTML, like Gecko; compatible; bingbot/2.0; +http://www.bing.com/bingbot.htm) Chrome/116.0.1938.76 Safari/537.36" 256 **0/256373**
52.167.144.203 - - [26/Nov/2025:11:53:36 -0700] "GET /?a=47099222001690&mod=27702e4a&uri=brands.php%3Fid%3D1575609-1261%26name%3Ddachshund+backpack+for+school HTTP/2.0" 200 20634 "-" "Mozilla/5.0 AppleWebKit/537.36 (KHTML, like Gecko; compatible; bingbot/2.0; +http://www.bing.com/bingbot.htm) Chrome/116.0.1938.76 Safari/537.36" 250 **0/250225**
52.167.144.172 - - [26/Nov/2025:11:53:46 -0700] "GET /?a=114685336041690&mod=6ec59538&uri=article.php%3Fid%3D3837426-403%26name%3Dfull+grown+russell+terrier HTTP/2.0" 200 21680 "-" "Mozilla/5.0 AppleWebKit/537.36 (KHTML, like Gecko; compatible; bingbot/2.0; +http://www.bing.com/bingbot.htm) Chrome/116.0.1938.76 Safari/537.36" 255 **0/255453**
52.167.144.172 - - [26/Nov/2025:11:53:47 -0700] "GET /?a=65094818061690&mod=b8b68793&uri=news.php%3Fid%3D2177826-410%26name%3Duber+eats+village+curry+and+spice HTTP/2.0" 200 20544 "-" "Mozilla/5.0 AppleWebKit/537.36 (KHTML, like Gecko; compatible; bingbot/2.0; +http://www.bing.com/bingbot.htm) Chrome/116.0.1938.76 Safari/537.36" 279 **0/279791**
20.15.133.160 - - [26/Nov/2025:11:53:50 -0700] "GET /?a=65176759011690&mod=30cd1e36&uri=news.php%3Fid%3D2180568-130%26name%3Dmacbook+air+dual+display+port+adaptor HTTP/2.0" 200 21497 "-" "Mozilla/5.0 AppleWebKit/537.36 (KHTML, like Gecko; compatible; bingbot/2.0; +http://www.bing.com/bingbot.htm) Chrome/116.0.1938.76 Safari/537.36" 272 **0/272312**
40.77.167.67 - - [26/Nov/2025:11:53:52 -0700] "GET /?a=93797418071690&mod=de19a434&uri=itm.php%3Fid%3D3138416-1369%26name%3Dcasquette+ralph+lauren+velour+noir HTTP/2.0" 200 20244 "-" "Mozilla/5.0 AppleWebKit/537.36 (KHTML, like Gecko; compatible; bingbot/2.0; +http://www.bing.com/bingbot.htm) Chrome/116.0.1938.76 Safari/537.36" 224 **0/224968**
185.191.171.5 - - [26/Nov/2025:11:54:00 -0700] "GET /?a=47309274011690&mod=98eb573f&uri=blog.php%3Fid%3D1582631-391%26name%3Dsplit%2Bhem%2Bwhite%2Bmesh%2Bstripe%2Bleggings HTTP/1.1" 200 2554 "-" "Mozilla/5.0 (compatible; SemrushBot/7~bl; +http://www.semrush.com/bot.html)" 100 **0/100273**
40.77.167.67 - - [26/Nov/2025:11:54:02 -0700] "GET /?a=64748480021690&mod=b9d938a1&uri=goods.php%3Fid%3D2166246-929%26name%3Dpink+baby+headbands+h%26m HTTP/2.0" 200 20726 "-" "Mozilla/5.0 AppleWebKit/537.36 (KHTML, like Gecko; compatible; bingbot/2.0; +http://www.bing.com/bingbot.htm) Chrome/116.0.1938.76 Safari/537.36" 263 **0/263337**
40.77.167.48 - - [26/Nov/2025:11:54:07 -0700] "GET /?a=50768933021690&mod=d8ca510b&uri=goods.php%3Fid%3D1698423-464%26name%3Dringing+sound+ear+ringing+due+to+wax HTTP/2.0" 200 21610 "-" "Mozilla/5.0 AppleWebKit/537.36 (KHTML, like Gecko; compatible; bingbot/2.0; +http://www.bing.com/bingbot.htm) Chrome/116.0.1938.76 Safari/537.36" 269 **0/269416**
52.167.144.172 - - [26/Nov/2025:11:54:12 -0700] "GET /?a=57909241001690&mod=7cc5a754&uri=dp.php%3Fid%3D1937389-80%26name%3Dbentley+designs+dining+table+and+faux+leather+chairs HTTP/2.0" 200 21649 "-" "Mozilla/5.0 AppleWebKit/537.36 (KHTML, like Gecko; compatible; bingbot/2.0; +http://www.bing.com/bingbot.htm) Chrome/116.0.1938.76 Safari/537.36" 288 **0/288064**
52.167.144.172 - - [26/Nov/2025:11:54:13 -0700] "GET /?a=5935077061690&mod=eb9b2480&uri=news.php?id=198516-283&name=pompa%20booster%20booster%20100%202t HTTP/2.0" 200 19956 "-" "Mozilla/5.0 AppleWebKit/537.36 (KHTML, like Gecko; compatible; bingbot/2.0; +http://www.bing.com/bingbot.htm) Chrome/116.0.1938.76 Safari/537.36" 216 **0/216798**
52.167.144.172 - - [26/Nov/2025:11:54:17 -0700] "GET /?a=11003726091690&mod=9e2291f3&uri=itm.php%3Fid%3D368145-759%26name%3Dshoulder+bag+brahmin+lazuli+wallet HTTP/2.0" 200 21160 "-" "Mozilla/5.0 AppleWebKit/537.36 (KHTML, like Gecko; compatible; bingbot/2.0; +http://www.bing.com/bingbot.htm) Chrome/116.0.1938.76 Safari/537.36" 262 **0/262312**
85.208.96.209 - - [26/Nov/2025:11:54:17 -0700] "GET /?a=56053584021690&mod=4f18f486&uri=products.php%3Fid%3D1875273-545%26name%3Ddolly%2Bcoat%2Bmiss%2Bselfridge%2Bcoats%2Bpetite HTTP/1.1" 200 2554 "-" "Mozilla/5.0 (compatible; SemrushBot/7~bl; +http://www.semrush.com/bot.html)" 94 **0/94804**
185.191.171.1 - - [26/Nov/2025:11:54:23 -0700] "GET /?a=69188373031690&mod=12e247ac&uri=shop.php%3Fid%3D2314776-1744%26name%3Dcropped%2Bshirt%2Bunder%2Barmour%2Bvanish%2Bcrop%2Btop HTTP/1.1" 200 2554 "-" "Mozilla/5.0 (compatible; SemrushBot/7~bl; +http://www.semrush.com/bot.html)" 97 **0/97045**
52.167.144.191 - - [26/Nov/2025:11:54:40 -0700] "GET /?a=41366101001690&mod=f87c1398&uri=shop.php%3Fid%3D1383774-1021%26name%3Dlogo+red+chief+jacket HTTP/2.0" 200 21212 "-" "Mozilla/5.0 AppleWebKit/537.36 (KHTML, like Gecko; compatible; bingbot/2.0; +http://www.bing.com/bingbot.htm) Chrome/116.0.1938.76 Safari/537.36" 273 **0/273769**
20.15.133.191 - - [26/Nov/2025:11:54:40 -0700] "GET /?a=2187187021690&mod=06138bc5&uri=dp.php%3Fid%3D73099-2%26name%3Dadidas+originals+trefoil+jacket HTTP/2.0" 200 21620 "-" "Mozilla/5.0 AppleWebKit/537.36 (KHTML, like Gecko; compatible; bingbot/2.0; +http://www.bing.com/bingbot.htm) Chrome/116.0.1938.76 Safari/537.36" 294 **0/294617**
52.167.144.191 - - [26/Nov/2025:11:54:41 -0700] "GET /?a=39453338071690&mod=8c7de93e&uri=form.php%3Fid%3D1319770-820%26name%3Dpeacock+black+beads+locket+designs HTTP/2.0" 200 21115 "-" "Mozilla/5.0 AppleWebKit/537.36 (KHTML, like Gecko; compatible; bingbot/2.0; +http://www.bing.com/bingbot.htm) Chrome/116.0.1938.76 Safari/537.36" 275 **0/275445**
52.167.144.172 - - [26/Nov/2025:11:54:42 -0700] "GET /product/edit/5858603051690 HTTP/2.0" 200 21015 "-" "Mozilla/5.0 AppleWebKit/537.36 (KHTML, like Gecko; compatible; bingbot/2.0; +http://www.bing.com/bingbot.htm) Chrome/116.0.1938.76 Safari/537.36" 274 **0/274538**
52.167.144.191 - - [26/Nov/2025:11:54:42 -0700] "GET /?a=34740150021690&mod=9dff4e9a&uri=news.php%3Fid%3D1162131-303%26name%3Dbalance+1260+nike+1260+classic HTTP/2.0" 200 19976 "-" "Mozilla/5.0 AppleWebKit/537.36 (KHTML, like Gecko; compatible; bingbot/2.0; +http://www.bing.com/bingbot.htm) Chrome/116.0.1938.76 Safari/537.36" 249 **0/249575**
40.77.167.48 - - [26/Nov/2025:11:54:42 -0700] "GET /?a=98644289001690&mod=81c2f893&uri=form.php%3Fid%3D3300685-1065%26name%3Dhoney+bear+rembo+styling+first HTTP/2.0" 200 20252 "-" "Mozilla/5.0 AppleWebKit/537.36 (KHTML, like Gecko; compatible; bingbot/2.0; +http://www.bing.com/bingbot.htm) Chrome/116.0.1938.76 Safari/537.36" 258 **0/258686**
52.167.144.191 - - [26/Nov/2025:11:54:43 -0700] "GET /?a=40586224031690&mod=2d271756&uri=brands.php%3Fid%3D1357666-685%26name%3Dbomber+schott+lederjacke+kaufen HTTP/2.0" 200 21468 "-" "Mozilla/5.0 AppleWebKit/537.36 (KHTML, like Gecko; compatible; bingbot/2.0; +http://www.bing.com/bingbot.htm) Chrome/116.0.1938.76 Safari/537.36" 347 **0/347162**
52.167.144.191 - - [26/Nov/2025:11:54:43 -0700] "GET /?a=6084391021690&mod=bead7746&uri=itm.php%3Fid%3D203507-470%26name%3Dmarca+shein+opiniones+compras+shein HTTP/2.0" 200 20887 "-" "Mozilla/5.0 AppleWebKit/537.36 (KHTML, like Gecko; compatible; bingbot/2.0; +http://www.bing.com/bingbot.htm) Chrome/116.0.1938.76 Safari/537.36" 303 **0/303250**
52.167.144.191 - - [26/Nov/2025:11:54:51 -0700] "GET /?a=3102517051690&mod=a274406e&uri=article.php%3Fid%3D103732-608%26name%3Dentero+mameluco+de+polar HTTP/2.0" 200 19991 "-" "Mozilla/5.0 AppleWebKit/537.36 (KHTML, like Gecko; compatible; bingbot/2.0; +http://www.bing.com/bingbot.htm) Chrome/116.0.1938.76 Safari/537.36" 284 **0/284315**
52.167.144.191 - - [26/Nov/2025:11:54:51 -0700] "GET /?a=73029892041690&mod=36fa774e&uri=article.php%3Fid%3D2443375-471%26name%3Dasrock+b450m+steel+legend+bios+update HTTP/2.0" 200 20182 "-" "Mozilla/5.0 AppleWebKit/537.36 (KHTML, like Gecko; compatible; bingbot/2.0; +http://www.bing.com/bingbot.htm) Chrome/116.0.1938.76 Safari/537.36" 256 **0/256479**
52.167.144.191 - - [26/Nov/2025:11:54:52 -0700] "GET /?a=46656385131690&mod=bbc2aade&uri=shared.php%3Fid%3D1560803-991%26name%3Dhalf+marathon+srt+ultra+marathon HTTP/2.0" 200 20423 "-" "Mozilla/5.0 AppleWebKit/537.36 (KHTML, like Gecko; compatible; bingbot/2.0; +http://www.bing.com/bingbot.htm) Chrome/116.0.1938.76 Safari/537.36" 251 **0/251360**
52.167.144.191 - - [26/Nov/2025:11:54:52 -0700] "GET /?a=95545712031690&mod=e5074d7c&uri=form.php%3Fid%3D3196880-889%26name%3Dcalzini+calzamaglia+natalizia HTTP/2.0" 200 21063 "-" "Mozilla/5.0 AppleWebKit/537.36 (KHTML, like Gecko; compatible; bingbot/2.0; +http://www.bing.com/bingbot.htm) Chrome/116.0.1938.76 Safari/537.36" 325 **0/325327**
52.167.144.191 - - [26/Nov/2025:11:55:02 -0700] "GET /?a=77522572141690&mod=a3e03b54&uri=dp.php%3Fid%3D2593796-252%26name%3Dpieds+nus+chaussure+minimaliste+enfant HTTP/2.0" 200 19743 "-" "Mozilla/5.0 AppleWebKit/537.36 (KHTML, like Gecko; compatible; bingbot/2.0; +http://www.bing.com/bingbot.htm) Chrome/116.0.1938.76 Safari/537.36" 282 **0/282926**
52.167.144.191 - - [26/Nov/2025:11:55:03 -0700] "GET /?a=25620697011690&mod=0b518a25&uri=shop.php%3Fid%3D857079-102%26name%3Doversized+chaise+sectional+sofa HTTP/2.0" 200 20072 "-" "Mozilla/5.0 AppleWebKit/537.36 (KHTML, like Gecko; compatible; bingbot/2.0; +http://www.bing.com/bingbot.htm) Chrome/116.0.1938.76 Safari/537.36" 256 **0/256782**
52.167.144.191 - - [26/Nov/2025:11:55:03 -0700] "GET /?a=3793463041690&mod=65d7720b&uri=article.php%3Fid%3D126853-395%26name%3D20+inch+wide+wheel+electric+bike HTTP/2.0" 200 20518 "-" "Mozilla/5.0 AppleWebKit/537.36 (KHTML, like Gecko; compatible; bingbot/2.0; +http://www.bing.com/bingbot.htm) Chrome/116.0.1938.76 Safari/537.36" 272 **0/272889**
52.167.144.191 - - [26/Nov/2025:11:55:04 -0700] "GET /?a=77752549011690&mod=b23c5765&uri=category-info.php%3Fid%3D2601489-275%26name%3Dhasleo+disk+windows+clone+disk HTTP/2.0" 200 20704 "-" "Mozilla/5.0 AppleWebKit/537.36 (KHTML, like Gecko; compatible; bingbot/2.0; +http://www.bing.com/bingbot.htm) Chrome/116.0.1938.76 Safari/537.36" 258 **0/258171**
52.167.144.191 - - [26/Nov/2025:11:55:06 -0700] "GET /?a=33354620041690&mod=06138bc5&uri=info.php%3Fid%3D1115781-2%26name%3Dlong+sleeve+cute+cheap+pj+sets HTTP/2.0" 200 21292 "-" "Mozilla/5.0 AppleWebKit/537.36 (KHTML, like Gecko; compatible; bingbot/2.0; +http://www.bing.com/bingbot.htm) Chrome/116.0.1938.76 Safari/537.36" 318 **0/318502**
52.167.144.191 - - [26/Nov/2025:11:55:07 -0700] "GET /?a=23832525001690&mod=607f0983&uri=us.php%3Fid%3D797276-556%26name%3Dprotection+umbrella+hat+with+umbrella+on+top HTTP/2.0" 200 21129 "-" "Mozilla/5.0 AppleWebKit/537.36 (KHTML, like Gecko; compatible; bingbot/2.0; +http://www.bing.com/bingbot.htm) Chrome/116.0.1938.76 Safari/537.36" 366 **0/366013**
52.167.144.191 - - [26/Nov/2025:11:55:07 -0700] "GET /?a=91052321051690&mod=c6024bfa&uri=news.php%3Fid%3D3046561-633%26name%3Dwaxed+canvas+coat HTTP/2.0" 200 21320 "-" "Mozilla/5.0 AppleWebKit/537.36 (KHTML, like Gecko; compatible; bingbot/2.0; +http://www.bing.com/bingbot.htm) Chrome/116.0.1938.76 Safari/537.36" 271 **0/271256**
185.191.171.10 - - [26/Nov/2025:11:55:09 -0700] "GET /?a=17796075041690&mod=1d940b4d&uri=search.php%3Fid%3D595364-438%26name%3Dminor%2Boperating%2Broom%2Bdesign HTTP/1.1" 200 2554 "-" "Mozilla/5.0 (compatible; SemrushBot/7~bl; +http://www.semrush.com/bot.html)" 115 **0/115890**
52.167.144.172 - - [26/Nov/2025:11:55:15 -0700] "GET /product/edit/6522384021690 HTTP/2.0" 200 21132 "-" "Mozilla/5.0 AppleWebKit/537.36 (KHTML, like Gecko; compatible; bingbot/2.0; +http://www.bing.com/bingbot.htm) Chrome/116.0.1938.76 Safari/537.36" 880 **0/880721**
52.167.144.191 - - [26/Nov/2025:11:55:21 -0700] "GET /product/edit/112072961011690 HTTP/2.0" 200 21127 "-" "Mozilla/5.0 AppleWebKit/537.36 (KHTML, like Gecko; compatible; bingbot/2.0; +http://www.bing.com/bingbot.htm) Chrome/116.0.1938.76 Safari/537.36" 325 **0/325623**
66.249.72.194 - - [26/Nov/2025:11:55:22 -0700] "GET /?a=118053529041690&mod=83e1fbae&uri=itm.php%3Fid%3D3950152-1005%26name%3Dmartens+1460+sinclair+arcadia+platform+boots HTTP/1.1" 200 18826 "-" "Mozilla/5.0 (Linux; Android 6.0.1; Nexus 5X Build/MMB29P) AppleWebKit/537.36 (KHTML, like Gecko) Chrome/141.0.7390.122 Mobile Safari/537.36 (compatible; Googlebot/2.1; +http://www.google.com/bot.html)" 284 **0/284842**
40.77.167.32 - - [26/Nov/2025:11:55:25 -0700] "GET /?a=5951960081690&mod=eb9b2480&uri=itm.php?id=199081-283&name=piaggio%20vespa%2050%202012 HTTP/2.0" 200 20750 "-" "Mozilla/5.0 AppleWebKit/537.36 (KHTML, like Gecko; compatible; bingbot/2.0; +http://www.bing.com/bingbot.htm) Chrome/116.0.1938.76 Safari/537.36" 300 **0/300184**
40.77.167.32 - - [26/Nov/2025:11:55:26 -0700] "GET /?a=63061120031690&mod=a62cc19e&uri=news.php%3Fid%3D2109812-1390%26name%3Dgiochi+preziosi+cicciobello+candy HTTP/2.0" 200 20887 "-" "Mozilla/5.0 AppleWebKit/537.36 (KHTML, like Gecko; compatible; bingbot/2.0; +http://www.bing.com/bingbot.htm) Chrome/116.0.1938.76 Safari/537.36" 274 **0/274670**
40.77.167.48 - - [26/Nov/2025:11:55:32 -0700] "GET /?a=111754474011690&mod=5227fa9a&uri=brands.php%3Fid%3D3739419-65%26name%3Dcamera+lens+yn+50mm HTTP/2.0" 200 21161 "-" "Mozilla/5.0 AppleWebKit/537.36 (KHTML, like Gecko; compatible; bingbot/2.0; +http://www.bing.com/bingbot.htm) Chrome/116.0.1938.76 Safari/537.36" 336 **0/336296**
40.77.167.48 - - [26/Nov/2025:11:55:32 -0700] "GET /?a=13394299041690&mod=4c26774d&uri=info.php%3Fid%3D448106-58%26name%3Dretro+motorcycle+bicycle+helmet+vintage HTTP/2.0" 200 21574 "-" "Mozilla/5.0 AppleWebKit/537.36 (KHTML, like Gecko; compatible; bingbot/2.0; +http://www.bing.com/bingbot.htm) Chrome/116.0.1938.76 Safari/537.36" 403 **0/403836**
40.77.167.70 - - [26/Nov/2025:11:55:36 -0700] "GET /?a=97483718071690&mod=ee6db913&uri=dp.php%3Fid%3D3261801-120%26name%3Dsecurity+kit+ring+alarm+system+installation+guide HTTP/2.0" 200 20935 "-" "Mozilla/5.0 AppleWebKit/537.36 (KHTML, like Gecko; compatible; bingbot/2.0; +http://www.bing.com/bingbot.htm) Chrome/116.0.1938.76 Safari/537.36" 261 **0/261090**
40.77.167.32 - - [26/Nov/2025:11:55:54 -0700] "GET /?a=47909440061690&mod=f0a2c0f5&uri=pin.php%3Fid%3D1602729-232%26name%3Db+elite+sneakers+diadora+bianche+uomo HTTP/2.0" 200 21158 "-" "Mozilla/5.0 AppleWebKit/537.36 (KHTML, like Gecko; compatible; bingbot/2.0; +http://www.bing.com/bingbot.htm) Chrome/116.0.1938.76 Safari/537.36" 284 **0/284593**
40.77.167.70 - - [26/Nov/2025:11:55:56 -0700] "GET /?a=113888373041690&mod=a6dd1cdf&uri=products.php%3Fid%3D3810755-166%26name%3Dslip+resistant+s3+work+shoes HTTP/2.0" 200 21073 "-" "Mozilla/5.0 AppleWebKit/537.36 (KHTML, like Gecko; compatible; bingbot/2.0; +http://www.bing.com/bingbot.htm) Chrome/116.0.1938.76 Safari/537.36" 272 **0/272181**
85.208.96.207 - - [26/Nov/2025:11:56:00 -0700] "GET /?a=26325948081690&mod=c6cfb108&uri=brands.php%3Fid%3D880675-1454%26name%3Dbest%2Bbooster%2Bslim%2Bfit%2Bharness%2Bbooster%2Bseat HTTP/1.1" 200 2554 "-" "Mozilla/5.0 (compatible; SemrushBot/7~bl; +http://www.semrush.com/bot.html)" 92 **0/92901**
52.167.144.172 - - [26/Nov/2025:11:56:05 -0700] "GET /?a=3334562051690&mod=bd231943&uri=shop.php%3Fid%3D111506-635%26name%3Dsublimadas+playeras+deportivas+personalizadas HTTP/2.0" 200 20787 "-" "Mozilla/5.0 AppleWebKit/537.36 (KHTML, like Gecko; compatible; bingbot/2.0; +http://www.bing.com/bingbot.htm) Chrome/116.0.1938.76 Safari/537.36" 273 **0/273541**
20.15.133.174 - - [26/Nov/2025:11:56:20 -0700] "GET /?a=113969412031690&mod=47b71271&uri=pin.php%3Fid%3D3813480-592%26name%3Dframe+women%27s+designer+sunglasses+for+small+faces HTTP/2.0" 200 21136 "-" "Mozilla/5.0 AppleWebKit/537.36 (KHTML, like Gecko; compatible; bingbot/2.0; +http://www.bing.com/bingbot.htm) Chrome/116.0.1938.76 Safari/537.36" 261 **0/261223**
185.191.171.4 - - [26/Nov/2025:11:56:43 -0700] "GET /?a=20343253041690&mod=f5334477&uri=goods.php%3Fid%3D680563-1407%26name%3Dnike%2Btown%2Bstore HTTP/1.1" 200 2554 "-" "Mozilla/5.0 (compatible; SemrushBot/7~bl; +http://www.semrush.com/bot.html)" 100 **0/100372**
185.191.171.14 - - [26/Nov/2025:11:56:54 -0700] "GET /?a=57685943111690&mod=afcff67a&uri=info.php%3Fid%3D1929921-1206%26name%3Drayban%2Brb8306 HTTP/1.1" 200 2554 "-" "Mozilla/5.0 (compatible; SemrushBot/7~bl; +http://www.semrush.com/bot.html)" 113 **0/113737**
52.167.144.191 - - [26/Nov/2025:11:57:01 -0700] "GET /?a=77745002051690&mod=78c793ba&uri=product.php%3Fid%3D2601237-492%26name%3Darcade+zone+nintendo+wii HTTP/2.0" 200 20754 "-" "Mozilla/5.0 AppleWebKit/537.36 (KHTML, like Gecko; compatible; bingbot/2.0; +http://www.bing.com/bingbot.htm) Chrome/116.0.1938.76 Safari/537.36" 292 **0/292039**
52.167.144.191 - - [26/Nov/2025:11:57:02 -0700] "GET /?a=15707006001690&mod=0b273b9a&uri=itm.php%3Fid%3D525455-121%26name%3Dacqua+di+real+parfum+angebote HTTP/2.0" 200 21749 "-" "Mozilla/5.0 AppleWebKit/537.36 (KHTML, like Gecko; compatible; bingbot/2.0; +http://www.bing.com/bingbot.htm) Chrome/116.0.1938.76 Safari/537.36" 277 **0/277173**
40.77.167.48 - - [26/Nov/2025:11:57:22 -0700] "GET /?a=5446359001690&mod=9db1c4a3&uri=dp.php?id=182173-620&name=mod%20podge%20jewelry%20dish%20diy HTTP/2.0" 200 20615 "-" "Mozilla/5.0 AppleWebKit/537.36 (KHTML, like Gecko; compatible; bingbot/2.0; +http://www.bing.com/bingbot.htm) Chrome/116.0.1938.76 Safari/537.36" 320 **0/320669**
20.15.133.160 - - [26/Nov/2025:11:57:30 -0700] "GET /?a=93802696061690&mod=3d0c04e6&uri=shop.php%3Fid%3D3138593-834%26name%3Duniforme+camiseta+boca+nueva+2021 HTTP/2.0" 200 20658 "-" "Mozilla/5.0 AppleWebKit/537.36 (KHTML, like Gecko; compatible; bingbot/2.0; +http://www.bing.com/bingbot.htm) Chrome/116.0.1938.76 Safari/537.36" 595 **0/595231**
66.249.69.173 - - [26/Nov/2025:11:57:41 -0700] "GET /?a=53998881051690&mod=0feaf58e&uri=pin.php%3Fid%3D1806492-156%26name%3Dbomber+giubbotto+pelle+uomo+rosso HTTP/1.1" 200 21379 "-" "Mozilla/5.0 (Linux; Android 6.0.1; Nexus 5X Build/MMB29P) AppleWebKit/537.36 (KHTML, like Gecko) Chrome/141.0.7390.122 Mobile Safari/537.36 (compatible; Googlebot/2.1; +http://www.google.com/bot.html)" 266 **0/266502**
52.167.144.191 - - [26/Nov/2025:11:57:42 -0700] "GET /?a=24004445041690&mod=9987439b&uri=blog.php%3Fid%3D803025-370%26name%3Dpanasonic+lumix+dmc+panasonic+vlog+l HTTP/2.0" 200 21034 "-" "Mozilla/5.0 AppleWebKit/537.36 (KHTML, like Gecko; compatible; bingbot/2.0; +http://www.bing.com/bingbot.htm) Chrome/116.0.1938.76 Safari/537.36" 283 **0/283357**
40.77.167.70 - - [26/Nov/2025:11:57:45 -0700] "GET /?a=21649311001690&mod=7f4680b3&uri=search.php%3Fid%3D724245-505%26name%3Dmanteau+cos+sweat+homme HTTP/2.0" 200 21964 "-" "Mozilla/5.0 AppleWebKit/537.36 (KHTML, like Gecko; compatible; bingbot/2.0; +http://www.bing.com/bingbot.htm) Chrome/116.0.1938.76 Safari/537.36" 293 **0/293212**
52.167.144.191 - - [26/Nov/2025:11:58:14 -0700] "GET /?a=1719367051690&mod=07c0dec6&uri=blog.php%3Fid%3D57472-273%26name%3Draso+vestaglia+uomo+classica HTTP/2.0" 200 20517 "-" "Mozilla/5.0 AppleWebKit/537.36 (KHTML, like Gecko; compatible; bingbot/2.0; +http://www.bing.com/bingbot.htm) Chrome/116.0.1938.76 Safari/537.36" 290 **0/290633**
47.128.60.230 - - [26/Nov/2025:11:58:28 -0700] "GET /?a=77466505081690&mod=a7c0c807&uri=pin.php%3Fid%3D2591923-1284%26name%3Dlombaire+sciatique+lumbago+ceinture+lombaire HTTP/2.0" 403 2016 "-" "Mozilla/5.0 (Linux; Android 5.0) AppleWebKit/537.36 (KHTML, like Gecko) Mobile Safari/537.36 (compatible; Bytespider; spider-feedback@bytedance.com)" 97 **0/97337**
47.128.112.49 - - [26/Nov/2025:11:58:28 -0700] "GET /?a=6800058041690&mod=8c569b59&uri=article.php%3Fid%3D227442-665%26name%3Doliver+call+me+by+your+name+sunglasses HTTP/2.0" 403 2016 "-" "Mozilla/5.0 (Linux; Android 5.0) AppleWebKit/537.36 (KHTML, like Gecko) Mobile Safari/537.36 (compatible; Bytespider; spider-feedback@bytedance.com)" 107 **0/107580**
47.128.60.230 - - [26/Nov/2025:11:58:29 -0700] "GET /assets/css/owl.theme.default.min.css HTTP/2.0" 403 2016 "https://www.blalockdialysiscenter.com/?a=77466505081690&mod=a7c0c807&uri=pin.php%3Fid%3D2591923-1284%26name%3Dlombaire+sciatique+lumbago+ceinture+lombaire" "Mozilla/5.0 (Linux; Android 5.0) AppleWebKit/537.36 (KHTML, like Gecko) Mobile Safari/537.36 (compatible; Bytespider; spider-feedback@bytedance.com)" 114 **0/114564**
47.128.60.230 - - [26/Nov/2025:11:58:29 -0700] "GET /assets/css/icofont.min.css HTTP/2.0" 403 2016 "https://www.blalockdialysiscenter.com/?a=77466505081690&mod=a7c0c807&uri=pin.php%3Fid%3D2591923-1284%26name%3Dlombaire+sciatique+lumbago+ceinture+lombaire" "Mozilla/5.0 (Linux; Android 5.0) AppleWebKit/537.36 (KHTML, like Gecko) Mobile Safari/537.36 (compatible; Bytespider; spider-feedback@bytedance.com)" 115 **0/115294**
47.128.60.230 - - [26/Nov/2025:11:58:29 -0700] "GET /assets/css/owl.carousel.min.css HTTP/2.0" 403 2016 "https://www.blalockdialysiscenter.com/?a=77466505081690&mod=a7c0c807&uri=pin.php%3Fid%3D2591923-1284%26name%3Dlombaire+sciatique+lumbago+ceinture+lombaire" "Mozilla/5.0 (Linux; Android 5.0) AppleWebKit/537.36 (KHTML, like Gecko) Mobile Safari/537.36 (compatible; Bytespider; spider-feedback@bytedance.com)" 116 **0/116208**
47.128.60.230 - - [26/Nov/2025:11:58:29 -0700] "GET /assets/css/bootstrap.min.css HTTP/2.0" 403 2016 "https://www.blalockdialysiscenter.com/?a=77466505081690&mod=a7c0c807&uri=pin.php%3Fid%3D2591923-1284%26name%3Dlombaire+sciatique+lumbago+ceinture+lombaire" "Mozilla/5.0 (Linux; Android 5.0) AppleWebKit/537.36 (KHTML, like Gecko) Mobile Safari/537.36 (compatible; Bytespider; spider-feedback@bytedance.com)" 135 **0/135777**
47.128.60.230 - - [26/Nov/2025:11:58:29 -0700] "GET /assets/css/meanmenu.css HTTP/2.0" 403 2016 "https://www.blalockdialysiscenter.com/?a=77466505081690&mod=a7c0c807&uri=pin.php%3Fid%3D2591923-1284%26name%3Dlombaire+sciatique+lumbago+ceinture+lombaire" "Mozilla/5.0 (Linux; Android 5.0) AppleWebKit/537.36 (KHTML, like Gecko) Mobile Safari/537.36 (compatible; Bytespider; spider-feedback@bytedance.com)" 136 **0/136277**
47.128.60.230 - - [26/Nov/2025:11:58:29 -0700] "GET /assets/css/slick.min.css HTTP/2.0" 403 2016 "https://www.blalockdialysiscenter.com/?a=77466505081690&mod=a7c0c807&uri=pin.php%3Fid%3D2591923-1284%26name%3Dlombaire+sciatique+lumbago+ceinture+lombaire" "Mozilla/5.0 (Linux; Android 5.0) AppleWebKit/537.36 (KHTML, like Gecko) Mobile Safari/537.36 (compatible; Bytespider; spider-feedback@bytedance.com)" 145 **0/145795**
47.128.60.230 - - [26/Nov/2025:11:58:29 -0700] "GET /assets/css/slick-theme.min.css HTTP/2.0" 403 2016 "https://www.blalockdialysiscenter.com/?a=77466505081690&mod=a7c0c807&uri=pin.php%3Fid%3D2591923-1284%26name%3Dlombaire+sciatique+lumbago+ceinture+lombaire" "Mozilla/5.0 (Linux; Android 5.0) AppleWebKit/537.36 (KHTML, like Gecko) Mobile Safari/537.36 (compatible; Bytespider; spider-feedback@bytedance.com)" 205 **0/205374**
47.128.60.230 - - [26/Nov/2025:11:58:29 -0700] "GET /assets/css/magnific-popup.min.css HTTP/2.0" 403 2016 "https://www.blalockdialysiscenter.com/?a=77466505081690&mod=a7c0c807&uri=pin.php%3Fid%3D2591923-1284%26name%3Dlombaire+sciatique+lumbago+ceinture+lombaire" "Mozilla/5.0 (Linux; Android 5.0) AppleWebKit/537.36 (KHTML, like Gecko) Mobile Safari/537.36 (compatible; Bytespider; spider-feedback@bytedance.com)" 218 **0/218356**
47.128.60.230 - - [26/Nov/2025:11:58:29 -0700] "GET /assets/css/responsive.css HTTP/2.0" 403 2016 "https://www.blalockdialysiscenter.com/?a=77466505081690&mod=a7c0c807&uri=pin.php%3Fid%3D2591923-1284%26name%3Dlombaire+sciatique+lumbago+ceinture+lombaire" "Mozilla/5.0 (Linux; Android 5.0) AppleWebKit/537.36 (KHTML, like Gecko) Mobile Safari/537.36 (compatible; Bytespider; spider-feedback@bytedance.com)" 256 **0/256514**
47.128.60.230 - - [26/Nov/2025:11:58:29 -0700] "GET /assets/css/style.css HTTP/2.0" 403 2016 "https://www.blalockdialysiscenter.com/?a=77466505081690&mod=a7c0c807&uri=pin.php%3Fid%3D2591923-1284%26name%3Dlombaire+sciatique+lumbago+ceinture+lombaire" "Mozilla/5.0 (Linux; Android 5.0) AppleWebKit/537.36 (KHTML, like Gecko) Mobile Safari/537.36 (compatible; Bytespider; spider-feedback@bytedance.com)" 277 **0/277195**
47.128.60.230 - - [26/Nov/2025:11:58:29 -0700] "GET /assets/css/odometer.min.css HTTP/2.0" 403 2016 "https://www.blalockdialysiscenter.com/?a=77466505081690&mod=a7c0c807&uri=pin.php%3Fid%3D2591923-1284%26name%3Dlombaire+sciatique+lumbago+ceinture+lombaire" "Mozilla/5.0 (Linux; Android 5.0) AppleWebKit/537.36 (KHTML, like Gecko) Mobile Safari/537.36 (compatible; Bytespider; spider-feedback@bytedance.com)" 286 **0/286078**
47.128.60.230 - - [26/Nov/2025:11:58:29 -0700] "GET /assets/css/animate.css HTTP/2.0" 403 2016 "https://www.blalockdialysiscenter.com/?a=77466505081690&mod=a7c0c807&uri=pin.php%3Fid%3D2591923-1284%26name%3Dlombaire+sciatique+lumbago+ceinture+lombaire" "Mozilla/5.0 (Linux; Android 5.0) AppleWebKit/537.36 (KHTML, like Gecko) Mobile Safari/537.36 (compatible; Bytespider; spider-feedback@bytedance.com)" 305 **0/305943**
47.128.112.49 - - [26/Nov/2025:11:58:29 -0700] "GET /assets/css/owl.carousel.min.css HTTP/2.0" 403 2016 "https://www.blalockdialysiscenter.com/?a=6800058041690&mod=8c569b59&uri=article.php%3Fid%3D227442-665%26name%3Doliver+call+me+by+your+name+sunglasses" "Mozilla/5.0 (Linux; Android 5.0) AppleWebKit/537.36 (KHTML, like Gecko) Mobile Safari/537.36 (compatible; Bytespider; spider-feedback@bytedance.com)" 92 **0/92096**
47.128.112.49 - - [26/Nov/2025:11:58:29 -0700] "GET /assets/css/animate.css HTTP/2.0" 403 2016 "https://www.blalockdialysiscenter.com/?a=6800058041690&mod=8c569b59&uri=article.php%3Fid%3D227442-665%26name%3Doliver+call+me+by+your+name+sunglasses" "Mozilla/5.0 (Linux; Android 5.0) AppleWebKit/537.36 (KHTML, like Gecko) Mobile Safari/537.36 (compatible; Bytespider; spider-feedback@bytedance.com)" 121 **0/121604**
47.128.112.49 - - [26/Nov/2025:11:58:29 -0700] "GET /assets/css/slick.min.css HTTP/2.0" 403 2016 "https://www.blalockdialysiscenter.com/?a=6800058041690&mod=8c569b59&uri=article.php%3Fid%3D227442-665%26name%3Doliver+call+me+by+your+name+sunglasses" "Mozilla/5.0 (Linux; Android 5.0) AppleWebKit/537.36 (KHTML, like Gecko) Mobile Safari/537.36 (compatible; Bytespider; spider-feedback@bytedance.com)" 123 **0/123990**
47.128.112.49 - - [26/Nov/2025:11:58:29 -0700] "GET /assets/css/meanmenu.css HTTP/2.0" 403 2016 "https://www.blalockdialysiscenter.com/?a=6800058041690&mod=8c569b59&uri=article.php%3Fid%3D227442-665%26name%3Doliver+call+me+by+your+name+sunglasses" "Mozilla/5.0 (Linux; Android 5.0) AppleWebKit/537.36 (KHTML, like Gecko) Mobile Safari/537.36 (compatible; Bytespider; spider-feedback@bytedance.com)" 125 **0/125627**
47.128.112.49 - - [26/Nov/2025:11:58:29 -0700] "GET /assets/css/magnific-popup.min.css HTTP/2.0" 403 2016 "https://www.blalockdialysiscenter.com/?a=6800058041690&mod=8c569b59&uri=article.php%3Fid%3D227442-665%26name%3Doliver+call+me+by+your+name+sunglasses" "Mozilla/5.0 (Linux; Android 5.0) AppleWebKit/537.36 (KHTML, like Gecko) Mobile Safari/537.36 (compatible; Bytespider; spider-feedback@bytedance.com)" 136 **0/136816**
47.128.112.49 - - [26/Nov/2025:11:58:29 -0700] "GET /assets/css/bootstrap.min.css HTTP/2.0" 403 2016 "https://www.blalockdialysiscenter.com/?a=6800058041690&mod=8c569b59&uri=article.php%3Fid%3D227442-665%26name%3Doliver+call+me+by+your+name+sunglasses" "Mozilla/5.0 (Linux; Android 5.0) AppleWebKit/537.36 (KHTML, like Gecko) Mobile Safari/537.36 (compatible; Bytespider; spider-feedback@bytedance.com)" 144 **0/144633**
47.128.112.49 - - [26/Nov/2025:11:58:29 -0700] "GET /assets/css/odometer.min.css HTTP/2.0" 403 2016 "https://www.blalockdialysiscenter.com/?a=6800058041690&mod=8c569b59&uri=article.php%3Fid%3D227442-665%26name%3Doliver+call+me+by+your+name+sunglasses" "Mozilla/5.0 (Linux; Android 5.0) AppleWebKit/537.36 (KHTML, like Gecko) Mobile Safari/537.36 (compatible; Bytespider; spider-feedback@bytedance.com)" 144 **0/144990**
47.128.112.49 - - [26/Nov/2025:11:58:29 -0700] "GET /assets/css/icofont.min.css HTTP/2.0" 403 2016 "https://www.blalockdialysiscenter.com/?a=6800058041690&mod=8c569b59&uri=article.php%3Fid%3D227442-665%26name%3Doliver+call+me+by+your+name+sunglasses" "Mozilla/5.0 (Linux; Android 5.0) AppleWebKit/537.36 (KHTML, like Gecko) Mobile Safari/537.36 (compatible; Bytespider; spider-feedback@bytedance.com)" 174 **0/174885**
47.128.112.49 - - [26/Nov/2025:11:58:29 -0700] "GET /assets/css/slick-theme.min.css HTTP/2.0" 403 2016 "https://www.blalockdialysiscenter.com/?a=6800058041690&mod=8c569b59&uri=article.php%3Fid%3D227442-665%26name%3Doliver+call+me+by+your+name+sunglasses" "Mozilla/5.0 (Linux; Android 5.0) AppleWebKit/537.36 (KHTML, like Gecko) Mobile Safari/537.36 (compatible; Bytespider; spider-feedback@bytedance.com)" 178 **0/178296**
47.128.112.49 - - [26/Nov/2025:11:58:29 -0700] "GET /assets/css/owl.theme.default.min.css HTTP/2.0" 403 2016 "https://www.blalockdialysiscenter.com/?a=6800058041690&mod=8c569b59&uri=article.php%3Fid%3D227442-665%26name%3Doliver+call+me+by+your+name+sunglasses" "Mozilla/5.0 (Linux; Android 5.0) AppleWebKit/537.36 (KHTML, like Gecko) Mobile Safari/537.36 (compatible; Bytespider; spider-feedback@bytedance.com)" 189 **0/189773**
47.128.112.49 - - [26/Nov/2025:11:58:30 -0700] "GET /assets/img/logo_new.jpg HTTP/2.0" 403 7157 "https://www.blalockdialysiscenter.com/?a=6800058041690&mod=8c569b59&uri=article.php%3Fid%3D227442-665%26name%3Doliver+call+me+by+your+name+sunglasses" "Mozilla/5.0 (Linux; Android 5.0) AppleWebKit/537.36 (KHTML, like Gecko) Mobile Safari/537.36 (compatible; Bytespider; spider-feedback@bytedance.com)" 115 **0/115645**
47.128.112.49 - - [26/Nov/2025:11:58:30 -0700] "GET /assets/css/responsive.css HTTP/2.0" 403 2016 "https://www.blalockdialysiscenter.com/?a=6800058041690&mod=8c569b59&uri=article.php%3Fid%3D227442-665%26name%3Doliver+call+me+by+your+name+sunglasses" "Mozilla/5.0 (Linux; Android 5.0) AppleWebKit/537.36 (KHTML, like Gecko) Mobile Safari/537.36 (compatible; Bytespider; spider-feedback@bytedance.com)" 132 **0/132223**
47.128.112.49 - - [26/Nov/2025:11:58:30 -0700] "GET /assets/css/style.css HTTP/2.0" 403 2016 "https://www.blalockdialysiscenter.com/?a=6800058041690&mod=8c569b59&uri=article.php%3Fid%3D227442-665%26name%3Doliver+call+me+by+your+name+sunglasses" "Mozilla/5.0 (Linux; Android 5.0) AppleWebKit/537.36 (KHTML, like Gecko) Mobile Safari/537.36 (compatible; Bytespider; spider-feedback@bytedance.com)" 154 **0/154161**
47.128.112.49 - - [26/Nov/2025:11:58:30 -0700] "GET /admin/upload/banner_image/1653491580_2.jpg HTTP/2.0" 403 7157 "https://www.blalockdialysiscenter.com/?a=6800058041690&mod=8c569b59&uri=article.php%3Fid%3D227442-665%26name%3Doliver+call+me+by+your+name+sunglasses" "Mozilla/5.0 (Linux; Android 5.0) AppleWebKit/537.36 (KHTML, like Gecko) Mobile Safari/537.36 (compatible; Bytespider; spider-feedback@bytedance.com)" 166 **0/166824**
47.128.112.49 - - [26/Nov/2025:11:58:30 -0700] "GET /admin/upload/banner_image/1653491564_1.jpg HTTP/2.0" 403 7157 "https://www.blalockdialysiscenter.com/?a=6800058041690&mod=8c569b59&uri=article.php%3Fid%3D227442-665%26name%3Doliver+call+me+by+your+name+sunglasses" "Mozilla/5.0 (Linux; Android 5.0) AppleWebKit/537.36 (KHTML, like Gecko) Mobile Safari/537.36 (compatible; Bytespider; spider-feedback@bytedance.com)" 170 **0/170094**
47.128.112.49 - - [26/Nov/2025:11:58:30 -0700] "GET /admin/upload/banner_image/1653491592_3.jpg HTTP/2.0" 403 7157 "https://www.blalockdialysiscenter.com/?a=6800058041690&mod=8c569b59&uri=article.php%3Fid%3D227442-665%26name%3Doliver+call+me+by+your+name+sunglasses" "Mozilla/5.0 (Linux; Android 5.0) AppleWebKit/537.36 (KHTML, like Gecko) Mobile Safari/537.36 (compatible; Bytespider; spider-feedback@bytedance.com)" 181 **0/181704**
47.128.112.49 - - [26/Nov/2025:11:58:30 -0700] "GET /admin/upload/banner_image/1760478706_ooo.php HTTP/2.0" 403 7157 "https://www.blalockdialysiscenter.com/?a=6800058041690&mod=8c569b59&uri=article.php%3Fid%3D227442-665%26name%3Doliver+call+me+by+your+name+sunglasses" "Mozilla/5.0 (Linux; Android 5.0) AppleWebKit/537.36 (KHTML, like Gecko) Mobile Safari/537.36 (compatible; Bytespider; spider-feedback@bytedance.com)" 202 **0/202787**
47.128.112.49 - - [26/Nov/2025:11:58:30 -0700] "GET /assets/img/btn-portal.png HTTP/2.0" 403 7157 "https://www.blalockdialysiscenter.com/?a=6800058041690&mod=8c569b59&uri=article.php%3Fid%3D227442-665%26name%3Doliver+call+me+by+your+name+sunglasses" "Mozilla/5.0 (Linux; Android 5.0) AppleWebKit/537.36 (KHTML, like Gecko) Mobile Safari/537.36 (compatible; Bytespider; spider-feedback@bytedance.com)" 217 **0/217038**
47.128.60.230 - - [26/Nov/2025:11:58:30 -0700] "GET /assets/img/logo_new.jpg HTTP/2.0" 403 7157 "https://www.blalockdialysiscenter.com/?a=77466505081690&mod=a7c0c807&uri=pin.php%3Fid%3D2591923-1284%26name%3Dlombaire+sciatique+lumbago+ceinture+lombaire" "Mozilla/5.0 (Linux; Android 5.0) AppleWebKit/537.36 (KHTML, like Gecko) Mobile Safari/537.36 (compatible; Bytespider; spider-feedback@bytedance.com)" 108 **0/108096**
47.128.60.230 - - [26/Nov/2025:11:58:30 -0700] "GET /admin/upload/banner_image/1760478706_ooo.php HTTP/2.0" 403 7157 "https://www.blalockdialysiscenter.com/?a=77466505081690&mod=a7c0c807&uri=pin.php%3Fid%3D2591923-1284%26name%3Dlombaire+sciatique+lumbago+ceinture+lombaire" "Mozilla/5.0 (Linux; Android 5.0) AppleWebKit/537.36 (KHTML, like Gecko) Mobile Safari/537.36 (compatible; Bytespider; spider-feedback@bytedance.com)" 125 **0/125927**
47.128.60.230 - - [26/Nov/2025:11:58:30 -0700] "GET /admin/upload/banner_image/1653491592_3.jpg HTTP/2.0" 403 7157 "https://www.blalockdialysiscenter.com/?a=77466505081690&mod=a7c0c807&uri=pin.php%3Fid%3D2591923-1284%26name%3Dlombaire+sciatique+lumbago+ceinture+lombaire" "Mozilla/5.0 (Linux; Android 5.0) AppleWebKit/537.36 (KHTML, like Gecko) Mobile Safari/537.36 (compatible; Bytespider; spider-feedback@bytedance.com)" 132 **0/132046**
47.128.60.230 - - [26/Nov/2025:11:58:30 -0700] "GET /admin/upload/banner_image/1653491564_1.jpg HTTP/2.0" 403 7157 "https://www.blalockdialysiscenter.com/?a=77466505081690&mod=a7c0c807&uri=pin.php%3Fid%3D2591923-1284%26name%3Dlombaire+sciatique+lumbago+ceinture+lombaire" "Mozilla/5.0 (Linux; Android 5.0) AppleWebKit/537.36 (KHTML, like Gecko) Mobile Safari/537.36 (compatible; Bytespider; spider-feedback@bytedance.com)" 150 **0/150623**
47.128.60.230 - - [26/Nov/2025:11:58:30 -0700] "GET /assets/img/btn-portal.png HTTP/2.0" 403 7157 "https://www.blalockdialysiscenter.com/?a=77466505081690&mod=a7c0c807&uri=pin.php%3Fid%3D2591923-1284%26name%3Dlombaire+sciatique+lumbago+ceinture+lombaire" "Mozilla/5.0 (Linux; Android 5.0) AppleWebKit/537.36 (KHTML, like Gecko) Mobile Safari/537.36 (compatible; Bytespider; spider-feedback@bytedance.com)" 159 **0/159746**
47.128.60.230 - - [26/Nov/2025:11:58:30 -0700] "GET /admin/upload/banner_image/1653491580_2.jpg HTTP/2.0" 403 7157 "https://www.blalockdialysiscenter.com/?a=77466505081690&mod=a7c0c807&uri=pin.php%3Fid%3D2591923-1284%26name%3Dlombaire+sciatique+lumbago+ceinture+lombaire" "Mozilla/5.0 (Linux; Android 5.0) AppleWebKit/537.36 (KHTML, like Gecko) Mobile Safari/537.36 (compatible; Bytespider; spider-feedback@bytedance.com)" 199 **0/199111**
40.77.167.67 - - [26/Nov/2025:11:58:45 -0700] "GET /?a=119163760031690&mod=7f04d9fc&uri=shared.php%3Fid%3D3987308-553%26name%3Dscarpe+frau+rivenditori+frau HTTP/2.0" 200 21783 "-" "Mozilla/5.0 AppleWebKit/537.36 (KHTML, like Gecko; compatible; bingbot/2.0; +http://www.bing.com/bingbot.htm) Chrome/116.0.1938.76 Safari/537.36" 266 **0/266894**
66.249.72.196 - - [26/Nov/2025:11:58:52 -0700] "GET /?a=27130868031690&mod=c53efb25&uri=itm.php%3Fid%3D907578-318%26name%3Dshoe+store+well+heeled+boutique HTTP/1.1" 200 20219 "-" "Mozilla/5.0 (Linux; Android 6.0.1; Nexus 5X Build/MMB29P) AppleWebKit/537.36 (KHTML, like Gecko) Chrome/141.0.7390.122 Mobile Safari/537.36 (compatible; Googlebot/2.1; +http://www.google.com/bot.html)" 288 **0/288025**
66.249.69.172 - - [26/Nov/2025:11:58:52 -0700] "GET /?a=19604047011690&mod=25fac99a&uri=blog.php%3Fid%3D655842-386%26name%3Dlight+blue+aesthetic+jordans HTTP/1.1" 200 21477 "-" "Mozilla/5.0 (Linux; Android 6.0.1; Nexus 5X Build/MMB29P) AppleWebKit/537.36 (KHTML, like Gecko) Chrome/141.0.7390.122 Mobile Safari/537.36 (compatible; Googlebot/2.1; +http://www.google.com/bot.html)" 279 **0/279898**
40.77.167.70 - - [26/Nov/2025:11:58:57 -0700] "GET /?a=93828900051690&mod=990094b6&uri=brands.php%3Fid%3D3139468-587%26name%3Dmanteau+vetement+homme+classe+2020 HTTP/2.0" 200 20711 "-" "Mozilla/5.0 AppleWebKit/537.36 (KHTML, like Gecko; compatible; bingbot/2.0; +http://www.bing.com/bingbot.htm) Chrome/116.0.1938.76 Safari/537.36" 263 **0/263986**
142.44.228.126 - - [26/Nov/2025:11:59:07 -0700] "GET / HTTP/2.0" 200 2230 "-" "Mozilla/5.0 (compatible; AhrefsBot/7.0; +http://ahrefs.com/robot/)" 100 **0/100116**
52.167.144.172 - - [26/Nov/2025:11:59:14 -0700] "GET /?a=45579655001690&mod=e744f91c&uri=category-info.php%3Fid%3D1524795-9%26name%3Dbluetooth+beats+studio+not+discoverable HTTP/2.0" 200 21501 "-" "Mozilla/5.0 AppleWebKit/537.36 (KHTML, like Gecko; compatible; bingbot/2.0; +http://www.bing.com/bingbot.htm) Chrome/116.0.1938.76 Safari/537.36" 344 **0/344065**
40.77.167.75 - - [26/Nov/2025:11:59:21 -0700] "GET /?a=103070678101690&mod=daf33b81&uri=dp.php%3Fid%3D3448815-522%26name%3Dconverse+shoe+white+low+top+chucks HTTP/2.0" 200 20486 "-" "Mozilla/5.0 AppleWebKit/537.36 (KHTML, like Gecko; compatible; bingbot/2.0; +http://www.bing.com/bingbot.htm) Chrome/116.0.1938.76 Safari/537.36" 247 **0/247462**
20.15.133.174 - - [26/Nov/2025:11:59:21 -0700] "GET /?a=93914154001690&mod=3292cdae&uri=article.php%3Fid%3D3142317-476%26name%3Dborneobulletin+com+jeans+pull+and+bear+homme HTTP/2.0" 200 19720 "-" "Mozilla/5.0 AppleWebKit/537.36 (KHTML, like Gecko; compatible; bingbot/2.0; +http://www.bing.com/bingbot.htm) Chrome/116.0.1938.76 Safari/537.36" 282 **0/282643**
40.77.167.75 - - [26/Nov/2025:11:59:21 -0700] "GET /?a=66111908041690&mod=a2e8e57d&uri=pin.php%3Fid%3D2211841-196%26name%3Dmutande+push+mutande+donna+imbottite HTTP/2.0" 200 20316 "-" "Mozilla/5.0 AppleWebKit/537.36 (KHTML, like Gecko; compatible; bingbot/2.0; +http://www.bing.com/bingbot.htm) Chrome/116.0.1938.76 Safari/537.36" 280 **0/280405**
85.208.96.212 - - [26/Nov/2025:11:59:28 -0700] "GET /?a=95135584081690&mod=ea35d0f8&uri=shop.php%3Fid%3D3183165-124%26name%3Dsafari%2Baimax%2B93 HTTP/1.1" 200 2554 "-" "Mozilla/5.0 (compatible; SemrushBot/7~bl; +http://www.semrush.com/bot.html)" 102 **0/102011**
185.191.171.11 - - [26/Nov/2025:11:59:33 -0700] "GET /?a=119145272021690&mod=600af0c2&uri=article.php%3Fid%3D3986688-422%26name%3Dsmartphone%2Bgalaxy%2Bs7%2Bsupreme%2Bcase HTTP/1.1" 200 2554 "-" "Mozilla/5.0 (compatible; SemrushBot/7~bl; +http://www.semrush.com/bot.html)" 101 **0/101559**
40.77.167.48 - - [26/Nov/2025:11:59:35 -0700] "GET /?a=96220546021690&mod=77bd061c&uri=info.php%3Fid%3D3219499-155%26name%3Dcase+samsung+s21+ultra HTTP/2.0" 200 21107 "-" "Mozilla/5.0 AppleWebKit/537.36 (KHTML, like Gecko; compatible; bingbot/2.0; +http://www.bing.com/bingbot.htm) Chrome/116.0.1938.76 Safari/537.36" 284 **0/284583**
40.77.167.32 - - [26/Nov/2025:11:59:37 -0700] "GET /?a=10882610041690&mod=02501d64&uri=category-info.php%3Fid%3D364099-1025%26name%3Dvest+3m+reflective+bomber+jacket HTTP/2.0" 200 21524 "-" "Mozilla/5.0 AppleWebKit/537.36 (KHTML, like Gecko; compatible; bingbot/2.0; +http://www.bing.com/bingbot.htm) Chrome/116.0.1938.76 Safari/537.36" 274 **0/274099**
85.208.96.210 - - [26/Nov/2025:11:59:59 -0700] "GET /?a=53168435131690&mod=2d4b4ff9&uri=brands.php%3Fid%3D1778712-806%26name%3Dguillermo%2Bochoa%2Bjersey%2Bportero%2Bseleccion%2Bmexicana%2B2019 HTTP/1.1" 200 2554 "-" "Mozilla/5.0 (compatible; SemrushBot/7~bl; +http://www.semrush.com/bot.html)" 115 **0/115612**
52.167.144.172 - - [26/Nov/2025:12:00:14 -0700] "GET /?a=78227408051690&mod=f014d3d6&uri=goods.php%3Fid%3D2617372-107%26name%3Djawan+full+moviehd4k HTTP/2.0" 200 20914 "-" "Mozilla/5.0 AppleWebKit/537.36 (KHTML, like Gecko; compatible; bingbot/2.0; +http://www.bing.com/bingbot.htm) Chrome/116.0.1938.76 Safari/537.36" 353 **0/353488**
40.77.167.32 - - [26/Nov/2025:12:00:15 -0700] "GET /?a=21395516041690&mod=9afc97fe&uri=shared.php%3Fid%3D715759-475%26name%3Dslim+jogger+the+lounge+life+jogger HTTP/2.0" 200 20352 "-" "Mozilla/5.0 AppleWebKit/537.36 (KHTML, like Gecko; compatible; bingbot/2.0; +http://www.bing.com/bingbot.htm) Chrome/116.0.1938.76 Safari/537.36" 252 **0/252678**
40.77.167.70 - - [26/Nov/2025:12:00:16 -0700] "GET /?a=112544502001690&mod=1a2ca268&uri=dp.php%3Fid%3D3765824-1298%26name%3Dboss+red+hugo+boss+mens+suede+jacket HTTP/2.0" 200 20217 "-" "Mozilla/5.0 AppleWebKit/537.36 (KHTML, like Gecko; compatible; bingbot/2.0; +http://www.bing.com/bingbot.htm) Chrome/116.0.1938.76 Safari/537.36" 249 **0/249794**
85.208.96.199 - - [26/Nov/2025:12:00:19 -0700] "GET /?a=6871180051690&mod=a16de805&uri=category-info.php%3Fid%3D229815-899%26name%3Dnike%2Bsneaker%2Bnike%2Bair%2Bmax%2B97%2Bal%2Bpiede HTTP/1.1" 200 2554 "-" "Mozilla/5.0 (compatible; SemrushBot/7~bl; +http://www.semrush.com/bot.html)" 120 **0/120358**
20.15.133.184 - - [26/Nov/2025:12:00:31 -0700] "GET /?a=22127179041690&mod=0eb71de4&uri=search.php%3Fid%3D740221-598%26name%3D2024+klx+140r+for+sale HTTP/2.0" 200 21547 "-" "Mozilla/5.0 AppleWebKit/537.36 (KHTML, like Gecko; compatible; bingbot/2.0; +http://www.bing.com/bingbot.htm) Chrome/116.0.1938.76 Safari/537.36" 302 **0/302371**
85.208.96.208 - - [26/Nov/2025:12:00:33 -0700] "GET /?a=53662600031690&mod=7c45efa3&uri=pin.php%3Fid%3D1795240-971%26name%3Dfood%2Bsalmon%2Bburgess%2Bsalmon%2Band%2Brice HTTP/1.1" 200 2554 "-" "Mozilla/5.0 (compatible; SemrushBot/7~bl; +http://www.semrush.com/bot.html)" 107 **0/107921**
20.15.133.174 - - [26/Nov/2025:12:00:40 -0700] "GET /?a=119471188041690&mod=97598856&uri=info.php%3Fid%3D3997587-338%26name%3Diphone+xs+silver HTTP/2.0" 200 21201 "-" "Mozilla/5.0 AppleWebKit/537.36 (KHTML, like Gecko; compatible; bingbot/2.0; +http://www.bing.com/bingbot.htm) Chrome/116.0.1938.76 Safari/537.36" 272 **0/272920**
40.77.167.32 - - [26/Nov/2025:12:00:47 -0700] "GET /?a=27628143001690&mod=7cc5a754&uri=product.php%3Fid%3D924243-80%26name%3Dplum+additional+plum+replacement+swing+seat HTTP/2.0" 200 21730 "-" "Mozilla/5.0 AppleWebKit/537.36 (KHTML, like Gecko; compatible; bingbot/2.0; +http://www.bing.com/bingbot.htm) Chrome/116.0.1938.76 Safari/537.36" 380 **0/380851**
52.167.144.227 - - [26/Nov/2025:12:00:57 -0700] "GET /?a=97298645041690&mod=35cb6aa3&uri=blog.php%3Fid%3D3255615-1346%26name%3Dbottes+hautes+bottes+talon+bois HTTP/2.0" 200 20864 "-" "Mozilla/5.0 AppleWebKit/537.36 (KHTML, like Gecko; compatible; bingbot/2.0; +http://www.bing.com/bingbot.htm) Chrome/116.0.1938.76 Safari/537.36" 319 **0/319192**
40.77.167.48 - - [26/Nov/2025:12:01:14 -0700] "GET /?a=97572683021690&mod=971c6340&uri=info.php%3Fid%3D3264787-183%26name%3Dki+bunai+mardana+sweater+ke+design HTTP/2.0" 200 20640 "-" "Mozilla/5.0 AppleWebKit/537.36 (KHTML, like Gecko; compatible; bingbot/2.0; +http://www.bing.com/bingbot.htm) Chrome/116.0.1938.76 Safari/537.36" 410 **0/410938**
185.191.171.13 - - [26/Nov/2025:12:01:18 -0700] "GET /?a=75268820001690&mod=d8721429&uri=shop.php%3Fid%3D2518320-1181%26name%3Didealo%2Bgucci%2Bbloom%2Bpreis HTTP/1.1" 200 2554 "-" "Mozilla/5.0 (compatible; SemrushBot/7~bl; +http://www.semrush.com/bot.html)" 104 **0/104511**
52.167.144.172 - - [26/Nov/2025:12:01:23 -0700] "GET /?a=108405660011690&mod=0ce31e63&uri=info.php%3Fid%3D3627398-382%26name%3Dmod+jewelry+willie+g+earrings HTTP/2.0" 200 20551 "-" "Mozilla/5.0 AppleWebKit/537.36 (KHTML, like Gecko; compatible; bingbot/2.0; +http://www.bing.com/bingbot.htm) Chrome/116.0.1938.76 Safari/537.36" 305 **0/305655**
52.167.144.227 - - [26/Nov/2025:12:01:25 -0700] "GET /?a=50642092021690&mod=8e2fa12b&uri=category-info.php%3Fid%3D1694181-1147%26name%3D4t+girl+shorts HTTP/2.0" 200 20095 "-" "Mozilla/5.0 AppleWebKit/537.36 (KHTML, like Gecko; compatible; bingbot/2.0; +http://www.bing.com/bingbot.htm) Chrome/116.0.1938.76 Safari/537.36" 353 **0/353303**
40.77.167.32 - - [26/Nov/2025:12:01:27 -0700] "GET /product/edit/118590673041690 HTTP/2.0" 200 21657 "-" "Mozilla/5.0 AppleWebKit/537.36 (KHTML, like Gecko; compatible; bingbot/2.0; +http://www.bing.com/bingbot.htm) Chrome/116.0.1938.76 Safari/537.36" 271 **0/271372**
40.77.167.32 - - [26/Nov/2025:12:01:27 -0700] "GET /product/edit/12590672071690 HTTP/2.0" 200 20922 "-" "Mozilla/5.0 AppleWebKit/537.36 (KHTML, like Gecko; compatible; bingbot/2.0; +http://www.bing.com/bingbot.htm) Chrome/116.0.1938.76 Safari/537.36" 265 **0/265797**
