40.77.167.27 - - [26/Nov/2025:10:07:07 -0700] "GET /?a=2043887081690&mod=0d906a38&uri=search.php%3Fid%3D68309-151%26name%3Dwatch+series+best+apple+watch+widgets HTTP/2.0" 200 20564 "-" "Mozilla/5.0 AppleWebKit/537.36 (KHTML, like Gecko; compatible; bingbot/2.0; +http://www.bing.com/bingbot.htm) Chrome/116.0.1938.76 Safari/537.36" 261 **0/261443**
52.167.144.169 - - [26/Nov/2025:10:07:13 -0700] "GET /?a=19702071061690&mod=ff62b2ef&uri=info.php%3Fid%3D659125-638%26name%3Dropa+divertida+moda+mujer+marcas HTTP/2.0" 200 21458 "-" "Mozilla/5.0 AppleWebKit/537.36 (KHTML, like Gecko; compatible; bingbot/2.0; +http://www.bing.com/bingbot.htm) Chrome/116.0.1938.76 Safari/537.36" 269 **0/269483**
40.77.167.15 - - [26/Nov/2025:10:07:16 -0700] "GET /?a=64216167021690&mod=61b5c689&uri=product.php%3Fid%3D2148445-134%26name%3Dsilver+gelly+roll+white HTTP/2.0" 200 19941 "-" "Mozilla/5.0 AppleWebKit/537.36 (KHTML, like Gecko; compatible; bingbot/2.0; +http://www.bing.com/bingbot.htm) Chrome/116.0.1938.76 Safari/537.36" 403 **0/403235**
40.77.167.27 - - [26/Nov/2025:10:07:18 -0700] "GET /?a=30099905051690&mod=421f8eb2&uri=goods.php%3Fid%3D1006894-104%26name%3Dfour+wheel+foldable+walker+with+wheels HTTP/2.0" 200 20850 "-" "Mozilla/5.0 AppleWebKit/537.36 (KHTML, like Gecko; compatible; bingbot/2.0; +http://www.bing.com/bingbot.htm) Chrome/116.0.1938.76 Safari/537.36" 379 **0/379050**
85.208.96.210 - - [26/Nov/2025:10:07:32 -0700] "GET /?a=71913899101690&mod=552817dd&uri=search.php%3Fid%3D2406045-1103%26name%3Dprimeros%2Bpasos%2Bzapato%2Bpepito%2Bni%C3%83%C2%B1o HTTP/1.1" 200 2554 "-" "Mozilla/5.0 (compatible; SemrushBot/7~bl; +http://www.semrush.com/bot.html)" 94 **0/94509**
52.167.144.185 - - [26/Nov/2025:10:07:33 -0700] "GET /?a=65839767021690&mod=2b4c9cfa&uri=itm.php%3Fid%3D2202741-180%26name%3Dwalleye+lindy+perch+rig HTTP/2.0" 200 21836 "-" "Mozilla/5.0 AppleWebKit/537.36 (KHTML, like Gecko; compatible; bingbot/2.0; +http://www.bing.com/bingbot.htm) Chrome/116.0.1938.76 Safari/537.36" 267 **0/267947**
52.167.144.185 - - [26/Nov/2025:10:07:33 -0700] "GET /?a=13471137051690&mod=665d5cbb&uri=search.php%3Fid%3D450676-43%26name%3Dg5+plus+moto+g5+hdmi HTTP/2.0" 200 20976 "-" "Mozilla/5.0 AppleWebKit/537.36 (KHTML, like Gecko; compatible; bingbot/2.0; +http://www.bing.com/bingbot.htm) Chrome/116.0.1938.76 Safari/537.36" 293 **0/293514**
40.77.167.151 - - [26/Nov/2025:10:07:43 -0700] "GET /?a=89958364141690&mod=8d5aea22&uri=products.php%3Fid%3D3009909-999%26name%3Dprofanter+bags+profanter+handtaschen HTTP/2.0" 200 21722 "-" "Mozilla/5.0 AppleWebKit/537.36 (KHTML, like Gecko; compatible; bingbot/2.0; +http://www.bing.com/bingbot.htm) Chrome/116.0.1938.76 Safari/537.36" 235 **0/235156**
66.249.72.195 - - [26/Nov/2025:10:07:52 -0700] "GET /?a=96227231101690&mod=95b43573&uri=dp.php%3Fid%3D3219723-866%26name%3Dlip+oil+stick+ysl+206 HTTP/1.1" 200 20136 "-" "Mozilla/5.0 (Linux; Android 6.0.1; Nexus 5X Build/MMB29P) AppleWebKit/537.36 (KHTML, like Gecko) Chrome/141.0.7390.122 Mobile Safari/537.36 (compatible; Googlebot/2.1; +http://www.google.com/bot.html)" 352 **0/352843**
52.167.144.169 - - [26/Nov/2025:10:07:53 -0700] "GET /?a=119161120021690&mod=242f5076&uri=shop.php%3Fid%3D3987220-787%26name%3D30mm+celestron+inch+eyepiece HTTP/2.0" 200 21271 "-" "Mozilla/5.0 AppleWebKit/537.36 (KHTML, like Gecko; compatible; bingbot/2.0; +http://www.bing.com/bingbot.htm) Chrome/116.0.1938.76 Safari/537.36" 247 **0/247299**
52.167.144.169 - - [26/Nov/2025:10:07:55 -0700] "GET /?a=114851058071690&mod=7fa3244f&uri=dp.php%3Fid%3D3842980-359%26name%3Drunners+sun+mountain+50k HTTP/2.0" 200 20592 "-" "Mozilla/5.0 AppleWebKit/537.36 (KHTML, like Gecko; compatible; bingbot/2.0; +http://www.bing.com/bingbot.htm) Chrome/116.0.1938.76 Safari/537.36" 434 **0/434636**
20.15.133.184 - - [26/Nov/2025:10:08:31 -0700] "GET /?a=109184486071690&mod=069802d4&uri=goods.php%3Fid%3D3653452-158%26name%3D1st+echo+alexa+price HTTP/2.0" 200 21166 "-" "Mozilla/5.0 AppleWebKit/537.36 (KHTML, like Gecko; compatible; bingbot/2.0; +http://www.bing.com/bingbot.htm) Chrome/116.0.1938.76 Safari/537.36" 277 **0/277206**
40.77.167.151 - - [26/Nov/2025:10:08:33 -0700] "GET /?a=14841794041690&mod=aab11087&uri=article.php%3Fid%3D496518-51%26name%3Drtx+2080+ti+vega+64+vs+rx+5700+xt HTTP/2.0" 200 20603 "-" "Mozilla/5.0 AppleWebKit/537.36 (KHTML, like Gecko; compatible; bingbot/2.0; +http://www.bing.com/bingbot.htm) Chrome/116.0.1938.76 Safari/537.36" 282 **0/282174**
52.167.144.169 - - [26/Nov/2025:10:08:34 -0700] "GET /?a=2013857061690&mod=bd0cc810&uri=pin.php%3Fid%3D67306-21%26name%3Dhermes+eau+de+hermes+parfum+jardin HTTP/2.0" 200 20962 "-" "Mozilla/5.0 AppleWebKit/537.36 (KHTML, like Gecko; compatible; bingbot/2.0; +http://www.bing.com/bingbot.htm) Chrome/116.0.1938.76 Safari/537.36" 286 **0/286158**
40.77.167.151 - - [26/Nov/2025:10:08:34 -0700] "GET /?a=29895479031690&mod=eeb835dc&uri=goods.php%3Fid%3D1000062-425%26name%3Dwu+1b+nikon+wifi HTTP/2.0" 200 21120 "-" "Mozilla/5.0 AppleWebKit/537.36 (KHTML, like Gecko; compatible; bingbot/2.0; +http://www.bing.com/bingbot.htm) Chrome/116.0.1938.76 Safari/537.36" 287 **0/287130**
40.77.167.27 - - [26/Nov/2025:10:08:39 -0700] "GET /?a=30082146011690&mod=0ac34cb7&uri=dp.php%3Fid%3D1006298-1404%26name%3Doverall+gummistiefel+stall+damen HTTP/2.0" 200 20582 "-" "Mozilla/5.0 AppleWebKit/537.36 (KHTML, like Gecko; compatible; bingbot/2.0; +http://www.bing.com/bingbot.htm) Chrome/116.0.1938.76 Safari/537.36" 277 **0/277894**
40.77.167.27 - - [26/Nov/2025:10:08:40 -0700] "GET /?a=110062524041690&mod=1e2d681b&uri=article.php%3Fid%3D3682845-235%26name%3Dgas+foundry+oven HTTP/2.0" 200 21186 "-" "Mozilla/5.0 AppleWebKit/537.36 (KHTML, like Gecko; compatible; bingbot/2.0; +http://www.bing.com/bingbot.htm) Chrome/116.0.1938.76 Safari/537.36" 257 **0/257958**
85.208.96.202 - - [26/Nov/2025:10:08:41 -0700] "GET /?a=3085970061690&mod=a274406e&uri=search.php%3Fid%3D103178-608%26name%3Dchaqueta%2Bhites%2Bmoda%2Bmujer HTTP/1.1" 200 2554 "-" "Mozilla/5.0 (compatible; SemrushBot/7~bl; +http://www.semrush.com/bot.html)" 113 **0/113650**
40.77.167.151 - - [26/Nov/2025:10:08:51 -0700] "GET /?a=94080313001690&mod=1aa8f607&uri=product.php%3Fid%3D3147877-1560%26name%3Darcher+hamilton+music+hall HTTP/2.0" 200 20280 "-" "Mozilla/5.0 AppleWebKit/537.36 (KHTML, like Gecko; compatible; bingbot/2.0; +http://www.bing.com/bingbot.htm) Chrome/116.0.1938.76 Safari/537.36" 238 **0/238997**
85.208.96.194 - - [26/Nov/2025:10:09:00 -0700] "GET /?a=37173050011690&mod=2f020508&uri=itm.php%3Fid%3D1243534-713%26name%3Drunning%2Bshoes%2B3d%2Bgel%2Bshoes HTTP/1.1" 200 2554 "-" "Mozilla/5.0 (compatible; SemrushBot/7~bl; +http://www.semrush.com/bot.html)" 100 **0/100633**
40.77.167.151 - - [26/Nov/2025:10:09:04 -0700] "GET /?a=114194270031690&mod=b579d45d&uri=article.php%3Fid%3D3821005-640%26name%3Dpink+sweatsuit HTTP/2.0" 200 20826 "-" "Mozilla/5.0 AppleWebKit/537.36 (KHTML, like Gecko; compatible; bingbot/2.0; +http://www.bing.com/bingbot.htm) Chrome/116.0.1938.76 Safari/537.36" 952 **0/952357**
85.208.96.207 - - [26/Nov/2025:10:09:10 -0700] "GET /?a=26774306051690&mod=3e87b607&uri=info.php%3Fid%3D895664-1354%26name%3Dgel%2Bnimbus%2Basics%2Bfemme%2Bkaki HTTP/1.1" 200 2554 "-" "Mozilla/5.0 (compatible; SemrushBot/7~bl; +http://www.semrush.com/bot.html)" 91 **0/91307**
66.249.72.194 - - [26/Nov/2025:10:09:16 -0700] "GET /?a=3489848011690&mod=0ff73ca2&uri=info.php%3Fid%3D116694-459%26name%3Dmens+jacket+north+face+thermoball+jacket+review HTTP/1.1" 200 20565 "-" "Mozilla/5.0 (Linux; Android 6.0.1; Nexus 5X Build/MMB29P) AppleWebKit/537.36 (KHTML, like Gecko) Chrome/141.0.7390.122 Mobile Safari/537.36 (compatible; Googlebot/2.1; +http://www.google.com/bot.html)" 267 **0/267623**
40.77.167.151 - - [26/Nov/2025:10:09:20 -0700] "GET /?a=6024498061690&mod=296806f2&uri=us.php?id=201505-117&name=cotton%20night%20night%20dress%20for%20girls HTTP/2.0" 200 21108 "-" "Mozilla/5.0 AppleWebKit/537.36 (KHTML, like Gecko; compatible; bingbot/2.0; +http://www.bing.com/bingbot.htm) Chrome/116.0.1938.76 Safari/537.36" 273 **0/273332**
40.77.167.151 - - [26/Nov/2025:10:09:21 -0700] "GET /?a=108424832011690&mod=e800feb8&uri=dp.php%3Fid%3D3628038-890%26name%3Dgrey+polo+with+logo HTTP/2.0" 200 20531 "-" "Mozilla/5.0 AppleWebKit/537.36 (KHTML, like Gecko; compatible; bingbot/2.0; +http://www.bing.com/bingbot.htm) Chrome/116.0.1938.76 Safari/537.36" 263 **0/263666**
40.77.167.151 - - [26/Nov/2025:10:09:21 -0700] "GET /?a=17978201131690&mod=579c9a6d&uri=info.php%3Fid%3D601454-414%26name%3Dballet+flat+foldable+flat+shoes+uk HTTP/2.0" 200 20686 "-" "Mozilla/5.0 AppleWebKit/537.36 (KHTML, like Gecko; compatible; bingbot/2.0; +http://www.bing.com/bingbot.htm) Chrome/116.0.1938.76 Safari/537.36" 245 **0/245247**
52.167.144.169 - - [26/Nov/2025:10:09:32 -0700] "GET /?a=30112967131690&mod=579c9a6d&uri=shop.php%3Fid%3D1007330-414%26name%3Dmartens+1460+serena+lined+doc+martens HTTP/2.0" 200 21178 "-" "Mozilla/5.0 AppleWebKit/537.36 (KHTML, like Gecko; compatible; bingbot/2.0; +http://www.bing.com/bingbot.htm) Chrome/116.0.1938.76 Safari/537.36" 275 **0/275271**
52.167.144.169 - - [26/Nov/2025:10:09:32 -0700] "GET /?a=65087756041690&mod=b8b68793&uri=news.php%3Fid%3D2177590-410%26name%3Dtoaster+brooklyn+kettle+russell+hobbs HTTP/2.0" 200 22154 "-" "Mozilla/5.0 AppleWebKit/537.36 (KHTML, like Gecko; compatible; bingbot/2.0; +http://www.bing.com/bingbot.htm) Chrome/116.0.1938.76 Safari/537.36" 316 **0/316621**
40.77.167.27 - - [26/Nov/2025:10:09:35 -0700] "GET /?a=98783730041690&mod=3571df0c&uri=products.php%3Fid%3D3305345-949%26name%3Dboost+adidas+zx+joggers HTTP/2.0" 200 20238 "-" "Mozilla/5.0 AppleWebKit/537.36 (KHTML, like Gecko; compatible; bingbot/2.0; +http://www.bing.com/bingbot.htm) Chrome/116.0.1938.76 Safari/537.36" 241 **0/241682**
40.77.167.27 - - [26/Nov/2025:10:09:44 -0700] "GET /?a=64799535111690&mod=e87602b4&uri=shop.php%3Fid%3D2167956-1259%26name%3Dsac+cuir+marron+sac+femme+katana HTTP/2.0" 200 21037 "-" "Mozilla/5.0 AppleWebKit/537.36 (KHTML, like Gecko; compatible; bingbot/2.0; +http://www.bing.com/bingbot.htm) Chrome/116.0.1938.76 Safari/537.36" 323 **0/323544**
185.191.171.7 - - [26/Nov/2025:10:09:46 -0700] "GET /?a=21278506001690&mod=79d8e62e&uri=goods.php%3Fid%3D711847-835%26name%3Dstyle%2Bsperry%2Bgold%2Bcup%2Bchelsea%2Bboot HTTP/1.1" 200 2554 "-" "Mozilla/5.0 (compatible; SemrushBot/7~bl; +http://www.semrush.com/bot.html)" 98 **0/98041**
85.208.96.203 - - [26/Nov/2025:10:09:51 -0700] "GET /?a=21061372091690&mod=0b4ade12&uri=form.php%3Fid%3D704572-388%26name%3Dair%2Bvapormax%2Bplus%2Bnike%2Bvapormax HTTP/1.1" 200 2554 "-" "Mozilla/5.0 (compatible; SemrushBot/7~bl; +http://www.semrush.com/bot.html)" 98 **0/98399**
40.77.167.151 - - [26/Nov/2025:10:09:51 -0700] "GET /?a=29910337011690&mod=850a40f2&uri=info.php%3Fid%3D1000558-125%26name%3Dshimano+tourney+gripshift+shimano HTTP/2.0" 200 21636 "-" "Mozilla/5.0 AppleWebKit/537.36 (KHTML, like Gecko; compatible; bingbot/2.0; +http://www.bing.com/bingbot.htm) Chrome/116.0.1938.76 Safari/537.36" 267 **0/267679**
40.77.167.151 - - [26/Nov/2025:10:09:52 -0700] "GET /?a=20261547131690&mod=06138bc5&uri=search.php%3Fid%3D677822-2%26name%3Dhand+towels+emerald+bath+towels HTTP/2.0" 200 21236 "-" "Mozilla/5.0 AppleWebKit/537.36 (KHTML, like Gecko; compatible; bingbot/2.0; +http://www.bing.com/bingbot.htm) Chrome/116.0.1938.76 Safari/537.36" 264 **0/264233**
52.167.144.185 - - [26/Nov/2025:10:09:52 -0700] "GET /?a=107358312071690&mod=61b5c689&uri=brands.php%3Fid%3D3592346-134%26name%3Dhs611+huion+sketch+for+windows+10 HTTP/2.0" 200 21143 "-" "Mozilla/5.0 AppleWebKit/537.36 (KHTML, like Gecko; compatible; bingbot/2.0; +http://www.bing.com/bingbot.htm) Chrome/116.0.1938.76 Safari/537.36" 273 **0/273322**
52.167.144.169 - - [26/Nov/2025:10:10:02 -0700] "GET /?a=97457771001690&mod=e87602b4&uri=shared.php%3Fid%3D3260935-1259%26name%3Dbackpack+sac+a+dos+roll+top+femme HTTP/2.0" 200 21449 "-" "Mozilla/5.0 AppleWebKit/537.36 (KHTML, like Gecko; compatible; bingbot/2.0; +http://www.bing.com/bingbot.htm) Chrome/116.0.1938.76 Safari/537.36" 338 **0/338775**
52.167.144.185 - - [26/Nov/2025:10:10:04 -0700] "GET /?a=29591996031690&mod=ec1f683c&uri=form.php%3Fid%3D989906-381%26name%3Dcontinental+grand+continental+ultra+sport+iii+700x23 HTTP/2.0" 200 21252 "-" "Mozilla/5.0 AppleWebKit/537.36 (KHTML, like Gecko; compatible; bingbot/2.0; +http://www.bing.com/bingbot.htm) Chrome/116.0.1938.76 Safari/537.36" 288 **0/288345**
85.208.96.196 - - [26/Nov/2025:10:10:11 -0700] "GET /?a=90339734131690&mod=da3670f6&uri=products.php%3Fid%3D3022694-246%26name%3Dconverse%2Bhaute%2Bconverse%2Bplateforme%2Bcustom HTTP/1.1" 200 2554 "-" "Mozilla/5.0 (compatible; SemrushBot/7~bl; +http://www.semrush.com/bot.html)" 111 **0/111363**
85.208.96.198 - - [26/Nov/2025:10:10:40 -0700] "GET /?a=11589057021690&mod=42f885fe&uri=goods.php%3Fid%3D387723-1148%26name%3Dlogo%2Bdesign%2Bnike%2Blogo%2Bsvg%2Bfile HTTP/1.1" 200 2554 "-" "Mozilla/5.0 (compatible; SemrushBot/7~bl; +http://www.semrush.com/bot.html)" 95 **0/95871**
52.167.144.185 - - [26/Nov/2025:10:11:04 -0700] "GET /?a=19296378031690&mod=cac9fc8b&uri=article.php%3Fid%3D645558-1338%26name%3Dsmoked+salmon+plating HTTP/2.0" 200 20143 "-" "Mozilla/5.0 AppleWebKit/537.36 (KHTML, like Gecko; compatible; bingbot/2.0; +http://www.bing.com/bingbot.htm) Chrome/116.0.1938.76 Safari/537.36" 264 **0/264496**
185.191.171.18 - - [26/Nov/2025:10:11:07 -0700] "GET /?a=14993609091690&mod=ab149ac1&uri=search.php%3Fid%3D501604-1266%26name%3Dfleece%2Bgloves%2Bnorth%2Bface%2Bsurgent%2Bgloves HTTP/1.1" 200 2554 "-" "Mozilla/5.0 (compatible; SemrushBot/7~bl; +http://www.semrush.com/bot.html)" 94 **0/94581**
52.167.144.190 - - [26/Nov/2025:10:11:12 -0700] "GET /?a=119251836131690&mod=325c9a93&uri=product.php%3Fid%3D3990248-531%26name%3Dconejo+juego+pop+it+mercado+libre HTTP/2.0" 200 21248 "-" "Mozilla/5.0 AppleWebKit/537.36 (KHTML, like Gecko; compatible; bingbot/2.0; +http://www.bing.com/bingbot.htm) Chrome/116.0.1938.76 Safari/537.36" 297 **0/297309**
52.167.144.169 - - [26/Nov/2025:10:11:16 -0700] "GET /?a=119443071011690&mod=de19a434&uri=blog.php%3Fid%3D3996648-1369%26name%3Dattrait+paris+doudoune+attrait HTTP/2.0" 200 21343 "-" "Mozilla/5.0 AppleWebKit/537.36 (KHTML, like Gecko; compatible; bingbot/2.0; +http://www.bing.com/bingbot.htm) Chrome/116.0.1938.76 Safari/537.36" 288 **0/288231**
85.208.96.206 - - [26/Nov/2025:10:11:18 -0700] "GET /?a=82598011051690&mod=f501052d&uri=dp.php%3Fid%3D2763601-340%26name%3Dgold%2Bring%2Btoday%2Bsenco%2Bgold%2Bprice HTTP/1.1" 200 2554 "-" "Mozilla/5.0 (compatible; SemrushBot/7~bl; +http://www.semrush.com/bot.html)" 94 **0/94949**
40.77.167.151 - - [26/Nov/2025:10:11:21 -0700] "GET /?a=36469253031690&mod=5227fa9a&uri=article.php%3Fid%3D1220005-65%26name%3Drf+24+70mm+f2+canon+f2+lenses HTTP/2.0" 200 21320 "-" "Mozilla/5.0 AppleWebKit/537.36 (KHTML, like Gecko; compatible; bingbot/2.0; +http://www.bing.com/bingbot.htm) Chrome/116.0.1938.76 Safari/537.36" 279 **0/279087**
66.249.72.194 - - [26/Nov/2025:10:11:21 -0700] "GET /?a=23712421041690&mod=daf33b81&uri=products.php%3Fid%3D793255-522%26name%3Dyeezy+shoe+size+women%27s+in+men%27s+yeezy HTTP/1.1" 200 20107 "-" "Mozilla/5.0 (Linux; Android 6.0.1; Nexus 5X Build/MMB29P) AppleWebKit/537.36 (KHTML, like Gecko) Chrome/141.0.7390.122 Mobile Safari/537.36 (compatible; Googlebot/2.1; +http://www.google.com/bot.html)" 255 **0/255372**
52.167.144.169 - - [26/Nov/2025:10:11:33 -0700] "GET /?a=118523633001690&mod=607f0983&uri=news.php%3Fid%3D3965875-556%26name%3Dpanama+hat+cuban+black+hats HTTP/2.0" 200 20583 "-" "Mozilla/5.0 AppleWebKit/537.36 (KHTML, like Gecko; compatible; bingbot/2.0; +http://www.bing.com/bingbot.htm) Chrome/116.0.1938.76 Safari/537.36" 221 **0/221353**
40.77.167.15 - - [26/Nov/2025:10:11:36 -0700] "GET /?a=30820869081690&mod=1e2d681b&uri=form.php%3Fid%3D1031007-235%26name%3Ddetroit+lakes+laney%27s+heating+and+cooling HTTP/2.0" 200 21083 "-" "Mozilla/5.0 AppleWebKit/537.36 (KHTML, like Gecko; compatible; bingbot/2.0; +http://www.bing.com/bingbot.htm) Chrome/116.0.1938.76 Safari/537.36" 331 **0/331986**
52.167.144.190 - - [26/Nov/2025:10:11:40 -0700] "GET /product/edit/64867682031690 HTTP/2.0" 200 20310 "-" "Mozilla/5.0 AppleWebKit/537.36 (KHTML, like Gecko; compatible; bingbot/2.0; +http://www.bing.com/bingbot.htm) Chrome/116.0.1938.76 Safari/537.36" 266 **0/266527**
52.167.144.190 - - [26/Nov/2025:10:11:41 -0700] "GET /?a=64963415001690&mod=c53efb25&uri=product.php%3Fid%3D2173437-318%26name%3Dcourt+shoes+high+heels+mr+price HTTP/2.0" 200 19780 "-" "Mozilla/5.0 AppleWebKit/537.36 (KHTML, like Gecko; compatible; bingbot/2.0; +http://www.bing.com/bingbot.htm) Chrome/116.0.1938.76 Safari/537.36" 248 **0/248690**
52.167.144.185 - - [26/Nov/2025:10:11:42 -0700] "GET /?a=27528493031690&mod=a632edb2&uri=us.php%3Fid%3D920880-667%26name%3Dhardwood+classics+penny+hardaway+shirt HTTP/2.0" 200 20728 "-" "Mozilla/5.0 AppleWebKit/537.36 (KHTML, like Gecko; compatible; bingbot/2.0; +http://www.bing.com/bingbot.htm) Chrome/116.0.1938.76 Safari/537.36" 268 **0/268637**
47.82.11.71 - - [26/Nov/2025:10:11:54 -0700] "GET /?a=6438856011690&mod=7f04d9fc&uri=us.php?id%3D215365-553%26name%3Dteak+tavoli+bar+design HTTP/1.1" 200 2230 "https://www.blalockdialysiscenter.com/" "Mozilla/5.0 (Windows NT 10.0; Win64; x64) AppleWebKit/537.36 (KHTML, like Gecko) Chrome/135.0.0.0 Safari/537.36" 98 **0/98255**
40.77.167.151 - - [26/Nov/2025:10:12:00 -0700] "GET /?a=21210473001690&mod=799d3f5d&uri=dp.php%3Fid%3D709564-258%26name%3Dboho+abrigo+zara+sara+carbonero HTTP/2.0" 200 21163 "-" "Mozilla/5.0 AppleWebKit/537.36 (KHTML, like Gecko; compatible; bingbot/2.0; +http://www.bing.com/bingbot.htm) Chrome/116.0.1938.76 Safari/537.36" 272 **0/272619**
40.77.167.151 - - [26/Nov/2025:10:12:01 -0700] "GET /?a=55001374031690&mod=e3aef13f&uri=brands.php%3Fid%3D1840058-1310%26name%3Dlacoste+women%27s+round+neck+tops HTTP/2.0" 200 20778 "-" "Mozilla/5.0 AppleWebKit/537.36 (KHTML, like Gecko; compatible; bingbot/2.0; +http://www.bing.com/bingbot.htm) Chrome/116.0.1938.76 Safari/537.36" 293 **0/293219**
66.249.69.172 - - [26/Nov/2025:10:12:04 -0700] "GET /?a=110049921021690&mod=8c2c1e2e&uri=itm.php%3Fid%3D3682421-844%26name%3Dblack+dress+gown HTTP/1.1" 200 21295 "-" "Mozilla/5.0 (Linux; Android 6.0.1; Nexus 5X Build/MMB29P) AppleWebKit/537.36 (KHTML, like Gecko) Chrome/141.0.7390.122 Mobile Safari/537.36 (compatible; Googlebot/2.1; +http://www.google.com/bot.html)" 249 **0/249984**
52.167.144.169 - - [26/Nov/2025:10:12:04 -0700] "GET /?a=94213082141690&mod=0b518a25&uri=search.php%3Fid%3D3152324-102%26name%3Deson+salon+storage+trolley HTTP/2.0" 200 21457 "-" "Mozilla/5.0 AppleWebKit/537.36 (KHTML, like Gecko; compatible; bingbot/2.0; +http://www.bing.com/bingbot.htm) Chrome/116.0.1938.76 Safari/537.36" 249 **0/249372**
52.167.144.190 - - [26/Nov/2025:10:12:21 -0700] "GET /?a=4493177011690&mod=f81dee42&uri=news.php?id=150258-39&name=nefertiti%20necklace%20meaning HTTP/2.0" 200 20658 "-" "Mozilla/5.0 AppleWebKit/537.36 (KHTML, like Gecko; compatible; bingbot/2.0; +http://www.bing.com/bingbot.htm) Chrome/116.0.1938.76 Safari/537.36" 338 **0/338168**
52.167.144.142 - - [26/Nov/2025:10:12:22 -0700] "GET /?a=6102923071690&mod=b4bd0b72&uri=category-info.php?id=204126-852&name=india%20jet%20set%20travel%20chain HTTP/2.0" 200 20108 "-" "Mozilla/5.0 AppleWebKit/537.36 (KHTML, like Gecko; compatible; bingbot/2.0; +http://www.bing.com/bingbot.htm) Chrome/116.0.1938.76 Safari/537.36" 261 **0/261631**
52.167.144.142 - - [26/Nov/2025:10:12:23 -0700] "GET /?a=6021348051690&mod=fb4c4860&uri=goods.php?id=201400-40&name=large%20cane%20toy%20box HTTP/2.0" 200 21497 "-" "Mozilla/5.0 AppleWebKit/537.36 (KHTML, like Gecko; compatible; bingbot/2.0; +http://www.bing.com/bingbot.htm) Chrome/116.0.1938.76 Safari/537.36" 299 **0/299366**
52.167.144.169 - - [26/Nov/2025:10:12:25 -0700] "GET /?a=105240649081690&mod=4c26774d&uri=brands.php%3Fid%3D3521489-58%26name%3Dsagan+s+works+road+frame HTTP/2.0" 200 20751 "-" "Mozilla/5.0 AppleWebKit/537.36 (KHTML, like Gecko; compatible; bingbot/2.0; +http://www.bing.com/bingbot.htm) Chrome/116.0.1938.76 Safari/537.36" 303 **0/303207**
20.15.133.174 - - [26/Nov/2025:10:12:30 -0700] "GET /?a=19481091051690&mod=a632edb2&uri=shared.php%3Fid%3D651736-667%26name%3Dbaggy+pants+jeans+to+wear+with+jordan HTTP/2.0" 200 19948 "-" "Mozilla/5.0 AppleWebKit/537.36 (KHTML, like Gecko; compatible; bingbot/2.0; +http://www.bing.com/bingbot.htm) Chrome/116.0.1938.76 Safari/537.36" 255 **0/255670**
40.77.167.27 - - [26/Nov/2025:10:12:35 -0700] "GET /?a=64717860011690&mod=44ac09ac&uri=product.php%3Fid%3D2165225-27%26name%3Dtoys+mattel+inc+1990+hot+wheels HTTP/2.0" 200 21471 "-" "Mozilla/5.0 AppleWebKit/537.36 (KHTML, like Gecko; compatible; bingbot/2.0; +http://www.bing.com/bingbot.htm) Chrome/116.0.1938.76 Safari/537.36" 258 **0/258186**
52.167.144.169 - - [26/Nov/2025:10:12:45 -0700] "GET /?a=4937909031690&mod=1a32df83&uri=blog.php%3Fid%3D165152-81%26name%3Dryobi+sockets+for+impact+drill HTTP/2.0" 200 21781 "-" "Mozilla/5.0 AppleWebKit/537.36 (KHTML, like Gecko; compatible; bingbot/2.0; +http://www.bing.com/bingbot.htm) Chrome/116.0.1938.76 Safari/537.36" 305 **0/305041**
52.167.144.169 - - [26/Nov/2025:10:12:45 -0700] "GET /?a=30692176131690&mod=c80d4a2c&uri=search.php%3Fid%3D1026696-249%26name%3Dquartz+how+to+tell+if+a+gem+is+a+diamond HTTP/2.0" 200 19970 "-" "Mozilla/5.0 AppleWebKit/537.36 (KHTML, like Gecko; compatible; bingbot/2.0; +http://www.bing.com/bingbot.htm) Chrome/116.0.1938.76 Safari/537.36" 229 **0/229016**
52.167.144.190 - - [26/Nov/2025:10:13:13 -0700] "GET /?a=30509186041690&mod=e6e537c2&uri=products.php%3Fid%3D1020579-1064%26name%3Dabc+design+couvre+poussette+en+plastique HTTP/2.0" 200 21056 "-" "Mozilla/5.0 AppleWebKit/537.36 (KHTML, like Gecko; compatible; bingbot/2.0; +http://www.bing.com/bingbot.htm) Chrome/116.0.1938.76 Safari/537.36" 232 **0/232709**
52.167.144.142 - - [26/Nov/2025:10:13:14 -0700] "GET /?a=99822470011690&mod=b2251137&uri=product.php%3Fid%3D3340146-161%26name%3Dparmax+stone+island+uomo+maglioni HTTP/2.0" 200 20689 "-" "Mozilla/5.0 AppleWebKit/537.36 (KHTML, like Gecko; compatible; bingbot/2.0; +http://www.bing.com/bingbot.htm) Chrome/116.0.1938.76 Safari/537.36" 331 **0/331876**
40.77.167.27 - - [26/Nov/2025:10:13:17 -0700] "GET /?a=97640606091690&mod=6499e19d&uri=news.php%3Fid%3D3267064-327%26name%3Dface+mask+mens+sun+protection+hoodie HTTP/2.0" 200 20135 "-" "Mozilla/5.0 AppleWebKit/537.36 (KHTML, like Gecko; compatible; bingbot/2.0; +http://www.bing.com/bingbot.htm) Chrome/116.0.1938.76 Safari/537.36" 303 **0/303987**
20.15.133.174 - - [26/Nov/2025:10:13:21 -0700] "GET /?a=97955542051690&mod=b8d1494e&uri=shop.php%3Fid%3D3277637-813%26name%3Dbolsa+de+papa+25+kg+precio+mercado+central HTTP/2.0" 200 21086 "-" "Mozilla/5.0 AppleWebKit/537.36 (KHTML, like Gecko; compatible; bingbot/2.0; +http://www.bing.com/bingbot.htm) Chrome/116.0.1938.76 Safari/537.36" 303 **0/303738**
52.167.144.142 - - [26/Nov/2025:10:13:22 -0700] "GET /product/edit/12258900031690 HTTP/2.0" 200 21195 "-" "Mozilla/5.0 AppleWebKit/537.36 (KHTML, like Gecko; compatible; bingbot/2.0; +http://www.bing.com/bingbot.htm) Chrome/116.0.1938.76 Safari/537.36" 276 **0/276281**
40.77.167.151 - - [26/Nov/2025:10:13:23 -0700] "GET /?a=31388409041690&mod=fb3ebc9b&uri=category-info.php%3Fid%3D1049998-941%26name%3Dnavi+mumbai+saltwater+fish+aquarium+store HTTP/2.0" 200 20283 "-" "Mozilla/5.0 AppleWebKit/537.36 (KHTML, like Gecko; compatible; bingbot/2.0; +http://www.bing.com/bingbot.htm) Chrome/116.0.1938.76 Safari/537.36" 280 **0/280602**
40.77.167.27 - - [26/Nov/2025:10:13:26 -0700] "GET /?a=29577139101690&mod=160add6d&uri=article.php%3Fid%3D989410-997%26name%3Dopen+back+black+satin+wrap+skirt+backless+midi+dress HTTP/2.0" 200 21120 "-" "Mozilla/5.0 AppleWebKit/537.36 (KHTML, like Gecko; compatible; bingbot/2.0; +http://www.bing.com/bingbot.htm) Chrome/116.0.1938.76 Safari/537.36" 254 **0/254831**
66.249.72.195 - - [26/Nov/2025:10:13:27 -0700] "GET /?a=28672258051690&mod=44ac09ac&uri=us.php%3Fid%3D959162-27%26name%3Drock+crawler+price+of+rc+monster+truck HTTP/1.1" 200 21769 "-" "Mozilla/5.0 (Linux; Android 6.0.1; Nexus 5X Build/MMB29P) AppleWebKit/537.36 (KHTML, like Gecko) Chrome/141.0.7390.122 Mobile Safari/537.36 (compatible; Googlebot/2.1; +http://www.google.com/bot.html)" 301 **0/301669**
66.249.72.195 - - [26/Nov/2025:10:13:27 -0700] "GET /?a=24659840011690&mod=398024cb&uri=news.php%3Fid%3D824954-78%26name%3Denchantimals+tanzie+tiger+enchantimals+tiger+doll HTTP/1.1" 200 21121 "-" "Mozilla/5.0 (Linux; Android 6.0.1; Nexus 5X Build/MMB29P) AppleWebKit/537.36 (KHTML, like Gecko) Chrome/141.0.7390.122 Mobile Safari/537.36 (compatible; Googlebot/2.1; +http://www.google.com/bot.html)" 297 **0/297470**
66.249.72.195 - - [26/Nov/2025:10:13:34 -0700] "GET /?/css_757ed0132a844208f409fbb5067dfa2d/_drupal_sites_default_files_css_css_YLUY2usEybPXqNO15-ozAgAYsZmniqhrU6f3bp69-r4 HTTP/1.1" 200 3874 "https://www.blalockdialysiscenter.com/?a=24659840011690&mod=398024cb&uri=news.php%3Fid%3D824954-78%26name%3Denchantimals+tanzie+tiger+enchantimals+tiger+doll" "Mozilla/5.0 (Linux; Android 6.0.1; Nexus 5X Build/MMB29P) AppleWebKit/537.36 (KHTML, like Gecko) Chrome/141.0.7390.122 Mobile Safari/537.36 (compatible; Googlebot/2.1; +http://www.google.com/bot.html)" 96 **0/96030**
148.224.24.53 - - [26/Nov/2025:10:13:34 -0700] "GET /wp-admin/admin-post.php?alg_wc_pif_download_file=../../../../../wp-config.php HTTP/1.1" 403 7157 "-" "Mozilla/5.0 (Macintosh; Intel Mac OS X 14.3) AppleWebKit/614.31.14 (KHTML, like Gecko) Version/17.0.96 Safari/614.31.14" 88 **0/88834**
148.224.24.53 - - [26/Nov/2025:10:13:36 -0700] "GET /?rest_route=/wc/v3/wishlist/remove_product/1&item_id=0%20union%20select%20sleep(7)%20--%20g HTTP/1.1" 200 2554 "-" "Mozilla/5.0 (Macintosh; Intel Mac OS X 10_15_6) AppleWebKit/605.1.15 (KHTML, like Gecko) Version/15.6.7 Safari/605.1.15" 104 **0/104728**
40.77.167.15 - - [26/Nov/2025:10:13:36 -0700] "GET /?a=53967886051690&mod=44ac09ac&uri=shop.php%3Fid%3D1805454-27%26name%3Dnascar+hot+wheels+tool+case HTTP/2.0" 200 20586 "-" "Mozilla/5.0 AppleWebKit/537.36 (KHTML, like Gecko; compatible; bingbot/2.0; +http://www.bing.com/bingbot.htm) Chrome/116.0.1938.76 Safari/537.36" 300 **0/300647**
148.224.24.53 - - [26/Nov/2025:10:13:36 -0700] "GET /index.php?fc=module&module=productcomments&controller=CommentGrade&id_products%5B%5D=(select*from(select(sleep(6)))a) HTTP/1.1" 200 2554 "-" "Mozilla/5.0 (CentOS; Linux i686) AppleWebKit/537.36 (KHTML, like Gecko) Chrome/128.0.0.0 Safari/537.36" 101 **0/101813**
40.77.167.15 - - [26/Nov/2025:10:13:36 -0700] "GET /?a=102124872031690&mod=b3b6a68e&uri=search.php%3Fid%3D3417161-1170%26name%3Dedmonton+oilers+vs+stanley+cup+stream+free HTTP/2.0" 200 21420 "-" "Mozilla/5.0 AppleWebKit/537.36 (KHTML, like Gecko; compatible; bingbot/2.0; +http://www.bing.com/bingbot.htm) Chrome/116.0.1938.76 Safari/537.36" 248 **0/248699**
148.224.24.53 - - [26/Nov/2025:10:13:37 -0700] "GET /tshirtecommerce/fonts.php?name=2&type=./../index.php HTTP/1.1" 200 2554 "-" "Mozilla/5.0 (Macintosh; Intel Mac OS X 10_15) AppleWebKit/605.1.15 (KHTML, like Gecko) Version/13.0.5 Safari/605.1.15" 87 **0/87613**
148.224.24.53 - - [26/Nov/2025:10:13:38 -0700] "GET /?rest_route=/wc/store/products/collection-data&calculate_attribute_counts[0][query_type]=or&calculate_attribute_counts[0][taxonomy]=%252522%252529%252520union%252520all%252520select%2525201%25252Cconcat%252528id%25252C0x3a%25252c%252522sqli-test%252522%252529from%252520wp_users%252520where%252520%252549%252544%252520%252549%25254E%252520%2525281%252529%25253B%252500 HTTP/1.1" 200 2554 "-" "Mozilla/5.0 (Macintosh; Intel Mac OS X 10_15_7) AppleWebKit/605.1.15 (KHTML, like Gecko) Version/17.1.2 Safari/605.1.15" 95 **0/95067**
148.224.24.53 - - [26/Nov/2025:10:13:39 -0700] "GET /wp-admin/admin-ajax.php?action=admin_init&log_filename=../../../../../../../../../../../../../etc/passwd HTTP/1.1" 403 7157 "-" "Mozilla/5.0 (Macintosh; Intel Mac OS X 10_15_7) AppleWebKit/605.1.15 (KHTML, like Gecko) Version/16.0 Safari/605.1.15" 89 **0/89796**
148.224.24.53 - - [26/Nov/2025:10:13:39 -0700] "GET /module/smartblog/archive?month=1&year=1&day=1%20UNION%20ALL%20SELECT%20NULL,NULL,NULL,NULL,NULL,NULL,NULL,NULL,NULL,NULL,NULL,NULL,NULL,NULL,NULL,(SELECT%20MD5(55555)),NULL,NULL,NULL,NULL,NULL,NULL,NULL--%20- HTTP/1.1" 200 2554 "-" "Mozilla/5.0 (Windows NT 10.0; WOW64; rv:48.0) Gecko/20100101 Firefox/48.0" 97 **0/97796**
148.224.24.53 - - [26/Nov/2025:10:13:43 -0700] "GET /install/index.php HTTP/1.1" 200 2554 "-" "Mozilla/5.0 (Macintosh; Intel Mac OS X 10_15_7) AppleWebKit/605.1.15 (KHTML, like Gecko) Version/16.4 Safari/605.1.15" 85 **0/85601**
148.224.24.53 - - [26/Nov/2025:10:13:43 -0700] "POST /m/apmarketplace/passwordrecovery HTTP/1.1" 200 2554 "https://blalockdialysiscenter.com" "Mozilla/5.0 (Macintosh; Intel Mac OS X 10_15_7) AppleWebKit/605.1.15 (KHTML, like Gecko) Version/17.8 Mobile/15E148 Safari/604.1" 101 **0/101799**
148.224.24.53 - - [26/Nov/2025:10:13:44 -0700] "POST /tshirtecommerce/ajax.php?type=svg HTTP/1.1" 200 2554 "-" "Mozilla/5.0 (X11; Linux x86_64; rv:1.9.6.20) Gecko/ Firefox/3.6.17" 92 **0/92878**
148.224.24.53 - - [26/Nov/2025:10:13:44 -0700] "GET /zc_install/index.php HTTP/1.1" 200 2554 "-" "Mozilla/5.0 (Macintosh; Intel Mac OS X 10_15_7) AppleWebKit/537.36 (KHTML, like Gecko) Chrome/104.0.0.0 Safari/537.36" 98 **0/98146**
148.224.24.53 - - [26/Nov/2025:10:13:46 -0700] "GET /index.php/install/ HTTP/1.1" 200 2554 "-" "Mozilla/5.0 (Macintosh; Intel Mac OS X 10_15_7) AppleWebKit/605.1.15 (KHTML, like Gecko) Version/17.10 Safari/605.1.1" 91 **0/91974**
148.224.24.53 - - [26/Nov/2025:10:13:46 -0700] "GET /public/recovery/install/index.php HTTP/1.1" 200 2554 "-" "Mozilla/5.0 (Windows NT 10.0; Win64; x64; rv:130.0) Gecko/20100101 Firefox/130.0" 90 **0/90919**
148.224.24.53 - - [26/Nov/2025:10:13:47 -0700] "POST /upload/index.php?route=extension/payment/divido/update HTTP/1.1" 200 2554 "-" "Mozilla/5.0 (Macintosh; Intel Mac OS X 10.15; rv:124.0) Gecko/20100101 Firefox/129.0" 93 **0/93015**
148.224.24.53 - - [26/Nov/2025:10:13:47 -0700] "GET /index.php/catalogsearch/advanced/result/?name=e HTTP/1.1" 200 2554 "-" "Mozilla/5.0 (Windows NT 10.0; Win64; x64) AppleWebKit/537.36 (KHTML, like Gecko) Chrome/100.0.4896.75 Safari/537.36" 102 **0/102834**
148.224.24.53 - - [26/Nov/2025:10:13:47 -0700] "GET /module/tshirtecommerce/designer?product_id=900982561&parent_id=1;SELECT%20SLEEP(8); HTTP/1.1" 200 2554 "-" "Mozilla/5.0 (X11; Linux i686; rv:1.9.7.20) Gecko/ Firefox/9.0" 97 **0/97714**
148.224.24.53 - - [26/Nov/2025:10:13:48 -0700] "POST /wp-json/woo-aliexpress/v1/product-sku HTTP/1.1" 200 2554 "-" "Mozilla/5.0 (Macintosh; Intel Mac OS X 10_15_7) AppleWebKit/605.1.15 (KHTML, like Gecko) Version/16.2 Safari/605.1.15" 92 **0/92731**
148.224.24.53 - - [26/Nov/2025:10:13:50 -0700] "GET /var/resource_config.json HTTP/1.1" 200 2554 "-" "Mozilla/5.0 (Windows NT 10.0; Win64; x64) AppleWebKit/537.36 (KHTML, like Gecko) Chrome/100.0.4896.127 Safari/537.36" 91 **0/91461**
148.224.24.53 - - [26/Nov/2025:10:13:50 -0700] "POST /rest/V1/guest-carts/1/estimate-shipping-methods HTTP/1.1" 200 2554 "-" "Mozilla/5.0 (X11; Linux i686; rv:1.9.6.20) Gecko/ Firefox/3.8" 88 **0/88995**
52.167.144.190 - - [26/Nov/2025:10:14:02 -0700] "GET /?a=1902308011690&mod=9f0f4ce8&uri=dp.php%3Fid%3D63580-435%26name%3Dtrekking+zaino+d+max HTTP/2.0" 200 20308 "-" "Mozilla/5.0 AppleWebKit/537.36 (KHTML, like Gecko; compatible; bingbot/2.0; +http://www.bing.com/bingbot.htm) Chrome/116.0.1938.76 Safari/537.36" 244 **0/244911**
52.167.144.142 - - [26/Nov/2025:10:14:04 -0700] "GET /?a=66022013001690&mod=c233abe6&uri=product.php%3Fid%3D2208831-534%26name%3Dbabylicious+hoylake+mj+mark+ophelia+crib HTTP/2.0" 200 20209 "-" "Mozilla/5.0 AppleWebKit/537.36 (KHTML, like Gecko; compatible; bingbot/2.0; +http://www.bing.com/bingbot.htm) Chrome/116.0.1938.76 Safari/537.36" 247 **0/247453**
40.77.167.151 - - [26/Nov/2025:10:14:01 -0700] "GET /?a=106290799021690&mod=bead7746&uri=info.php%3Fid%3D3556643-470%26name%3Djose+varon+conjunto+bebe+marca HTTP/2.0" 200 21146 "-" "Mozilla/5.0 AppleWebKit/537.36 (KHTML, like Gecko; compatible; bingbot/2.0; +http://www.bing.com/bingbot.htm) Chrome/116.0.1938.76 Safari/537.36" 2591 **2/2591956**
52.167.144.142 - - [26/Nov/2025:10:14:06 -0700] "GET /?a=107181352051690&mod=c235058e&uri=itm.php%3Fid%3D3586402-809%26name%3Dbrown+new+balance+201+sneakers HTTP/2.0" 200 20048 "-" "Mozilla/5.0 AppleWebKit/537.36 (KHTML, like Gecko; compatible; bingbot/2.0; +http://www.bing.com/bingbot.htm) Chrome/116.0.1938.76 Safari/537.36" 247 **0/247497**
40.77.167.151 - - [26/Nov/2025:10:14:11 -0700] "GET /?a=20690070011690&mod=0bd776eb&uri=itm.php%3Fid%3D692156-1353%26name%3Dupf+50+sloggers+women%27s+sun+hat HTTP/2.0" 200 20186 "-" "Mozilla/5.0 AppleWebKit/537.36 (KHTML, like Gecko; compatible; bingbot/2.0; +http://www.bing.com/bingbot.htm) Chrome/116.0.1938.76 Safari/537.36" 280 **0/280554**
20.15.133.174 - - [26/Nov/2025:10:14:11 -0700] "GET /?a=64655097061690&mod=7cc5a754&uri=itm.php%3Fid%3D2163127-80%26name%3Drattan+garden+furniture+outdoor+wicker+furniture+with+fire+pit HTTP/2.0" 200 19695 "-" "Mozilla/5.0 AppleWebKit/537.36 (KHTML, like Gecko; compatible; bingbot/2.0; +http://www.bing.com/bingbot.htm) Chrome/116.0.1938.76 Safari/537.36" 249 **0/249590**
85.208.96.201 - - [26/Nov/2025:10:14:14 -0700] "GET /?a=18359235121690&mod=d558dc5a&uri=pin.php%3Fid%3D614207-653%26name%3Droyal%2Brumble%2Bwwe%2Btop%2Bsuperstars HTTP/1.1" 200 2554 "-" "Mozilla/5.0 (compatible; SemrushBot/7~bl; +http://www.semrush.com/bot.html)" 94 **0/94591**
185.191.171.5 - - [26/Nov/2025:10:14:17 -0700] "GET /?a=429244001690&mod=b3e59bce&uri=goods.php%3Fid%3D14354-165%26name%3Dbirkenstock%2Bamuvia%2Ble%2Bbirkenstock%2Bsi%2Bpossono%2Bbagnare HTTP/1.1" 200 2554 "-" "Mozilla/5.0 (compatible; SemrushBot/7~bl; +http://www.semrush.com/bot.html)" 91 **0/91705**
85.208.96.204 - - [26/Nov/2025:10:14:19 -0700] "GET /?a=95675145041690&mod=b1b47cd8&uri=article.php%3Fid%3D3201201-561%26name%3Dappletini%2Bvictoria%2Bsecret%2Bbeauty%2Brush%2Bdiscontinued HTTP/1.1" 200 2554 "-" "Mozilla/5.0 (compatible; SemrushBot/7~bl; +http://www.semrush.com/bot.html)" 94 **0/94632**
148.224.24.53 - - [26/Nov/2025:10:14:25 -0700] "GET / HTTP/1.1" 200 2554 "-" "Mozilla/5.0 (Knoppix; Linux x86_64) AppleWebKit/537.36 (KHTML, like Gecko) Chrome/141.0.0.0 Safari/537.36" 91 **0/91956**
148.224.24.53 - - [26/Nov/2025:10:14:26 -0700] "POST /modules/attributewizardpro/file_upload.php HTTP/1.1" 403 7157 "-" "Mozilla/5.0 (Kubuntu; Linux i686) AppleWebKit/537.36 (KHTML, like Gecko) Chrome/135.0.0.0 Safari/537.36" 85 **0/85696**
40.77.167.15 - - [26/Nov/2025:10:14:26 -0700] "GET /?a=6067530011690&mod=d10278e3&uri=category-info.php%3Fid%3D202942-554%26name%3Dabu+garcia+black+logo HTTP/2.0" 200 21326 "-" "Mozilla/5.0 AppleWebKit/537.36 (KHTML, like Gecko; compatible; bingbot/2.0; +http://www.bing.com/bingbot.htm) Chrome/116.0.1938.76 Safari/537.36" 252 **0/252490**
52.167.144.190 - - [26/Nov/2025:10:14:31 -0700] "GET /product/edit/93079693081690 HTTP/2.0" 200 20393 "-" "Mozilla/5.0 AppleWebKit/537.36 (KHTML, like Gecko; compatible; bingbot/2.0; +http://www.bing.com/bingbot.htm) Chrome/116.0.1938.76 Safari/537.36" 265 **0/265484**
40.77.167.151 - - [26/Nov/2025:10:14:41 -0700] "GET /?a=6019548011690&mod=77c493ec&uri=us.php?id=201340-35&name=heman%20figurine%20masters%20of%20the%20universe%20classics%20ultimates HTTP/2.0" 200 20905 "-" "Mozilla/5.0 AppleWebKit/537.36 (KHTML, like Gecko; compatible; bingbot/2.0; +http://www.bing.com/bingbot.htm) Chrome/116.0.1938.76 Safari/537.36" 434 **0/434239**
40.77.167.3 - - [26/Nov/2025:10:14:45 -0700] "GET /?a=97415760001690&mod=5e4d0656&uri=blog.php%3Fid%3D3259529-334%26name%3Dsplit+heat+ac+units+for+homes+without+ductwork HTTP/2.0" 200 21622 "-" "Mozilla/5.0 AppleWebKit/537.36 (KHTML, like Gecko; compatible; bingbot/2.0; +http://www.bing.com/bingbot.htm) Chrome/116.0.1938.76 Safari/537.36" 279 **0/279507**
148.224.24.53 - - [26/Nov/2025:10:14:49 -0700] "GET / HTTP/1.1" 200 2554 "-" "Mozilla/5.0 (X11; Linux x86_64; rv:109.0) Gecko/20100101 Firefox/117.0" 90 **0/90432**
148.224.24.53 - - [26/Nov/2025:10:14:50 -0700] "POST /modules/ndk_steppingpack/search-result.php HTTP/1.1" 200 2554 "-" "Mozilla/5.0 (Windows NT 6.2; Win64; x64) AppleWebKit/605.1.15 (KHTML, like Gecko) Version/12.1.2 Safari/605.1.15" 88 **0/88781**
148.224.24.53 - - [26/Nov/2025:10:14:52 -0700] "GET /modules/leocustomajax/leoajax.php?cat_list=(SELECT(0)FROM(SELECT(SLEEP(6)))a) HTTP/1.1" 200 2554 "-" "Mozilla/5.0 (Macintosh; Intel Mac OS X 10_15_6) AppleWebKit/605.1.15 (KHTML, like Gecko) Version/15.6.4 Safari/605.1.15" 94 **0/94740**
148.224.24.53 - - [26/Nov/2025:10:14:53 -0700] "POST /modules/ndk_steppingpack/search-result.php HTTP/1.1" 200 2554 "-" "Mozilla/5.0 (ZZ; Linux x86_64) AppleWebKit/537.36 (KHTML, like Gecko) Chrome/138.0.0.0 Safari/537.36" 95 **0/95806**
66.249.69.160 - - [26/Nov/2025:10:14:54 -0700] "GET /?a=48466337021690&mod=70e17786&uri=search.php%3Fid%3D1621367-398%26name%3Dcal%C3%A7a+sarja+bolso+faca+masculina HTTP/1.1" 200 21805 "-" "Mozilla/5.0 (Linux; Android 6.0.1; Nexus 5X Build/MMB29P) AppleWebKit/537.36 (KHTML, like Gecko) Chrome/141.0.7390.122 Mobile Safari/537.36 (compatible; Googlebot/2.1; +http://www.google.com/bot.html)" 265 **0/265586**
148.224.24.53 - - [26/Nov/2025:10:15:00 -0700] "GET /modules/simpleimportproduct/send.php?phpinfo=1 HTTP/1.1" 200 2554 "-" "Mozilla/5.0 (Macintosh; Intel Mac OS X 10_15_7) AppleWebKit/605.1.15 (KHTML, like Gecko) Version/14.1.2 Safari/605.1.15" 104 **0/104323**
148.224.24.53 - - [26/Nov/2025:10:15:01 -0700] "GET /index.php?fc=module&module=productcomments&controller=CommentGrade&id_products[]=1%20AND%20(SELECT%203875%20FROM%20(SELECT(SLEEP(8)))xoOt) HTTP/1.1" 200 2554 "-" "Mozilla/5.0 (Macintosh; Intel Mac OS X 10_14_6) AppleWebKit/605.1.15 (KHTML, like Gecko) Version/13.0.4 Safari/605.1.15" 126 **0/126000**
52.167.144.190 - - [26/Nov/2025:10:15:02 -0700] "GET /?a=119105658051690&mod=7813d159&uri=shop.php%3Fid%3D3985364-69%26name%3Dpets+at+home+groom+room HTTP/2.0" 200 21143 "-" "Mozilla/5.0 AppleWebKit/537.36 (KHTML, like Gecko; compatible; bingbot/2.0; +http://www.bing.com/bingbot.htm) Chrome/116.0.1938.76 Safari/537.36" 266 **0/266024**
148.224.24.53 - - [26/Nov/2025:10:15:03 -0700] "GET /modules/updateproducts/send.php?phpinfo=1 HTTP/1.1" 200 2554 "-" "Mozilla/5.0 (Macintosh; Intel Mac OS X 10_15_7) AppleWebKit/605.1.15 (KHTML, like Gecko) Version/15.5 Safari/605.1.15" 103 **0/103246**
148.224.24.53 - - [26/Nov/2025:10:15:04 -0700] "GET /module/productcomments/CommentGrade?id_products[]=1*if(now()=sysdate()%2Csleep(8)%2C0) HTTP/1.1" 200 2554 "-" "Mozilla/5.0 (Windows NT 10.0; Win64; x64; WOW64; rv:41.0) Gecko/20100101 Firefox/140.0 (x64 de)" 95 **0/95516**
148.224.24.53 - - [26/Nov/2025:10:15:05 -0700] "GET /module/ph_simpleblog/list?sb_category=')%20OR%20true--%20- HTTP/1.1" 200 2554 "-" "Mozilla/5.0 (SS; Linux i686) AppleWebKit/537.36 (KHTML, like Gecko) Chrome/134.0.0.0 Safari/537.36" 94 **0/94670**
148.224.24.53 - - [26/Nov/2025:10:15:05 -0700] "POST /modules/blocktestimonial/addtestimonial.php HTTP/1.1" 200 2554 "-" "Mozilla/5.0 (Macintosh; Intel Mac OS X 10_14_2) AppleWebKit/605.1.15 (KHTML, like Gecko) Version/12.0.2 Safari/605.1.15" 208 **0/208613**
40.77.167.3 - - [26/Nov/2025:10:15:05 -0700] "GET /?a=114757425011690&mod=398024cb&uri=search.php%3Fid%3D3839834-78%26name%3Dsurprise+doll+lol+bling+dolls HTTP/2.0" 200 20279 "-" "Mozilla/5.0 AppleWebKit/537.36 (KHTML, like Gecko; compatible; bingbot/2.0; +http://www.bing.com/bingbot.htm) Chrome/116.0.1938.76 Safari/537.36" 850 **0/850506**
40.77.167.27 - - [26/Nov/2025:10:15:07 -0700] "GET /?a=5850768021690&mod=8a57e2e0&uri=brands.php%3Fid%3D195700-700%26name%3Dnavy+blue+suit+and+gold+dress HTTP/2.0" 200 21784 "-" "Mozilla/5.0 AppleWebKit/537.36 (KHTML, like Gecko; compatible; bingbot/2.0; +http://www.bing.com/bingbot.htm) Chrome/116.0.1938.76 Safari/537.36" 287 **0/287462**
40.77.167.3 - - [26/Nov/2025:10:15:08 -0700] "GET /?a=1940528061690&mod=44ac09ac&uri=info.php%3Fid%3D64856-27%26name%3Dplow+john+deere+toy+implements HTTP/2.0" 200 21051 "-" "Mozilla/5.0 AppleWebKit/537.36 (KHTML, like Gecko; compatible; bingbot/2.0; +http://www.bing.com/bingbot.htm) Chrome/116.0.1938.76 Safari/537.36" 306 **0/306399**
148.224.24.53 - - [26/Nov/2025:10:15:08 -0700] "GET /upload/acbabcb.html HTTP/1.1" 200 2554 "-" "Mozilla/5.0 (Macintosh; U; Intel Mac OS X 10_5_7; de-de) AppleWebKit/525.18 (KHTML, like Gecko) Version/3.1.1 Safari/525.20" 110 **0/110300**
148.224.24.53 - - [26/Nov/2025:10:15:08 -0700] "GET /my-account/?alg_wc_ev_verify_email=eyJpZCI6MSwiY29kZSI6MH0= HTTP/1.1" 200 2554 "-" "Mozilla/5.0 (Windows NT 10.0; Win64; x64; rv:78.0) Gecko/20100101 Firefox/78.0" 102 **0/102623**
148.224.24.53 - - [26/Nov/2025:10:15:08 -0700] "GET /dev/tests/functional/credentials.xml.dist HTTP/1.1" 200 2554 "-" "Mozilla/5.0 (Macintosh; Intel Mac OS X 10.15; rv:130.0) Gecko/20100101 Firefox/130.0" 110 **0/110009**
148.224.24.53 - - [26/Nov/2025:10:15:08 -0700] "GET /module/ph_simpleblog/list?sb_category=')%20AND%20false--%20- HTTP/1.1" 200 2554 "-" "Mozilla/5.0 (Macintosh; Intel Mac OS X 10_15_7) AppleWebKit/537.36 (KHTML, like Gecko) Chrome/136.0.0.0 Safari/537.36" 119 **0/119331**
40.77.167.15 - - [26/Nov/2025:10:15:07 -0700] "GET /?a=5758449091690&mod=01cdfc28&uri=category-info.php%3Fid%3D192615-782%26name%3Dleder+weiche+lederschuhe HTTP/2.0" 200 21070 "-" "Mozilla/5.0 AppleWebKit/537.36 (KHTML, like Gecko; compatible; bingbot/2.0; +http://www.bing.com/bingbot.htm) Chrome/116.0.1938.76 Safari/537.36" 2579 **2/2579358**
148.224.24.53 - - [26/Nov/2025:10:15:11 -0700] "GET /dev/tests/functional/etc/config.xml.dist HTTP/1.1" 200 2554 "-" "Mozilla/5.0 (Windows NT 10.0; Win64; x64; rv:102.0) Gecko/20100101 Firefox/102.0" 97 **0/97178**
148.224.24.53 - - [26/Nov/2025:10:15:11 -0700] "GET /?alg_wc_ev_verify_email=eyJpZCI6MSwiY29kZSI6MH0= HTTP/1.1" 200 2554 "-" "Mozilla/5.0 (Macintosh; Intel Mac OS X 10_15_7) AppleWebKit/605.1.15 (KHTML, like Gecko) Version/16.6 Mobile/15E148 Safari/604.1" 112 **0/112205**
85.208.96.212 - - [26/Nov/2025:10:15:14 -0700] "GET /?a=80531823071690&mod=a0976903&uri=news.php%3Fid%3D2694489-1625%26name%3Dolive%2Boil%2Broyal%2Btreatment%2Bdog%2Bshampoo HTTP/1.1" 200 2554 "-" "Mozilla/5.0 (compatible; SemrushBot/7~bl; +http://www.semrush.com/bot.html)" 156 **0/156130**
40.77.167.19 - - [26/Nov/2025:10:15:16 -0700] "GET /?a=5950280021690&mod=eb9b2480&uri=shop.php?id=199025-283&name=piaggio%20vespa%20hp HTTP/2.0" 200 20985 "-" "Mozilla/5.0 AppleWebKit/537.36 (KHTML, like Gecko; compatible; bingbot/2.0; +http://www.bing.com/bingbot.htm) Chrome/116.0.1938.76 Safari/537.36" 263 **0/263126**
185.191.171.2 - - [26/Nov/2025:10:15:23 -0700] "GET /?a=118382024031690&mod=0eb43bcc&uri=goods.php%3Fid%3D3961139-1437%26name%3Dposeidon%2Bgoddess%2Bathena%2Btemple HTTP/1.1" 200 2554 "-" "Mozilla/5.0 (compatible; SemrushBot/7~bl; +http://www.semrush.com/bot.html)" 93 **0/93649**
185.191.171.8 - - [26/Nov/2025:10:15:34 -0700] "GET /?a=2547423041690&mod=982d2aa6&uri=shared.php%3Fid%3D85161-523%26name%3Dshoes%2Boutlet%2Bflower%2Bgirl%2Bglitter%2Bshoes HTTP/1.1" 200 2554 "-" "Mozilla/5.0 (compatible; SemrushBot/7~bl; +http://www.semrush.com/bot.html)" 97 **0/97966**
52.167.144.142 - - [26/Nov/2025:10:15:42 -0700] "GET /?a=42772689141690&mod=36fa774e&uri=us.php%3Fid%3D1430869-471%26name%3D860+qvo+ssd+samsung+860+evo+vs+wd+blue HTTP/2.0" 200 21115 "-" "Mozilla/5.0 AppleWebKit/537.36 (KHTML, like Gecko; compatible; bingbot/2.0; +http://www.bing.com/bingbot.htm) Chrome/116.0.1938.76 Safari/537.36" 268 **0/268366**
52.167.144.142 - - [26/Nov/2025:10:15:43 -0700] "GET /?a=78164506041690&mod=2c95f8f0&uri=category-info.php%3Fid%3D2615256-1188%26name%3Dremington+ceramic+hair+styler HTTP/2.0" 200 20517 "-" "Mozilla/5.0 AppleWebKit/537.36 (KHTML, like Gecko; compatible; bingbot/2.0; +http://www.bing.com/bingbot.htm) Chrome/116.0.1938.76 Safari/537.36" 243 **0/243081**
52.167.144.142 - - [26/Nov/2025:10:15:44 -0700] "GET /?a=68464947041690&mod=20337d9c&uri=article.php%3Fid%3D2290562-114%26name%3Dsuper+campeones+captain+tsubasa+prime HTTP/2.0" 200 21003 "-" "Mozilla/5.0 AppleWebKit/537.36 (KHTML, like Gecko; compatible; bingbot/2.0; +http://www.bing.com/bingbot.htm) Chrome/116.0.1938.76 Safari/537.36" 287 **0/287606**
52.167.144.142 - - [26/Nov/2025:10:15:45 -0700] "GET /?a=113654237011690&mod=d7cbbc7d&uri=us.php%3Fid%3D3802926-171%26name%3Dhuf+felix+the+cat HTTP/2.0" 200 20389 "-" "Mozilla/5.0 AppleWebKit/537.36 (KHTML, like Gecko; compatible; bingbot/2.0; +http://www.bing.com/bingbot.htm) Chrome/116.0.1938.76 Safari/537.36" 280 **0/280444**
47.128.40.92 - - [26/Nov/2025:10:15:47 -0700] "GET /?a=6515615101690&mod=fb4c4860&uri=article.php%3Fid%3D217933-40%26name%3Dexclusive+mushu+pop+vinyl HTTP/2.0" 403 2016 "-" "Mozilla/5.0 (Linux; Android 5.0) AppleWebKit/537.36 (KHTML, like Gecko) Mobile Safari/537.36 (compatible; Bytespider; spider-feedback@bytedance.com)" 98 **0/98117**
47.128.40.92 - - [26/Nov/2025:10:15:48 -0700] "GET /assets/css/owl.carousel.min.css HTTP/2.0" 403 2016 "https://blalockdialysiscenter.com/?a=6515615101690&mod=fb4c4860&uri=article.php%3Fid%3D217933-40%26name%3Dexclusive+mushu+pop+vinyl" "Mozilla/5.0 (Linux; Android 5.0) AppleWebKit/537.36 (KHTML, like Gecko) Mobile Safari/537.36 (compatible; Bytespider; spider-feedback@bytedance.com)" 94 **0/94626**
40.77.167.27 - - [26/Nov/2025:10:15:48 -0700] "GET /?a=114516358121690&mod=2c61f304&uri=shared.php%3Fid%3D3831766-305%26name%3Dl+shaped+diy+patio+sectional HTTP/2.0" 200 20339 "-" "Mozilla/5.0 AppleWebKit/537.36 (KHTML, like Gecko; compatible; bingbot/2.0; +http://www.bing.com/bingbot.htm) Chrome/116.0.1938.76 Safari/537.36" 248 **0/248397**
47.128.40.92 - - [26/Nov/2025:10:15:48 -0700] "GET /assets/css/owl.theme.default.min.css HTTP/2.0" 403 2016 "https://blalockdialysiscenter.com/?a=6515615101690&mod=fb4c4860&uri=article.php%3Fid%3D217933-40%26name%3Dexclusive+mushu+pop+vinyl" "Mozilla/5.0 (Linux; Android 5.0) AppleWebKit/537.36 (KHTML, like Gecko) Mobile Safari/537.36 (compatible; Bytespider; spider-feedback@bytedance.com)" 106 **0/106466**
47.128.40.92 - - [26/Nov/2025:10:15:48 -0700] "GET /assets/css/meanmenu.css HTTP/2.0" 403 2016 "https://blalockdialysiscenter.com/?a=6515615101690&mod=fb4c4860&uri=article.php%3Fid%3D217933-40%26name%3Dexclusive+mushu+pop+vinyl" "Mozilla/5.0 (Linux; Android 5.0) AppleWebKit/537.36 (KHTML, like Gecko) Mobile Safari/537.36 (compatible; Bytespider; spider-feedback@bytedance.com)" 107 **0/107159**
47.128.40.92 - - [26/Nov/2025:10:15:48 -0700] "GET /assets/css/bootstrap.min.css HTTP/2.0" 403 2016 "https://blalockdialysiscenter.com/?a=6515615101690&mod=fb4c4860&uri=article.php%3Fid%3D217933-40%26name%3Dexclusive+mushu+pop+vinyl" "Mozilla/5.0 (Linux; Android 5.0) AppleWebKit/537.36 (KHTML, like Gecko) Mobile Safari/537.36 (compatible; Bytespider; spider-feedback@bytedance.com)" 114 **0/114461**
47.128.40.92 - - [26/Nov/2025:10:15:48 -0700] "GET /assets/css/icofont.min.css HTTP/2.0" 403 2016 "https://blalockdialysiscenter.com/?a=6515615101690&mod=fb4c4860&uri=article.php%3Fid%3D217933-40%26name%3Dexclusive+mushu+pop+vinyl" "Mozilla/5.0 (Linux; Android 5.0) AppleWebKit/537.36 (KHTML, like Gecko) Mobile Safari/537.36 (compatible; Bytespider; spider-feedback@bytedance.com)" 122 **0/122255**
47.128.40.92 - - [26/Nov/2025:10:15:48 -0700] "GET /assets/css/slick.min.css HTTP/2.0" 403 2016 "https://blalockdialysiscenter.com/?a=6515615101690&mod=fb4c4860&uri=article.php%3Fid%3D217933-40%26name%3Dexclusive+mushu+pop+vinyl" "Mozilla/5.0 (Linux; Android 5.0) AppleWebKit/537.36 (KHTML, like Gecko) Mobile Safari/537.36 (compatible; Bytespider; spider-feedback@bytedance.com)" 126 **0/126223**
47.128.40.92 - - [26/Nov/2025:10:15:48 -0700] "GET /assets/css/animate.css HTTP/2.0" 403 2016 "https://blalockdialysiscenter.com/?a=6515615101690&mod=fb4c4860&uri=article.php%3Fid%3D217933-40%26name%3Dexclusive+mushu+pop+vinyl" "Mozilla/5.0 (Linux; Android 5.0) AppleWebKit/537.36 (KHTML, like Gecko) Mobile Safari/537.36 (compatible; Bytespider; spider-feedback@bytedance.com)" 132 **0/132909**
47.128.40.92 - - [26/Nov/2025:10:15:48 -0700] "GET /assets/css/responsive.css HTTP/2.0" 403 2016 "https://blalockdialysiscenter.com/?a=6515615101690&mod=fb4c4860&uri=article.php%3Fid%3D217933-40%26name%3Dexclusive+mushu+pop+vinyl" "Mozilla/5.0 (Linux; Android 5.0) AppleWebKit/537.36 (KHTML, like Gecko) Mobile Safari/537.36 (compatible; Bytespider; spider-feedback@bytedance.com)" 134 **0/134415**
47.128.40.92 - - [26/Nov/2025:10:15:48 -0700] "GET /assets/css/magnific-popup.min.css HTTP/2.0" 403 2016 "https://blalockdialysiscenter.com/?a=6515615101690&mod=fb4c4860&uri=article.php%3Fid%3D217933-40%26name%3Dexclusive+mushu+pop+vinyl" "Mozilla/5.0 (Linux; Android 5.0) AppleWebKit/537.36 (KHTML, like Gecko) Mobile Safari/537.36 (compatible; Bytespider; spider-feedback@bytedance.com)" 143 **0/143736**
47.128.40.92 - - [26/Nov/2025:10:15:48 -0700] "GET /assets/css/odometer.min.css HTTP/2.0" 403 2016 "https://blalockdialysiscenter.com/?a=6515615101690&mod=fb4c4860&uri=article.php%3Fid%3D217933-40%26name%3Dexclusive+mushu+pop+vinyl" "Mozilla/5.0 (Linux; Android 5.0) AppleWebKit/537.36 (KHTML, like Gecko) Mobile Safari/537.36 (compatible; Bytespider; spider-feedback@bytedance.com)" 148 **0/148509**
47.128.40.92 - - [26/Nov/2025:10:15:48 -0700] "GET /assets/css/style.css HTTP/2.0" 403 2016 "https://blalockdialysiscenter.com/?a=6515615101690&mod=fb4c4860&uri=article.php%3Fid%3D217933-40%26name%3Dexclusive+mushu+pop+vinyl" "Mozilla/5.0 (Linux; Android 5.0) AppleWebKit/537.36 (KHTML, like Gecko) Mobile Safari/537.36 (compatible; Bytespider; spider-feedback@bytedance.com)" 185 **0/185377**
