47.128.45.198 - - [26/Nov/2025:07:14:00 -0700] "GET /product/edit/119527032031690 HTTP/2.0" 403 2016 "-" "Mozilla/5.0 (Linux; Android 5.0) AppleWebKit/537.36 (KHTML, like Gecko) Mobile Safari/537.36 (compatible; Bytespider; spider-feedback@bytedance.com)" 103 **0/103836**
47.128.109.71 - - [26/Nov/2025:07:14:01 -0700] "GET /assets/css/owl.carousel.min.css HTTP/2.0" 403 2016 "https://www.blalockdialysiscenter.com/?a=6213255021690&mod=14d2bc47&uri=brands.php%3Fid%3D207821-148%26name%3Dt%C3%AAnis+casual+tenis+asics+masculino+baixo" "Mozilla/5.0 (Linux; Android 5.0) AppleWebKit/537.36 (KHTML, like Gecko) Mobile Safari/537.36 (compatible; Bytespider; spider-feedback@bytedance.com)" 93 **0/93391**
40.77.167.149 - - [26/Nov/2025:07:14:00 -0700] "GET /?a=101247844011690&mod=06138bc5&uri=shared.php%3Fid%3D3387822-2%26name%3Dchristmas+pajamas+korean+matching+pajamas HTTP/2.0" 200 20908 "-" "Mozilla/5.0 AppleWebKit/537.36 (KHTML, like Gecko; compatible; bingbot/2.0; +http://www.bing.com/bingbot.htm) Chrome/116.0.1938.76 Safari/537.36" 258 **0/258149**
47.128.45.198 - - [26/Nov/2025:07:14:01 -0700] "GET /product/edit/assets/css/owl.carousel.min.css HTTP/2.0" 403 2016 "https://www.blalockdialysiscenter.com/product/edit/119527032031690" "Mozilla/5.0 (Linux; Android 5.0) AppleWebKit/537.36 (KHTML, like Gecko) Mobile Safari/537.36 (compatible; Bytespider; spider-feedback@bytedance.com)" 93 **0/93858**
47.128.109.71 - - [26/Nov/2025:07:14:01 -0700] "GET /assets/css/bootstrap.min.css HTTP/2.0" 403 2016 "https://www.blalockdialysiscenter.com/?a=6213255021690&mod=14d2bc47&uri=brands.php%3Fid%3D207821-148%26name%3Dt%C3%AAnis+casual+tenis+asics+masculino+baixo" "Mozilla/5.0 (Linux; Android 5.0) AppleWebKit/537.36 (KHTML, like Gecko) Mobile Safari/537.36 (compatible; Bytespider; spider-feedback@bytedance.com)" 114 **0/114946**
47.128.109.71 - - [26/Nov/2025:07:14:01 -0700] "GET /assets/css/owl.theme.default.min.css HTTP/2.0" 403 2016 "https://www.blalockdialysiscenter.com/?a=6213255021690&mod=14d2bc47&uri=brands.php%3Fid%3D207821-148%26name%3Dt%C3%AAnis+casual+tenis+asics+masculino+baixo" "Mozilla/5.0 (Linux; Android 5.0) AppleWebKit/537.36 (KHTML, like Gecko) Mobile Safari/537.36 (compatible; Bytespider; spider-feedback@bytedance.com)" 151 **0/151839**
47.128.109.71 - - [26/Nov/2025:07:14:01 -0700] "GET /assets/css/slick.min.css HTTP/2.0" 403 2016 "https://www.blalockdialysiscenter.com/?a=6213255021690&mod=14d2bc47&uri=brands.php%3Fid%3D207821-148%26name%3Dt%C3%AAnis+casual+tenis+asics+masculino+baixo" "Mozilla/5.0 (Linux; Android 5.0) AppleWebKit/537.36 (KHTML, like Gecko) Mobile Safari/537.36 (compatible; Bytespider; spider-feedback@bytedance.com)" 152 **0/152640**
47.128.109.71 - - [26/Nov/2025:07:14:01 -0700] "GET /assets/css/responsive.css HTTP/2.0" 403 2016 "https://www.blalockdialysiscenter.com/?a=6213255021690&mod=14d2bc47&uri=brands.php%3Fid%3D207821-148%26name%3Dt%C3%AAnis+casual+tenis+asics+masculino+baixo" "Mozilla/5.0 (Linux; Android 5.0) AppleWebKit/537.36 (KHTML, like Gecko) Mobile Safari/537.36 (compatible; Bytespider; spider-feedback@bytedance.com)" 155 **0/155501**
47.128.109.71 - - [26/Nov/2025:07:14:01 -0700] "GET /assets/css/icofont.min.css HTTP/2.0" 403 2016 "https://www.blalockdialysiscenter.com/?a=6213255021690&mod=14d2bc47&uri=brands.php%3Fid%3D207821-148%26name%3Dt%C3%AAnis+casual+tenis+asics+masculino+baixo" "Mozilla/5.0 (Linux; Android 5.0) AppleWebKit/537.36 (KHTML, like Gecko) Mobile Safari/537.36 (compatible; Bytespider; spider-feedback@bytedance.com)" 205 **0/205317**
47.128.109.71 - - [26/Nov/2025:07:14:01 -0700] "GET /assets/css/slick-theme.min.css HTTP/2.0" 403 2016 "https://www.blalockdialysiscenter.com/?a=6213255021690&mod=14d2bc47&uri=brands.php%3Fid%3D207821-148%26name%3Dt%C3%AAnis+casual+tenis+asics+masculino+baixo" "Mozilla/5.0 (Linux; Android 5.0) AppleWebKit/537.36 (KHTML, like Gecko) Mobile Safari/537.36 (compatible; Bytespider; spider-feedback@bytedance.com)" 208 **0/208047**
47.128.45.198 - - [26/Nov/2025:07:14:01 -0700] "GET /product/edit/assets/css/bootstrap.min.css HTTP/2.0" 403 2016 "https://www.blalockdialysiscenter.com/product/edit/119527032031690" "Mozilla/5.0 (Linux; Android 5.0) AppleWebKit/537.36 (KHTML, like Gecko) Mobile Safari/537.36 (compatible; Bytespider; spider-feedback@bytedance.com)" 126 **0/126333**
47.128.109.71 - - [26/Nov/2025:07:14:01 -0700] "GET /assets/css/style.css HTTP/2.0" 403 2016 "https://www.blalockdialysiscenter.com/?a=6213255021690&mod=14d2bc47&uri=brands.php%3Fid%3D207821-148%26name%3Dt%C3%AAnis+casual+tenis+asics+masculino+baixo" "Mozilla/5.0 (Linux; Android 5.0) AppleWebKit/537.36 (KHTML, like Gecko) Mobile Safari/537.36 (compatible; Bytespider; spider-feedback@bytedance.com)" 222 **0/222176**
47.128.109.71 - - [26/Nov/2025:07:14:01 -0700] "GET /assets/css/animate.css HTTP/2.0" 403 2016 "https://www.blalockdialysiscenter.com/?a=6213255021690&mod=14d2bc47&uri=brands.php%3Fid%3D207821-148%26name%3Dt%C3%AAnis+casual+tenis+asics+masculino+baixo" "Mozilla/5.0 (Linux; Android 5.0) AppleWebKit/537.36 (KHTML, like Gecko) Mobile Safari/537.36 (compatible; Bytespider; spider-feedback@bytedance.com)" 229 **0/229612**
47.128.45.198 - - [26/Nov/2025:07:14:01 -0700] "GET /product/edit/assets/css/meanmenu.css HTTP/2.0" 403 2016 "https://www.blalockdialysiscenter.com/product/edit/119527032031690" "Mozilla/5.0 (Linux; Android 5.0) AppleWebKit/537.36 (KHTML, like Gecko) Mobile Safari/537.36 (compatible; Bytespider; spider-feedback@bytedance.com)" 140 **0/140840**
47.128.109.71 - - [26/Nov/2025:07:14:01 -0700] "GET /assets/css/odometer.min.css HTTP/2.0" 403 2016 "https://www.blalockdialysiscenter.com/?a=6213255021690&mod=14d2bc47&uri=brands.php%3Fid%3D207821-148%26name%3Dt%C3%AAnis+casual+tenis+asics+masculino+baixo" "Mozilla/5.0 (Linux; Android 5.0) AppleWebKit/537.36 (KHTML, like Gecko) Mobile Safari/537.36 (compatible; Bytespider; spider-feedback@bytedance.com)" 250 **0/250824**
47.128.109.71 - - [26/Nov/2025:07:14:01 -0700] "GET /assets/css/meanmenu.css HTTP/2.0" 403 2016 "https://www.blalockdialysiscenter.com/?a=6213255021690&mod=14d2bc47&uri=brands.php%3Fid%3D207821-148%26name%3Dt%C3%AAnis+casual+tenis+asics+masculino+baixo" "Mozilla/5.0 (Linux; Android 5.0) AppleWebKit/537.36 (KHTML, like Gecko) Mobile Safari/537.36 (compatible; Bytespider; spider-feedback@bytedance.com)" 259 **0/259404**
47.128.45.198 - - [26/Nov/2025:07:14:01 -0700] "GET /product/edit/assets/css/slick.min.css HTTP/2.0" 403 2016 "https://www.blalockdialysiscenter.com/product/edit/119527032031690" "Mozilla/5.0 (Linux; Android 5.0) AppleWebKit/537.36 (KHTML, like Gecko) Mobile Safari/537.36 (compatible; Bytespider; spider-feedback@bytedance.com)" 167 **0/167425**
47.128.45.198 - - [26/Nov/2025:07:14:01 -0700] "GET /product/edit/assets/css/icofont.min.css HTTP/2.0" 403 2016 "https://www.blalockdialysiscenter.com/product/edit/119527032031690" "Mozilla/5.0 (Linux; Android 5.0) AppleWebKit/537.36 (KHTML, like Gecko) Mobile Safari/537.36 (compatible; Bytespider; spider-feedback@bytedance.com)" 188 **0/188352**
47.128.109.71 - - [26/Nov/2025:07:14:01 -0700] "GET /assets/css/magnific-popup.min.css HTTP/2.0" 403 2016 "https://www.blalockdialysiscenter.com/?a=6213255021690&mod=14d2bc47&uri=brands.php%3Fid%3D207821-148%26name%3Dt%C3%AAnis+casual+tenis+asics+masculino+baixo" "Mozilla/5.0 (Linux; Android 5.0) AppleWebKit/537.36 (KHTML, like Gecko) Mobile Safari/537.36 (compatible; Bytespider; spider-feedback@bytedance.com)" 285 **0/285963**
47.128.45.198 - - [26/Nov/2025:07:14:01 -0700] "GET /product/edit/assets/css/slick-theme.min.css HTTP/2.0" 403 2016 "https://www.blalockdialysiscenter.com/product/edit/119527032031690" "Mozilla/5.0 (Linux; Android 5.0) AppleWebKit/537.36 (KHTML, like Gecko) Mobile Safari/537.36 (compatible; Bytespider; spider-feedback@bytedance.com)" 199 **0/199973**
47.128.45.198 - - [26/Nov/2025:07:14:01 -0700] "GET /product/edit/assets/css/owl.theme.default.min.css HTTP/2.0" 403 2016 "https://www.blalockdialysiscenter.com/product/edit/119527032031690" "Mozilla/5.0 (Linux; Android 5.0) AppleWebKit/537.36 (KHTML, like Gecko) Mobile Safari/537.36 (compatible; Bytespider; spider-feedback@bytedance.com)" 211 **0/211519**
47.128.45.198 - - [26/Nov/2025:07:14:01 -0700] "GET /product/edit/assets/css/magnific-popup.min.css HTTP/2.0" 403 2016 "https://www.blalockdialysiscenter.com/product/edit/119527032031690" "Mozilla/5.0 (Linux; Android 5.0) AppleWebKit/537.36 (KHTML, like Gecko) Mobile Safari/537.36 (compatible; Bytespider; spider-feedback@bytedance.com)" 215 **0/215046**
47.128.45.198 - - [26/Nov/2025:07:14:01 -0700] "GET /product/edit/assets/css/odometer.min.css HTTP/2.0" 403 2016 "https://www.blalockdialysiscenter.com/product/edit/119527032031690" "Mozilla/5.0 (Linux; Android 5.0) AppleWebKit/537.36 (KHTML, like Gecko) Mobile Safari/537.36 (compatible; Bytespider; spider-feedback@bytedance.com)" 117 **0/117843**
47.128.45.198 - - [26/Nov/2025:07:14:01 -0700] "GET /product/edit/assets/css/animate.css HTTP/2.0" 403 2016 "https://www.blalockdialysiscenter.com/product/edit/119527032031690" "Mozilla/5.0 (Linux; Android 5.0) AppleWebKit/537.36 (KHTML, like Gecko) Mobile Safari/537.36 (compatible; Bytespider; spider-feedback@bytedance.com)" 143 **0/143583**
47.128.45.198 - - [26/Nov/2025:07:14:01 -0700] "GET /product/edit/assets/css/responsive.css HTTP/2.0" 403 2016 "https://www.blalockdialysiscenter.com/product/edit/119527032031690" "Mozilla/5.0 (Linux; Android 5.0) AppleWebKit/537.36 (KHTML, like Gecko) Mobile Safari/537.36 (compatible; Bytespider; spider-feedback@bytedance.com)" 199 **0/199337**
47.128.45.198 - - [26/Nov/2025:07:14:01 -0700] "GET /product/edit/assets/css/style.css HTTP/2.0" 403 2016 "https://www.blalockdialysiscenter.com/product/edit/119527032031690" "Mozilla/5.0 (Linux; Android 5.0) AppleWebKit/537.36 (KHTML, like Gecko) Mobile Safari/537.36 (compatible; Bytespider; spider-feedback@bytedance.com)" 201 **0/201770**
47.128.109.71 - - [26/Nov/2025:07:14:01 -0700] "GET /admin/upload/banner_image/1653491564_1.jpg HTTP/2.0" 403 7157 "https://www.blalockdialysiscenter.com/?a=6213255021690&mod=14d2bc47&uri=brands.php%3Fid%3D207821-148%26name%3Dt%C3%AAnis+casual+tenis+asics+masculino+baixo" "Mozilla/5.0 (Linux; Android 5.0) AppleWebKit/537.36 (KHTML, like Gecko) Mobile Safari/537.36 (compatible; Bytespider; spider-feedback@bytedance.com)" 117 **0/117279**
47.128.109.71 - - [26/Nov/2025:07:14:02 -0700] "GET /assets/img/logo_new.jpg HTTP/2.0" 403 7157 "https://www.blalockdialysiscenter.com/?a=6213255021690&mod=14d2bc47&uri=brands.php%3Fid%3D207821-148%26name%3Dt%C3%AAnis+casual+tenis+asics+masculino+baixo" "Mozilla/5.0 (Linux; Android 5.0) AppleWebKit/537.36 (KHTML, like Gecko) Mobile Safari/537.36 (compatible; Bytespider; spider-feedback@bytedance.com)" 108 **0/108923**
47.128.109.71 - - [26/Nov/2025:07:14:02 -0700] "GET /admin/upload/banner_image/1653491592_3.jpg HTTP/2.0" 403 7157 "https://www.blalockdialysiscenter.com/?a=6213255021690&mod=14d2bc47&uri=brands.php%3Fid%3D207821-148%26name%3Dt%C3%AAnis+casual+tenis+asics+masculino+baixo" "Mozilla/5.0 (Linux; Android 5.0) AppleWebKit/537.36 (KHTML, like Gecko) Mobile Safari/537.36 (compatible; Bytespider; spider-feedback@bytedance.com)" 151 **0/151219**
47.128.109.71 - - [26/Nov/2025:07:14:02 -0700] "GET /admin/upload/banner_image/1653491580_2.jpg HTTP/2.0" 403 7157 "https://www.blalockdialysiscenter.com/?a=6213255021690&mod=14d2bc47&uri=brands.php%3Fid%3D207821-148%26name%3Dt%C3%AAnis+casual+tenis+asics+masculino+baixo" "Mozilla/5.0 (Linux; Android 5.0) AppleWebKit/537.36 (KHTML, like Gecko) Mobile Safari/537.36 (compatible; Bytespider; spider-feedback@bytedance.com)" 153 **0/153530**
47.128.45.198 - - [26/Nov/2025:07:14:02 -0700] "GET /product/edit/admin/upload/banner_image/1653491564_1.jpg HTTP/2.0" 403 7157 "https://www.blalockdialysiscenter.com/product/edit/119527032031690" "Mozilla/5.0 (Linux; Android 5.0) AppleWebKit/537.36 (KHTML, like Gecko) Mobile Safari/537.36 (compatible; Bytespider; spider-feedback@bytedance.com)" 150 **0/150781**
47.128.109.71 - - [26/Nov/2025:07:14:02 -0700] "GET /assets/img/btn-portal.png HTTP/2.0" 403 7157 "https://www.blalockdialysiscenter.com/?a=6213255021690&mod=14d2bc47&uri=brands.php%3Fid%3D207821-148%26name%3Dt%C3%AAnis+casual+tenis+asics+masculino+baixo" "Mozilla/5.0 (Linux; Android 5.0) AppleWebKit/537.36 (KHTML, like Gecko) Mobile Safari/537.36 (compatible; Bytespider; spider-feedback@bytedance.com)" 180 **0/180552**
47.128.109.71 - - [26/Nov/2025:07:14:02 -0700] "GET /admin/upload/banner_image/1760478706_ooo.php HTTP/2.0" 403 7157 "https://www.blalockdialysiscenter.com/?a=6213255021690&mod=14d2bc47&uri=brands.php%3Fid%3D207821-148%26name%3Dt%C3%AAnis+casual+tenis+asics+masculino+baixo" "Mozilla/5.0 (Linux; Android 5.0) AppleWebKit/537.36 (KHTML, like Gecko) Mobile Safari/537.36 (compatible; Bytespider; spider-feedback@bytedance.com)" 188 **0/188863**
47.128.45.198 - - [26/Nov/2025:07:14:02 -0700] "GET /product/edit/assets/img/logo_new.jpg HTTP/2.0" 403 7157 "https://www.blalockdialysiscenter.com/product/edit/119527032031690" "Mozilla/5.0 (Linux; Android 5.0) AppleWebKit/537.36 (KHTML, like Gecko) Mobile Safari/537.36 (compatible; Bytespider; spider-feedback@bytedance.com)" 140 **0/140066**
47.128.45.198 - - [26/Nov/2025:07:14:02 -0700] "GET /product/edit/admin/upload/banner_image/1653491580_2.jpg HTTP/2.0" 403 7157 "https://www.blalockdialysiscenter.com/product/edit/119527032031690" "Mozilla/5.0 (Linux; Android 5.0) AppleWebKit/537.36 (KHTML, like Gecko) Mobile Safari/537.36 (compatible; Bytespider; spider-feedback@bytedance.com)" 144 **0/144226**
47.128.45.198 - - [26/Nov/2025:07:14:02 -0700] "GET /product/edit/assets/img/btn-portal.png HTTP/2.0" 403 7157 "https://www.blalockdialysiscenter.com/product/edit/119527032031690" "Mozilla/5.0 (Linux; Android 5.0) AppleWebKit/537.36 (KHTML, like Gecko) Mobile Safari/537.36 (compatible; Bytespider; spider-feedback@bytedance.com)" 168 **0/168381**
47.128.45.198 - - [26/Nov/2025:07:14:02 -0700] "GET /product/edit/admin/upload/banner_image/1760478706_ooo.php HTTP/2.0" 403 7157 "https://www.blalockdialysiscenter.com/product/edit/119527032031690" "Mozilla/5.0 (Linux; Android 5.0) AppleWebKit/537.36 (KHTML, like Gecko) Mobile Safari/537.36 (compatible; Bytespider; spider-feedback@bytedance.com)" 182 **0/182091**
47.128.45.198 - - [26/Nov/2025:07:14:02 -0700] "GET /product/edit/admin/upload/banner_image/1653491592_3.jpg HTTP/2.0" 403 7157 "https://www.blalockdialysiscenter.com/product/edit/119527032031690" "Mozilla/5.0 (Linux; Android 5.0) AppleWebKit/537.36 (KHTML, like Gecko) Mobile Safari/537.36 (compatible; Bytespider; spider-feedback@bytedance.com)" 207 **0/207028**
52.167.144.169 - - [26/Nov/2025:07:14:17 -0700] "GET /?a=30288975071690&mod=13a0e2e9&uri=goods.php%3Fid%3D1013216-311%26name%3Dfounders+edition+nvidia+gtx+1040 HTTP/2.0" 200 20424 "-" "Mozilla/5.0 AppleWebKit/537.36 (KHTML, like Gecko; compatible; bingbot/2.0; +http://www.bing.com/bingbot.htm) Chrome/116.0.1938.76 Safari/537.36" 243 **0/243523**
52.167.144.169 - - [26/Nov/2025:07:14:17 -0700] "GET /?a=114676096011690&mod=0545eaa6&uri=brands.php%3Fid%3D3837118-1425%26name%3Dpronovias+mikado+pronovias+negozi HTTP/2.0" 200 20311 "-" "Mozilla/5.0 AppleWebKit/537.36 (KHTML, like Gecko; compatible; bingbot/2.0; +http://www.bing.com/bingbot.htm) Chrome/116.0.1938.76 Safari/537.36" 277 **0/277186**
20.15.133.163 - - [26/Nov/2025:07:14:23 -0700] "GET /?a=23023271071690&mod=0c74b7f7&uri=shop.php%3Fid%3D770186-3%26name%3Dgym+chest+day+workout+for+mass HTTP/2.0" 200 20759 "-" "Mozilla/5.0 AppleWebKit/537.36 (KHTML, like Gecko; compatible; bingbot/2.0; +http://www.bing.com/bingbot.htm) Chrome/116.0.1938.76 Safari/537.36" 287 **0/287573**
20.15.133.174 - - [26/Nov/2025:07:14:24 -0700] "GET /?a=119221131001690&mod=9987439b&uri=article.php%3Fid%3D3989223-370%26name%3Darlo+cameras+arlo+pro+at+best+buy HTTP/2.0" 200 21103 "-" "Mozilla/5.0 AppleWebKit/537.36 (KHTML, like Gecko; compatible; bingbot/2.0; +http://www.bing.com/bingbot.htm) Chrome/116.0.1938.76 Safari/537.36" 295 **0/295509**
40.77.167.37 - - [26/Nov/2025:07:14:34 -0700] "GET /?a=19522452101690&mod=293d4b30&uri=article.php%3Fid%3D653116-962%26name%3Dalisado+permanente+lisse+de+loquay HTTP/2.0" 200 20986 "-" "Mozilla/5.0 AppleWebKit/537.36 (KHTML, like Gecko; compatible; bingbot/2.0; +http://www.bing.com/bingbot.htm) Chrome/116.0.1938.76 Safari/537.36" 300 **0/300118**
40.77.167.235 - - [26/Nov/2025:07:14:34 -0700] "GET /?a=23413495051690&mod=eb9b2480&uri=news.php%3Fid%3D783232-283%26name%3Dyamaha+xmax+300+x+max+125+2021+prezzo HTTP/2.0" 200 21699 "-" "Mozilla/5.0 AppleWebKit/537.36 (KHTML, like Gecko; compatible; bingbot/2.0; +http://www.bing.com/bingbot.htm) Chrome/116.0.1938.76 Safari/537.36" 321 **0/321653**
40.77.167.17 - - [26/Nov/2025:07:14:35 -0700] "GET /?a=6651195001690&mod=86f3d427&uri=itm.php%3Fid%3D222464-879%26name%3Dethiopian+rough+green+opal HTTP/2.0" 200 20445 "-" "Mozilla/5.0 AppleWebKit/537.36 (KHTML, like Gecko; compatible; bingbot/2.0; +http://www.bing.com/bingbot.htm) Chrome/116.0.1938.76 Safari/537.36" 252 **0/252606**
40.77.167.235 - - [26/Nov/2025:07:14:35 -0700] "GET /?a=2076099031690&mod=8158fa3e&uri=us.php%3Fid%3D69384-322%26name%3Dspecialized+aluminum+mountain+bike HTTP/2.0" 200 20383 "-" "Mozilla/5.0 AppleWebKit/537.36 (KHTML, like Gecko; compatible; bingbot/2.0; +http://www.bing.com/bingbot.htm) Chrome/116.0.1938.76 Safari/537.36" 305 **0/305014**
40.77.167.17 - - [26/Nov/2025:07:14:46 -0700] "GET /?a=68172722071690&mod=cc9163e9&uri=search.php%3Fid%3D2280792-1084%26name%3Dh+and+m+shearling+jacket HTTP/2.0" 200 21499 "-" "Mozilla/5.0 AppleWebKit/537.36 (KHTML, like Gecko; compatible; bingbot/2.0; +http://www.bing.com/bingbot.htm) Chrome/116.0.1938.76 Safari/537.36" 270 **0/270181**
185.191.171.8 - - [26/Nov/2025:07:14:55 -0700] "GET /?a=24407689011690&mod=e5e71338&uri=itm.php%3Fid%3D816511-849%26name%3Drayas%2Bverticales%2Bropa%2Bde%2Brayas%2Bpara%2Bgorditas HTTP/1.1" 200 2554 "-" "Mozilla/5.0 (compatible; SemrushBot/7~bl; +http://www.semrush.com/bot.html)" 87 **0/87931**
185.191.171.9 - - [26/Nov/2025:07:14:59 -0700] "GET /?a=2855689001690&mod=ab3af36d&uri=brands.php%3Fid%3D95470-574%26name%3Dallergic%2Breaction%2Bdo%2Bhypoallergenic%2Bpillows%2Bwork HTTP/1.1" 200 2554 "-" "Mozilla/5.0 (compatible; SemrushBot/7~bl; +http://www.semrush.com/bot.html)" 93 **0/93533**
40.77.167.17 - - [26/Nov/2025:07:15:10 -0700] "GET /safe_search/config?return_url=%2Fproduct%2Fdetail%2F5912770120690 HTTP/2.0" 200 21040 "-" "Mozilla/5.0 AppleWebKit/537.36 (KHTML, like Gecko; compatible; bingbot/2.0; +http://www.bing.com/bingbot.htm) Chrome/116.0.1938.76 Safari/537.36" 268 **0/268143**
185.191.171.11 - - [26/Nov/2025:07:15:12 -0700] "GET /?a=41308799011690&mod=263a8fc7&uri=search.php%3Fid%3D1381855-711%26name%3Dporte%2Bvelo%2Belectrique%2Bfourgon%2Bam%C3%83%C2%A9nag%C3%83%C2%A9%2B%C3%83%C2%A9%C3%A9lectrique HTTP/1.1" 200 2554 "-" "Mozilla/5.0 (compatible; SemrushBot/7~bl; +http://www.semrush.com/bot.html)" 92 **0/92939**
40.77.167.149 - - [26/Nov/2025:07:15:19 -0700] "GET /?a=14285179001690&mod=0ca86f46&uri=goods.php%3Fid%3D477893-566%26name%3Dskmei+1448+skmei+watch+blue HTTP/2.0" 200 21312 "-" "Mozilla/5.0 AppleWebKit/537.36 (KHTML, like Gecko; compatible; bingbot/2.0; +http://www.bing.com/bingbot.htm) Chrome/116.0.1938.76 Safari/537.36" 276 **0/276184**
185.191.171.9 - - [26/Nov/2025:07:15:21 -0700] "GET /?a=106813299001690&mod=9407c83e&uri=product.php%3Fid%3D3574101-1316%26name%3Dyeezy%2Bfashion%2Bshow%2Byeezy%2Bcollection%2Bseason HTTP/1.1" 200 2554 "-" "Mozilla/5.0 (compatible; SemrushBot/7~bl; +http://www.semrush.com/bot.html)" 95 **0/95184**
40.77.167.235 - - [26/Nov/2025:07:15:26 -0700] "GET /?a=46340489001690&mod=9a0f32d9&uri=news.php%3Fid%3D1550243-1663%26name%3Dold+skool+mochilas+escolares+vans HTTP/2.0" 200 21097 "-" "Mozilla/5.0 AppleWebKit/537.36 (KHTML, like Gecko; compatible; bingbot/2.0; +http://www.bing.com/bingbot.htm) Chrome/116.0.1938.76 Safari/537.36" 279 **0/279383**
85.208.96.209 - - [26/Nov/2025:07:15:30 -0700] "GET /?a=51592172011690&mod=35d0c0e8&uri=dp.php%3Fid%3D1725959-690%26name%3Dshoes%2Badidas%2Badidas%2Bnmd%2Bheren%2Broze HTTP/1.1" 200 2554 "-" "Mozilla/5.0 (compatible; SemrushBot/7~bl; +http://www.semrush.com/bot.html)" 102 **0/102449**
40.77.167.149 - - [26/Nov/2025:07:15:31 -0700] "GET /?a=6654795051690&mod=2f3bbb97&uri=shop.php%3Fid%3D222584-49%26name%3Dsony+ps4+ps4+pro+1tb+console+deals HTTP/2.0" 200 21422 "-" "Mozilla/5.0 AppleWebKit/537.36 (KHTML, like Gecko; compatible; bingbot/2.0; +http://www.bing.com/bingbot.htm) Chrome/116.0.1938.76 Safari/537.36" 332 **0/332650**
40.77.167.17 - - [26/Nov/2025:07:15:38 -0700] "GET /?a=43279713011690&mod=2829505a&uri=brands.php%3Fid%3D1447836-877%26name%3Dclogs+dansko+nordstrom HTTP/2.0" 200 20871 "-" "Mozilla/5.0 AppleWebKit/537.36 (KHTML, like Gecko; compatible; bingbot/2.0; +http://www.bing.com/bingbot.htm) Chrome/116.0.1938.76 Safari/537.36" 254 **0/254883**
52.167.144.169 - - [26/Nov/2025:07:15:38 -0700] "GET /?a=26122055051690&mod=6fda8de0&uri=itm.php%3Fid%3D873848-1232%26name%3Ddecathlon+20l+foldable+backpack HTTP/2.0" 200 20238 "-" "Mozilla/5.0 AppleWebKit/537.36 (KHTML, like Gecko; compatible; bingbot/2.0; +http://www.bing.com/bingbot.htm) Chrome/116.0.1938.76 Safari/537.36" 245 **0/245471**
52.167.144.169 - - [26/Nov/2025:07:15:38 -0700] "GET /?a=17592008021690&mod=5227fa9a&uri=product.php%3Fid%3D588525-65%26name%3Dfujinon+fuji+best+portrait+lens HTTP/2.0" 200 20968 "-" "Mozilla/5.0 AppleWebKit/537.36 (KHTML, like Gecko; compatible; bingbot/2.0; +http://www.bing.com/bingbot.htm) Chrome/116.0.1938.76 Safari/537.36" 280 **0/280873**
40.77.167.235 - - [26/Nov/2025:07:15:48 -0700] "GET /?a=10891703101690&mod=ff123d85&uri=dp.php%3Fid%3D364403-222%26name%3Drunway+alexandre+vauthier+coat HTTP/2.0" 200 20565 "-" "Mozilla/5.0 AppleWebKit/537.36 (KHTML, like Gecko; compatible; bingbot/2.0; +http://www.bing.com/bingbot.htm) Chrome/116.0.1938.76 Safari/537.36" 280 **0/280903**
40.77.167.235 - - [26/Nov/2025:07:15:49 -0700] "GET /?a=45563303011690&mod=0155ff4e&uri=news.php%3Fid%3D1524249-596%26name%3Ddownload+telugu+suicide+squad+movierulz HTTP/2.0" 200 21951 "-" "Mozilla/5.0 AppleWebKit/537.36 (KHTML, like Gecko; compatible; bingbot/2.0; +http://www.bing.com/bingbot.htm) Chrome/116.0.1938.76 Safari/537.36" 409 **0/409795**
40.77.167.235 - - [26/Nov/2025:07:15:50 -0700] "GET /?a=45570953001690&mod=dc6a6489&uri=shared.php%3Fid%3D1524504-4%26name%3Dzara+home+grey+fur+throws HTTP/2.0" 200 21832 "-" "Mozilla/5.0 AppleWebKit/537.36 (KHTML, like Gecko; compatible; bingbot/2.0; +http://www.bing.com/bingbot.htm) Chrome/116.0.1938.76 Safari/537.36" 268 **0/268447**
40.77.167.149 - - [26/Nov/2025:07:15:52 -0700] "GET /?a=6324815051690&mod=b8b68793&uri=pin.php%3Fid%3D211552-410%26name%3Djohn+lewis+tala+nozzles HTTP/2.0" 200 21253 "-" "Mozilla/5.0 AppleWebKit/537.36 (KHTML, like Gecko; compatible; bingbot/2.0; +http://www.bing.com/bingbot.htm) Chrome/116.0.1938.76 Safari/537.36" 321 **0/321264**
40.77.167.149 - - [26/Nov/2025:07:15:53 -0700] "GET /?a=62388786031690&mod=e0df2a62&uri=dp.php%3Fid%3D2087326-404%26name%3Ddhgate+shipping+dhgate+new+user+coupon HTTP/2.0" 200 20221 "-" "Mozilla/5.0 AppleWebKit/537.36 (KHTML, like Gecko; compatible; bingbot/2.0; +http://www.bing.com/bingbot.htm) Chrome/116.0.1938.76 Safari/537.36" 253 **0/253228**
40.77.167.235 - - [26/Nov/2025:07:15:57 -0700] "GET /product/edit/77835715021690 HTTP/2.0" 200 21420 "-" "Mozilla/5.0 AppleWebKit/537.36 (KHTML, like Gecko; compatible; bingbot/2.0; +http://www.bing.com/bingbot.htm) Chrome/116.0.1938.76 Safari/537.36" 286 **0/286922**
20.15.133.174 - - [26/Nov/2025:07:16:04 -0700] "GET /?a=113687131081690&mod=2f3bbb97&uri=search.php%3Fid%3D3804025-49%26name%3Dgame+controller+thrustmaster+eswap+wired+pro+controller HTTP/2.0" 200 21052 "-" "Mozilla/5.0 AppleWebKit/537.36 (KHTML, like Gecko; compatible; bingbot/2.0; +http://www.bing.com/bingbot.htm) Chrome/116.0.1938.76 Safari/537.36" 287 **0/287074**
40.77.167.75 - - [26/Nov/2025:07:16:06 -0700] "GET /?a=34837572071690&mod=6ac94846&uri=itm.php%3Fid%3D1165396-854%26name%3Dpink+tomtom+watch HTTP/2.0" 200 19716 "-" "Mozilla/5.0 AppleWebKit/537.36 (KHTML, like Gecko; compatible; bingbot/2.0; +http://www.bing.com/bingbot.htm) Chrome/116.0.1938.76 Safari/537.36" 230 **0/230592**
52.167.144.236 - - [26/Nov/2025:07:16:09 -0700] "GET /?a=97148440011690&mod=e1228be4&uri=goods.php%3Fid%3D3250592-36%26name%3Dsudoku+solver+lego+sudoku HTTP/2.0" 200 20001 "-" "Mozilla/5.0 AppleWebKit/537.36 (KHTML, like Gecko; compatible; bingbot/2.0; +http://www.bing.com/bingbot.htm) Chrome/116.0.1938.76 Safari/537.36" 1024 **1/1024622**
40.77.167.75 - - [26/Nov/2025:07:16:15 -0700] "GET /?a=78025161051690&mod=937f578a&uri=news.php%3Fid%3D2610596-300%26name%3Ddias+romanticos+cofrevip+spa+y+relax HTTP/2.0" 200 21299 "-" "Mozilla/5.0 AppleWebKit/537.36 (KHTML, like Gecko; compatible; bingbot/2.0; +http://www.bing.com/bingbot.htm) Chrome/116.0.1938.76 Safari/537.36" 305 **0/305706**
185.191.171.10 - - [26/Nov/2025:07:16:20 -0700] "GET /?a=22548935011690&mod=7e2361da&uri=products.php%3Fid%3D754328-1449%26name%3Dcalzature%2Bcome%2Bpulire%2Bscarpe%2Bnabuk HTTP/1.1" 200 2554 "-" "Mozilla/5.0 (compatible; SemrushBot/7~bl; +http://www.semrush.com/bot.html)" 88 **0/88973**
20.15.133.174 - - [26/Nov/2025:07:16:34 -0700] "GET /?a=26274292041690&mod=e744f91c&uri=blog.php%3Fid%3D878947-9%26name%3Dheadset+sennheiser+g4me+one+open HTTP/2.0" 200 21513 "-" "Mozilla/5.0 AppleWebKit/537.36 (KHTML, like Gecko; compatible; bingbot/2.0; +http://www.bing.com/bingbot.htm) Chrome/116.0.1938.76 Safari/537.36" 272 **0/272011**
40.77.167.235 - - [26/Nov/2025:07:16:34 -0700] "GET /?a=69968369031690&mod=b05a7a5c&uri=us.php%3Fid%3D2340890-732%26name%3Dchapeau+chemise+rose+pantalon+bleu HTTP/2.0" 200 20137 "-" "Mozilla/5.0 AppleWebKit/537.36 (KHTML, like Gecko; compatible; bingbot/2.0; +http://www.bing.com/bingbot.htm) Chrome/116.0.1938.76 Safari/537.36" 254 **0/254621**
185.191.171.19 - - [26/Nov/2025:07:16:44 -0700] "GET /?a=33204258021690&mod=c70e93a2&uri=category-info.php%3Fid%3D1110741-878%26name%3Ddress%2Bsmart%2Bcasual%2Bwomen%27s%2Bflat%2Bshoes HTTP/1.1" 200 2554 "-" "Mozilla/5.0 (compatible; SemrushBot/7~bl; +http://www.semrush.com/bot.html)" 89 **0/89997**
20.15.133.174 - - [26/Nov/2025:07:16:54 -0700] "GET /?a=103857928081690&mod=2adafb1b&uri=form.php%3Fid%3D3475165-61%26name%3Dmaillot+de+bain+jott+homme HTTP/2.0" 200 21070 "-" "Mozilla/5.0 AppleWebKit/537.36 (KHTML, like Gecko; compatible; bingbot/2.0; +http://www.bing.com/bingbot.htm) Chrome/116.0.1938.76 Safari/537.36" 245 **0/245708**
40.77.167.37 - - [26/Nov/2025:07:16:56 -0700] "GET /?a=111736202011690&mod=5227fa9a&uri=form.php%3Fid%3D3738808-65%26name%3Dphotography+nikon+z50+85mm HTTP/2.0" 200 21089 "-" "Mozilla/5.0 AppleWebKit/537.36 (KHTML, like Gecko; compatible; bingbot/2.0; +http://www.bing.com/bingbot.htm) Chrome/116.0.1938.76 Safari/537.36" 259 **0/259596**
52.167.144.236 - - [26/Nov/2025:07:17:18 -0700] "GET /?a=119369398011690&mod=06138bc5&uri=brands.php%3Fid%3D3994181-2%26name%3Dcotton+fuzzy+black+sweatshirt HTTP/2.0" 200 21438 "-" "Mozilla/5.0 AppleWebKit/537.36 (KHTML, like Gecko; compatible; bingbot/2.0; +http://www.bing.com/bingbot.htm) Chrome/116.0.1938.76 Safari/537.36" 281 **0/281802**
40.77.167.75 - - [26/Nov/2025:07:17:18 -0700] "GET /?a=47847459021690&mod=bf21d8ea&uri=products.php%3Fid%3D1600655-1673%26name%3Dmicralite+profold+stroller+micralite+buggy HTTP/2.0" 200 19836 "-" "Mozilla/5.0 AppleWebKit/537.36 (KHTML, like Gecko; compatible; bingbot/2.0; +http://www.bing.com/bingbot.htm) Chrome/116.0.1938.76 Safari/537.36" 278 **0/278734**
52.167.144.169 - - [26/Nov/2025:07:17:26 -0700] "GET /?a=97450205011690&mod=f501052d&uri=brands.php%3Fid%3D3260682-340%26name%3Dclay+minnie+mouse+bangle HTTP/2.0" 200 19903 "-" "Mozilla/5.0 AppleWebKit/537.36 (KHTML, like Gecko; compatible; bingbot/2.0; +http://www.bing.com/bingbot.htm) Chrome/116.0.1938.76 Safari/537.36" 284 **0/284425**
52.167.144.169 - - [26/Nov/2025:07:17:26 -0700] "GET /?a=25997905021690&mod=628f16b2&uri=goods.php%3Fid%3D869690-112%26name%3Dbeach+volley+femminile+vestiti+pallavolo HTTP/2.0" 200 21461 "-" "Mozilla/5.0 AppleWebKit/537.36 (KHTML, like Gecko; compatible; bingbot/2.0; +http://www.bing.com/bingbot.htm) Chrome/116.0.1938.76 Safari/537.36" 296 **0/296037**
185.191.171.1 - - [26/Nov/2025:07:17:27 -0700] "GET /?a=44571330001690&mod=ab1ef5a1&uri=dp.php%3Fid%3D1491088-996%26name%3Dstar%2Braw%2Bmen%2Bg%2Bstar%2Bdown%2Bjacket%2Bmen%27s HTTP/1.1" 200 2554 "-" "Mozilla/5.0 (compatible; SemrushBot/7~bl; +http://www.semrush.com/bot.html)" 90 **0/90860**
52.167.144.236 - - [26/Nov/2025:07:17:30 -0700] "GET /?a=19778921091690&mod=06138bc5&uri=search.php%3Fid%3D661693-2%26name%3Dmatching+pajamas+korean+sleepwear+direct+supplier HTTP/2.0" 200 19789 "-" "Mozilla/5.0 AppleWebKit/537.36 (KHTML, like Gecko; compatible; bingbot/2.0; +http://www.bing.com/bingbot.htm) Chrome/116.0.1938.76 Safari/537.36" 338 **0/338703**
20.15.133.174 - - [26/Nov/2025:07:17:34 -0700] "GET /?a=37376334041690&mod=ef963f95&uri=pin.php%3Fid%3D1250321-513%26name%3Dexercise+bike+does+cycling+help+you+run+faster HTTP/2.0" 200 21525 "-" "Mozilla/5.0 AppleWebKit/537.36 (KHTML, like Gecko; compatible; bingbot/2.0; +http://www.bing.com/bingbot.htm) Chrome/116.0.1938.76 Safari/537.36" 286 **0/286045**
40.77.167.149 - - [26/Nov/2025:07:17:38 -0700] "GET /?a=118588826051690&mod=7db0fc0b&uri=product.php%3Fid%3D3968054-1781%26name%3Dtissot+classic+t061717a HTTP/2.0" 200 20178 "-" "Mozilla/5.0 AppleWebKit/537.36 (KHTML, like Gecko; compatible; bingbot/2.0; +http://www.bing.com/bingbot.htm) Chrome/116.0.1938.76 Safari/537.36" 236 **0/236380**
40.77.167.235 - - [26/Nov/2025:07:17:45 -0700] "GET /?a=111743322011690&mod=5227fa9a&uri=form.php%3Fid%3D3739046-65%26name%3Dlogitech+c922+razer+kiyo+pro+reddit HTTP/2.0" 200 20853 "-" "Mozilla/5.0 AppleWebKit/537.36 (KHTML, like Gecko; compatible; bingbot/2.0; +http://www.bing.com/bingbot.htm) Chrome/116.0.1938.76 Safari/537.36" 271 **0/271529**
40.77.167.75 - - [26/Nov/2025:07:17:50 -0700] "GET /?a=64713144041690&mod=44ac09ac&uri=itm.php%3Fid%3D2165067-27%26name%3Dbobblehead+nodding+dashboard+toys HTTP/2.0" 200 21077 "-" "Mozilla/5.0 AppleWebKit/537.36 (KHTML, like Gecko; compatible; bingbot/2.0; +http://www.bing.com/bingbot.htm) Chrome/116.0.1938.76 Safari/537.36" 363 **0/363654**
52.167.144.169 - - [26/Nov/2025:07:17:50 -0700] "GET /?a=93888401061690&mod=44ac09ac&uri=form.php%3Fid%3D3141457-27%26name%3Dmonster+truck+traxxas+rc+car+charger HTTP/2.0" 200 20791 "-" "Mozilla/5.0 AppleWebKit/537.36 (KHTML, like Gecko; compatible; bingbot/2.0; +http://www.bing.com/bingbot.htm) Chrome/116.0.1938.76 Safari/537.36" 284 **0/284986**
40.77.167.75 - - [26/Nov/2025:07:17:51 -0700] "GET /?a=45460447121690&mod=960c4a62&uri=itm.php%3Fid%3D1520810-477%26name%3Dvelobecane+2025+contact+velobecane HTTP/2.0" 200 20605 "-" "Mozilla/5.0 AppleWebKit/537.36 (KHTML, like Gecko; compatible; bingbot/2.0; +http://www.bing.com/bingbot.htm) Chrome/116.0.1938.76 Safari/537.36" 264 **0/264697**
52.167.144.236 - - [26/Nov/2025:07:18:00 -0700] "GET /?a=114765078031690&mod=47f1adc4&uri=brands.php%3Fid%3D3840091-500%26name%3Dcover+up+kimono+da+spiaggia HTTP/2.0" 200 20885 "-" "Mozilla/5.0 AppleWebKit/537.36 (KHTML, like Gecko; compatible; bingbot/2.0; +http://www.bing.com/bingbot.htm) Chrome/116.0.1938.76 Safari/537.36" 265 **0/265178**
40.77.167.235 - - [26/Nov/2025:07:18:06 -0700] "GET /?a=117666479031690&mod=cdda8992&uri=products.php%3Fid%3D3937202-585%26name%3Dpheasant+feather+cowgirl+hat HTTP/2.0" 200 20783 "-" "Mozilla/5.0 AppleWebKit/537.36 (KHTML, like Gecko; compatible; bingbot/2.0; +http://www.bing.com/bingbot.htm) Chrome/116.0.1938.76 Safari/537.36" 251 **0/251435**
40.77.167.37 - - [26/Nov/2025:07:18:06 -0700] "GET /?a=26072478071690&mod=0eb71de4&uri=form.php%3Fid%3D872194-598%26name%3Dbicycle+shorts+shorts+biker+baw HTTP/2.0" 200 21025 "-" "Mozilla/5.0 AppleWebKit/537.36 (KHTML, like Gecko; compatible; bingbot/2.0; +http://www.bing.com/bingbot.htm) Chrome/116.0.1938.76 Safari/537.36" 270 **0/270619**
40.77.167.48 - - [26/Nov/2025:07:18:09 -0700] "GET /?a=26369300031690&mod=77932584&uri=blog.php%3Fid%3D882127-676%26name%3Drtx+2070+hp+omen+15+pccomponentes HTTP/2.0" 200 20808 "-" "Mozilla/5.0 AppleWebKit/537.36 (KHTML, like Gecko; compatible; bingbot/2.0; +http://www.bing.com/bingbot.htm) Chrome/116.0.1938.76 Safari/537.36" 314 **0/314638**
40.77.167.149 - - [26/Nov/2025:07:18:21 -0700] "GET /?a=106139838031690&mod=5227fa9a&uri=brands.php%3Fid%3D3551584-65%26name%3Dnative+iso+sony+a7+dxomark HTTP/2.0" 200 21194 "-" "Mozilla/5.0 AppleWebKit/537.36 (KHTML, like Gecko; compatible; bingbot/2.0; +http://www.bing.com/bingbot.htm) Chrome/116.0.1938.76 Safari/537.36" 312 **0/312188**
52.167.144.236 - - [26/Nov/2025:07:18:28 -0700] "GET /product/edit/94120285041690 HTTP/2.0" 200 21307 "-" "Mozilla/5.0 AppleWebKit/537.36 (KHTML, like Gecko; compatible; bingbot/2.0; +http://www.bing.com/bingbot.htm) Chrome/116.0.1938.76 Safari/537.36" 289 **0/289637**
52.167.144.236 - - [26/Nov/2025:07:18:29 -0700] "GET /?a=93973885011690&mod=784e966b&uri=shared.php%3Fid%3D3144314-347%26name%3Dband+bn015028e HTTP/2.0" 200 20572 "-" "Mozilla/5.0 AppleWebKit/537.36 (KHTML, like Gecko; compatible; bingbot/2.0; +http://www.bing.com/bingbot.htm) Chrome/116.0.1938.76 Safari/537.36" 268 **0/268472**
20.15.133.174 - - [26/Nov/2025:07:18:44 -0700] "GET /?a=113701852041690&mod=0ac34cb7&uri=goods.php%3Fid%3D3804517-1404%26name%3Dstiefeletten+chelsea+boots+damen+lyralochung HTTP/2.0" 200 20948 "-" "Mozilla/5.0 AppleWebKit/537.36 (KHTML, like Gecko; compatible; bingbot/2.0; +http://www.bing.com/bingbot.htm) Chrome/116.0.1938.76 Safari/537.36" 270 **0/270703**
40.77.167.37 - - [26/Nov/2025:07:18:44 -0700] "GET /?a=97568483071690&mod=069802d4&uri=shop.php%3Fid%3D3264647-158%26name%3Djbl+budget+subwoofer+reddit HTTP/2.0" 200 18953 "-" "Mozilla/5.0 AppleWebKit/537.36 (KHTML, like Gecko; compatible; bingbot/2.0; +http://www.bing.com/bingbot.htm) Chrome/116.0.1938.76 Safari/537.36" 236 **0/236128**
40.77.167.37 - - [26/Nov/2025:07:18:45 -0700] "GET /?a=13199542041690&mod=403ef1d5&uri=itm.php%3Fid%3D441590-1209%26name%3Dmens+jacket+barbour+admiralty+jacket HTTP/2.0" 200 19901 "-" "Mozilla/5.0 AppleWebKit/537.36 (KHTML, like Gecko; compatible; bingbot/2.0; +http://www.bing.com/bingbot.htm) Chrome/116.0.1938.76 Safari/537.36" 258 **0/258309**
40.77.167.37 - - [26/Nov/2025:07:18:46 -0700] "GET /?a=2619588071690&mod=a24a23fb&uri=form.php%3Fid%3D87576-344%26name%3Dmaharaja+1998+maharaja+songs+pk HTTP/2.0" 200 21306 "-" "Mozilla/5.0 AppleWebKit/537.36 (KHTML, like Gecko; compatible; bingbot/2.0; +http://www.bing.com/bingbot.htm) Chrome/116.0.1938.76 Safari/537.36" 277 **0/277761**
85.208.96.194 - - [26/Nov/2025:07:18:54 -0700] "GET /?a=98059883011690&mod=b86ac035&uri=search.php%3Fid%3D3281129-1205%26name%3Dbackpack%2Bpurse%2Bmichael%2Bkors HTTP/1.1" 200 2554 "-" "Mozilla/5.0 (compatible; SemrushBot/7~bl; +http://www.semrush.com/bot.html)" 88 **0/88851**
40.77.167.37 - - [26/Nov/2025:07:19:05 -0700] "GET /?a=2758606001690&mod=607f0983&uri=brands.php%3Fid%3D92223-556%26name%3Dtemu+drawstring+baseball+cap HTTP/2.0" 200 21664 "-" "Mozilla/5.0 AppleWebKit/537.36 (KHTML, like Gecko; compatible; bingbot/2.0; +http://www.bing.com/bingbot.htm) Chrome/116.0.1938.76 Safari/537.36" 257 **0/257761**
40.77.167.37 - - [26/Nov/2025:07:19:14 -0700] "GET /?a=25153691011690&mod=c89cef51&uri=dp.php%3Fid%3D841466-259%26name%3Dleather+strap+berfine+watch+bands HTTP/2.0" 200 20424 "-" "Mozilla/5.0 AppleWebKit/537.36 (KHTML, like Gecko; compatible; bingbot/2.0; +http://www.bing.com/bingbot.htm) Chrome/116.0.1938.76 Safari/537.36" 265 **0/265909**
20.15.133.174 - - [26/Nov/2025:07:19:14 -0700] "GET /?a=58976632061690&mod=ee6fb1c7&uri=shop.php%3Fid%3D1973107-821%26name%3Dspace+duvet+rocket+duvet+cover HTTP/2.0" 200 21412 "-" "Mozilla/5.0 AppleWebKit/537.36 (KHTML, like Gecko; compatible; bingbot/2.0; +http://www.bing.com/bingbot.htm) Chrome/116.0.1938.76 Safari/537.36" 290 **0/290703**
40.77.167.48 - - [26/Nov/2025:07:19:25 -0700] "GET /?a=30132287051690&mod=49805e38&uri=brands.php%3Fid%3D1007974-1483%26name%3Dclay+brick+supreme+brand+cost HTTP/2.0" 200 20491 "-" "Mozilla/5.0 AppleWebKit/537.36 (KHTML, like Gecko; compatible; bingbot/2.0; +http://www.bing.com/bingbot.htm) Chrome/116.0.1938.76 Safari/537.36" 277 **0/277121**
52.167.144.234 - - [26/Nov/2025:07:19:30 -0700] "GET /?a=77821529011690&mod=38990c06&uri=info.php%3Fid%3D2603794-527%26name%3Dsync+data+sync+iphone+apple+watch HTTP/2.0" 200 21268 "-" "Mozilla/5.0 AppleWebKit/537.36 (KHTML, like Gecko; compatible; bingbot/2.0; +http://www.bing.com/bingbot.htm) Chrome/116.0.1938.76 Safari/537.36" 312 **0/312068**
52.167.144.236 - - [26/Nov/2025:07:19:31 -0700] "GET /?a=117520714111690&mod=27d342e9&uri=article.php%3Fid%3D3932330-363%26name%3Dvae+velo+electrique+le+plus+vendu HTTP/2.0" 200 20753 "-" "Mozilla/5.0 AppleWebKit/537.36 (KHTML, like Gecko; compatible; bingbot/2.0; +http://www.bing.com/bingbot.htm) Chrome/116.0.1938.76 Safari/537.36" 238 **0/238515**
52.167.144.234 - - [26/Nov/2025:07:19:32 -0700] "GET /product/edit/10716760001690 HTTP/2.0" 200 21038 "-" "Mozilla/5.0 AppleWebKit/537.36 (KHTML, like Gecko; compatible; bingbot/2.0; +http://www.bing.com/bingbot.htm) Chrome/116.0.1938.76 Safari/537.36" 279 **0/279467**
20.15.133.174 - - [26/Nov/2025:07:19:35 -0700] "GET /?a=103875454031690&mod=79758bdc&uri=dp.php%3Fid%3D3475750-231%26name%3Dwedding+bands+wakanda+ring HTTP/2.0" 200 19978 "-" "Mozilla/5.0 AppleWebKit/537.36 (KHTML, like Gecko; compatible; bingbot/2.0; +http://www.bing.com/bingbot.htm) Chrome/116.0.1938.76 Safari/537.36" 272 **0/272826**
52.167.144.236 - - [26/Nov/2025:07:19:39 -0700] "GET /?a=42685738061690&mod=44ac09ac&uri=dp.php%3Fid%3D1427961-27%26name%3Drain+showers+step+water+table+umbrella HTTP/2.0" 200 20937 "-" "Mozilla/5.0 AppleWebKit/537.36 (KHTML, like Gecko; compatible; bingbot/2.0; +http://www.bing.com/bingbot.htm) Chrome/116.0.1938.76 Safari/537.36" 254 **0/254350**
85.208.96.194 - - [26/Nov/2025:07:19:45 -0700] "GET /?a=85489603001690&mod=3a37abde&uri=products.php%3Fid%3D2860408-66%26name%3Dnike%2Bstrike%2Bpantalon%2Bpsg HTTP/1.1" 200 2554 "-" "Mozilla/5.0 (compatible; SemrushBot/7~bl; +http://www.semrush.com/bot.html)" 110 **0/110120**
85.208.96.194 - - [26/Nov/2025:07:19:53 -0700] "GET /?a=112696390041690&mod=ef59598d&uri=form.php%3Fid%3D3770901-1024%26name%3Ddslr%2Bcamera%2Burban%2Baccess%2Bbackpack HTTP/1.1" 200 2554 "-" "Mozilla/5.0 (compatible; SemrushBot/7~bl; +http://www.semrush.com/bot.html)" 95 **0/95062**
185.191.171.5 - - [26/Nov/2025:07:20:12 -0700] "GET /?a=23481284081690&mod=90f0db25&uri=article.php%3Fid%3D785514-1458%26name%3Dwoven%2Bshorts%2Bshort%2Bpuma%2Bhomme HTTP/1.1" 200 2554 "-" "Mozilla/5.0 (compatible; SemrushBot/7~bl; +http://www.semrush.com/bot.html)" 103 **0/103555**
185.191.171.15 - - [26/Nov/2025:07:20:21 -0700] "GET /?a=59822778081690&mod=7db0fc0b&uri=shared.php%3Fid%3D2001431-1781%26name%3Dmido%2Bocean%2Bmido%2Bcommander%2Bchronometer%2Blimited%2Bedition HTTP/1.1" 200 2554 "-" "Mozilla/5.0 (compatible; SemrushBot/7~bl; +http://www.semrush.com/bot.html)" 103 **0/103392**
185.191.171.4 - - [26/Nov/2025:07:20:31 -0700] "GET /?a=112742484011690&mod=d52bedd6&uri=products.php%3Fid%3D3772440-719%26name%3Dmesh%2Bskirt%2Bwomens%2Btulle%2Bskirt%2Bxs HTTP/1.1" 200 2554 "-" "Mozilla/5.0 (compatible; SemrushBot/7~bl; +http://www.semrush.com/bot.html)" 91 **0/91534**
52.167.144.171 - - [26/Nov/2025:07:20:31 -0700] "GET /?a=94171346061690&mod=7cc5a754&uri=brands.php%3Fid%3D3150925-80%26name%3Dmodular+chaise+fantastic+furniture+sofas+and+lounges HTTP/2.0" 200 21695 "-" "Mozilla/5.0 AppleWebKit/537.36 (KHTML, like Gecko; compatible; bingbot/2.0; +http://www.bing.com/bingbot.htm) Chrome/116.0.1938.76 Safari/537.36" 273 **0/273647**
52.167.144.171 - - [26/Nov/2025:07:20:39 -0700] "GET /?a=30113207051690&mod=447923cb&uri=shop.php%3Fid%3D1007338-746%26name%3Dmombo+comfort+harmony+mombo+slipcover HTTP/2.0" 200 20264 "-" "Mozilla/5.0 AppleWebKit/537.36 (KHTML, like Gecko; compatible; bingbot/2.0; +http://www.bing.com/bingbot.htm) Chrome/116.0.1938.76 Safari/537.36" 262 **0/262495**
40.77.167.37 - - [26/Nov/2025:07:20:46 -0700] "GET /?a=64806734071690&mod=e87602b4&uri=goods.php%3Fid%3D2168196-1259%26name%3Dikks+sac+en+cuir+vert+femme HTTP/2.0" 200 21007 "-" "Mozilla/5.0 AppleWebKit/537.36 (KHTML, like Gecko; compatible; bingbot/2.0; +http://www.bing.com/bingbot.htm) Chrome/116.0.1938.76 Safari/537.36" 283 **0/283392**
185.191.171.15 - - [26/Nov/2025:07:20:46 -0700] "GET /?a=92724686011690&mod=b3b6a68e&uri=products.php%3Fid%3D3102521-1170%26name%3Dwatch%2Beuphoria%2Bseason%2Beuphoria%2Bseries%2Bfree HTTP/1.1" 200 2554 "-" "Mozilla/5.0 (compatible; SemrushBot/7~bl; +http://www.semrush.com/bot.html)" 103 **0/103947**
85.208.96.200 - - [26/Nov/2025:07:20:53 -0700] "GET /?a=113393576071690&mod=aab11087&uri=itm.php%3Fid%3D3794208-51%26name%3Dasus%2Bfashionable%2Basus%2Bdual%2Brtx%2B2070s HTTP/1.1" 200 2554 "-" "Mozilla/5.0 (compatible; SemrushBot/7~bl; +http://www.semrush.com/bot.html)" 92 **0/92690**
40.77.167.37 - - [26/Nov/2025:07:21:12 -0700] "GET /?a=20192214031690&mod=103a00f6&uri=brands.php%3Fid%3D675507-199%26name%3Dmileage+pulsar+150+classic+2021 HTTP/2.0" 200 21355 "-" "Mozilla/5.0 AppleWebKit/537.36 (KHTML, like Gecko; compatible; bingbot/2.0; +http://www.bing.com/bingbot.htm) Chrome/116.0.1938.76 Safari/537.36" 292 **0/292266**
40.77.167.75 - - [26/Nov/2025:07:21:36 -0700] "GET /?a=6102923071690&mod=b4bd0b72&uri=category-info.php?id=204126-852&name=india%20jet%20set%20travel%20chain HTTP/2.0" 200 20103 "-" "Mozilla/5.0 AppleWebKit/537.36 (KHTML, like Gecko; compatible; bingbot/2.0; +http://www.bing.com/bingbot.htm) Chrome/116.0.1938.76 Safari/537.36" 272 **0/272207**
40.77.167.48 - - [26/Nov/2025:07:21:38 -0700] "GET /?a=93278299021690&mod=7cc5a754&uri=search.php%3Fid%3D3121039-80%26name%3Dsofas+recliners+that+do+not+look+like+recliners HTTP/2.0" 200 21645 "-" "Mozilla/5.0 AppleWebKit/537.36 (KHTML, like Gecko; compatible; bingbot/2.0; +http://www.bing.com/bingbot.htm) Chrome/116.0.1938.76 Safari/537.36" 290 **0/290898**
40.77.167.48 - - [26/Nov/2025:07:21:39 -0700] "GET /?a=114797245051690&mod=069802d4&uri=product.php%3Fid%3D3841166-158%26name%3Dcav+tm1100+soundbar+cav HTTP/2.0" 200 21733 "-" "Mozilla/5.0 AppleWebKit/537.36 (KHTML, like Gecko; compatible; bingbot/2.0; +http://www.bing.com/bingbot.htm) Chrome/116.0.1938.76 Safari/537.36" 288 **0/288136**
52.167.144.234 - - [26/Nov/2025:07:21:39 -0700] "GET /?a=3148780011690&mod=dad607bd&uri=shop.php%3Fid%3D105288-225%26name%3Delectric+bike+raleigh+misceo+hybrid HTTP/2.0" 200 21369 "-" "Mozilla/5.0 AppleWebKit/537.36 (KHTML, like Gecko; compatible; bingbot/2.0; +http://www.bing.com/bingbot.htm) Chrome/116.0.1938.76 Safari/537.36" 819 **0/819925**
40.77.167.48 - - [26/Nov/2025:07:21:40 -0700] "GET /?a=61255104011690&mod=69e76024&uri=shared.php%3Fid%3D2049395-325%26name%3Dspeed+cooler+sports+neck+cooler HTTP/2.0" 200 20733 "-" "Mozilla/5.0 AppleWebKit/537.36 (KHTML, like Gecko; compatible; bingbot/2.0; +http://www.bing.com/bingbot.htm) Chrome/116.0.1938.76 Safari/537.36" 313 **0/313432**
40.77.167.48 - - [26/Nov/2025:07:21:40 -0700] "GET /?a=26150661021690&mod=7f4680b3&uri=products.php%3Fid%3D874806-505%26name%3Dbaggy+jeans+bershka+denim+the+90s HTTP/2.0" 200 22074 "-" "Mozilla/5.0 AppleWebKit/537.36 (KHTML, like Gecko; compatible; bingbot/2.0; +http://www.bing.com/bingbot.htm) Chrome/116.0.1938.76 Safari/537.36" 290 **0/290458**
85.208.96.194 - - [26/Nov/2025:07:21:50 -0700] "GET /?a=50308329031690&mod=98ea3c8e&uri=info.php%3Fid%3D1683021-1386%26name%3Dhydro%2Bpack%2Bquest%2Bhydration%2Bbackpack HTTP/1.1" 200 2554 "-" "Mozilla/5.0 (compatible; SemrushBot/7~bl; +http://www.semrush.com/bot.html)" 94 **0/94995**
40.77.167.75 - - [26/Nov/2025:07:21:57 -0700] "GET /?a=101812029001690&mod=59f7026f&uri=shared.php%3Fid%3D3406693-546%26name%3Dmalinois+dutch+shepherd+greyhound+mix HTTP/2.0" 200 21082 "-" "Mozilla/5.0 AppleWebKit/537.36 (KHTML, like Gecko; compatible; bingbot/2.0; +http://www.bing.com/bingbot.htm) Chrome/116.0.1938.76 Safari/537.36" 333 **0/333996**
40.77.167.75 - - [26/Nov/2025:07:21:57 -0700] "GET /?a=113659041021690&mod=4ee8fc10&uri=itm.php%3Fid%3D3803087-233%26name%3Dfossil+herrenuhr+fossil+twist+uhr HTTP/2.0" 200 20693 "-" "Mozilla/5.0 AppleWebKit/537.36 (KHTML, like Gecko; compatible; bingbot/2.0; +http://www.bing.com/bingbot.htm) Chrome/116.0.1938.76 Safari/537.36" 249 **0/249034**
85.208.96.212 - - [26/Nov/2025:07:22:01 -0700] "GET /?a=43379778021690&mod=c940d2fd&uri=us.php%3Fid%3D1451179-323%26name%3Dleather%2Bboat%2Bboat%2Bshoes%2Bwith%2Blaces HTTP/1.1" 200 2554 "-" "Mozilla/5.0 (compatible; SemrushBot/7~bl; +http://www.semrush.com/bot.html)" 104 **0/104068**
52.167.144.234 - - [26/Nov/2025:07:22:31 -0700] "GET /?a=117006233061690&mod=8003c8cd&uri=search.php%3Fid%3D3915105-154%26name%3Dzaino+tommy+jeans HTTP/2.0" 200 20237 "-" "Mozilla/5.0 AppleWebKit/537.36 (KHTML, like Gecko; compatible; bingbot/2.0; +http://www.bing.com/bingbot.htm) Chrome/116.0.1938.76 Safari/537.36" 239 **0/239754**
52.167.144.171 - - [26/Nov/2025:07:22:50 -0700] "GET /?a=2026804041690&mod=0ff73ca2&uri=brands.php%3Fid%3D67739-459%26name%3Dzip+hoodie+nike+tech+indigo HTTP/2.0" 200 21516 "-" "Mozilla/5.0 AppleWebKit/537.36 (KHTML, like Gecko; compatible; bingbot/2.0; +http://www.bing.com/bingbot.htm) Chrome/116.0.1938.76 Safari/537.36" 421 **0/421933**
40.77.167.37 - - [26/Nov/2025:07:22:56 -0700] "GET /?a=64606822021690&mod=b8b68793&uri=blog.php%3Fid%3D2161514-410%26name%3Dchops+lamb+rack+recipe+oven HTTP/2.0" 200 20797 "-" "Mozilla/5.0 AppleWebKit/537.36 (KHTML, like Gecko; compatible; bingbot/2.0; +http://www.bing.com/bingbot.htm) Chrome/116.0.1938.76 Safari/537.36" 252 **0/252274**
52.167.144.171 - - [26/Nov/2025:07:23:01 -0700] "GET /?a=64850620131690&mod=0c74b7f7&uri=product.php%3Fid%3D2169667-3%26name%3Dweight+lifting+dumbbell+plates+5kg HTTP/2.0" 200 21209 "-" "Mozilla/5.0 AppleWebKit/537.36 (KHTML, like Gecko; compatible; bingbot/2.0; +http://www.bing.com/bingbot.htm) Chrome/116.0.1938.76 Safari/537.36" 354 **0/354986**
40.77.167.48 - - [26/Nov/2025:07:23:09 -0700] "GET /?a=29569803001690&mod=2f3bbb97&uri=article.php%3Fid%3D989165-49%26name%3Dgreen+xbox+joystick+cable HTTP/2.0" 200 21420 "-" "Mozilla/5.0 AppleWebKit/537.36 (KHTML, like Gecko; compatible; bingbot/2.0; +http://www.bing.com/bingbot.htm) Chrome/116.0.1938.76 Safari/537.36" 268 **0/268533**
40.77.167.37 - - [26/Nov/2025:07:23:16 -0700] "GET /?a=96961194031690&mod=c53efb25&uri=info.php%3Fid%3D3244318-318%26name%3Dnike+desert+camo+5s HTTP/2.0" 200 20617 "-" "Mozilla/5.0 AppleWebKit/537.36 (KHTML, like Gecko; compatible; bingbot/2.0; +http://www.bing.com/bingbot.htm) Chrome/116.0.1938.76 Safari/537.36" 258 **0/258622**
52.167.144.234 - - [26/Nov/2025:07:23:29 -0700] "GET /?a=58312853071690&mod=0c74b7f7&uri=category-info.php%3Fid%3D1950893-3%26name%3D30+kg+kore+pvc+gym+set HTTP/2.0" 200 20578 "-" "Mozilla/5.0 AppleWebKit/537.36 (KHTML, like Gecko; compatible; bingbot/2.0; +http://www.bing.com/bingbot.htm) Chrome/116.0.1938.76 Safari/537.36" 285 **0/285040**
40.77.167.75 - - [26/Nov/2025:07:23:51 -0700] "GET /?a=6053826101690&mod=6132f64b&uri=info.php%3Fid%3D202484-740%26name%3Dlagerfeld+shoes+lord+and+taylor+clearance+shoes HTTP/2.0" 200 21135 "-" "Mozilla/5.0 AppleWebKit/537.36 (KHTML, like Gecko; compatible; bingbot/2.0; +http://www.bing.com/bingbot.htm) Chrome/116.0.1938.76 Safari/537.36" 262 **0/262797**
20.15.133.163 - - [26/Nov/2025:07:24:04 -0700] "GET /?a=99180642081690&mod=1815de90&uri=search.php%3Fid%3D3318641-209%26name%3Dvirtual+reality+space+pirate+trainer+quest HTTP/2.0" 200 20636 "-" "Mozilla/5.0 AppleWebKit/537.36 (KHTML, like Gecko; compatible; bingbot/2.0; +http://www.bing.com/bingbot.htm) Chrome/116.0.1938.76 Safari/537.36" 337 **0/337649**
52.167.144.185 - - [26/Nov/2025:07:24:05 -0700] "GET /?a=2118367031690&mod=d8ca510b&uri=news.php%3Fid%3D70798-464%26name%3Dsabacc+dice+han+solo+keychain+dice HTTP/2.0" 200 21383 "-" "Mozilla/5.0 AppleWebKit/537.36 (KHTML, like Gecko; compatible; bingbot/2.0; +http://www.bing.com/bingbot.htm) Chrome/116.0.1938.76 Safari/537.36" 273 **0/273803**
52.167.144.185 - - [26/Nov/2025:07:24:05 -0700] "GET /product/edit/65563005001690 HTTP/2.0" 200 20783 "-" "Mozilla/5.0 AppleWebKit/537.36 (KHTML, like Gecko; compatible; bingbot/2.0; +http://www.bing.com/bingbot.htm) Chrome/116.0.1938.76 Safari/537.36" 455 **0/455896**
85.208.96.211 - - [26/Nov/2025:07:24:10 -0700] "GET /?a=76280007081690&mod=29707834&uri=category-info.php%3Fid%3D2552199-1750%26name%3Dmujer%2Bcasual%2Bmochilas%2Bmujer%2Bcarrefour HTTP/1.1" 200 2554 "-" "Mozilla/5.0 (compatible; SemrushBot/7~bl; +http://www.semrush.com/bot.html)" 90 **0/90338**
52.167.144.185 - - [26/Nov/2025:07:24:17 -0700] "GET /?a=78318094031690&mod=c89cef51&uri=article.php%3Fid%3D2620414-259%26name%3Dchampagne+dial+rolex+jubilee+band+datejust HTTP/2.0" 200 20996 "-" "Mozilla/5.0 AppleWebKit/537.36 (KHTML, like Gecko; compatible; bingbot/2.0; +http://www.bing.com/bingbot.htm) Chrome/116.0.1938.76 Safari/537.36" 251 **0/251809**
40.77.167.48 - - [26/Nov/2025:07:24:29 -0700] "GET /?a=26470693011690&mod=4568cffb&uri=goods.php%3Fid%3D885518-1092%26name%3Dpunjabi+orange+headscarf HTTP/2.0" 200 21100 "-" "Mozilla/5.0 AppleWebKit/537.36 (KHTML, like Gecko; compatible; bingbot/2.0; +http://www.bing.com/bingbot.htm) Chrome/116.0.1938.76 Safari/537.36" 264 **0/264337**
