66.249.69.170 - - [26/Nov/2025:06:17:32 -0700] "GET /?/img_6356af597ebeb154b969e538d3e95f0f/_pics_webp_common_pc_flash_sale.png HTTP/1.1" 200 2230 "http://blalockdialysiscenter.com/?a=18718965061690&mod=0eb71de4&uri=products.php%3Fid%3D626245-598%26name%3D2007+harley+davidson+super+glide+custom" "Mozilla/5.0 AppleWebKit/537.36 (KHTML, like Gecko; compatible; GoogleOther) Chrome/141.0.7390.122 Safari/537.36" 93 **0/93994**
66.249.69.170 - - [26/Nov/2025:06:17:32 -0700] "GET /?/svg_6356af597ebeb154b969e538d3e95f0f/_pics_webp_common_pc_add_cart.svg HTTP/1.1" 200 2230 "http://blalockdialysiscenter.com/?a=18718965061690&mod=0eb71de4&uri=products.php%3Fid%3D626245-598%26name%3D2007+harley+davidson+super+glide+custom" "Mozilla/5.0 AppleWebKit/537.36 (KHTML, like Gecko; compatible; GoogleOther) Chrome/141.0.7390.122 Safari/537.36" 91 **0/91131**
66.249.69.170 - - [26/Nov/2025:06:17:32 -0700] "GET /?/svg_6356af597ebeb154b969e538d3e95f0f/_pics_webp_common_pc_star_whishlist.svg HTTP/1.1" 200 2230 "http://blalockdialysiscenter.com/?a=18718965061690&mod=0eb71de4&uri=products.php%3Fid%3D626245-598%26name%3D2007+harley+davidson+super+glide+custom" "Mozilla/5.0 AppleWebKit/537.36 (KHTML, like Gecko; compatible; GoogleOther) Chrome/141.0.7390.122 Safari/537.36" 92 **0/92701**
40.77.167.75 - - [26/Nov/2025:06:17:33 -0700] "GET /?a=117913884041690&mod=f89a845b&uri=itm.php%3Fid%3D3945477-995%26name%3Dchain+american+bulldog+collars HTTP/1.1" 200 20604 "-" "Mozilla/5.0 AppleWebKit/537.36 (KHTML, like Gecko; compatible; bingbot/2.0; +http://www.bing.com/bingbot.htm) Chrome/116.0.1938.76 Safari/537.36" 277 **0/277117**
66.249.69.170 - - [26/Nov/2025:06:17:33 -0700] "GET /?/img_6356af597ebeb154b969e538d3e95f0f/_pics_webp_keikoku01a.gif HTTP/1.1" 200 2230 "http://blalockdialysiscenter.com/?a=18718965061690&mod=0eb71de4&uri=products.php%3Fid%3D626245-598%26name%3D2007+harley+davidson+super+glide+custom" "Mozilla/5.0 AppleWebKit/537.36 (KHTML, like Gecko; compatible; GoogleOther) Chrome/141.0.7390.122 Safari/537.36" 97 **0/97503**
66.249.69.170 - - [26/Nov/2025:06:17:33 -0700] "GET /?/img_6356af597ebeb154b969e538d3e95f0f/_pics_webp_common_pc_no_photo300.jpg HTTP/1.1" 200 2230 "http://blalockdialysiscenter.com/?a=18718965061690&mod=0eb71de4&uri=products.php%3Fid%3D626245-598%26name%3D2007+harley+davidson+super+glide+custom" "Mozilla/5.0 AppleWebKit/537.36 (KHTML, like Gecko; compatible; GoogleOther) Chrome/141.0.7390.122 Safari/537.36" 86 **0/86622**
66.249.69.170 - - [26/Nov/2025:06:17:33 -0700] "GET /?/img_6356af597ebeb154b969e538d3e95f0f/_pics_webp_keikoku02.gif HTTP/1.1" 200 2230 "http://blalockdialysiscenter.com/?a=18718965061690&mod=0eb71de4&uri=products.php%3Fid%3D626245-598%26name%3D2007+harley+davidson+super+glide+custom" "Mozilla/5.0 AppleWebKit/537.36 (KHTML, like Gecko; compatible; GoogleOther) Chrome/141.0.7390.122 Safari/537.36" 100 **0/100151**
66.249.69.170 - - [26/Nov/2025:06:17:34 -0700] "GET /?/img_6356af597ebeb154b969e538d3e95f0f/_pics_webp_keikoku03.gif HTTP/1.1" 200 2230 "http://blalockdialysiscenter.com/?a=18718965061690&mod=0eb71de4&uri=products.php%3Fid%3D626245-598%26name%3D2007+harley+davidson+super+glide+custom" "Mozilla/5.0 AppleWebKit/537.36 (KHTML, like Gecko; compatible; GoogleOther) Chrome/141.0.7390.122 Safari/537.36" 107 **0/107513**
52.167.144.185 - - [26/Nov/2025:06:17:33 -0700] "GET /?a=2532248071690&mod=4c26774d&uri=dp.php%3Fid%3D84654-58%26name%3Dchildren+how+do+you+teach+a+kid+to+ride+a+bike HTTP/1.1" 200 20943 "-" "Mozilla/5.0 AppleWebKit/537.36 (KHTML, like Gecko; compatible; bingbot/2.0; +http://www.bing.com/bingbot.htm) Chrome/116.0.1938.76 Safari/537.36" 261 **0/261022**
66.249.69.170 - - [26/Nov/2025:06:17:49 -0700] "GET /?/svg_6356af597ebeb154b969e538d3e95f0f/_pics_webp_common_pc_user_black.svg HTTP/1.1" 200 2230 "http://blalockdialysiscenter.com/?a=18718965061690&mod=0eb71de4&uri=products.php%3Fid%3D626245-598%26name%3D2007+harley+davidson+super+glide+custom" "Mozilla/5.0 AppleWebKit/537.36 (KHTML, like Gecko; compatible; GoogleOther) Chrome/141.0.7390.122 Safari/537.36" 88 **0/88133**
66.249.69.170 - - [26/Nov/2025:06:17:50 -0700] "GET /?/svg_6356af597ebeb154b969e538d3e95f0f/_pics_webp_common_pc_cart_black.svg HTTP/1.1" 200 2230 "http://blalockdialysiscenter.com/?a=18718965061690&mod=0eb71de4&uri=products.php%3Fid%3D626245-598%26name%3D2007+harley+davidson+super+glide+custom" "Mozilla/5.0 AppleWebKit/537.36 (KHTML, like Gecko; compatible; GoogleOther) Chrome/141.0.7390.122 Safari/537.36" 92 **0/92774**
40.77.167.152 - - [26/Nov/2025:06:17:49 -0700] "GET /?a=103543988021690&mod=02f657d5&uri=news.php%3Fid%3D3464645-25%26name%3Dc20+coconut+water HTTP/1.1" 200 21229 "-" "Mozilla/5.0 AppleWebKit/537.36 (KHTML, like Gecko; compatible; bingbot/2.0; +http://www.bing.com/bingbot.htm) Chrome/116.0.1938.76 Safari/537.36" 249 **0/249237**
66.249.69.170 - - [26/Nov/2025:06:17:50 -0700] "GET /?/img_6356af597ebeb154b969e538d3e95f0f/_pics_webp_common_pc_no_photo300.jpg HTTP/1.1" 200 2230 "http://blalockdialysiscenter.com/?a=18718965061690&mod=0eb71de4&uri=products.php%3Fid%3D626245-598%26name%3D2007+harley+davidson+super+glide+custom" "Mozilla/5.0 AppleWebKit/537.36 (KHTML, like Gecko; compatible; GoogleOther) Chrome/141.0.7390.122 Safari/537.36" 101 **0/101261**
66.249.69.170 - - [26/Nov/2025:06:17:50 -0700] "GET /?/svg_6356af597ebeb154b969e538d3e95f0f/_drupal_themes_surugaya_new_css_.._images_icon_arrow-next-blue HTTP/1.1" 200 2230 "http://blalockdialysiscenter.com/?a=18718965061690&mod=0eb71de4&uri=products.php%3Fid%3D626245-598%26name%3D2007+harley+davidson+super+glide+custom" "Mozilla/5.0 AppleWebKit/537.36 (KHTML, like Gecko; compatible; GoogleOther) Chrome/141.0.7390.122 Safari/537.36" 91 **0/91582**
66.249.69.170 - - [26/Nov/2025:06:17:50 -0700] "GET /?/img_6356af597ebeb154b969e538d3e95f0f/_pics_webp_X_black_radius.png HTTP/1.1" 200 2230 "http://blalockdialysiscenter.com/?a=18718965061690&mod=0eb71de4&uri=products.php%3Fid%3D626245-598%26name%3D2007+harley+davidson+super+glide+custom" "Mozilla/5.0 AppleWebKit/537.36 (KHTML, like Gecko; compatible; GoogleOther) Chrome/141.0.7390.122 Safari/537.36" 91 **0/91186**
66.249.69.170 - - [26/Nov/2025:06:17:50 -0700] "GET /?/svg_6356af597ebeb154b969e538d3e95f0f/_pics_webp_common_pc_social_facebook.svg HTTP/1.1" 200 2230 "http://blalockdialysiscenter.com/?a=18718965061690&mod=0eb71de4&uri=products.php%3Fid%3D626245-598%26name%3D2007+harley+davidson+super+glide+custom" "Mozilla/5.0 AppleWebKit/537.36 (KHTML, like Gecko; compatible; GoogleOther) Chrome/141.0.7390.122 Safari/537.36" 87 **0/87904**
66.249.69.170 - - [26/Nov/2025:06:17:50 -0700] "GET /?/svg_6356af597ebeb154b969e538d3e95f0f/_pics_webp_bluesky-1.svg HTTP/1.1" 200 2230 "http://blalockdialysiscenter.com/?a=18718965061690&mod=0eb71de4&uri=products.php%3Fid%3D626245-598%26name%3D2007+harley+davidson+super+glide+custom" "Mozilla/5.0 AppleWebKit/537.36 (KHTML, like Gecko; compatible; GoogleOther) Chrome/141.0.7390.122 Safari/537.36" 98 **0/98146**
66.249.69.170 - - [26/Nov/2025:06:17:51 -0700] "GET /?/img_6356af597ebeb154b969e538d3e95f0f/_pics_webp_Instagram_Glyph_Gradient.png HTTP/1.1" 200 2230 "http://blalockdialysiscenter.com/?a=18718965061690&mod=0eb71de4&uri=products.php%3Fid%3D626245-598%26name%3D2007+harley+davidson+super+glide+custom" "Mozilla/5.0 AppleWebKit/537.36 (KHTML, like Gecko; compatible; GoogleOther) Chrome/141.0.7390.122 Safari/537.36" 90 **0/90758**
66.249.69.170 - - [26/Nov/2025:06:17:51 -0700] "GET /?/svg_6356af597ebeb154b969e538d3e95f0f/_pics_webp_common_pc_social_youtube.svg HTTP/1.1" 200 2230 "http://blalockdialysiscenter.com/?a=18718965061690&mod=0eb71de4&uri=products.php%3Fid%3D626245-598%26name%3D2007+harley+davidson+super+glide+custom" "Mozilla/5.0 AppleWebKit/537.36 (KHTML, like Gecko; compatible; GoogleOther) Chrome/141.0.7390.122 Safari/537.36" 472 **0/472135**
20.15.133.174 - - [26/Nov/2025:06:17:58 -0700] "GET /?a=53966056031690&mod=44ac09ac&uri=news.php%3Fid%3D1805393-27%26name%3Dtoy+tyco+racing+track HTTP/1.1" 200 20922 "-" "Mozilla/5.0 AppleWebKit/537.36 (KHTML, like Gecko; compatible; bingbot/2.0; +http://www.bing.com/bingbot.htm) Chrome/116.0.1938.76 Safari/537.36" 263 **0/263913**
57.141.0.22 - - [26/Nov/2025:06:18:10 -0700] "GET /?a=65808743011690& HTTP/1.1" 200 7610 "-" "meta-externalagent/1.1 (+https://developers.facebook.com/docs/sharing/webmasters/crawler)" 104 **0/104931**
185.184.197.232 - - [26/Nov/2025:06:18:23 -0700] "GET http://www.blalockdialysiscenter.com/?a=5169231001690&mod=61b5c689&name=craft+glue+3d+glitter+glue&uri=itm.php%3Fid%3D172909-134 HTTP/1.1" 200 2554 "-" "Mozilla/5.0 (Windows NT 10.0; Win64; x64) AppleWebKit/537.36 (KHTML, like Gecko) Chrome/80.0.3987.132 Safari/537.36" 90 **0/90023**
200.68.170.50 - - [26/Nov/2025:06:18:40 -0700] "GET http://www.blalockdialysiscenter.com/feature/akihabara_main/helpful.php HTTP/1.1" 200 2554 "-" "Mozilla/5.0 (Macintosh; Intel Mac OS X 10_13_6) AppleWebKit/537.36 (KHTML, like Gecko) Brave Chrome/80.0.3987.162 Safari/537.36" 113 **0/113971**
57.141.0.35 - - [26/Nov/2025:06:19:26 -0700] "GET /?a=30229881021690& HTTP/1.1" 200 7610 "-" "meta-externalagent/1.1 (+https://developers.facebook.com/docs/sharing/webmasters/crawler)" 91 **0/91773**
40.77.167.75 - - [26/Nov/2025:06:19:33 -0700] "GET /?a=43110206021690&mod=fb4c2277&uri=pin.php%3Fid%3D1442168-703%26name%3Dboots+dr+martens+wildleder+herren HTTP/1.1" 200 21035 "-" "Mozilla/5.0 AppleWebKit/537.36 (KHTML, like Gecko; compatible; bingbot/2.0; +http://www.bing.com/bingbot.htm) Chrome/116.0.1938.76 Safari/537.36" 272 **0/272535**
40.77.167.3 - - [26/Nov/2025:06:19:49 -0700] "GET /?a=60946730001690&mod=a77fee56&uri=itm.php%3Fid%3D2039067-223%26name%3Dleica+microsystems+leica+dm2500m HTTP/1.1" 200 20835 "-" "Mozilla/5.0 AppleWebKit/537.36 (KHTML, like Gecko; compatible; bingbot/2.0; +http://www.bing.com/bingbot.htm) Chrome/116.0.1938.76 Safari/537.36" 233 **0/233795**
40.77.167.152 - - [26/Nov/2025:06:19:50 -0700] "GET /?a=101548419001690&mod=2ba77af8&uri=dp.php%3Fid%3D3397876-413%26name%3Dscooter+decks+elite+supreme+deck HTTP/1.1" 200 21131 "-" "Mozilla/5.0 AppleWebKit/537.36 (KHTML, like Gecko; compatible; bingbot/2.0; +http://www.bing.com/bingbot.htm) Chrome/116.0.1938.76 Safari/537.36" 249 **0/249138**
20.15.133.191 - - [26/Nov/2025:06:20:28 -0700] "GET /?a=104326000021690&mod=069802d4&uri=news.php%3Fid%3D3490825-158%26name%3Dbose+soundlink+good+bluetooth+speakers+for+home HTTP/1.1" 200 21260 "-" "Mozilla/5.0 AppleWebKit/537.36 (KHTML, like Gecko; compatible; bingbot/2.0; +http://www.bing.com/bingbot.htm) Chrome/116.0.1938.76 Safari/537.36" 263 **0/263915**
40.77.167.6 - - [26/Nov/2025:06:21:40 -0700] "GET /?a=104049387031690&mod=6ec59538&uri=brands.php%3Fid%3D3481578-403%26name%3Ddog+breeding+101 HTTP/1.1" 200 21596 "-" "Mozilla/5.0 AppleWebKit/537.36 (KHTML, like Gecko; compatible; bingbot/2.0; +http://www.bing.com/bingbot.htm) Chrome/116.0.1938.76 Safari/537.36" 262 **0/262663**
20.15.133.163 - - [26/Nov/2025:06:21:49 -0700] "GET /?a=102059090041690&mod=d43cdc61&uri=products.php%3Fid%3D3414961-762%26name%3Dcar+wash+autolavaggio+giocattolo+hot+wheels HTTP/1.1" 200 21192 "-" "Mozilla/5.0 AppleWebKit/537.36 (KHTML, like Gecko; compatible; bingbot/2.0; +http://www.bing.com/bingbot.htm) Chrome/116.0.1938.76 Safari/537.36" 244 **0/244548**
57.141.0.59 - - [26/Nov/2025:06:22:02 -0700] "GET /?a=1109803001690& HTTP/1.1" 200 7610 "-" "meta-externalagent/1.1 (+https://developers.facebook.com/docs/sharing/webmasters/crawler)" 99 **0/99314**
52.167.144.23 - - [26/Nov/2025:06:22:20 -0700] "GET /?a=100979267041690&mod=3f6ad121&uri=us.php%3Fid%3D3378841-393%26name%3Dmilled+odd+molly+lace+vibration+dress HTTP/1.1" 200 19523 "-" "Mozilla/5.0 AppleWebKit/537.36 (KHTML, like Gecko; compatible; bingbot/2.0; +http://www.bing.com/bingbot.htm) Chrome/116.0.1938.76 Safari/537.36" 238 **0/238510**
20.15.133.175 - - [26/Nov/2025:06:22:29 -0700] "GET /?a=101573403001690&mod=eaaec0f5&uri=article.php%3Fid%3D3398711-256%26name%3Dcamisa+social+tipos+de+sueteres HTTP/1.1" 200 21169 "-" "Mozilla/5.0 AppleWebKit/537.36 (KHTML, like Gecko; compatible; bingbot/2.0; +http://www.bing.com/bingbot.htm) Chrome/116.0.1938.76 Safari/537.36" 272 **0/272992**
40.77.167.75 - - [26/Nov/2025:06:22:33 -0700] "GET /?a=51340481021690&mod=03de7a07&uri=goods.php%3Fid%3D1717531-302%26name%3Dlong+sleeve+western+country+dresses HTTP/1.1" 200 20556 "-" "Mozilla/5.0 AppleWebKit/537.36 (KHTML, like Gecko; compatible; bingbot/2.0; +http://www.bing.com/bingbot.htm) Chrome/116.0.1938.76 Safari/537.36" 256 **0/256958**
57.141.0.36 - - [26/Nov/2025:06:22:40 -0700] "GET /?a=36054493061690& HTTP/1.1" 200 7610 "-" "meta-externalagent/1.1 (+https://developers.facebook.com/docs/sharing/webmasters/crawler)" 89 **0/89829**
40.77.167.3 - - [26/Nov/2025:06:23:09 -0700] "GET /?a=63976435071690&mod=5227fa9a&uri=us.php%3Fid%3D2140422-65%26name%3Dbeautyplus+app+beauty+plus+old+version+2018 HTTP/1.1" 200 20735 "-" "Mozilla/5.0 AppleWebKit/537.36 (KHTML, like Gecko; compatible; bingbot/2.0; +http://www.bing.com/bingbot.htm) Chrome/116.0.1938.76 Safari/537.36" 265 **0/265446**
40.77.167.3 - - [26/Nov/2025:06:23:10 -0700] "GET /?a=115271263131690&mod=fb4c4860&uri=news.php%3Fid%3D3857062-40%26name%3Dindominus+rex+mosasaurus+toy HTTP/1.1" 200 20060 "-" "Mozilla/5.0 AppleWebKit/537.36 (KHTML, like Gecko; compatible; bingbot/2.0; +http://www.bing.com/bingbot.htm) Chrome/116.0.1938.76 Safari/537.36" 274 **0/274596**
52.167.144.176 - - [26/Nov/2025:06:23:24 -0700] "GET /?a=2434947041690&mod=679b4e06&uri=pin.php%3Fid%3D81401-501%26name%3Doldest+pet+cat HTTP/1.1" 200 21400 "-" "Mozilla/5.0 AppleWebKit/537.36 (KHTML, like Gecko; compatible; bingbot/2.0; +http://www.bing.com/bingbot.htm) Chrome/116.0.1938.76 Safari/537.36" 262 **0/262549**
40.77.167.6 - - [26/Nov/2025:06:23:40 -0700] "GET /?a=104182331131690&mod=4c26774d&uri=itm.php%3Fid%3D3486026-58%26name%3Dmotorcycle+gloves+fox+enduro+gloves HTTP/1.1" 200 21320 "-" "Mozilla/5.0 AppleWebKit/537.36 (KHTML, like Gecko; compatible; bingbot/2.0; +http://www.bing.com/bingbot.htm) Chrome/116.0.1938.76 Safari/537.36" 248 **0/248898**
40.77.167.3 - - [26/Nov/2025:06:23:50 -0700] "GET /?a=2995938121690&mod=639b1cbf&uri=search.php%3Fid%3D100163-417%26name%3Domega+speedmaster+moonwatch+40mm HTTP/1.1" 200 20617 "-" "Mozilla/5.0 AppleWebKit/537.36 (KHTML, like Gecko; compatible; bingbot/2.0; +http://www.bing.com/bingbot.htm) Chrome/116.0.1938.76 Safari/537.36" 277 **0/277182**
40.77.167.3 - - [26/Nov/2025:06:23:50 -0700] "GET /?a=49043314061690&mod=dab10c50&uri=product.php%3Fid%3D1640685-47%26name%3Dbottes+wish+chaussure+femme+mariage HTTP/1.1" 200 21198 "-" "Mozilla/5.0 AppleWebKit/537.36 (KHTML, like Gecko; compatible; bingbot/2.0; +http://www.bing.com/bingbot.htm) Chrome/116.0.1938.76 Safari/537.36" 684 **0/684116**
52.167.144.225 - - [26/Nov/2025:06:24:00 -0700] "GET /?a=101265051031690&mod=e744f91c&uri=us.php%3Fid%3D3388396-9%26name%3Dpc+games+ear+force+x11 HTTP/1.1" 200 21172 "-" "Mozilla/5.0 AppleWebKit/537.36 (KHTML, like Gecko; compatible; bingbot/2.0; +http://www.bing.com/bingbot.htm) Chrome/116.0.1938.76 Safari/537.36" 239 **0/239521**
40.77.167.73 - - [26/Nov/2025:06:24:14 -0700] "GET /?a=119514379021690&mod=69e76024&uri=itm.php%3Fid%3D3999029-325%26name%3Dice+chest+cedar+patio+cooler HTTP/1.1" 200 20323 "-" "Mozilla/5.0 AppleWebKit/537.36 (KHTML, like Gecko; compatible; bingbot/2.0; +http://www.bing.com/bingbot.htm) Chrome/116.0.1938.76 Safari/537.36" 250 **0/250249**
40.77.167.73 - - [26/Nov/2025:06:24:15 -0700] "GET /?a=45494304011690&mod=1e2d681b&uri=itm.php%3Fid%3D1521943-235%26name%3Dnavien+combi+commercial+combi+boiler HTTP/1.1" 200 21309 "-" "Mozilla/5.0 AppleWebKit/537.36 (KHTML, like Gecko; compatible; bingbot/2.0; +http://www.bing.com/bingbot.htm) Chrome/116.0.1938.76 Safari/537.36" 293 **0/293477**
57.141.0.21 - - [26/Nov/2025:06:24:16 -0700] "GET /?a=69499282021690& HTTP/1.1" 200 7610 "-" "meta-externalagent/1.1 (+https://developers.facebook.com/docs/sharing/webmasters/crawler)" 96 **0/96818**
52.167.144.176 - - [26/Nov/2025:06:24:35 -0700] "GET /?a=5900351031690&mod=7cc5a754&uri=goods.php%3Fid%3D197356-80%26name%3Dsurefit+short+dining+chair+covers HTTP/1.1" 200 21275 "-" "Mozilla/5.0 AppleWebKit/537.36 (KHTML, like Gecko; compatible; bingbot/2.0; +http://www.bing.com/bingbot.htm) Chrome/116.0.1938.76 Safari/537.36" 257 **0/257067**
52.167.144.176 - - [26/Nov/2025:06:24:38 -0700] "GET /?a=49602921141690&mod=069802d4&uri=form.php%3Fid%3D1659423-158%26name%3Dbocina+jbl+jbl+charge+series HTTP/1.1" 200 20139 "-" "Mozilla/5.0 AppleWebKit/537.36 (KHTML, like Gecko; compatible; bingbot/2.0; +http://www.bing.com/bingbot.htm) Chrome/116.0.1938.76 Safari/537.36" 243 **0/243716**
52.167.144.176 - - [26/Nov/2025:06:24:38 -0700] "GET /?a=98147203021690&mod=8b1c998c&uri=form.php%3Fid%3D3284057-116%26name%3Dbraun+strickjacke+taupe HTTP/1.1" 200 21454 "-" "Mozilla/5.0 AppleWebKit/537.36 (KHTML, like Gecko; compatible; bingbot/2.0; +http://www.bing.com/bingbot.htm) Chrome/116.0.1938.76 Safari/537.36" 1073 **1/1073187**
40.77.167.73 - - [26/Nov/2025:06:24:43 -0700] "GET /?a=32479352031690&mod=17cb0fd7&uri=search.php%3Fid%3D1086495-346%26name%3Dlaptop+15s+hp+du1044tu+laptop HTTP/1.1" 200 21382 "-" "Mozilla/5.0 AppleWebKit/537.36 (KHTML, like Gecko; compatible; bingbot/2.0; +http://www.bing.com/bingbot.htm) Chrome/116.0.1938.76 Safari/537.36" 252 **0/252098**
40.77.167.3 - - [26/Nov/2025:06:24:43 -0700] "GET /?a=49059686041690&mod=a02f16dc&uri=search.php%3Fid%3D1641238-499%26name%3Drain+coat+windbreaker+festival+jacket HTTP/1.1" 200 21575 "-" "Mozilla/5.0 AppleWebKit/537.36 (KHTML, like Gecko; compatible; bingbot/2.0; +http://www.bing.com/bingbot.htm) Chrome/116.0.1938.76 Safari/537.36" 285 **0/285036**
40.77.167.3 - - [26/Nov/2025:06:24:59 -0700] "GET /?a=2440821101690&mod=7f4680b3&uri=shop.php%3Fid%3D81598-505%26name%3Dmanteau+homme+veste+chaude+superdry+homme HTTP/1.1" 200 21112 "-" "Mozilla/5.0 AppleWebKit/537.36 (KHTML, like Gecko; compatible; bingbot/2.0; +http://www.bing.com/bingbot.htm) Chrome/116.0.1938.76 Safari/537.36" 285 **0/285060**
40.77.167.15 - - [26/Nov/2025:06:25:08 -0700] "GET /?a=49015368111690&mod=fd9c99c4&uri=us.php%3Fid%3D1639751-330%26name%3Dcharger+port+different+apple+connectors HTTP/1.1" 200 21053 "-" "Mozilla/5.0 AppleWebKit/537.36 (KHTML, like Gecko; compatible; bingbot/2.0; +http://www.bing.com/bingbot.htm) Chrome/116.0.1938.76 Safari/537.36" 269 **0/269829**
40.77.167.15 - - [26/Nov/2025:06:25:24 -0700] "GET /?a=49035740031690&mod=dab10c50&uri=article.php%3Fid%3D1640432-47%26name%3Dderbies+dorees+bocage+derbies+femme HTTP/1.1" 200 20169 "-" "Mozilla/5.0 AppleWebKit/537.36 (KHTML, like Gecko; compatible; bingbot/2.0; +http://www.bing.com/bingbot.htm) Chrome/116.0.1938.76 Safari/537.36" 251 **0/251224**
40.77.167.15 - - [26/Nov/2025:06:25:34 -0700] "GET /?a=100983432041690&mod=c00c7389&uri=news.php%3Fid%3D3378980-392%26name%3Dbaby+outlet+nannette+baby+clothes HTTP/1.1" 200 20132 "-" "Mozilla/5.0 AppleWebKit/537.36 (KHTML, like Gecko; compatible; bingbot/2.0; +http://www.bing.com/bingbot.htm) Chrome/116.0.1938.76 Safari/537.36" 278 **0/278125**
52.167.144.225 - - [26/Nov/2025:06:25:34 -0700] "GET /?a=104091906141690&mod=6ac94846&uri=article.php%3Fid%3D3483000-854%26name%3Dpatek+philippe+jay+z+watch+me HTTP/1.1" 200 20893 "-" "Mozilla/5.0 AppleWebKit/537.36 (KHTML, like Gecko; compatible; bingbot/2.0; +http://www.bing.com/bingbot.htm) Chrome/116.0.1938.76 Safari/537.36" 290 **0/290900**
52.167.144.225 - - [26/Nov/2025:06:25:35 -0700] "GET /?a=104138852041690&mod=374d3835&uri=form.php%3Fid%3D3484570-351%26name%3Dbata+profesora+batas+dyneke+online HTTP/1.1" 200 21477 "-" "Mozilla/5.0 AppleWebKit/537.36 (KHTML, like Gecko; compatible; bingbot/2.0; +http://www.bing.com/bingbot.htm) Chrome/116.0.1938.76 Safari/537.36" 264 **0/264733**
40.77.167.6 - - [26/Nov/2025:06:25:39 -0700] "GET /?a=81468599031690&mod=a9d44cca&uri=category-info.php%3Fid%3D2725808-1010%26name%3Dmy+ear+lobe+healing+time HTTP/1.1" 200 22008 "-" "Mozilla/5.0 AppleWebKit/537.36 (KHTML, like Gecko; compatible; bingbot/2.0; +http://www.bing.com/bingbot.htm) Chrome/116.0.1938.76 Safari/537.36" 248 **0/248953**
40.77.167.6 - - [26/Nov/2025:06:25:41 -0700] "GET /?a=60849086011690&mod=c6966bdc&uri=pin.php%3Fid%3D2035792-1014%26name%3Dboot+cut+levi+524+too+superlow HTTP/1.1" 200 20461 "-" "Mozilla/5.0 AppleWebKit/537.36 (KHTML, like Gecko; compatible; bingbot/2.0; +http://www.bing.com/bingbot.htm) Chrome/116.0.1938.76 Safari/537.36" 245 **0/245175**
40.77.167.6 - - [26/Nov/2025:06:25:44 -0700] "GET /?a=43106620031690&mod=2c620a8c&uri=pin.php%3Fid%3D1442048-38%26name%3Dpiumino+lungo+twin+set+piumino+leggero HTTP/1.1" 200 21102 "-" "Mozilla/5.0 AppleWebKit/537.36 (KHTML, like Gecko; compatible; bingbot/2.0; +http://www.bing.com/bingbot.htm) Chrome/116.0.1938.76 Safari/537.36" 281 **0/281723**
40.77.167.73 - - [26/Nov/2025:06:25:55 -0700] "GET /?a=102901261051690&mod=7eb7eabb&uri=products.php%3Fid%3D3443146-17%26name%3Dlongines+blue+chronograph HTTP/1.1" 200 20651 "-" "Mozilla/5.0 AppleWebKit/537.36 (KHTML, like Gecko; compatible; bingbot/2.0; +http://www.bing.com/bingbot.htm) Chrome/116.0.1938.76 Safari/537.36" 246 **0/246935**
57.141.0.15 - - [26/Nov/2025:06:26:08 -0700] "GET /?a=66665875021690& HTTP/1.1" 200 7610 "-" "meta-externalagent/1.1 (+https://developers.facebook.com/docs/sharing/webmasters/crawler)" 99 **0/99449**
40.77.167.73 - - [26/Nov/2025:06:26:24 -0700] "GET /?a=108963598111690&mod=ee6db913&uri=info.php%3Fid%3D3646071-120%26name%3Ddoor+lock+echo+show+simplisafe HTTP/1.1" 200 20980 "-" "Mozilla/5.0 AppleWebKit/537.36 (KHTML, like Gecko; compatible; bingbot/2.0; +http://www.bing.com/bingbot.htm) Chrome/116.0.1938.76 Safari/537.36" 304 **0/304973**
40.77.167.15 - - [26/Nov/2025:06:26:25 -0700] "GET /?a=119195216041690&mod=17c43577&uri=us.php%3Fid%3D3988359-681%26name%3Dbig+picture+of+princess+peach+mario+party HTTP/1.1" 200 21420 "-" "Mozilla/5.0 AppleWebKit/537.36 (KHTML, like Gecko; compatible; bingbot/2.0; +http://www.bing.com/bingbot.htm) Chrome/116.0.1938.76 Safari/537.36" 303 **0/303063**
102.130.200.153 - - [26/Nov/2025:06:27:31 -0700] "GET http://www.blalockdialysiscenter.com/?a=4927966071690&mod=e1228be4&name=mia%27s+tree+house+lego&uri=shared.php%3Fid%3D164820-36 HTTP/1.1" 200 2554 "-" "Mozilla/5.0 (Macintosh; Intel Mac OS X 11_2_3) AppleWebKit/537.36 (KHTML, like Gecko) Chrome/87.0.4280.67 Safari/537.36" 101 **0/101963**
40.77.167.3 - - [26/Nov/2025:06:27:31 -0700] "GET /?a=94971546001690&mod=639b1cbf&uri=info.php%3Fid%3D3177681-417%26name%3Dsmartwatch+argos+polar+watch HTTP/1.1" 200 20844 "-" "Mozilla/5.0 AppleWebKit/537.36 (KHTML, like Gecko; compatible; bingbot/2.0; +http://www.bing.com/bingbot.htm) Chrome/116.0.1938.76 Safari/537.36" 248 **0/248254**
40.77.167.73 - - [26/Nov/2025:06:28:03 -0700] "GET /?a=62393316041690&mod=44ac09ac&uri=blog.php%3Fid%3D2087477-27%26name%3Dastronaut+big+rocket+toy HTTP/1.1" 200 20521 "-" "Mozilla/5.0 AppleWebKit/537.36 (KHTML, like Gecko; compatible; bingbot/2.0; +http://www.bing.com/bingbot.htm) Chrome/116.0.1938.76 Safari/537.36" 272 **0/272185**
40.77.167.3 - - [26/Nov/2025:06:28:10 -0700] "GET /?a=601066031690&mod=2f3bbb97&uri=pin.php%3Fid%3D20100-49%26name%3Dcustom+xbox+elite+coolest+xbox+one+controllers HTTP/1.1" 200 21675 "-" "Mozilla/5.0 AppleWebKit/537.36 (KHTML, like Gecko; compatible; bingbot/2.0; +http://www.bing.com/bingbot.htm) Chrome/116.0.1938.76 Safari/537.36" 260 **0/260776**
52.167.144.225 - - [26/Nov/2025:06:28:39 -0700] "GET /?a=101857500011690&mod=4e4e70d5&uri=us.php%3Fid%3D3408220-412%26name%3Djordan+se+fire+red+denim+on+feet HTTP/1.1" 200 20483 "-" "Mozilla/5.0 AppleWebKit/537.36 (KHTML, like Gecko; compatible; bingbot/2.0; +http://www.bing.com/bingbot.htm) Chrome/116.0.1938.76 Safari/537.36" 243 **0/243223**
52.167.144.225 - - [26/Nov/2025:06:28:39 -0700] "GET /?a=5305594031690&mod=db59312b&uri=goods.php%3Fid%3D177466-384%26name%3Dwearing+flip+hard+plastic+flip+flops HTTP/1.1" 200 21457 "-" "Mozilla/5.0 AppleWebKit/537.36 (KHTML, like Gecko; compatible; bingbot/2.0; +http://www.bing.com/bingbot.htm) Chrome/116.0.1938.76 Safari/537.36" 1042 **1/1042671**
52.167.144.225 - - [26/Nov/2025:06:28:41 -0700] "GET /?a=102016985071690&mod=a9b08c6e&uri=info.php%3Fid%3D3413549-691%26name%3Dunderwear+sale+asos+underwear HTTP/1.1" 200 20230 "-" "Mozilla/5.0 AppleWebKit/537.36 (KHTML, like Gecko; compatible; bingbot/2.0; +http://www.bing.com/bingbot.htm) Chrome/116.0.1938.76 Safari/537.36" 233 **0/233838**
52.167.144.225 - - [26/Nov/2025:06:29:11 -0700] "GET /?a=105521172101690&mod=59f7026f&uri=goods.php%3Fid%3D3530879-546%26name%3Dvca+cedar+animal+hospital HTTP/1.1" 200 20547 "-" "Mozilla/5.0 AppleWebKit/537.36 (KHTML, like Gecko; compatible; bingbot/2.0; +http://www.bing.com/bingbot.htm) Chrome/116.0.1938.76 Safari/537.36" 231 **0/231471**
57.141.0.10 - - [26/Nov/2025:06:29:19 -0700] "GET /?a=101659037001690& HTTP/1.1" 200 7610 "-" "meta-externalagent/1.1 (+https://developers.facebook.com/docs/sharing/webmasters/crawler)" 95 **0/95156**
40.77.167.73 - - [26/Nov/2025:06:29:21 -0700] "GET /?a=77578681071690&mod=affa3be3&uri=blog.php%3Fid%3D2595672-927%26name%3Dgpu+5900+xt HTTP/1.1" 200 20314 "-" "Mozilla/5.0 AppleWebKit/537.36 (KHTML, like Gecko; compatible; bingbot/2.0; +http://www.bing.com/bingbot.htm) Chrome/116.0.1938.76 Safari/537.36" 253 **0/253158**
57.141.0.24 - - [26/Nov/2025:06:29:57 -0700] "GET /?a=33167814001690& HTTP/1.1" 200 7610 "-" "meta-externalagent/1.1 (+https://developers.facebook.com/docs/sharing/webmasters/crawler)" 88 **0/88341**
40.77.167.73 - - [26/Nov/2025:06:30:13 -0700] "GET /?a=44233188001690&mod=78c1d193&uri=blog.php%3Fid%3D1479782-817%26name%3Ddown+jacket+anthia+moncler+jacket HTTP/1.1" 200 20135 "-" "Mozilla/5.0 AppleWebKit/537.36 (KHTML, like Gecko; compatible; bingbot/2.0; +http://www.bing.com/bingbot.htm) Chrome/116.0.1938.76 Safari/537.36" 304 **0/304009**
40.77.167.73 - - [26/Nov/2025:06:30:14 -0700] "GET /?a=104186891001690&mod=4c26774d&uri=products.php%3Fid%3D3486178-58%26name%3Delectrified+x2+vanmoof+smart+x2 HTTP/1.1" 200 21620 "-" "Mozilla/5.0 AppleWebKit/537.36 (KHTML, like Gecko; compatible; bingbot/2.0; +http://www.bing.com/bingbot.htm) Chrome/116.0.1938.76 Safari/537.36" 329 **0/329742**
52.167.144.225 - - [26/Nov/2025:06:30:21 -0700] "GET /?a=104154186131690&mod=ff62b2ef&uri=brands.php%3Fid%3D3485087-638%26name%3Dagricultor+overol+agricola HTTP/1.1" 200 20847 "-" "Mozilla/5.0 AppleWebKit/537.36 (KHTML, like Gecko; compatible; bingbot/2.0; +http://www.bing.com/bingbot.htm) Chrome/116.0.1938.76 Safari/537.36" 265 **0/265628**
57.141.0.43 - - [26/Nov/2025:06:30:23 -0700] "GET /?a=44545764051690& HTTP/1.1" 200 7610 "-" "meta-externalagent/1.1 (+https://developers.facebook.com/docs/sharing/webmasters/crawler)" 99 **0/99011**
52.167.144.213 - - [26/Nov/2025:06:30:50 -0700] "GET /?a=118792380011690&mod=7cc5a754&uri=shared.php%3Fid%3D3974866-80%26name%3Dstorage+low+chaise+lounge HTTP/1.1" 200 21707 "-" "Mozilla/5.0 AppleWebKit/537.36 (KHTML, like Gecko; compatible; bingbot/2.0; +http://www.bing.com/bingbot.htm) Chrome/116.0.1938.76 Safari/537.36" 273 **0/273004**
52.167.144.225 - - [26/Nov/2025:06:30:52 -0700] "GET /?a=119438404061690&mod=de19a434&uri=itm.php%3Fid%3D3996492-1369%26name%3Dac+milan+doudoune+bench HTTP/1.1" 200 21059 "-" "Mozilla/5.0 AppleWebKit/537.36 (KHTML, like Gecko; compatible; bingbot/2.0; +http://www.bing.com/bingbot.htm) Chrome/116.0.1938.76 Safari/537.36" 263 **0/263493**
52.167.144.176 - - [26/Nov/2025:06:30:55 -0700] "GET /?a=2291529021690&mod=84c747c5&uri=us.php%3Fid%3D76593-485%26name%3Dskechers+gowalk+skechers+on+the+go+600+qvc HTTP/1.1" 200 20706 "-" "Mozilla/5.0 AppleWebKit/537.36 (KHTML, like Gecko; compatible; bingbot/2.0; +http://www.bing.com/bingbot.htm) Chrome/116.0.1938.76 Safari/537.36" 236 **0/236972**
52.167.144.225 - - [26/Nov/2025:06:30:56 -0700] "GET /?a=101161106041690&mod=ee6db913&uri=article.php%3Fid%3D3384920-120%26name%3Ddoor+bell+video+doorbell+android HTTP/1.1" 200 21659 "-" "Mozilla/5.0 AppleWebKit/537.36 (KHTML, like Gecko; compatible; bingbot/2.0; +http://www.bing.com/bingbot.htm) Chrome/116.0.1938.76 Safari/537.36" 268 **0/268804**
20.15.133.163 - - [26/Nov/2025:06:31:20 -0700] "GET /?a=103764569071690&mod=8b1c998c&uri=article.php%3Fid%3D3472042-116%26name%3Dskijacke+nuolja+skijacke+damen+gr+46 HTTP/1.1" 200 21333 "-" "Mozilla/5.0 AppleWebKit/537.36 (KHTML, like Gecko; compatible; bingbot/2.0; +http://www.bing.com/bingbot.htm) Chrome/116.0.1938.76 Safari/537.36" 242 **0/242046**
40.77.167.15 - - [26/Nov/2025:06:31:23 -0700] "GET /?a=70420634031690&mod=27d342e9&uri=blog.php%3Fid%3D2356027-363%26name%3Dv%C3%A9lo+route+troc+velo+france HTTP/1.1" 200 21619 "-" "Mozilla/5.0 AppleWebKit/537.36 (KHTML, like Gecko; compatible; bingbot/2.0; +http://www.bing.com/bingbot.htm) Chrome/116.0.1938.76 Safari/537.36" 844 **0/844141**
40.77.167.15 - - [26/Nov/2025:06:31:24 -0700] "GET /?a=20842712021690&mod=f87c1398&uri=goods.php%3Fid%3D697259-1021%26name%3Dmens+jacket+orvis+rain+jacket HTTP/1.1" 200 21075 "-" "Mozilla/5.0 AppleWebKit/537.36 (KHTML, like Gecko; compatible; bingbot/2.0; +http://www.bing.com/bingbot.htm) Chrome/116.0.1938.76 Safari/537.36" 294 **0/294665**
20.15.133.175 - - [26/Nov/2025:06:31:39 -0700] "GET /?a=100120064131690&mod=b575e1f6&uri=form.php%3Fid%3D3350108-254%26name%3Ddoes+nike+converse+e+nike HTTP/1.1" 200 20861 "-" "Mozilla/5.0 AppleWebKit/537.36 (KHTML, like Gecko; compatible; bingbot/2.0; +http://www.bing.com/bingbot.htm) Chrome/116.0.1938.76 Safari/537.36" 253 **0/253682**
52.167.144.213 - - [26/Nov/2025:06:31:40 -0700] "GET /?a=2685623011690&mod=a02f16dc&uri=info.php%3Fid%3D89783-499%26name%3Dsnow+pants+dry+q+core HTTP/1.1" 200 21625 "-" "Mozilla/5.0 AppleWebKit/537.36 (KHTML, like Gecko; compatible; bingbot/2.0; +http://www.bing.com/bingbot.htm) Chrome/116.0.1938.76 Safari/537.36" 261 **0/261783**
57.141.0.44 - - [26/Nov/2025:06:31:49 -0700] "GET /?a=83449116031690& HTTP/1.1" 200 7610 "-" "meta-externalagent/1.1 (+https://developers.facebook.com/docs/sharing/webmasters/crawler)" 90 **0/90733**
52.167.144.176 - - [26/Nov/2025:06:31:52 -0700] "GET /?a=100982292121690&mod=c00c7389&uri=blog.php%3Fid%3D3378942-392%26name%3Dpink+nannette+baby+clothes HTTP/1.1" 200 20060 "-" "Mozilla/5.0 AppleWebKit/537.36 (KHTML, like Gecko; compatible; bingbot/2.0; +http://www.bing.com/bingbot.htm) Chrome/116.0.1938.76 Safari/537.36" 224 **0/224613**
52.167.144.23 - - [26/Nov/2025:06:32:10 -0700] "GET /?a=57819806001690&mod=5227fa9a&uri=info.php%3Fid%3D1934403-65%26name%3D1080p+uniden+dc115+dash+camera HTTP/1.1" 200 20989 "-" "Mozilla/5.0 AppleWebKit/537.36 (KHTML, like Gecko; compatible; bingbot/2.0; +http://www.bing.com/bingbot.htm) Chrome/116.0.1938.76 Safari/537.36" 262 **0/262323**
20.15.133.191 - - [26/Nov/2025:06:32:11 -0700] "GET /?a=717354021690&mod=c4d2c9b7&uri=itm.php%3Fid%3D23987-253%26name%3Dtailored+blazer+river+island+tie+dye+blazer HTTP/1.1" 200 21469 "-" "Mozilla/5.0 AppleWebKit/537.36 (KHTML, like Gecko; compatible; bingbot/2.0; +http://www.bing.com/bingbot.htm) Chrome/116.0.1938.76 Safari/537.36" 250 **0/250011**
186.3.210.94 - - [26/Nov/2025:06:32:13 -0700] "GET http://www.blalockdialysiscenter.com/?a=5027948001690&mod=44ac09ac&name=hess+emergency+truck+1996&uri=article.php%3Fid%3D168167-27 HTTP/1.1" 200 2554 "-" "Mozilla/5.0 (Macintosh; Intel Mac OS X 10_12_6) AppleWebKit/537.36 (KHTML, like Gecko) Chrome/88.0.4324.192 Safari/537.36" 106 **0/106196**
40.77.167.15 - - [26/Nov/2025:06:32:15 -0700] "GET /?a=49021943041690&mod=8003c8cd&uri=itm.php%3Fid%3D1639971-154%26name%3Dbeach+club+i+clip+portamonete HTTP/1.1" 200 21488 "-" "Mozilla/5.0 AppleWebKit/537.36 (KHTML, like Gecko; compatible; bingbot/2.0; +http://www.bing.com/bingbot.htm) Chrome/116.0.1938.76 Safari/537.36" 259 **0/259163**
40.77.167.15 - - [26/Nov/2025:06:32:45 -0700] "GET /?a=117507666041690&mod=bd0cc810&uri=article.php%3Fid%3D3931895-21%26name%3Dlauder+perfume+knowing+perfume+macys HTTP/1.1" 200 21366 "-" "Mozilla/5.0 AppleWebKit/537.36 (KHTML, like Gecko; compatible; bingbot/2.0; +http://www.bing.com/bingbot.htm) Chrome/116.0.1938.76 Safari/537.36" 283 **0/283871**
20.15.133.163 - - [26/Nov/2025:06:32:49 -0700] "GET /?a=104392302101690&mod=44bedf0b&uri=shop.php%3Fid%3D3493039-651%26name%3Dsublimar+papel+impresora+para+camisetas HTTP/1.1" 200 20177 "-" "Mozilla/5.0 AppleWebKit/537.36 (KHTML, like Gecko; compatible; bingbot/2.0; +http://www.bing.com/bingbot.htm) Chrome/116.0.1938.76 Safari/537.36" 255 **0/255754**
20.15.133.163 - - [26/Nov/2025:06:32:59 -0700] "GET /?a=104390202001690&mod=44bedf0b&uri=news.php%3Fid%3D3492969-651%26name%3Dcapucha+poleras+crop HTTP/1.1" 200 20437 "-" "Mozilla/5.0 AppleWebKit/537.36 (KHTML, like Gecko; compatible; bingbot/2.0; +http://www.bing.com/bingbot.htm) Chrome/116.0.1938.76 Safari/537.36" 231 **0/231073**
52.167.144.176 - - [26/Nov/2025:06:33:03 -0700] "GET /?a=82494764021690&mod=eaaec0f5&uri=us.php%3Fid%3D2760145-256%26name%3Dbolivia+marca+de+ropa HTTP/1.1" 200 21159 "-" "Mozilla/5.0 AppleWebKit/537.36 (KHTML, like Gecko; compatible; bingbot/2.0; +http://www.bing.com/bingbot.htm) Chrome/116.0.1938.76 Safari/537.36" 271 **0/271842**
40.77.167.73 - - [26/Nov/2025:06:33:34 -0700] "GET /?a=11884991021690&mod=b1adda14&uri=blog.php%3Fid%3D397628-84%26name%3Dnavy+blue+brahmin+purse HTTP/1.1" 200 21160 "-" "Mozilla/5.0 AppleWebKit/537.36 (KHTML, like Gecko; compatible; bingbot/2.0; +http://www.bing.com/bingbot.htm) Chrome/116.0.1938.76 Safari/537.36" 278 **0/278041**
52.167.144.213 - - [26/Nov/2025:06:33:41 -0700] "GET /?a=2681978041690&mod=a02f16dc&uri=info.php%3Fid%3D89661-499%26name%3Ddenim+jacket+mt+fuji+jacket HTTP/1.1" 200 20674 "-" "Mozilla/5.0 AppleWebKit/537.36 (KHTML, like Gecko; compatible; bingbot/2.0; +http://www.bing.com/bingbot.htm) Chrome/116.0.1938.76 Safari/537.36" 234 **0/234354**
40.77.167.15 - - [26/Nov/2025:06:33:47 -0700] "GET /?a=2425955091690&mod=679b4e06&uri=article.php%3Fid%3D81101-501%26name%3Dnormal+cat HTTP/1.1" 200 21516 "-" "Mozilla/5.0 AppleWebKit/537.36 (KHTML, like Gecko; compatible; bingbot/2.0; +http://www.bing.com/bingbot.htm) Chrome/116.0.1938.76 Safari/537.36" 264 **0/264893**
52.167.144.23 - - [26/Nov/2025:06:34:01 -0700] "GET /?a=111122292021690&mod=f78038fa&uri=article.php%3Fid%3D3718275-1311%26name%3Dcorset+high+waist+belly+shaper HTTP/1.1" 200 20333 "-" "Mozilla/5.0 AppleWebKit/537.36 (KHTML, like Gecko; compatible; bingbot/2.0; +http://www.bing.com/bingbot.htm) Chrome/116.0.1938.76 Safari/537.36" 1295 **1/1295392**
57.141.0.19 - - [26/Nov/2025:06:34:48 -0700] "GET /?a=14992949041690& HTTP/1.1" 200 7610 "-" "meta-externalagent/1.1 (+https://developers.facebook.com/docs/sharing/webmasters/crawler)" 97 **0/97391**
52.167.144.213 - - [26/Nov/2025:06:35:00 -0700] "GET /?a=49028727051690&mod=dab10c50&uri=pin.php%3Fid%3D1640198-47%26name%3Dchaussures+kickers+paillettes HTTP/1.1" 200 20075 "-" "Mozilla/5.0 AppleWebKit/537.36 (KHTML, like Gecko; compatible; bingbot/2.0; +http://www.bing.com/bingbot.htm) Chrome/116.0.1938.76 Safari/537.36" 223 **0/223765**
20.15.133.163 - - [26/Nov/2025:06:35:30 -0700] "GET /?a=30427304011690&mod=8b5e72cc&uri=news.php%3Fid%3D1017836-850%26name%3Dskincare+orient+mako+test HTTP/1.1" 200 19621 "-" "Mozilla/5.0 AppleWebKit/537.36 (KHTML, like Gecko; compatible; bingbot/2.0; +http://www.bing.com/bingbot.htm) Chrome/116.0.1938.76 Safari/537.36" 252 **0/252912**
52.167.144.225 - - [26/Nov/2025:06:35:30 -0700] "GET /?a=102070219041690&mod=d43cdc61&uri=article.php%3Fid%3D3415333-762%26name%3Dbricks+lego+11695 HTTP/1.1" 200 20471 "-" "Mozilla/5.0 AppleWebKit/537.36 (KHTML, like Gecko; compatible; bingbot/2.0; +http://www.bing.com/bingbot.htm) Chrome/116.0.1938.76 Safari/537.36" 534 **0/534232**
52.167.144.225 - - [26/Nov/2025:06:35:41 -0700] "GET /?a=24053724031690&mod=63f09a36&uri=shared.php%3Fid%3D804670-348%26name%3Danime+covers+iphone+12 HTTP/1.1" 200 21655 "-" "Mozilla/5.0 AppleWebKit/537.36 (KHTML, like Gecko; compatible; bingbot/2.0; +http://www.bing.com/bingbot.htm) Chrome/116.0.1938.76 Safari/537.36" 393 **0/393861**
40.77.167.123 - - [26/Nov/2025:06:35:52 -0700] "GET /?a=2256684071690&mod=960c4a62&uri=product.php%3Fid%3D75426-477%26name%3Dv+brake+shimano+acera+frein HTTP/1.1" 200 21073 "-" "Mozilla/5.0 AppleWebKit/537.36 (KHTML, like Gecko; compatible; bingbot/2.0; +http://www.bing.com/bingbot.htm) Chrome/116.0.1938.76 Safari/537.36" 269 **0/269944**
154.0.186.199 - - [26/Nov/2025:06:36:02 -0700] "GET http://www.blalockdialysiscenter.com/?a=5037558021690&mod=6d847022&name=entrenamiento+mancuernas+acero+inoxidable&uri=product.php%3Fid%3D168489-284 HTTP/1.1" 200 2554 "-" "Mozilla/5.0 (Windows NT 6.1; ) AppleWebKit/537.36 (KHTML, like Gecko) Chrome/81.0.4044.113 Safari/537.36" 115 **0/115224**
52.167.144.23 - - [26/Nov/2025:06:36:44 -0700] "GET /?a=43207770091690&mod=2c620a8c&uri=form.php%3Fid%3D1445432-38%26name%3Dmaglia+gara+nuove+maglie+lazio HTTP/1.1" 200 20719 "-" "Mozilla/5.0 AppleWebKit/537.36 (KHTML, like Gecko; compatible; bingbot/2.0; +http://www.bing.com/bingbot.htm) Chrome/116.0.1938.76 Safari/537.36" 258 **0/258945**
52.167.144.189 - - [26/Nov/2025:06:36:47 -0700] "GET /?a=74005886031690&mod=de561104&uri=article.php%3Fid%3D2476050-1313%26name%3Dcustom+uno+birthday+outfit HTTP/1.1" 200 21209 "-" "Mozilla/5.0 AppleWebKit/537.36 (KHTML, like Gecko; compatible; bingbot/2.0; +http://www.bing.com/bingbot.htm) Chrome/116.0.1938.76 Safari/537.36" 261 **0/261850**
52.167.144.225 - - [26/Nov/2025:06:36:52 -0700] "GET /?a=5285100001690&mod=022deef5&uri=form.php%3Fid%3D176782-109%26name%3Ddistrict+vision+fuel+cell+rc+elite HTTP/1.1" 200 21759 "-" "Mozilla/5.0 AppleWebKit/537.36 (KHTML, like Gecko; compatible; bingbot/2.0; +http://www.bing.com/bingbot.htm) Chrome/116.0.1938.76 Safari/537.36" 282 **0/282115**
40.77.167.123 - - [26/Nov/2025:06:36:53 -0700] "GET /?a=89992469041690&mod=15f7da5a&uri=blog.php%3Fid%3D3011053-755%26name%3Dmit+diamanten+rolex+perpetual+damen HTTP/1.1" 200 20877 "-" "Mozilla/5.0 AppleWebKit/537.36 (KHTML, like Gecko; compatible; bingbot/2.0; +http://www.bing.com/bingbot.htm) Chrome/116.0.1938.76 Safari/537.36" 263 **0/263436**
37.236.70.8 - - [26/Nov/2025:06:37:01 -0700] "GET /?a=88837368001690&mod=06138bc5&name=toddler+red+checkered+pajama&uri=shared.php%3Fid%3D2972428-2 HTTP/1.1" 200 2554 "-" "Mozilla/5.0 (Macintosh; Intel Mac OS X 10_14_6) AppleWebKit/537.36 (KHTML, like Gecko) Chrome/81.0.4044.113 Safari/537.36" 114 **0/114295**
52.167.144.189 - - [26/Nov/2025:06:37:17 -0700] "GET /?a=74046352001690&mod=0ff73ca2&uri=blog.php%3Fid%3D2477427-459%26name%3Ddog+raincoat+talon+raincoat HTTP/1.1" 200 20563 "-" "Mozilla/5.0 AppleWebKit/537.36 (KHTML, like Gecko; compatible; bingbot/2.0; +http://www.bing.com/bingbot.htm) Chrome/116.0.1938.76 Safari/537.36" 239 **0/239421**
186.193.29.133 - - [26/Nov/2025:06:37:21 -0700] "GET http://www.blalockdialysiscenter.com/?a=5050402031690&mod=cdf1035c&name=abs+bicicleta+crunch&uri=brands.php%3Fid%3D168924-16 HTTP/1.1" 200 2554 "-" "Mozilla/5.0 (Macintosh; Intel Mac OS X 10_14_6) AppleWebKit/537.36 (KHTML, like Gecko) Brave Chrome/86.0.4240.183 Safari/537.36" 93 **0/93344**
52.167.144.189 - - [26/Nov/2025:06:37:24 -0700] "GET /?a=75868304141690&mod=0d1b6a48&uri=article.php%3Fid%3D2538395-510%26name%3Dvintage+dc+shoes HTTP/1.1" 200 20113 "-" "Mozilla/5.0 AppleWebKit/537.36 (KHTML, like Gecko; compatible; bingbot/2.0; +http://www.bing.com/bingbot.htm) Chrome/116.0.1938.76 Safari/537.36" 252 **0/252338**
52.167.144.189 - - [26/Nov/2025:06:37:24 -0700] "GET /?a=104051517021690&mod=ee6db913&uri=blog.php%3Fid%3D3481649-120%26name%3Dtend+secure+lynx+camera HTTP/1.1" 200 21194 "-" "Mozilla/5.0 AppleWebKit/537.36 (KHTML, like Gecko; compatible; bingbot/2.0; +http://www.bing.com/bingbot.htm) Chrome/116.0.1938.76 Safari/537.36" 267 **0/267777**
66.249.69.170 - - [26/Nov/2025:06:37:35 -0700] "GET /?/css_6356af597ebeb154b969e538d3e95f0f/_drupal_sites_default_files_css_css_YLUY2usEybPXqNO15-ozAgAYsZmniqhrU6f3bp69-r4 HTTP/1.1" 200 2230 "http://blalockdialysiscenter.com/?a=99890956021690&mod=20337d9c&uri=goods.php%3Fid%3D3342442-114%26name%3Dkhandesh+ka+chhotu+dada" "Mozilla/5.0 AppleWebKit/537.36 (KHTML, like Gecko; compatible; GoogleOther) Chrome/141.0.7390.122 Safari/537.36" 95 **0/95503**
66.249.69.170 - - [26/Nov/2025:06:37:35 -0700] "GET /?/js_6356af597ebeb154b969e538d3e95f0f/_drupal_sites_default_files_js_js_G878YGhv0pYpg9iZ_hIm3vCCQWyhWgLawk-6b6wmZuU HTTP/1.1" 200 2230 "http://blalockdialysiscenter.com/?a=99890956021690&mod=20337d9c&uri=goods.php%3Fid%3D3342442-114%26name%3Dkhandesh+ka+chhotu+dada" "Mozilla/5.0 AppleWebKit/537.36 (KHTML, like Gecko; compatible; GoogleOther) Chrome/141.0.7390.122 Safari/537.36" 92 **0/92387**
66.249.69.170 - - [26/Nov/2025:06:37:35 -0700] "GET /?/css_6356af597ebeb154b969e538d3e95f0f/_drupal_sites_default_files_css_css_LmUrbIckCDCKvN2_Q3zbp044aJ28BPsL4EcroazBk2w HTTP/1.1" 200 2230 "http://blalockdialysiscenter.com/?a=99890956021690&mod=20337d9c&uri=goods.php%3Fid%3D3342442-114%26name%3Dkhandesh+ka+chhotu+dada" "Mozilla/5.0 AppleWebKit/537.36 (KHTML, like Gecko; compatible; GoogleOther) Chrome/141.0.7390.122 Safari/537.36" 91 **0/91655**
66.249.69.170 - - [26/Nov/2025:06:37:35 -0700] "GET /?/css_6356af597ebeb154b969e538d3e95f0f/_styles_css_product-detail-ex01 HTTP/1.1" 200 2230 "http://blalockdialysiscenter.com/?a=99890956021690&mod=20337d9c&uri=goods.php%3Fid%3D3342442-114%26name%3Dkhandesh+ka+chhotu+dada" "Mozilla/5.0 AppleWebKit/537.36 (KHTML, like Gecko; compatible; GoogleOther) Chrome/141.0.7390.122 Safari/537.36" 95 **0/95993**
40.77.167.16 - - [26/Nov/2025:06:37:35 -0700] "GET /?a=75282971061690&mod=2d2de08a&uri=form.php%3Fid%3D2518798-407%26name%3Dbasketball+jordan+big+fund+219 HTTP/1.1" 200 20958 "-" "Mozilla/5.0 AppleWebKit/537.36 (KHTML, like Gecko; compatible; bingbot/2.0; +http://www.bing.com/bingbot.htm) Chrome/116.0.1938.76 Safari/537.36" 245 **0/245183**
66.249.69.170 - - [26/Nov/2025:06:37:35 -0700] "GET /?/js_6356af597ebeb154b969e538d3e95f0f/_styles_js_lazysizes.min HTTP/1.1" 200 2230 "http://blalockdialysiscenter.com/?a=99890956021690&mod=20337d9c&uri=goods.php%3Fid%3D3342442-114%26name%3Dkhandesh+ka+chhotu+dada" "Mozilla/5.0 AppleWebKit/537.36 (KHTML, like Gecko; compatible; GoogleOther) Chrome/141.0.7390.122 Safari/537.36" 93 **0/93781**
66.249.69.170 - - [26/Nov/2025:06:37:36 -0700] "GET /?/css_6356af597ebeb154b969e538d3e95f0f/_styles_css_wanderer-fg HTTP/1.1" 200 2230 "http://blalockdialysiscenter.com/?a=99890956021690&mod=20337d9c&uri=goods.php%3Fid%3D3342442-114%26name%3Dkhandesh+ka+chhotu+dada" "Mozilla/5.0 AppleWebKit/537.36 (KHTML, like Gecko; compatible; GoogleOther) Chrome/141.0.7390.122 Safari/537.36" 94 **0/94106**
66.249.69.170 - - [26/Nov/2025:06:37:36 -0700] "GET /?/svg_6356af597ebeb154b969e538d3e95f0f/_pics_webp_common_pc_cart_black.svg HTTP/1.1" 200 2230 "http://blalockdialysiscenter.com/?a=99890956021690&mod=20337d9c&uri=goods.php%3Fid%3D3342442-114%26name%3Dkhandesh+ka+chhotu+dada" "Mozilla/5.0 AppleWebKit/537.36 (KHTML, like Gecko; compatible; GoogleOther) Chrome/141.0.7390.122 Safari/537.36" 93 **0/93394**
66.249.69.170 - - [26/Nov/2025:06:37:36 -0700] "GET /?/svg_6356af597ebeb154b969e538d3e95f0f/_pics_webp_common_pc_user_black.svg HTTP/1.1" 200 2230 "http://blalockdialysiscenter.com/?a=99890956021690&mod=20337d9c&uri=goods.php%3Fid%3D3342442-114%26name%3Dkhandesh+ka+chhotu+dada" "Mozilla/5.0 AppleWebKit/537.36 (KHTML, like Gecko; compatible; GoogleOther) Chrome/141.0.7390.122 Safari/537.36" 97 **0/97087**
66.249.69.170 - - [26/Nov/2025:06:37:36 -0700] "GET /?/js_6356af597ebeb154b969e538d3e95f0f/_styles_js_lightbox HTTP/1.1" 200 2230 "http://blalockdialysiscenter.com/?a=99890956021690&mod=20337d9c&uri=goods.php%3Fid%3D3342442-114%26name%3Dkhandesh+ka+chhotu+dada" "Mozilla/5.0 AppleWebKit/537.36 (KHTML, like Gecko; compatible; GoogleOther) Chrome/141.0.7390.122 Safari/537.36" 92 **0/92229**
66.249.69.170 - - [26/Nov/2025:06:37:37 -0700] "GET /?/svg_6356af597ebeb154b969e538d3e95f0f/_pics_webp_common_pc_bell.svg HTTP/1.1" 200 2230 "http://blalockdialysiscenter.com/?a=99890956021690&mod=20337d9c&uri=goods.php%3Fid%3D3342442-114%26name%3Dkhandesh+ka+chhotu+dada" "Mozilla/5.0 AppleWebKit/537.36 (KHTML, like Gecko; compatible; GoogleOther) Chrome/141.0.7390.122 Safari/537.36" 92 **0/92598**
66.249.69.170 - - [26/Nov/2025:06:37:37 -0700] "GET /?/css_6356af597ebeb154b969e538d3e95f0f/_drupal_modules_product_detail_assets_css_new_pc_product_detail HTTP/1.1" 200 2230 "http://blalockdialysiscenter.com/?a=99890956021690&mod=20337d9c&uri=goods.php%3Fid%3D3342442-114%26name%3Dkhandesh+ka+chhotu+dada" "Mozilla/5.0 AppleWebKit/537.36 (KHTML, like Gecko; compatible; GoogleOther) Chrome/141.0.7390.122 Safari/537.36" 91 **0/91412**
66.249.69.170 - - [26/Nov/2025:06:37:37 -0700] "GET /?/js_6356af597ebeb154b969e538d3e95f0f/_drupal_sites_default_files_js_js_nfGRbDhyXF9_dFjG2rkRRw84Gy6p5a4aGnpYcOKhuC4 HTTP/1.1" 200 2230 "http://blalockdialysiscenter.com/?a=99890956021690&mod=20337d9c&uri=goods.php%3Fid%3D3342442-114%26name%3Dkhandesh+ka+chhotu+dada" "Mozilla/5.0 AppleWebKit/537.36 (KHTML, like Gecko; compatible; GoogleOther) Chrome/141.0.7390.122 Safari/537.36" 92 **0/92922**
66.249.69.170 - - [26/Nov/2025:06:37:37 -0700] "GET /?/js_6356af597ebeb154b969e538d3e95f0f/_drupal_sites_default_files_js_js_z1qFDrghecTCI5Rjumn4rMBYPHvd-E4L0DVpS2JCjnw HTTP/1.1" 200 2230 "http://blalockdialysiscenter.com/?a=99890956021690&mod=20337d9c&uri=goods.php%3Fid%3D3342442-114%26name%3Dkhandesh+ka+chhotu+dada" "Mozilla/5.0 AppleWebKit/537.36 (KHTML, like Gecko; compatible; GoogleOther) Chrome/141.0.7390.122 Safari/537.36" 89 **0/89434**
66.249.69.170 - - [26/Nov/2025:06:37:37 -0700] "GET /?/js_6356af597ebeb154b969e538d3e95f0f/_drupal_sites_default_files_js_js_i3BGasXGb_pVk8CAUeSJnjMmyNE-bFprX9j4_djQznQ HTTP/1.1" 200 2230 "http://blalockdialysiscenter.com/?a=99890956021690&mod=20337d9c&uri=goods.php%3Fid%3D3342442-114%26name%3Dkhandesh+ka+chhotu+dada" "Mozilla/5.0 AppleWebKit/537.36 (KHTML, like Gecko; compatible; GoogleOther) Chrome/141.0.7390.122 Safari/537.36" 92 **0/92966**
66.249.69.170 - - [26/Nov/2025:06:37:38 -0700] "GET /?/svg_6356af597ebeb154b969e538d3e95f0f/_pics_webp_common_pc_logout.svg HTTP/1.1" 200 2230 "http://blalockdialysiscenter.com/?a=99890956021690&mod=20337d9c&uri=goods.php%3Fid%3D3342442-114%26name%3Dkhandesh+ka+chhotu+dada" "Mozilla/5.0 AppleWebKit/537.36 (KHTML, like Gecko; compatible; GoogleOther) Chrome/141.0.7390.122 Safari/537.36" 94 **0/94601**
66.249.69.170 - - [26/Nov/2025:06:37:38 -0700] "GET /?/svg_6356af597ebeb154b969e538d3e95f0f/_pics_webp_common_pc_close_sidebar.svg HTTP/1.1" 200 2230 "http://blalockdialysiscenter.com/?a=99890956021690&mod=20337d9c&uri=goods.php%3Fid%3D3342442-114%26name%3Dkhandesh+ka+chhotu+dada" "Mozilla/5.0 AppleWebKit/537.36 (KHTML, like Gecko; compatible; GoogleOther) Chrome/141.0.7390.122 Safari/537.36" 94 **0/94966**
66.249.69.170 - - [26/Nov/2025:06:37:38 -0700] "GET /?/img_6356af597ebeb154b969e538d3e95f0f/_database_images_no_photo HTTP/1.1" 200 2230 "http://blalockdialysiscenter.com/?a=99890956021690&mod=20337d9c&uri=goods.php%3Fid%3D3342442-114%26name%3Dkhandesh+ka+chhotu+dada" "Mozilla/5.0 AppleWebKit/537.36 (KHTML, like Gecko; compatible; GoogleOther) Chrome/141.0.7390.122 Safari/537.36" 88 **0/88072**
66.249.69.170 - - [26/Nov/2025:06:37:38 -0700] "GET /?/img_6356af597ebeb154b969e538d3e95f0f/_pics_webp_common_pc_flash_sale.png HTTP/1.1" 200 2230 "http://blalockdialysiscenter.com/?a=99890956021690&mod=20337d9c&uri=goods.php%3Fid%3D3342442-114%26name%3Dkhandesh+ka+chhotu+dada" "Mozilla/5.0 AppleWebKit/537.36 (KHTML, like Gecko; compatible; GoogleOther) Chrome/141.0.7390.122 Safari/537.36" 88 **0/88970**
66.249.69.170 - - [26/Nov/2025:06:37:38 -0700] "GET /?/svg_6356af597ebeb154b969e538d3e95f0f/_pics_webp_common_pc_add_cart.svg HTTP/1.1" 200 2230 "http://blalockdialysiscenter.com/?a=99890956021690&mod=20337d9c&uri=goods.php%3Fid%3D3342442-114%26name%3Dkhandesh+ka+chhotu+dada" "Mozilla/5.0 AppleWebKit/537.36 (KHTML, like Gecko; compatible; GoogleOther) Chrome/141.0.7390.122 Safari/537.36" 88 **0/88997**
66.249.69.170 - - [26/Nov/2025:06:37:39 -0700] "GET /?/img_6356af597ebeb154b969e538d3e95f0f/_pics_webp_product_notify_jpxmas2024_cargo_smp_1732838752.jpg HTTP/1.1" 200 2230 "http://blalockdialysiscenter.com/?a=99890956021690&mod=20337d9c&uri=goods.php%3Fid%3D3342442-114%26name%3Dkhandesh+ka+chhotu+dada" "Mozilla/5.0 AppleWebKit/537.36 (KHTML, like Gecko; compatible; GoogleOther) Chrome/141.0.7390.122 Safari/537.36" 93 **0/93249**
66.249.69.170 - - [26/Nov/2025:06:37:39 -0700] "GET /?/img_6356af597ebeb154b969e538d3e95f0f/_pics_webp_keikoku01a.gif HTTP/1.1" 200 2230 "http://blalockdialysiscenter.com/?a=99890956021690&mod=20337d9c&uri=goods.php%3Fid%3D3342442-114%26name%3Dkhandesh+ka+chhotu+dada" "Mozilla/5.0 AppleWebKit/537.36 (KHTML, like Gecko; compatible; GoogleOther) Chrome/141.0.7390.122 Safari/537.36" 91 **0/91415**
66.249.69.170 - - [26/Nov/2025:06:37:39 -0700] "GET /?/img_6356af597ebeb154b969e538d3e95f0f/_pics_webp_common_pc_no_photo300.jpg HTTP/1.1" 200 2230 "http://blalockdialysiscenter.com/?a=99890956021690&mod=20337d9c&uri=goods.php%3Fid%3D3342442-114%26name%3Dkhandesh+ka+chhotu+dada" "Mozilla/5.0 AppleWebKit/537.36 (KHTML, like Gecko; compatible; GoogleOther) Chrome/141.0.7390.122 Safari/537.36" 89 **0/89336**
66.249.69.170 - - [26/Nov/2025:06:37:39 -0700] "GET /?/img_6356af597ebeb154b969e538d3e95f0f/_pics_webp_keikoku03.gif HTTP/1.1" 200 2230 "http://blalockdialysiscenter.com/?a=99890956021690&mod=20337d9c&uri=goods.php%3Fid%3D3342442-114%26name%3Dkhandesh+ka+chhotu+dada" "Mozilla/5.0 AppleWebKit/537.36 (KHTML, like Gecko; compatible; GoogleOther) Chrome/141.0.7390.122 Safari/537.36" 92 **0/92486**
