52.167.144.158 - - [26/Nov/2025:12:38:16 -0700] "GET /?a=8889638001690&mod=5227fa9a&uri=pin.php%3Fid%3D297356-65%26name%3Dpixma+ts3420+canon+pixma HTTP/1.1" 200 21196 "-" "Mozilla/5.0 AppleWebKit/537.36 (KHTML, like Gecko; compatible; bingbot/2.0; +http://www.bing.com/bingbot.htm) Chrome/116.0.1938.76 Safari/537.36" 252 **0/252301**
40.77.167.20 - - [26/Nov/2025:12:38:46 -0700] "GET /?a=104083944011690&mod=6ac94846&uri=news.php%3Fid%3D3482734-854%26name%3Dmens+watches+best+watch+for+%24100 HTTP/1.1" 200 21370 "-" "Mozilla/5.0 AppleWebKit/537.36 (KHTML, like Gecko; compatible; bingbot/2.0; +http://www.bing.com/bingbot.htm) Chrome/116.0.1938.76 Safari/537.36" 333 **0/333092**
40.77.167.20 - - [26/Nov/2025:12:38:47 -0700] "GET /?a=4622635011690&mod=9db1c4a3&uri=itm.php%3Fid%3D154582-620%26name%3Dgame+console+perler+beads HTTP/1.1" 200 20151 "-" "Mozilla/5.0 AppleWebKit/537.36 (KHTML, like Gecko; compatible; bingbot/2.0; +http://www.bing.com/bingbot.htm) Chrome/116.0.1938.76 Safari/537.36" 236 **0/236311**
40.77.167.20 - - [26/Nov/2025:12:39:18 -0700] "GET /?a=115690410051690&mod=325995af&uri=form.php%3Fid%3D3871098-20%26name%3Ds10+plus+spo2+samsung+s10 HTTP/1.1" 200 20844 "-" "Mozilla/5.0 AppleWebKit/537.36 (KHTML, like Gecko; compatible; bingbot/2.0; +http://www.bing.com/bingbot.htm) Chrome/116.0.1938.76 Safari/537.36" 252 **0/252201**
66.249.69.170 - - [26/Nov/2025:12:39:45 -0700] "GET /?/css_6356af597ebeb154b969e538d3e95f0f/_drupal_sites_default_files_css_css_YLUY2usEybPXqNO15-ozAgAYsZmniqhrU6f3bp69-r4 HTTP/1.1" 200 2230 "http://blalockdialysiscenter.com/?a=66920038011690&mod=92276dd8&uri=blog.php%3Fid%3D2238882-763%26name%3Dtau+gamma+phi+t+shirt+strong" "Mozilla/5.0 AppleWebKit/537.36 (KHTML, like Gecko; compatible; GoogleOther) Chrome/141.0.7390.122 Safari/537.36" 106 **0/106725**
66.249.69.170 - - [26/Nov/2025:12:39:45 -0700] "GET /?/css_6356af597ebeb154b969e538d3e95f0f/_drupal_sites_default_files_css_css_LmUrbIckCDCKvN2_Q3zbp044aJ28BPsL4EcroazBk2w HTTP/1.1" 200 2230 "http://blalockdialysiscenter.com/?a=66920038011690&mod=92276dd8&uri=blog.php%3Fid%3D2238882-763%26name%3Dtau+gamma+phi+t+shirt+strong" "Mozilla/5.0 AppleWebKit/537.36 (KHTML, like Gecko; compatible; GoogleOther) Chrome/141.0.7390.122 Safari/537.36" 117 **0/117723**
66.249.69.170 - - [26/Nov/2025:12:39:45 -0700] "GET /?/js_6356af597ebeb154b969e538d3e95f0f/_drupal_sites_default_files_js_js_G878YGhv0pYpg9iZ_hIm3vCCQWyhWgLawk-6b6wmZuU HTTP/1.1" 200 2230 "http://blalockdialysiscenter.com/?a=66920038011690&mod=92276dd8&uri=blog.php%3Fid%3D2238882-763%26name%3Dtau+gamma+phi+t+shirt+strong" "Mozilla/5.0 AppleWebKit/537.36 (KHTML, like Gecko; compatible; GoogleOther) Chrome/141.0.7390.122 Safari/537.36" 109 **0/109041**
66.249.69.170 - - [26/Nov/2025:12:39:46 -0700] "GET /?/js_6356af597ebeb154b969e538d3e95f0f/_styles_js_lazysizes.min HTTP/1.1" 200 2230 "http://blalockdialysiscenter.com/?a=66920038011690&mod=92276dd8&uri=blog.php%3Fid%3D2238882-763%26name%3Dtau+gamma+phi+t+shirt+strong" "Mozilla/5.0 AppleWebKit/537.36 (KHTML, like Gecko; compatible; GoogleOther) Chrome/141.0.7390.122 Safari/537.36" 92 **0/92749**
66.249.69.170 - - [26/Nov/2025:12:39:46 -0700] "GET /?/svg_6356af597ebeb154b969e538d3e95f0f/_pics_webp_common_pc_cart_black.svg HTTP/1.1" 200 2230 "http://blalockdialysiscenter.com/?a=66920038011690&mod=92276dd8&uri=blog.php%3Fid%3D2238882-763%26name%3Dtau+gamma+phi+t+shirt+strong" "Mozilla/5.0 AppleWebKit/537.36 (KHTML, like Gecko; compatible; GoogleOther) Chrome/141.0.7390.122 Safari/537.36" 96 **0/96109**
66.249.69.170 - - [26/Nov/2025:12:39:46 -0700] "GET /?/css_6356af597ebeb154b969e538d3e95f0f/_styles_css_wanderer-fg HTTP/1.1" 200 2230 "http://blalockdialysiscenter.com/?a=66920038011690&mod=92276dd8&uri=blog.php%3Fid%3D2238882-763%26name%3Dtau+gamma+phi+t+shirt+strong" "Mozilla/5.0 AppleWebKit/537.36 (KHTML, like Gecko; compatible; GoogleOther) Chrome/141.0.7390.122 Safari/537.36" 97 **0/97154**
66.249.69.170 - - [26/Nov/2025:12:39:46 -0700] "GET /?/svg_6356af597ebeb154b969e538d3e95f0f/_pics_webp_common_pc_user_black.svg HTTP/1.1" 200 2230 "http://blalockdialysiscenter.com/?a=66920038011690&mod=92276dd8&uri=blog.php%3Fid%3D2238882-763%26name%3Dtau+gamma+phi+t+shirt+strong" "Mozilla/5.0 AppleWebKit/537.36 (KHTML, like Gecko; compatible; GoogleOther) Chrome/141.0.7390.122 Safari/537.36" 99 **0/99416**
66.249.69.170 - - [26/Nov/2025:12:39:46 -0700] "GET /?/css_6356af597ebeb154b969e538d3e95f0f/_styles_css_product-detail-ex01 HTTP/1.1" 200 2230 "http://blalockdialysiscenter.com/?a=66920038011690&mod=92276dd8&uri=blog.php%3Fid%3D2238882-763%26name%3Dtau+gamma+phi+t+shirt+strong" "Mozilla/5.0 AppleWebKit/537.36 (KHTML, like Gecko; compatible; GoogleOther) Chrome/141.0.7390.122 Safari/537.36" 104 **0/104817**
66.249.69.170 - - [26/Nov/2025:12:39:47 -0700] "GET /?/svg_6356af597ebeb154b969e538d3e95f0f/_pics_webp_common_pc_bell.svg HTTP/1.1" 200 2230 "http://blalockdialysiscenter.com/?a=66920038011690&mod=92276dd8&uri=blog.php%3Fid%3D2238882-763%26name%3Dtau+gamma+phi+t+shirt+strong" "Mozilla/5.0 AppleWebKit/537.36 (KHTML, like Gecko; compatible; GoogleOther) Chrome/141.0.7390.122 Safari/537.36" 95 **0/95622**
66.249.69.170 - - [26/Nov/2025:12:39:47 -0700] "GET /?/css_6356af597ebeb154b969e538d3e95f0f/_drupal_modules_product_detail_assets_css_new_pc_product_detail HTTP/1.1" 200 2230 "http://blalockdialysiscenter.com/?a=66920038011690&mod=92276dd8&uri=blog.php%3Fid%3D2238882-763%26name%3Dtau+gamma+phi+t+shirt+strong" "Mozilla/5.0 AppleWebKit/537.36 (KHTML, like Gecko; compatible; GoogleOther) Chrome/141.0.7390.122 Safari/537.36" 96 **0/96280**
66.249.69.170 - - [26/Nov/2025:12:39:47 -0700] "GET /?/js_6356af597ebeb154b969e538d3e95f0f/_drupal_sites_default_files_js_js_nfGRbDhyXF9_dFjG2rkRRw84Gy6p5a4aGnpYcOKhuC4 HTTP/1.1" 200 2230 "http://blalockdialysiscenter.com/?a=66920038011690&mod=92276dd8&uri=blog.php%3Fid%3D2238882-763%26name%3Dtau+gamma+phi+t+shirt+strong" "Mozilla/5.0 AppleWebKit/537.36 (KHTML, like Gecko; compatible; GoogleOther) Chrome/141.0.7390.122 Safari/537.36" 95 **0/95952**
66.249.69.170 - - [26/Nov/2025:12:39:47 -0700] "GET /?/js_6356af597ebeb154b969e538d3e95f0f/_drupal_sites_default_files_js_js_i3BGasXGb_pVk8CAUeSJnjMmyNE-bFprX9j4_djQznQ HTTP/1.1" 200 2230 "http://blalockdialysiscenter.com/?a=66920038011690&mod=92276dd8&uri=blog.php%3Fid%3D2238882-763%26name%3Dtau+gamma+phi+t+shirt+strong" "Mozilla/5.0 AppleWebKit/537.36 (KHTML, like Gecko; compatible; GoogleOther) Chrome/141.0.7390.122 Safari/537.36" 299 **0/299455**
66.249.69.170 - - [26/Nov/2025:12:39:48 -0700] "GET /?/svg_6356af597ebeb154b969e538d3e95f0f/_pics_webp_common_pc_logout.svg HTTP/1.1" 200 2230 "http://blalockdialysiscenter.com/?a=66920038011690&mod=92276dd8&uri=blog.php%3Fid%3D2238882-763%26name%3Dtau+gamma+phi+t+shirt+strong" "Mozilla/5.0 AppleWebKit/537.36 (KHTML, like Gecko; compatible; GoogleOther) Chrome/141.0.7390.122 Safari/537.36" 121 **0/121975**
66.249.69.170 - - [26/Nov/2025:12:39:48 -0700] "GET /?/img_6356af597ebeb154b969e538d3e95f0f/_database_images_no_photo HTTP/1.1" 200 2230 "http://blalockdialysiscenter.com/?a=66920038011690&mod=92276dd8&uri=blog.php%3Fid%3D2238882-763%26name%3Dtau+gamma+phi+t+shirt+strong" "Mozilla/5.0 AppleWebKit/537.36 (KHTML, like Gecko; compatible; GoogleOther) Chrome/141.0.7390.122 Safari/537.36" 95 **0/95180**
66.249.69.170 - - [26/Nov/2025:12:39:48 -0700] "GET /?/img_6356af597ebeb154b969e538d3e95f0f/_pics_webp_common_pc_flash_sale.png HTTP/1.1" 200 2230 "http://blalockdialysiscenter.com/?a=66920038011690&mod=92276dd8&uri=blog.php%3Fid%3D2238882-763%26name%3Dtau+gamma+phi+t+shirt+strong" "Mozilla/5.0 AppleWebKit/537.36 (KHTML, like Gecko; compatible; GoogleOther) Chrome/141.0.7390.122 Safari/537.36" 114 **0/114153**
66.249.69.170 - - [26/Nov/2025:12:39:48 -0700] "GET /?/svg_6356af597ebeb154b969e538d3e95f0f/_pics_webp_common_pc_add_cart.svg HTTP/1.1" 200 2230 "http://blalockdialysiscenter.com/?a=66920038011690&mod=92276dd8&uri=blog.php%3Fid%3D2238882-763%26name%3Dtau+gamma+phi+t+shirt+strong" "Mozilla/5.0 AppleWebKit/537.36 (KHTML, like Gecko; compatible; GoogleOther) Chrome/141.0.7390.122 Safari/537.36" 104 **0/104947**
66.249.69.170 - - [26/Nov/2025:12:39:48 -0700] "GET /?/svg_6356af597ebeb154b969e538d3e95f0f/_pics_webp_common_pc_star_whishlist.svg HTTP/1.1" 200 2230 "http://blalockdialysiscenter.com/?a=66920038011690&mod=92276dd8&uri=blog.php%3Fid%3D2238882-763%26name%3Dtau+gamma+phi+t+shirt+strong" "Mozilla/5.0 AppleWebKit/537.36 (KHTML, like Gecko; compatible; GoogleOther) Chrome/141.0.7390.122 Safari/537.36" 98 **0/98191**
66.249.69.170 - - [26/Nov/2025:12:39:49 -0700] "GET /?/img_6356af597ebeb154b969e538d3e95f0f/_pics_webp_keikoku01a.gif HTTP/1.1" 200 2230 "http://blalockdialysiscenter.com/?a=66920038011690&mod=92276dd8&uri=blog.php%3Fid%3D2238882-763%26name%3Dtau+gamma+phi+t+shirt+strong" "Mozilla/5.0 AppleWebKit/537.36 (KHTML, like Gecko; compatible; GoogleOther) Chrome/141.0.7390.122 Safari/537.36" 116 **0/116122**
66.249.69.170 - - [26/Nov/2025:12:39:49 -0700] "GET /?/img_6356af597ebeb154b969e538d3e95f0f/_pics_webp_product_notify_jpxmas2024_cargo_smp_1732838752.jpg HTTP/1.1" 200 2230 "http://blalockdialysiscenter.com/?a=66920038011690&mod=92276dd8&uri=blog.php%3Fid%3D2238882-763%26name%3Dtau+gamma+phi+t+shirt+strong" "Mozilla/5.0 AppleWebKit/537.36 (KHTML, like Gecko; compatible; GoogleOther) Chrome/141.0.7390.122 Safari/537.36" 110 **0/110770**
66.249.69.170 - - [26/Nov/2025:12:39:49 -0700] "GET /?/img_6356af597ebeb154b969e538d3e95f0f/_pics_webp_common_pc_no_photo300.jpg HTTP/1.1" 200 2230 "http://blalockdialysiscenter.com/?a=66920038011690&mod=92276dd8&uri=blog.php%3Fid%3D2238882-763%26name%3Dtau+gamma+phi+t+shirt+strong" "Mozilla/5.0 AppleWebKit/537.36 (KHTML, like Gecko; compatible; GoogleOther) Chrome/141.0.7390.122 Safari/537.36" 102 **0/102864**
66.249.69.170 - - [26/Nov/2025:12:39:49 -0700] "GET /?/img_6356af597ebeb154b969e538d3e95f0f/_pics_webp_keikoku02.gif HTTP/1.1" 200 2230 "http://blalockdialysiscenter.com/?a=66920038011690&mod=92276dd8&uri=blog.php%3Fid%3D2238882-763%26name%3Dtau+gamma+phi+t+shirt+strong" "Mozilla/5.0 AppleWebKit/537.36 (KHTML, like Gecko; compatible; GoogleOther) Chrome/141.0.7390.122 Safari/537.36" 100 **0/100181**
66.249.69.170 - - [26/Nov/2025:12:39:49 -0700] "GET /?/img_6356af597ebeb154b969e538d3e95f0f/_pics_webp_keikoku03.gif HTTP/1.1" 200 2230 "http://blalockdialysiscenter.com/?a=66920038011690&mod=92276dd8&uri=blog.php%3Fid%3D2238882-763%26name%3Dtau+gamma+phi+t+shirt+strong" "Mozilla/5.0 AppleWebKit/537.36 (KHTML, like Gecko; compatible; GoogleOther) Chrome/141.0.7390.122 Safari/537.36" 95 **0/95353**
57.141.0.61 - - [26/Nov/2025:12:39:51 -0700] "GET /?a=118991506001690& HTTP/1.1" 200 7610 "-" "meta-externalagent/1.1 (+https://developers.facebook.com/docs/sharing/webmasters/crawler)" 98 **0/98066**
40.77.167.37 - - [26/Nov/2025:12:39:59 -0700] "GET /?a=102409153041690&mod=afff9420&uri=form.php%3Fid%3D3426685-670%26name%3Dabercrombie+and+fitch+leather+belt HTTP/1.1" 200 20624 "-" "Mozilla/5.0 AppleWebKit/537.36 (KHTML, like Gecko; compatible; bingbot/2.0; +http://www.bing.com/bingbot.htm) Chrome/116.0.1938.76 Safari/537.36" 239 **0/239498**
179.96.185.29 - - [26/Nov/2025:12:40:02 -0700] "GET http://www.blalockdialysiscenter.com/?a=5115934061690&mod=5227fa9a&name=100x+zoom+best+50x+zoom+camera&uri=shop.php%3Fid%3D171124-65 HTTP/1.1" 200 2554 "-" "Mozilla/5.0 (Macintosh; Intel Mac OS X 11_1_0) AppleWebKit/537.36 (KHTML, like Gecko) Brave Chrome/89.0.4389.105 Safari/537.36" 130 **0/130916**
40.77.167.20 - - [26/Nov/2025:12:40:05 -0700] "GET /?a=95734246041690&mod=8c7de93e&uri=shop.php%3Fid%3D3203178-820%26name%3Dnintendo+ring+fit+adventure HTTP/1.1" 200 21185 "-" "Mozilla/5.0 AppleWebKit/537.36 (KHTML, like Gecko; compatible; bingbot/2.0; +http://www.bing.com/bingbot.htm) Chrome/116.0.1938.76 Safari/537.36" 296 **0/296003**
66.249.69.170 - - [26/Nov/2025:12:40:08 -0700] "GET /?/svg_6356af597ebeb154b969e538d3e95f0f/_pics_webp_common_pc_cart_black.svg HTTP/1.1" 200 2230 "http://blalockdialysiscenter.com/?a=66920038011690&mod=92276dd8&uri=blog.php%3Fid%3D2238882-763%26name%3Dtau+gamma+phi+t+shirt+strong" "Mozilla/5.0 AppleWebKit/537.36 (KHTML, like Gecko; compatible; GoogleOther) Chrome/141.0.7390.122 Safari/537.36" 130 **0/130783**
66.249.69.172 - - [26/Nov/2025:12:40:08 -0700] "GET /?/svg_6356af597ebeb154b969e538d3e95f0f/_pics_webp_common_pc_user_black.svg HTTP/1.1" 200 2230 "http://blalockdialysiscenter.com/?a=66920038011690&mod=92276dd8&uri=blog.php%3Fid%3D2238882-763%26name%3Dtau+gamma+phi+t+shirt+strong" "Mozilla/5.0 AppleWebKit/537.36 (KHTML, like Gecko; compatible; GoogleOther) Chrome/141.0.7390.122 Safari/537.36" 165 **0/165612**
66.249.69.171 - - [26/Nov/2025:12:40:08 -0700] "GET /?/img_6356af597ebeb154b969e538d3e95f0f/_pics_webp_common_pc_no_photo300.jpg HTTP/1.1" 200 2230 "http://blalockdialysiscenter.com/?a=66920038011690&mod=92276dd8&uri=blog.php%3Fid%3D2238882-763%26name%3Dtau+gamma+phi+t+shirt+strong" "Mozilla/5.0 AppleWebKit/537.36 (KHTML, like Gecko; compatible; GoogleOther) Chrome/141.0.7390.122 Safari/537.36" 125 **0/125854**
177.128.89.215 - - [26/Nov/2025:12:40:08 -0700] "GET http://www.blalockdialysiscenter.com/?a=5048514001690&mod=50a6fac6&name=backpack+set+skip+hop+baby+backpack&uri=blog.php%3Fid%3D168861-783 HTTP/1.1" 200 2554 "-" "Mozilla/5.0 (Macintosh; Intel Mac OS X 10_13_3) AppleWebKit/537.36 (KHTML, like Gecko) Chrome/66.0.3359.1 Safari/537.36" 120 **0/120281**
66.249.69.171 - - [26/Nov/2025:12:40:08 -0700] "GET /?/svg_6356af597ebeb154b969e538d3e95f0f/_drupal_themes_surugaya_new_css_.._images_icon_arrow-next-blue HTTP/1.1" 200 2230 "http://blalockdialysiscenter.com/?a=66920038011690&mod=92276dd8&uri=blog.php%3Fid%3D2238882-763%26name%3Dtau+gamma+phi+t+shirt+strong" "Mozilla/5.0 AppleWebKit/537.36 (KHTML, like Gecko; compatible; GoogleOther) Chrome/141.0.7390.122 Safari/537.36" 134 **0/134637**
66.249.69.171 - - [26/Nov/2025:12:40:09 -0700] "GET /?/svg_6356af597ebeb154b969e538d3e95f0f/_pics_webp_common_pc_social_youtube.svg HTTP/1.1" 200 2230 "http://blalockdialysiscenter.com/?a=66920038011690&mod=92276dd8&uri=blog.php%3Fid%3D2238882-763%26name%3Dtau+gamma+phi+t+shirt+strong" "Mozilla/5.0 AppleWebKit/537.36 (KHTML, like Gecko; compatible; GoogleOther) Chrome/141.0.7390.122 Safari/537.36" 124 **0/124182**
66.249.69.170 - - [26/Nov/2025:12:40:09 -0700] "GET /?/svg_6356af597ebeb154b969e538d3e95f0f/_pics_webp_bluesky-1.svg HTTP/1.1" 200 2230 "http://blalockdialysiscenter.com/?a=66920038011690&mod=92276dd8&uri=blog.php%3Fid%3D2238882-763%26name%3Dtau+gamma+phi+t+shirt+strong" "Mozilla/5.0 AppleWebKit/537.36 (KHTML, like Gecko; compatible; GoogleOther) Chrome/141.0.7390.122 Safari/537.36" 116 **0/116137**
40.77.167.20 - - [26/Nov/2025:12:40:09 -0700] "GET /?a=100991082001690&mod=3f6ad121&uri=pin.php%3Fid%3D3379235-393%26name%3Dkenzo+brand+black+kenzo+shorts HTTP/1.1" 200 20185 "-" "Mozilla/5.0 AppleWebKit/537.36 (KHTML, like Gecko; compatible; bingbot/2.0; +http://www.bing.com/bingbot.htm) Chrome/116.0.1938.76 Safari/537.36" 254 **0/254205**
40.77.167.20 - - [26/Nov/2025:12:40:29 -0700] "GET /?a=2542308051690&mod=7d5f8216&uri=shared.php%3Fid%3D84990-516%26name%3Drogue+crepe+sole+desert+boots HTTP/1.1" 200 20425 "-" "Mozilla/5.0 AppleWebKit/537.36 (KHTML, like Gecko; compatible; bingbot/2.0; +http://www.bing.com/bingbot.htm) Chrome/116.0.1938.76 Safari/537.36" 237 **0/237695**
52.167.144.180 - - [26/Nov/2025:12:40:39 -0700] "GET /?a=117292063001690&mod=e744f91c&uri=blog.php%3Fid%3D3924671-9%26name%3Dsennheiser+ew100+receiver HTTP/1.1" 200 21374 "-" "Mozilla/5.0 AppleWebKit/537.36 (KHTML, like Gecko; compatible; bingbot/2.0; +http://www.bing.com/bingbot.htm) Chrome/116.0.1938.76 Safari/537.36" 261 **0/261321**
40.77.167.20 - - [26/Nov/2025:12:40:45 -0700] "GET /?a=55076212101690&mod=db59312b&uri=goods.php%3Fid%3D1842558-384%26name%3Dmantra+gtx+vasque+768+mantra+gtx HTTP/1.1" 200 21070 "-" "Mozilla/5.0 AppleWebKit/537.36 (KHTML, like Gecko; compatible; bingbot/2.0; +http://www.bing.com/bingbot.htm) Chrome/116.0.1938.76 Safari/537.36" 297 **0/297521**
40.77.167.16 - - [26/Nov/2025:12:40:46 -0700] "GET /?a=117292781001690&mod=69a2835d&uri=info.php%3Fid%3D3924695-266%26name%3Dzipper+mens+3xlt+hoodies HTTP/1.1" 200 21060 "-" "Mozilla/5.0 AppleWebKit/537.36 (KHTML, like Gecko; compatible; bingbot/2.0; +http://www.bing.com/bingbot.htm) Chrome/116.0.1938.76 Safari/537.36" 309 **0/309382**
52.167.144.180 - - [26/Nov/2025:12:40:51 -0700] "GET /?a=115696888031690&mod=325995af&uri=pin.php%3Fid%3D3871314-20%26name%3Dback+cover+samsung+a50+oximeter HTTP/1.1" 200 21065 "-" "Mozilla/5.0 AppleWebKit/537.36 (KHTML, like Gecko; compatible; bingbot/2.0; +http://www.bing.com/bingbot.htm) Chrome/116.0.1938.76 Safari/537.36" 244 **0/244985**
20.15.133.184 - - [26/Nov/2025:12:40:54 -0700] "GET /?a=93043765131690&mod=8ae7ee09&uri=search.php%3Fid%3D3113191-1489%26name%3Dcrewneck+sweatshirt+new+york+jets+sweatshirt HTTP/1.1" 200 19763 "-" "Mozilla/5.0 AppleWebKit/537.36 (KHTML, like Gecko; compatible; bingbot/2.0; +http://www.bing.com/bingbot.htm) Chrome/116.0.1938.76 Safari/537.36" 267 **0/267796**
20.15.133.184 - - [26/Nov/2025:12:40:55 -0700] "GET /?a=39649175051690&mod=a77fee56&uri=news.php%3Fid%3D1326314-223%26name%3Dspecs+sony+nex+n HTTP/1.1" 200 20981 "-" "Mozilla/5.0 AppleWebKit/537.36 (KHTML, like Gecko; compatible; bingbot/2.0; +http://www.bing.com/bingbot.htm) Chrome/116.0.1938.76 Safari/537.36" 273 **0/273357**
190.115.68.16 - - [26/Nov/2025:12:41:06 -0700] "GET http://www.blalockdialysiscenter.com/?a=62936028001690&mod=61b5c689&name=ipad+mini+how+much+does+an+ipad+cost+with+a+pen&uri=us.php%3Fid%3D2105630-134 HTTP/1.1" 200 2554 "-" "Mozilla/5.0 (Windows NT 10.0; Win64; x64) AppleWebKit/537.36 (KHTML, like Gecko) Chrome/80.0.3987.132 Safari/537.36" 95 **0/95942**
138.186.109.217 - - [26/Nov/2025:12:41:10 -0700] "GET http://www.blalockdialysiscenter.com/?a=5036208071690&mod=50a6fac6&name=disney+mickey+loungefly+mickey+mouse+club&uri=brands.php%3Fid%3D168444-783 HTTP/1.1" 200 2554 "-" "Mozilla/5.0 (Windows NT 10.0; Win64; x64) AppleWebKit/537.36 (KHTML, like Gecko) Chrome/75.0.3770.90 Safari/537.36" 91 **0/91763**
57.141.0.25 - - [26/Nov/2025:12:41:13 -0700] "GET /?a=47098472111690& HTTP/1.1" 200 7610 "-" "meta-externalagent/1.1 (+https://developers.facebook.com/docs/sharing/webmasters/crawler)" 94 **0/94276**
52.167.144.158 - - [26/Nov/2025:12:41:16 -0700] "GET /?a=98796774001690&mod=7b8cc2b2&uri=shared.php%3Fid%3D3305781-1540%26name%3Dgold+allen+robinson+jersey+shirt HTTP/1.1" 200 20379 "-" "Mozilla/5.0 AppleWebKit/537.36 (KHTML, like Gecko; compatible; bingbot/2.0; +http://www.bing.com/bingbot.htm) Chrome/116.0.1938.76 Safari/537.36" 258 **0/258343**
40.77.167.20 - - [26/Nov/2025:12:41:19 -0700] "GET /?a=118078576001690&mod=6499e19d&uri=product.php%3Fid%3D3950991-327%26name%3Dlacoste+blue+cotton+sweatshirt HTTP/1.1" 200 20758 "-" "Mozilla/5.0 AppleWebKit/537.36 (KHTML, like Gecko; compatible; bingbot/2.0; +http://www.bing.com/bingbot.htm) Chrome/116.0.1938.76 Safari/537.36" 436 **0/436132**
187.74.84.240 - - [26/Nov/2025:12:41:36 -0700] "GET http://www.blalockdialysiscenter.com/?a=4963024001690&mod=937f578a&name=combo+j9++comparativa+modelos+irobot+roomba&uri=products.php%3Fid%3D165993-300 HTTP/1.1" 200 2554 "-" "Mozilla/5.0 (Macintosh; Intel Mac OS X 10_15_7) AppleWebKit/537.36 (KHTML, like Gecko) Chrome/100.0.4896.127 Safari/537.36" 174 **0/174948**
52.167.144.180 - - [26/Nov/2025:12:41:37 -0700] "GET /?a=2698403091690&mod=a02f16dc&uri=blog.php%3Fid%3D90210-499%26name%3Dmcm+monogram+denim+jacket HTTP/1.1" 200 21736 "-" "Mozilla/5.0 AppleWebKit/537.36 (KHTML, like Gecko; compatible; bingbot/2.0; +http://www.bing.com/bingbot.htm) Chrome/116.0.1938.76 Safari/537.36" 259 **0/259077**
52.167.144.180 - - [26/Nov/2025:12:42:07 -0700] "GET /?a=2679188041690&mod=4575b9b0&uri=form.php%3Fid%3D89568-539%26name%3Dletto+matrimoniale+divani+matrimoniali HTTP/1.1" 200 21832 "-" "Mozilla/5.0 AppleWebKit/537.36 (KHTML, like Gecko; compatible; bingbot/2.0; +http://www.bing.com/bingbot.htm) Chrome/116.0.1938.76 Safari/537.36" 275 **0/275853**
57.141.0.3 - - [26/Nov/2025:12:42:11 -0700] "GET /?a=106180293101690& HTTP/1.1" 200 7610 "-" "meta-externalagent/1.1 (+https://developers.facebook.com/docs/sharing/webmasters/crawler)" 99 **0/99795**
20.15.133.175 - - [26/Nov/2025:12:42:13 -0700] "GET /?a=104384513061690&mod=4c26774d&uri=form.php%3Fid%3D3492779-58%26name%3D10+speed+groupset+shimano+2x10+groupset+mtb HTTP/1.1" 200 21100 "-" "Mozilla/5.0 AppleWebKit/537.36 (KHTML, like Gecko; compatible; bingbot/2.0; +http://www.bing.com/bingbot.htm) Chrome/116.0.1938.76 Safari/537.36" 260 **0/260279**
66.249.69.170 - - [26/Nov/2025:12:42:17 -0700] "GET /?/css_6356af597ebeb154b969e538d3e95f0f/_drupal_sites_default_files_css_css_YLUY2usEybPXqNO15-ozAgAYsZmniqhrU6f3bp69-r4 HTTP/1.1" 200 2230 "http://blalockdialysiscenter.com/?a=43825379001690&mod=70e17786&uri=article.php%3Fid%3D1466117-398%26name%3Droupas+femininas+infantil+shein" "Mozilla/5.0 AppleWebKit/537.36 (KHTML, like Gecko; compatible; GoogleOther) Chrome/141.0.7390.122 Safari/537.36" 100 **0/100220**
66.249.69.170 - - [26/Nov/2025:12:42:17 -0700] "GET /?/css_6356af597ebeb154b969e538d3e95f0f/_drupal_sites_default_files_css_css_LmUrbIckCDCKvN2_Q3zbp044aJ28BPsL4EcroazBk2w HTTP/1.1" 200 2230 "http://blalockdialysiscenter.com/?a=43825379001690&mod=70e17786&uri=article.php%3Fid%3D1466117-398%26name%3Droupas+femininas+infantil+shein" "Mozilla/5.0 AppleWebKit/537.36 (KHTML, like Gecko; compatible; GoogleOther) Chrome/141.0.7390.122 Safari/537.36" 98 **0/98837**
66.249.69.170 - - [26/Nov/2025:12:42:17 -0700] "GET /?/css_6356af597ebeb154b969e538d3e95f0f/_styles_css_wanderer-fg HTTP/1.1" 200 2230 "http://blalockdialysiscenter.com/?a=43825379001690&mod=70e17786&uri=article.php%3Fid%3D1466117-398%26name%3Droupas+femininas+infantil+shein" "Mozilla/5.0 AppleWebKit/537.36 (KHTML, like Gecko; compatible; GoogleOther) Chrome/141.0.7390.122 Safari/537.36" 118 **0/118008**
66.249.69.170 - - [26/Nov/2025:12:42:17 -0700] "GET /?/js_6356af597ebeb154b969e538d3e95f0f/_styles_js_lazysizes.min HTTP/1.1" 200 2230 "http://blalockdialysiscenter.com/?a=43825379001690&mod=70e17786&uri=article.php%3Fid%3D1466117-398%26name%3Droupas+femininas+infantil+shein" "Mozilla/5.0 AppleWebKit/537.36 (KHTML, like Gecko; compatible; GoogleOther) Chrome/141.0.7390.122 Safari/537.36" 95 **0/95751**
66.249.69.170 - - [26/Nov/2025:12:42:17 -0700] "GET /?/svg_6356af597ebeb154b969e538d3e95f0f/_pics_webp_common_pc_cart_black.svg HTTP/1.1" 200 2230 "http://blalockdialysiscenter.com/?a=43825379001690&mod=70e17786&uri=article.php%3Fid%3D1466117-398%26name%3Droupas+femininas+infantil+shein" "Mozilla/5.0 AppleWebKit/537.36 (KHTML, like Gecko; compatible; GoogleOther) Chrome/141.0.7390.122 Safari/537.36" 119 **0/119267**
66.249.69.170 - - [26/Nov/2025:12:42:18 -0700] "GET /?/css_6356af597ebeb154b969e538d3e95f0f/_styles_css_product-detail-ex01 HTTP/1.1" 200 2230 "http://blalockdialysiscenter.com/?a=43825379001690&mod=70e17786&uri=article.php%3Fid%3D1466117-398%26name%3Droupas+femininas+infantil+shein" "Mozilla/5.0 AppleWebKit/537.36 (KHTML, like Gecko; compatible; GoogleOther) Chrome/141.0.7390.122 Safari/537.36" 96 **0/96566**
52.167.144.158 - - [26/Nov/2025:12:42:18 -0700] "GET /?a=54756286021690&mod=a6ec3950&uri=brands.php%3Fid%3D1831865-642%26name%3Dscott+voltage+jr+scott+bike+junior HTTP/1.1" 200 21008 "-" "Mozilla/5.0 AppleWebKit/537.36 (KHTML, like Gecko; compatible; bingbot/2.0; +http://www.bing.com/bingbot.htm) Chrome/116.0.1938.76 Safari/537.36" 284 **0/284608**
66.249.69.170 - - [26/Nov/2025:12:42:18 -0700] "GET /?/js_6356af597ebeb154b969e538d3e95f0f/_styles_js_lightbox HTTP/1.1" 200 2230 "http://blalockdialysiscenter.com/?a=43825379001690&mod=70e17786&uri=article.php%3Fid%3D1466117-398%26name%3Droupas+femininas+infantil+shein" "Mozilla/5.0 AppleWebKit/537.36 (KHTML, like Gecko; compatible; GoogleOther) Chrome/141.0.7390.122 Safari/537.36" 126 **0/126605**
66.249.69.170 - - [26/Nov/2025:12:42:18 -0700] "GET /?/svg_6356af597ebeb154b969e538d3e95f0f/_pics_webp_common_pc_user_black.svg HTTP/1.1" 200 2230 "http://blalockdialysiscenter.com/?a=43825379001690&mod=70e17786&uri=article.php%3Fid%3D1466117-398%26name%3Droupas+femininas+infantil+shein" "Mozilla/5.0 AppleWebKit/537.36 (KHTML, like Gecko; compatible; GoogleOther) Chrome/141.0.7390.122 Safari/537.36" 102 **0/102269**
66.249.69.170 - - [26/Nov/2025:12:42:18 -0700] "GET /?/js_6356af597ebeb154b969e538d3e95f0f/_drupal_sites_default_files_js_js_G878YGhv0pYpg9iZ_hIm3vCCQWyhWgLawk-6b6wmZuU HTTP/1.1" 200 2230 "http://blalockdialysiscenter.com/?a=43825379001690&mod=70e17786&uri=article.php%3Fid%3D1466117-398%26name%3Droupas+femininas+infantil+shein" "Mozilla/5.0 AppleWebKit/537.36 (KHTML, like Gecko; compatible; GoogleOther) Chrome/141.0.7390.122 Safari/537.36" 109 **0/109043**
66.249.69.170 - - [26/Nov/2025:12:42:18 -0700] "GET /?/svg_6356af597ebeb154b969e538d3e95f0f/_pics_webp_common_pc_bell.svg HTTP/1.1" 200 2230 "http://blalockdialysiscenter.com/?a=43825379001690&mod=70e17786&uri=article.php%3Fid%3D1466117-398%26name%3Droupas+femininas+infantil+shein" "Mozilla/5.0 AppleWebKit/537.36 (KHTML, like Gecko; compatible; GoogleOther) Chrome/141.0.7390.122 Safari/537.36" 117 **0/117851**
66.249.69.170 - - [26/Nov/2025:12:42:19 -0700] "GET /?/css_6356af597ebeb154b969e538d3e95f0f/_drupal_modules_product_detail_assets_css_new_pc_product_detail HTTP/1.1" 200 2230 "http://blalockdialysiscenter.com/?a=43825379001690&mod=70e17786&uri=article.php%3Fid%3D1466117-398%26name%3Droupas+femininas+infantil+shein" "Mozilla/5.0 AppleWebKit/537.36 (KHTML, like Gecko; compatible; GoogleOther) Chrome/141.0.7390.122 Safari/537.36" 98 **0/98172**
57.141.0.13 - - [26/Nov/2025:12:42:19 -0700] "GET /?a=35995062011690& HTTP/1.1" 200 7610 "-" "meta-externalagent/1.1 (+https://developers.facebook.com/docs/sharing/webmasters/crawler)" 144 **0/144436**
66.249.69.170 - - [26/Nov/2025:12:42:19 -0700] "GET /?/js_6356af597ebeb154b969e538d3e95f0f/_drupal_sites_default_files_js_js_nfGRbDhyXF9_dFjG2rkRRw84Gy6p5a4aGnpYcOKhuC4 HTTP/1.1" 200 2230 "http://blalockdialysiscenter.com/?a=43825379001690&mod=70e17786&uri=article.php%3Fid%3D1466117-398%26name%3Droupas+femininas+infantil+shein" "Mozilla/5.0 AppleWebKit/537.36 (KHTML, like Gecko; compatible; GoogleOther) Chrome/141.0.7390.122 Safari/537.36" 115 **0/115912**
66.249.69.170 - - [26/Nov/2025:12:42:19 -0700] "GET /?/js_6356af597ebeb154b969e538d3e95f0f/_drupal_sites_default_files_js_js_z1qFDrghecTCI5Rjumn4rMBYPHvd-E4L0DVpS2JCjnw HTTP/1.1" 200 2230 "http://blalockdialysiscenter.com/?a=43825379001690&mod=70e17786&uri=article.php%3Fid%3D1466117-398%26name%3Droupas+femininas+infantil+shein" "Mozilla/5.0 AppleWebKit/537.36 (KHTML, like Gecko; compatible; GoogleOther) Chrome/141.0.7390.122 Safari/537.36" 98 **0/98457**
66.249.69.170 - - [26/Nov/2025:12:42:19 -0700] "GET /?/js_6356af597ebeb154b969e538d3e95f0f/_drupal_sites_default_files_js_js_i3BGasXGb_pVk8CAUeSJnjMmyNE-bFprX9j4_djQznQ HTTP/1.1" 200 2230 "http://blalockdialysiscenter.com/?a=43825379001690&mod=70e17786&uri=article.php%3Fid%3D1466117-398%26name%3Droupas+femininas+infantil+shein" "Mozilla/5.0 AppleWebKit/537.36 (KHTML, like Gecko; compatible; GoogleOther) Chrome/141.0.7390.122 Safari/537.36" 99 **0/99238**
66.249.69.170 - - [26/Nov/2025:12:42:20 -0700] "GET /?/svg_6356af597ebeb154b969e538d3e95f0f/_pics_webp_common_pc_logout.svg HTTP/1.1" 200 2230 "http://blalockdialysiscenter.com/?a=43825379001690&mod=70e17786&uri=article.php%3Fid%3D1466117-398%26name%3Droupas+femininas+infantil+shein" "Mozilla/5.0 AppleWebKit/537.36 (KHTML, like Gecko; compatible; GoogleOther) Chrome/141.0.7390.122 Safari/537.36" 98 **0/98795**
66.249.69.170 - - [26/Nov/2025:12:42:20 -0700] "GET /?/svg_6356af597ebeb154b969e538d3e95f0f/_pics_webp_common_pc_close_sidebar.svg HTTP/1.1" 200 2230 "http://blalockdialysiscenter.com/?a=43825379001690&mod=70e17786&uri=article.php%3Fid%3D1466117-398%26name%3Droupas+femininas+infantil+shein" "Mozilla/5.0 AppleWebKit/537.36 (KHTML, like Gecko; compatible; GoogleOther) Chrome/141.0.7390.122 Safari/537.36" 91 **0/91760**
66.249.69.170 - - [26/Nov/2025:12:42:21 -0700] "GET /?/img_6356af597ebeb154b969e538d3e95f0f/_database_images_no_photo HTTP/1.1" 200 2230 "http://blalockdialysiscenter.com/?a=43825379001690&mod=70e17786&uri=article.php%3Fid%3D1466117-398%26name%3Droupas+femininas+infantil+shein" "Mozilla/5.0 AppleWebKit/537.36 (KHTML, like Gecko; compatible; GoogleOther) Chrome/141.0.7390.122 Safari/537.36" 104 **0/104620**
66.249.69.170 - - [26/Nov/2025:12:42:21 -0700] "GET /?/img_6356af597ebeb154b969e538d3e95f0f/_pics_webp_common_pc_flash_sale.png HTTP/1.1" 200 2230 "http://blalockdialysiscenter.com/?a=43825379001690&mod=70e17786&uri=article.php%3Fid%3D1466117-398%26name%3Droupas+femininas+infantil+shein" "Mozilla/5.0 AppleWebKit/537.36 (KHTML, like Gecko; compatible; GoogleOther) Chrome/141.0.7390.122 Safari/537.36" 100 **0/100599**
66.249.69.170 - - [26/Nov/2025:12:42:21 -0700] "GET /?/svg_6356af597ebeb154b969e538d3e95f0f/_pics_webp_common_pc_add_cart.svg HTTP/1.1" 200 2230 "http://blalockdialysiscenter.com/?a=43825379001690&mod=70e17786&uri=article.php%3Fid%3D1466117-398%26name%3Droupas+femininas+infantil+shein" "Mozilla/5.0 AppleWebKit/537.36 (KHTML, like Gecko; compatible; GoogleOther) Chrome/141.0.7390.122 Safari/537.36" 93 **0/93278**
66.249.69.170 - - [26/Nov/2025:12:42:21 -0700] "GET /?/svg_6356af597ebeb154b969e538d3e95f0f/_pics_webp_common_pc_star_whishlist.svg HTTP/1.1" 200 2230 "http://blalockdialysiscenter.com/?a=43825379001690&mod=70e17786&uri=article.php%3Fid%3D1466117-398%26name%3Droupas+femininas+infantil+shein" "Mozilla/5.0 AppleWebKit/537.36 (KHTML, like Gecko; compatible; GoogleOther) Chrome/141.0.7390.122 Safari/537.36" 95 **0/95281**
66.249.69.170 - - [26/Nov/2025:12:42:21 -0700] "GET /?/img_6356af597ebeb154b969e538d3e95f0f/_pics_webp_product_notify_jpxmas2024_cargo_smp_1732838752.jpg HTTP/1.1" 200 2230 "http://blalockdialysiscenter.com/?a=43825379001690&mod=70e17786&uri=article.php%3Fid%3D1466117-398%26name%3Droupas+femininas+infantil+shein" "Mozilla/5.0 AppleWebKit/537.36 (KHTML, like Gecko; compatible; GoogleOther) Chrome/141.0.7390.122 Safari/537.36" 110 **0/110984**
66.249.69.170 - - [26/Nov/2025:12:42:22 -0700] "GET /?/img_6356af597ebeb154b969e538d3e95f0f/_pics_webp_keikoku01a.gif HTTP/1.1" 200 2230 "http://blalockdialysiscenter.com/?a=43825379001690&mod=70e17786&uri=article.php%3Fid%3D1466117-398%26name%3Droupas+femininas+infantil+shein" "Mozilla/5.0 AppleWebKit/537.36 (KHTML, like Gecko; compatible; GoogleOther) Chrome/141.0.7390.122 Safari/537.36" 95 **0/95302**
66.249.69.170 - - [26/Nov/2025:12:42:22 -0700] "GET /?/img_6356af597ebeb154b969e538d3e95f0f/_pics_webp_keikoku02.gif HTTP/1.1" 200 2230 "http://blalockdialysiscenter.com/?a=43825379001690&mod=70e17786&uri=article.php%3Fid%3D1466117-398%26name%3Droupas+femininas+infantil+shein" "Mozilla/5.0 AppleWebKit/537.36 (KHTML, like Gecko; compatible; GoogleOther) Chrome/141.0.7390.122 Safari/537.36" 96 **0/96012**
66.249.69.170 - - [26/Nov/2025:12:42:22 -0700] "GET /?/img_6356af597ebeb154b969e538d3e95f0f/_pics_webp_keikoku03.gif HTTP/1.1" 200 2230 "http://blalockdialysiscenter.com/?a=43825379001690&mod=70e17786&uri=article.php%3Fid%3D1466117-398%26name%3Droupas+femininas+infantil+shein" "Mozilla/5.0 AppleWebKit/537.36 (KHTML, like Gecko; compatible; GoogleOther) Chrome/141.0.7390.122 Safari/537.36" 94 **0/94435**
66.249.69.170 - - [26/Nov/2025:12:42:22 -0700] "GET /?/svg_6356af597ebeb154b969e538d3e95f0f/_pics_webp_common_pc_user_black.svg HTTP/1.1" 200 2230 "http://blalockdialysiscenter.com/?a=43825379001690&mod=70e17786&uri=article.php%3Fid%3D1466117-398%26name%3Droupas+femininas+infantil+shein" "Mozilla/5.0 AppleWebKit/537.36 (KHTML, like Gecko; compatible; GoogleOther) Chrome/141.0.7390.122 Safari/537.36" 91 **0/91811**
66.249.69.170 - - [26/Nov/2025:12:42:22 -0700] "GET /?/svg_6356af597ebeb154b969e538d3e95f0f/_pics_webp_common_pc_cart_black.svg HTTP/1.1" 200 2230 "http://blalockdialysiscenter.com/?a=43825379001690&mod=70e17786&uri=article.php%3Fid%3D1466117-398%26name%3Droupas+femininas+infantil+shein" "Mozilla/5.0 AppleWebKit/537.36 (KHTML, like Gecko; compatible; GoogleOther) Chrome/141.0.7390.122 Safari/537.36" 96 **0/96715**
66.249.69.170 - - [26/Nov/2025:12:42:23 -0700] "GET /?/img_6356af597ebeb154b969e538d3e95f0f/_pics_webp_common_pc_no_photo300.jpg HTTP/1.1" 200 2230 "http://blalockdialysiscenter.com/?a=43825379001690&mod=70e17786&uri=article.php%3Fid%3D1466117-398%26name%3Droupas+femininas+infantil+shein" "Mozilla/5.0 AppleWebKit/537.36 (KHTML, like Gecko; compatible; GoogleOther) Chrome/141.0.7390.122 Safari/537.36" 98 **0/98852**
66.249.69.170 - - [26/Nov/2025:12:42:23 -0700] "GET /?/svg_6356af597ebeb154b969e538d3e95f0f/_drupal_themes_surugaya_new_css_.._images_icon_arrow-next-blue HTTP/1.1" 200 2230 "http://blalockdialysiscenter.com/?a=43825379001690&mod=70e17786&uri=article.php%3Fid%3D1466117-398%26name%3Droupas+femininas+infantil+shein" "Mozilla/5.0 AppleWebKit/537.36 (KHTML, like Gecko; compatible; GoogleOther) Chrome/141.0.7390.122 Safari/537.36" 107 **0/107623**
66.249.69.170 - - [26/Nov/2025:12:42:23 -0700] "GET /?/img_6356af597ebeb154b969e538d3e95f0f/_pics_webp_X_black_radius.png HTTP/1.1" 200 2230 "http://blalockdialysiscenter.com/?a=43825379001690&mod=70e17786&uri=article.php%3Fid%3D1466117-398%26name%3Droupas+femininas+infantil+shein" "Mozilla/5.0 AppleWebKit/537.36 (KHTML, like Gecko; compatible; GoogleOther) Chrome/141.0.7390.122 Safari/537.36" 97 **0/97603**
66.249.69.170 - - [26/Nov/2025:12:42:23 -0700] "GET /?/img_6356af597ebeb154b969e538d3e95f0f/_pics_webp_Instagram_Glyph_Gradient.png HTTP/1.1" 200 2230 "http://blalockdialysiscenter.com/?a=43825379001690&mod=70e17786&uri=article.php%3Fid%3D1466117-398%26name%3Droupas+femininas+infantil+shein" "Mozilla/5.0 AppleWebKit/537.36 (KHTML, like Gecko; compatible; GoogleOther) Chrome/141.0.7390.122 Safari/537.36" 96 **0/96266**
66.249.69.170 - - [26/Nov/2025:12:42:23 -0700] "GET /?/svg_6356af597ebeb154b969e538d3e95f0f/_pics_webp_common_pc_social_youtube.svg HTTP/1.1" 200 2230 "http://blalockdialysiscenter.com/?a=43825379001690&mod=70e17786&uri=article.php%3Fid%3D1466117-398%26name%3Droupas+femininas+infantil+shein" "Mozilla/5.0 AppleWebKit/537.36 (KHTML, like Gecko; compatible; GoogleOther) Chrome/141.0.7390.122 Safari/537.36" 97 **0/97308**
66.249.69.170 - - [26/Nov/2025:12:42:24 -0700] "GET /?/svg_6356af597ebeb154b969e538d3e95f0f/_pics_webp_common_pc_social_facebook.svg HTTP/1.1" 200 2230 "http://blalockdialysiscenter.com/?a=43825379001690&mod=70e17786&uri=article.php%3Fid%3D1466117-398%26name%3Droupas+femininas+infantil+shein" "Mozilla/5.0 AppleWebKit/537.36 (KHTML, like Gecko; compatible; GoogleOther) Chrome/141.0.7390.122 Safari/537.36" 95 **0/95762**
66.249.69.170 - - [26/Nov/2025:12:42:24 -0700] "GET /?/svg_6356af597ebeb154b969e538d3e95f0f/_pics_webp_bluesky-1.svg HTTP/1.1" 200 2230 "http://blalockdialysiscenter.com/?a=43825379001690&mod=70e17786&uri=article.php%3Fid%3D1466117-398%26name%3Droupas+femininas+infantil+shein" "Mozilla/5.0 AppleWebKit/537.36 (KHTML, like Gecko; compatible; GoogleOther) Chrome/141.0.7390.122 Safari/537.36" 96 **0/96986**
20.15.133.184 - - [26/Nov/2025:12:42:35 -0700] "GET /?a=102066619081690&mod=d39e8a0d&uri=goods.php%3Fid%3D3415213-528%26name%3Dseiko+sks593+sks593 HTTP/1.1" 200 19686 "-" "Mozilla/5.0 AppleWebKit/537.36 (KHTML, like Gecko; compatible; bingbot/2.0; +http://www.bing.com/bingbot.htm) Chrome/116.0.1938.76 Safari/537.36" 249 **0/249406**
57.141.0.21 - - [26/Nov/2025:12:42:36 -0700] "GET /?a=92420123011690& HTTP/1.1" 200 7610 "-" "meta-externalagent/1.1 (+https://developers.facebook.com/docs/sharing/webmasters/crawler)" 117 **0/117060**
52.167.144.158 - - [26/Nov/2025:12:43:06 -0700] "GET /?a=108903169091690&mod=a9d44cca&uri=search.php%3Fid%3D3644037-1010%26name%3Drust+do+silver+tarnish HTTP/1.1" 200 20526 "-" "Mozilla/5.0 AppleWebKit/537.36 (KHTML, like Gecko; compatible; bingbot/2.0; +http://www.bing.com/bingbot.htm) Chrome/116.0.1938.76 Safari/537.36" 249 **0/249781**
52.167.144.158 - - [26/Nov/2025:12:43:27 -0700] "GET /?a=102892872001690&mod=a11907c6&uri=pin.php%3Fid%3D3442866-998%26name%3Dpleated+skirts+skirt+2019+trend HTTP/1.1" 200 21843 "-" "Mozilla/5.0 AppleWebKit/537.36 (KHTML, like Gecko; compatible; bingbot/2.0; +http://www.bing.com/bingbot.htm) Chrome/116.0.1938.76 Safari/537.36" 249 **0/249894**
66.249.72.196 - - [26/Nov/2025:12:43:38 -0700] "GET /?a=18393808011690&mod=f80fab2d&uri=news.php%3Fid%3D615361-586%26name%3Dpalette+dior+backstage+cool HTTP/1.1" 200 21288 "-" "Mozilla/5.0 (Linux; Android 6.0.1; Nexus 5X Build/MMB29P) AppleWebKit/537.36 (KHTML, like Gecko) Chrome/141.0.7390.122 Mobile Safari/537.36 (compatible; Googlebot/2.1; +http://www.google.com/bot.html)" 271 **0/271503**
131.255.2.157 - - [26/Nov/2025:12:43:41 -0700] "GET http://www.blalockdialysiscenter.com/?a=119299220051690&mod=a1f69f60&name=sinnlicher+orientalischer+parfum+mit+moschus+damen&uri=article.php%3Fid%3D3991836-147 HTTP/1.1" 200 2554 "-" "Mozilla/5.0 (Macintosh; Intel Mac OS X 11_1_0) AppleWebKit/537.36 (KHTML, like Gecko) Brave Chrome/87.0.4280.67 Safari/537.36" 114 **0/114222**
40.77.167.20 - - [26/Nov/2025:12:43:43 -0700] "GET /?a=60946190001690&mod=a77fee56&uri=dp.php%3Fid%3D2039049-223%26name%3Dinstax+childrens+instant+print+camera HTTP/1.1" 200 20185 "-" "Mozilla/5.0 AppleWebKit/537.36 (KHTML, like Gecko; compatible; bingbot/2.0; +http://www.bing.com/bingbot.htm) Chrome/116.0.1938.76 Safari/537.36" 269 **0/269844**
40.77.167.70 - - [26/Nov/2025:12:43:56 -0700] "GET /?a=56675054001690&mod=1e99a6b6&uri=article.php%3Fid%3D1896081-875%26name%3Ddri+fit+peach+nike+dress HTTP/1.1" 200 19973 "-" "Mozilla/5.0 AppleWebKit/537.36 (KHTML, like Gecko; compatible; bingbot/2.0; +http://www.bing.com/bingbot.htm) Chrome/116.0.1938.76 Safari/537.36" 285 **0/285294**
52.167.144.180 - - [26/Nov/2025:12:43:59 -0700] "GET /?a=75402074121690&mod=931d8e8c&uri=category-info.php%3Fid%3D2522785-204%26name%3Dcalzones+tipos+de+boxers HTTP/1.1" 200 20815 "-" "Mozilla/5.0 AppleWebKit/537.36 (KHTML, like Gecko; compatible; bingbot/2.0; +http://www.bing.com/bingbot.htm) Chrome/116.0.1938.76 Safari/537.36" 285 **0/285574**
52.167.144.158 - - [26/Nov/2025:12:44:18 -0700] "GET /?a=49401260071690&mod=fb4c4860&uri=search.php%3Fid%3D1652676-40%26name%3Drobot+black+mip+robot+0820 HTTP/1.1" 200 20621 "-" "Mozilla/5.0 AppleWebKit/537.36 (KHTML, like Gecko; compatible; bingbot/2.0; +http://www.bing.com/bingbot.htm) Chrome/116.0.1938.76 Safari/537.36" 275 **0/275600**
57.141.0.66 - - [26/Nov/2025:12:44:58 -0700] "GET /?a=65465416031690& HTTP/1.1" 200 7610 "-" "meta-externalagent/1.1 (+https://developers.facebook.com/docs/sharing/webmasters/crawler)" 105 **0/105249**
57.141.0.41 - - [26/Nov/2025:12:44:59 -0700] "GET /?a=3280826011690& HTTP/1.1" 200 7610 "-" "meta-externalagent/1.1 (+https://developers.facebook.com/docs/sharing/webmasters/crawler)" 107 **0/107242**
189.203.90.198 - - [26/Nov/2025:12:45:02 -0700] "GET http://www.blalockdialysiscenter.com/?a=28156428121690&mod=a2b43785&name=retail+outlet+viktring&uri=info.php%3Fid%3D941914-1123 HTTP/1.1" 200 2554 "-" "Mozilla/5.0 (Macintosh; Intel Mac OS X 10_15_7) AppleWebKit/537.36 (KHTML, like Gecko) Chrome/101.0.4951.64 Safari/537.36" 157 **0/157789**
91.106.43.26 - - [26/Nov/2025:12:45:03 -0700] "GET http://www.blalockdialysiscenter.com/?a=88992755051690&mod=23e18616&name=giant+couscous+christmas+couscous+salad&uri=pin.php%3Fid%3D2977622-317 HTTP/1.1" 200 2554 "-" "Mozilla/5.0 (Macintosh; Intel Mac OS X 10_14_6) AppleWebKit/537.36 (KHTML, like Gecko) Chrome/88.0.4324.146 Safari/537.36" 145 **0/145415**
20.15.133.184 - - [26/Nov/2025:12:45:14 -0700] "GET /?a=103883433031690&mod=cc3f9686&uri=shared.php%3Fid%3D3476016-721%26name%3Dgtx+1060+rx+5500+xt+8gb+vs+gtx+1080 HTTP/1.1" 200 21184 "-" "Mozilla/5.0 AppleWebKit/537.36 (KHTML, like Gecko; compatible; bingbot/2.0; +http://www.bing.com/bingbot.htm) Chrome/116.0.1938.76 Safari/537.36" 280 **0/280798**
52.167.144.158 - - [26/Nov/2025:12:45:16 -0700] "GET /?a=68354681031690&mod=d0d310ae&uri=article.php%3Fid%3D2286874-818%26name%3Dflex+run+2021+nike+flex+2021+mens HTTP/1.1" 200 21206 "-" "Mozilla/5.0 AppleWebKit/537.36 (KHTML, like Gecko; compatible; bingbot/2.0; +http://www.bing.com/bingbot.htm) Chrome/116.0.1938.76 Safari/537.36" 304 **0/304163**
52.167.144.158 - - [26/Nov/2025:12:45:17 -0700] "GET /?a=6272263071690&mod=9acdc372&uri=goods.php%3Fid%3D209796-808%26name%3Dcable+cargador+cargador+i+watch HTTP/1.1" 200 20311 "-" "Mozilla/5.0 AppleWebKit/537.36 (KHTML, like Gecko; compatible; bingbot/2.0; +http://www.bing.com/bingbot.htm) Chrome/116.0.1938.76 Safari/537.36" 254 **0/254101**
20.15.133.175 - - [26/Nov/2025:12:45:24 -0700] "GET /?a=103004103141690&mod=0ff73ca2&uri=itm.php%3Fid%3D3446585-459%26name%3Dcrew+neck+barbour+garment+dyed+t+shirt HTTP/1.1" 200 20527 "-" "Mozilla/5.0 AppleWebKit/537.36 (KHTML, like Gecko; compatible; bingbot/2.0; +http://www.bing.com/bingbot.htm) Chrome/116.0.1938.76 Safari/537.36" 259 **0/259378**
40.77.167.151 - - [26/Nov/2025:12:45:26 -0700] "GET /?a=104226256041690&mod=c233abe6&uri=news.php%3Fid%3D3487491-534%26name%3Dbaby+crib+sturdy+cot+bed HTTP/1.1" 200 20260 "-" "Mozilla/5.0 AppleWebKit/537.36 (KHTML, like Gecko; compatible; bingbot/2.0; +http://www.bing.com/bingbot.htm) Chrome/116.0.1938.76 Safari/537.36" 266 **0/266949**
189.4.61.92 - - [26/Nov/2025:12:45:33 -0700] "GET http://www.blalockdialysiscenter.com/?a=5108240001690&mod=325995af&name=streaming+facebook+watch+not+working+on+firestick&uri=news.php%3Fid%3D170863-20 HTTP/1.1" 200 2554 "-" "Mozilla/5.0 (Windows NT 10.0; Win64; x64) AppleWebKit/537.36 (KHTML, like Gecko) Chrome/90.0.0.0 Safari/537.36" 94 **0/94497**
40.77.167.151 - - [26/Nov/2025:12:45:46 -0700] "GET /?a=6427876051690&mod=06138bc5&uri=products.php%3Fid%3D214999-2%26name%3Djersey+pajamas+ninjago+pyjamas+h%26m HTTP/1.1" 200 20995 "-" "Mozilla/5.0 AppleWebKit/537.36 (KHTML, like Gecko; compatible; bingbot/2.0; +http://www.bing.com/bingbot.htm) Chrome/116.0.1938.76 Safari/537.36" 282 **0/282450**
52.167.144.180 - - [26/Nov/2025:12:45:53 -0700] "GET /?a=95112183071690&mod=ea35d0f8&uri=shop.php%3Fid%3D3182384-124%26name%3Ddecon+airmax+black HTTP/1.1" 200 20310 "-" "Mozilla/5.0 AppleWebKit/537.36 (KHTML, like Gecko; compatible; bingbot/2.0; +http://www.bing.com/bingbot.htm) Chrome/116.0.1938.76 Safari/537.36" 263 **0/263959**
57.141.0.22 - - [26/Nov/2025:12:45:55 -0700] "GET /?a=64036727081690& HTTP/1.1" 200 7610 "-" "meta-externalagent/1.1 (+https://developers.facebook.com/docs/sharing/webmasters/crawler)" 92 **0/92673**
129.45.20.43 - - [26/Nov/2025:12:46:18 -0700] "GET http://www.blalockdialysiscenter.com/?a=119486128031690&mod=17c43577&name=the+kingdom+nintendo+switch+pro+controller+limited+edition&uri=shared.php%3Fid%3D3998086-681 HTTP/1.1" 200 2554 "-" "Mozilla/5.0 (Macintosh; Intel Mac OS X 10_15_7) AppleWebKit/537.36 (KHTML, like Gecko) Chrome/93.0.4577.63 Safari/537.36" 97 **0/97059**
40.77.167.70 - - [26/Nov/2025:12:46:25 -0700] "GET /?a=53422280051690&mod=c98e1bdd&uri=article.php%3Fid%3D1787208-631%26name%3Damd+radeon+vega+driver+ryzen+2200g HTTP/1.1" 200 19345 "-" "Mozilla/5.0 AppleWebKit/537.36 (KHTML, like Gecko; compatible; bingbot/2.0; +http://www.bing.com/bingbot.htm) Chrome/116.0.1938.76 Safari/537.36" 249 **0/249221**
181.21.53.42 - - [26/Nov/2025:12:46:48 -0700] "GET http://www.blalockdialysiscenter.com/?a=28156368001690&mod=aaaac19f&name=case+galaxy+s21+ultra+blue&uri=us.php%3Fid%3D941912-111 HTTP/1.1" 200 2554 "-" "Mozilla/5.0 (Windows NT 10.0; Win64; x64) AppleWebKit/537.36 (KHTML, like Gecko) Chrome/80.0.3987.163 Safari/537.36" 112 **0/112031**
45.190.141.246 - - [26/Nov/2025:12:46:52 -0700] "GET http://www.blalockdialysiscenter.com/?a=5108120041690&mod=325995af&name=series+10+iphone+watch+uk&uri=news.php%3Fid%3D170859-20 HTTP/1.1" 200 2554 "-" "Mozilla/5.0 (Macintosh; Intel Mac OS X 10_9_5) AppleWebKit/537.36 (KHTML, like Gecko) Chrome/67.0.3396.87 Safari/537.36" 95 **0/95755**
40.77.167.70 - - [26/Nov/2025:12:46:56 -0700] "GET /?a=90092579001690&mod=850a40f2&uri=pin.php%3Fid%3D3014398-125%26name%3Dfocus+izalco+race+disc HTTP/1.1" 200 21627 "-" "Mozilla/5.0 AppleWebKit/537.36 (KHTML, like Gecko; compatible; bingbot/2.0; +http://www.bing.com/bingbot.htm) Chrome/116.0.1938.76 Safari/537.36" 250 **0/250247**
40.77.167.37 - - [26/Nov/2025:12:46:59 -0700] "GET /?a=2924018041690&mod=f80fab2d&uri=shared.php%3Fid%3D97758-586%26name%3Dcapture+youth+creme+dior+recensioni HTTP/1.1" 200 20640 "-" "Mozilla/5.0 AppleWebKit/537.36 (KHTML, like Gecko; compatible; bingbot/2.0; +http://www.bing.com/bingbot.htm) Chrome/116.0.1938.76 Safari/537.36" 320 **0/320470**
40.77.167.20 - - [26/Nov/2025:12:47:10 -0700] "GET /?a=119486788031690&mod=17c43577&uri=blog.php%3Fid%3D3998108-681%26name%3Dgame+sonic+forces+switch+player HTTP/1.1" 200 20396 "-" "Mozilla/5.0 AppleWebKit/537.36 (KHTML, like Gecko; compatible; bingbot/2.0; +http://www.bing.com/bingbot.htm) Chrome/116.0.1938.76 Safari/537.36" 259 **0/259854**
40.77.167.20 - - [26/Nov/2025:12:47:10 -0700] "GET /?a=65713495071690&mod=a8d4c6ab&uri=article.php%3Fid%3D2198521-525%26name%3Dbeehive+blender+osterizer+y+oster HTTP/1.1" 200 20941 "-" "Mozilla/5.0 AppleWebKit/537.36 (KHTML, like Gecko; compatible; bingbot/2.0; +http://www.bing.com/bingbot.htm) Chrome/116.0.1938.76 Safari/537.36" 269 **0/269285**
40.77.167.20 - - [26/Nov/2025:12:47:33 -0700] "GET /?a=90247085011690&mod=ff123d85&uri=article.php%3Fid%3D3019576-222%26name%3Dmimic+hood+essens+mimic+vest+men HTTP/1.1" 200 21072 "-" "Mozilla/5.0 AppleWebKit/537.36 (KHTML, like Gecko; compatible; bingbot/2.0; +http://www.bing.com/bingbot.htm) Chrome/116.0.1938.76 Safari/537.36" 262 **0/262662**
186.48.54.242 - - [26/Nov/2025:12:47:53 -0700] "GET http://www.blalockdialysiscenter.com/?a=4960564001690&mod=460c9b56&name=1000+euros+mtb+por+1500+euros&uri=shop.php%3Fid%3D165911-170 HTTP/1.1" 200 2554 "-" "Mozilla/5.0 (Macintosh; Intel Mac OS X 10_15_6) AppleWebKit/537.36 (KHTML, like Gecko) Brave Chrome/84.0.4147.125 Safari/537.36" 91 **0/91952**
138.94.177.139 - - [26/Nov/2025:12:47:56 -0700] "GET http://www.blalockdialysiscenter.com/?a=88880173031690&mod=7f04d9fc&name=divano+angolare+divano+letto+210&uri=blog.php%3Fid%3D2973858-553 HTTP/1.1" 200 2554 "-" "Mozilla/5.0 (Macintosh; Intel Mac OS X 10_15_4) AppleWebKit/537.36 (KHTML, like Gecko) Brave Chrome/81.0.4044.122 Safari/537.36" 105 **0/105210**
40.77.167.151 - - [26/Nov/2025:12:48:05 -0700] "GET /?a=40159540011690&mod=bd4b1f46&uri=itm.php%3Fid%3D1343392-1182%26name%3Dlong+fall+wedding+guest+dresses HTTP/1.1" 200 21777 "-" "Mozilla/5.0 AppleWebKit/537.36 (KHTML, like Gecko; compatible; bingbot/2.0; +http://www.bing.com/bingbot.htm) Chrome/116.0.1938.76 Safari/537.36" 249 **0/249019**
40.77.167.151 - - [26/Nov/2025:12:48:17 -0700] "GET /?a=4857082071690&mod=77b87d49&uri=goods.php%3Fid%3D162434-730%26name%3Dvase+jomon+tsubo HTTP/1.1" 200 19445 "-" "Mozilla/5.0 AppleWebKit/537.36 (KHTML, like Gecko; compatible; bingbot/2.0; +http://www.bing.com/bingbot.htm) Chrome/116.0.1938.76 Safari/537.36" 284 **0/284794**
57.141.0.5 - - [26/Nov/2025:12:49:01 -0700] "GET /?a=89568609041690& HTTP/1.1" 200 7610 "-" "meta-externalagent/1.1 (+https://developers.facebook.com/docs/sharing/webmasters/crawler)" 121 **0/121099**
176.29.57.34 - - [26/Nov/2025:12:49:05 -0700] "GET http://www.blalockdialysiscenter.com/?a=88995185021690&mod=23e18616&name=ham+glaze+recipe+xmas+ham+recipe&uri=itm.php%3Fid%3D2977703-317 HTTP/1.1" 200 2554 "-" "Mozilla/5.0 (Macintosh; Intel Mac OS X 10_11_6) AppleWebKit/537.36 (KHTML, like Gecko) Chrome/101.0.4951.64 Safari/537.36" 109 **0/109267**
94.156.166.136 - - [26/Nov/2025:12:49:18 -0700] "GET http://www.blalockdialysiscenter.com/?a=5106620041690&mod=325995af&name=46mm+automatic+watch&uri=category-info.php%3Fid%3D170809-20 HTTP/1.1" 200 2554 "-" "Mozilla/5.0 (Windows NT 10.0; Win64; x64) AppleWebKit/537.36 (KHTML, like Gecko) Chrome/100.0.4896.60 Safari/537.36" 92 **0/92268**
57.141.0.24 - - [26/Nov/2025:12:50:08 -0700] "GET /?a=16900036031690& HTTP/1.1" 200 7610 "-" "meta-externalagent/1.1 (+https://developers.facebook.com/docs/sharing/webmasters/crawler)" 110 **0/110485**
57.141.0.58 - - [26/Nov/2025:12:50:10 -0700] "GET /?a=71933422041690& HTTP/1.1" 200 7610 "-" "meta-externalagent/1.1 (+https://developers.facebook.com/docs/sharing/webmasters/crawler)" 109 **0/109797**
165.165.111.249 - - [26/Nov/2025:12:50:30 -0700] "GET http://www.blalockdialysiscenter.com/?a=5110739041690&mod=325995af&name=amoled+verve+smart+watch&uri=form.php%3Fid%3D170947-20 HTTP/1.1" 200 2554 "-" "Mozilla/5.0 (Windows NT 6.1; Win64; x64) AppleWebKit/537.36 (KHTML, like Gecko) Chrome/64.0.3282.24 Safari/537.36" 108 **0/108963**
14.191.37.63 - - [26/Nov/2025:12:50:48 -0700] "GET http://www.blalockdialysiscenter.com/toreka/about.php HTTP/1.1" 200 2554 "-" "Mozilla/5.0 (Macintosh; Intel Mac OS X 10_12_6) AppleWebKit/537.36 (KHTML, like Gecko) Brave Chrome/86.0.4240.75 Safari/537.36" 90 **0/90472**
40.77.167.77 - - [26/Nov/2025:12:51:07 -0700] "GET /?a=67998504031690&mod=03de7a07&uri=shop.php%3Fid%3D2274962-302%26name%3Dvervet+kick+flare+jeans+2019 HTTP/1.1" 200 21466 "-" "Mozilla/5.0 AppleWebKit/537.36 (KHTML, like Gecko; compatible; bingbot/2.0; +http://www.bing.com/bingbot.htm) Chrome/116.0.1938.76 Safari/537.36" 282 **0/282018**
52.167.144.212 - - [26/Nov/2025:12:51:07 -0700] "GET /?a=110643793081690&mod=1ce3e6e3&uri=shop.php%3Fid%3D3702277-88%26name%3Dhombre+buzos+por+mayor+patronato HTTP/1.1" 200 21068 "-" "Mozilla/5.0 AppleWebKit/537.36 (KHTML, like Gecko; compatible; bingbot/2.0; +http://www.bing.com/bingbot.htm) Chrome/116.0.1938.76 Safari/537.36" 276 **0/276659**
