40.77.167.123 - - [26/Nov/2025:06:37:42 -0700] "GET /?a=2693843011690&mod=2b0499a3&uri=us.php%3Fid%3D90058-172%26name%3Dto+hdmi+cable+usb+c+cable+to+thunderbolt HTTP/1.1" 200 20895 "-" "Mozilla/5.0 AppleWebKit/537.36 (KHTML, like Gecko; compatible; bingbot/2.0; +http://www.bing.com/bingbot.htm) Chrome/116.0.1938.76 Safari/537.36" 241 **0/241502**
57.141.0.8 - - [26/Nov/2025:06:37:50 -0700] "GET /?a=100735157031690& HTTP/1.1" 200 7610 "-" "meta-externalagent/1.1 (+https://developers.facebook.com/docs/sharing/webmasters/crawler)" 91 **0/91456**
52.167.144.213 - - [26/Nov/2025:06:37:54 -0700] "GET /?a=95157246051690&mod=b4418237&uri=category-info.php%3Fid%3D3183888-71%26name%3Dgopro+cateye+handlebar+mount HTTP/1.1" 200 20714 "-" "Mozilla/5.0 AppleWebKit/537.36 (KHTML, like Gecko; compatible; bingbot/2.0; +http://www.bing.com/bingbot.htm) Chrome/116.0.1938.76 Safari/537.36" 224 **0/224607**
52.167.144.225 - - [26/Nov/2025:06:37:55 -0700] "GET /?a=86475618011690&mod=679b4e06&uri=category-info.php%3Fid%3D2893396-501%26name%3Dwhy+does+my+dog+eat+poop HTTP/1.1" 200 20912 "-" "Mozilla/5.0 AppleWebKit/537.36 (KHTML, like Gecko; compatible; bingbot/2.0; +http://www.bing.com/bingbot.htm) Chrome/116.0.1938.76 Safari/537.36" 266 **0/266188**
66.249.69.170 - - [26/Nov/2025:06:37:57 -0700] "GET /?/svg_6356af597ebeb154b969e538d3e95f0f/_pics_webp_common_pc_cart_black.svg HTTP/1.1" 200 2230 "http://blalockdialysiscenter.com/?a=99890956021690&mod=20337d9c&uri=goods.php%3Fid%3D3342442-114%26name%3Dkhandesh+ka+chhotu+dada" "Mozilla/5.0 AppleWebKit/537.36 (KHTML, like Gecko; compatible; GoogleOther) Chrome/141.0.7390.122 Safari/537.36" 87 **0/87718**
66.249.69.170 - - [26/Nov/2025:06:37:57 -0700] "GET /?/img_6356af597ebeb154b969e538d3e95f0f/_pics_webp_common_pc_no_photo300.jpg HTTP/1.1" 200 2230 "http://blalockdialysiscenter.com/?a=99890956021690&mod=20337d9c&uri=goods.php%3Fid%3D3342442-114%26name%3Dkhandesh+ka+chhotu+dada" "Mozilla/5.0 AppleWebKit/537.36 (KHTML, like Gecko; compatible; GoogleOther) Chrome/141.0.7390.122 Safari/537.36" 92 **0/92221**
66.249.69.170 - - [26/Nov/2025:06:37:57 -0700] "GET /?/svg_6356af597ebeb154b969e538d3e95f0f/_drupal_themes_surugaya_new_css_.._images_icon_arrow-next-blue HTTP/1.1" 200 2230 "http://blalockdialysiscenter.com/?a=99890956021690&mod=20337d9c&uri=goods.php%3Fid%3D3342442-114%26name%3Dkhandesh+ka+chhotu+dada" "Mozilla/5.0 AppleWebKit/537.36 (KHTML, like Gecko; compatible; GoogleOther) Chrome/141.0.7390.122 Safari/537.36" 96 **0/96133**
66.249.69.170 - - [26/Nov/2025:06:37:57 -0700] "GET /?/img_6356af597ebeb154b969e538d3e95f0f/_pics_webp_X_black_radius.png HTTP/1.1" 200 2230 "http://blalockdialysiscenter.com/?a=99890956021690&mod=20337d9c&uri=goods.php%3Fid%3D3342442-114%26name%3Dkhandesh+ka+chhotu+dada" "Mozilla/5.0 AppleWebKit/537.36 (KHTML, like Gecko; compatible; GoogleOther) Chrome/141.0.7390.122 Safari/537.36" 87 **0/87378**
66.249.69.170 - - [26/Nov/2025:06:37:58 -0700] "GET /?/img_6356af597ebeb154b969e538d3e95f0f/_pics_webp_Instagram_Glyph_Gradient.png HTTP/1.1" 200 2230 "http://blalockdialysiscenter.com/?a=99890956021690&mod=20337d9c&uri=goods.php%3Fid%3D3342442-114%26name%3Dkhandesh+ka+chhotu+dada" "Mozilla/5.0 AppleWebKit/537.36 (KHTML, like Gecko; compatible; GoogleOther) Chrome/141.0.7390.122 Safari/537.36" 110 **0/110272**
66.249.69.170 - - [26/Nov/2025:06:37:58 -0700] "GET /?/svg_6356af597ebeb154b969e538d3e95f0f/_pics_webp_common_pc_social_facebook.svg HTTP/1.1" 200 2230 "http://blalockdialysiscenter.com/?a=99890956021690&mod=20337d9c&uri=goods.php%3Fid%3D3342442-114%26name%3Dkhandesh+ka+chhotu+dada" "Mozilla/5.0 AppleWebKit/537.36 (KHTML, like Gecko; compatible; GoogleOther) Chrome/141.0.7390.122 Safari/537.36" 87 **0/87675**
66.249.69.170 - - [26/Nov/2025:06:37:58 -0700] "GET /?/svg_6356af597ebeb154b969e538d3e95f0f/_pics_webp_bluesky-1.svg HTTP/1.1" 200 2230 "http://blalockdialysiscenter.com/?a=99890956021690&mod=20337d9c&uri=goods.php%3Fid%3D3342442-114%26name%3Dkhandesh+ka+chhotu+dada" "Mozilla/5.0 AppleWebKit/537.36 (KHTML, like Gecko; compatible; GoogleOther) Chrome/141.0.7390.122 Safari/537.36" 116 **0/116554**
66.249.69.170 - - [26/Nov/2025:06:37:58 -0700] "GET /?/svg_6356af597ebeb154b969e538d3e95f0f/_pics_webp_common_pc_social_youtube.svg HTTP/1.1" 200 2230 "http://blalockdialysiscenter.com/?a=99890956021690&mod=20337d9c&uri=goods.php%3Fid%3D3342442-114%26name%3Dkhandesh+ka+chhotu+dada" "Mozilla/5.0 AppleWebKit/537.36 (KHTML, like Gecko; compatible; GoogleOther) Chrome/141.0.7390.122 Safari/537.36" 98 **0/98254**
40.77.167.123 - - [26/Nov/2025:06:38:02 -0700] "GET /?a=115230078061690&mod=01cdfc28&uri=goods.php%3Fid%3D3855685-782%26name%3Dberkemann+clogs+weite+g HTTP/1.1" 200 20651 "-" "Mozilla/5.0 AppleWebKit/537.36 (KHTML, like Gecko; compatible; bingbot/2.0; +http://www.bing.com/bingbot.htm) Chrome/116.0.1938.76 Safari/537.36" 263 **0/263886**
52.167.144.213 - - [26/Nov/2025:06:38:20 -0700] "GET /?a=117272923021690&mod=77c493ec&uri=shop.php%3Fid%3D3924031-35%26name%3Demulator+all+retro+games+in+one+console HTTP/1.1" 200 21607 "-" "Mozilla/5.0 AppleWebKit/537.36 (KHTML, like Gecko; compatible; bingbot/2.0; +http://www.bing.com/bingbot.htm) Chrome/116.0.1938.76 Safari/537.36" 269 **0/269444**
52.167.144.213 - - [26/Nov/2025:06:38:32 -0700] "GET /?a=75284849071690&mod=b6581914&uri=news.php%3Fid%3D2518862-1664%26name%3Dorange+asics+gel+kinsei+homme+deepblue HTTP/1.1" 200 19858 "-" "Mozilla/5.0 AppleWebKit/537.36 (KHTML, like Gecko; compatible; bingbot/2.0; +http://www.bing.com/bingbot.htm) Chrome/116.0.1938.76 Safari/537.36" 226 **0/226630**
102.217.64.62 - - [26/Nov/2025:06:38:40 -0700] "GET http://www.blalockdialysiscenter.com/feature/yokohama_maruicity/index.html HTTP/1.1" 200 2554 "-" "Mozilla/5.0 (Windows NT 10.0; Win64; x64) AppleWebKit/537.36 (KHTML, like Gecko) Brave Chrome/79.0.3945.88 Safari/537.36" 94 **0/94026**
52.167.144.225 - - [26/Nov/2025:06:38:41 -0700] "GET /?a=104049057081690&mod=ee6db913&uri=pin.php%3Fid%3D3481567-120%26name%3Dprice+internet+cctv+systems HTTP/1.1" 200 21251 "-" "Mozilla/5.0 AppleWebKit/537.36 (KHTML, like Gecko; compatible; bingbot/2.0; +http://www.bing.com/bingbot.htm) Chrome/116.0.1938.76 Safari/537.36" 269 **0/269251**
20.15.133.184 - - [26/Nov/2025:06:38:42 -0700] "GET /?a=103786873061690&mod=8b1c998c&uri=dp.php%3Fid%3D3472789-116%26name%3Dwyldwood+regendichte+wanderhose HTTP/1.1" 200 20206 "-" "Mozilla/5.0 AppleWebKit/537.36 (KHTML, like Gecko; compatible; bingbot/2.0; +http://www.bing.com/bingbot.htm) Chrome/116.0.1938.76 Safari/537.36" 253 **0/253634**
66.249.69.170 - - [26/Nov/2025:06:38:46 -0700] "GET /?/css_6356af597ebeb154b969e538d3e95f0f/_drupal_sites_default_files_css_css_YLUY2usEybPXqNO15-ozAgAYsZmniqhrU6f3bp69-r4 HTTP/1.1" 200 2230 "http://blalockdialysiscenter.com/?a=72862728001690&mod=d9d47929&uri=brands.php%3Fid%3D2437781-365%26name%3Dbuzos+personalizados+buzos+para+enfermeras" "Mozilla/5.0 AppleWebKit/537.36 (KHTML, like Gecko; compatible; GoogleOther) Chrome/141.0.7390.122 Safari/537.36" 95 **0/95589**
66.249.69.170 - - [26/Nov/2025:06:38:46 -0700] "GET /?/js_6356af597ebeb154b969e538d3e95f0f/_drupal_sites_default_files_js_js_G878YGhv0pYpg9iZ_hIm3vCCQWyhWgLawk-6b6wmZuU HTTP/1.1" 200 2230 "http://blalockdialysiscenter.com/?a=72862728001690&mod=d9d47929&uri=brands.php%3Fid%3D2437781-365%26name%3Dbuzos+personalizados+buzos+para+enfermeras" "Mozilla/5.0 AppleWebKit/537.36 (KHTML, like Gecko; compatible; GoogleOther) Chrome/141.0.7390.122 Safari/537.36" 89 **0/89495**
66.249.69.170 - - [26/Nov/2025:06:38:46 -0700] "GET /?/css_6356af597ebeb154b969e538d3e95f0f/_styles_css_product-detail-ex01 HTTP/1.1" 200 2230 "http://blalockdialysiscenter.com/?a=72862728001690&mod=d9d47929&uri=brands.php%3Fid%3D2437781-365%26name%3Dbuzos+personalizados+buzos+para+enfermeras" "Mozilla/5.0 AppleWebKit/537.36 (KHTML, like Gecko; compatible; GoogleOther) Chrome/141.0.7390.122 Safari/537.36" 109 **0/109240**
66.249.69.170 - - [26/Nov/2025:06:38:46 -0700] "GET /?/js_6356af597ebeb154b969e538d3e95f0f/_styles_js_lazysizes.min HTTP/1.1" 200 2230 "http://blalockdialysiscenter.com/?a=72862728001690&mod=d9d47929&uri=brands.php%3Fid%3D2437781-365%26name%3Dbuzos+personalizados+buzos+para+enfermeras" "Mozilla/5.0 AppleWebKit/537.36 (KHTML, like Gecko; compatible; GoogleOther) Chrome/141.0.7390.122 Safari/537.36" 92 **0/92265**
66.249.69.170 - - [26/Nov/2025:06:38:47 -0700] "GET /?/css_6356af597ebeb154b969e538d3e95f0f/_styles_css_wanderer-fg HTTP/1.1" 200 2230 "http://blalockdialysiscenter.com/?a=72862728001690&mod=d9d47929&uri=brands.php%3Fid%3D2437781-365%26name%3Dbuzos+personalizados+buzos+para+enfermeras" "Mozilla/5.0 AppleWebKit/537.36 (KHTML, like Gecko; compatible; GoogleOther) Chrome/141.0.7390.122 Safari/537.36" 98 **0/98656**
66.249.69.170 - - [26/Nov/2025:06:38:47 -0700] "GET /?/svg_6356af597ebeb154b969e538d3e95f0f/_pics_webp_common_pc_cart_black.svg HTTP/1.1" 200 2230 "http://blalockdialysiscenter.com/?a=72862728001690&mod=d9d47929&uri=brands.php%3Fid%3D2437781-365%26name%3Dbuzos+personalizados+buzos+para+enfermeras" "Mozilla/5.0 AppleWebKit/537.36 (KHTML, like Gecko; compatible; GoogleOther) Chrome/141.0.7390.122 Safari/537.36" 97 **0/97885**
66.249.69.170 - - [26/Nov/2025:06:38:47 -0700] "GET /?/js_6356af597ebeb154b969e538d3e95f0f/_styles_js_lightbox HTTP/1.1" 200 2230 "http://blalockdialysiscenter.com/?a=72862728001690&mod=d9d47929&uri=brands.php%3Fid%3D2437781-365%26name%3Dbuzos+personalizados+buzos+para+enfermeras" "Mozilla/5.0 AppleWebKit/537.36 (KHTML, like Gecko; compatible; GoogleOther) Chrome/141.0.7390.122 Safari/537.36" 354 **0/354773**
66.249.69.170 - - [26/Nov/2025:06:38:47 -0700] "GET /?/svg_6356af597ebeb154b969e538d3e95f0f/_pics_webp_common_pc_user_black.svg HTTP/1.1" 200 2230 "http://blalockdialysiscenter.com/?a=72862728001690&mod=d9d47929&uri=brands.php%3Fid%3D2437781-365%26name%3Dbuzos+personalizados+buzos+para+enfermeras" "Mozilla/5.0 AppleWebKit/537.36 (KHTML, like Gecko; compatible; GoogleOther) Chrome/141.0.7390.122 Safari/537.36" 707 **0/707848**
66.249.69.170 - - [26/Nov/2025:06:38:49 -0700] "GET /?/css_6356af597ebeb154b969e538d3e95f0f/_drupal_modules_product_detail_assets_css_new_pc_product_detail HTTP/1.1" 200 2230 "http://blalockdialysiscenter.com/?a=72862728001690&mod=d9d47929&uri=brands.php%3Fid%3D2437781-365%26name%3Dbuzos+personalizados+buzos+para+enfermeras" "Mozilla/5.0 AppleWebKit/537.36 (KHTML, like Gecko; compatible; GoogleOther) Chrome/141.0.7390.122 Safari/537.36" 94 **0/94659**
66.249.69.170 - - [26/Nov/2025:06:38:49 -0700] "GET /?/js_6356af597ebeb154b969e538d3e95f0f/_drupal_sites_default_files_js_js_nfGRbDhyXF9_dFjG2rkRRw84Gy6p5a4aGnpYcOKhuC4 HTTP/1.1" 200 2230 "http://blalockdialysiscenter.com/?a=72862728001690&mod=d9d47929&uri=brands.php%3Fid%3D2437781-365%26name%3Dbuzos+personalizados+buzos+para+enfermeras" "Mozilla/5.0 AppleWebKit/537.36 (KHTML, like Gecko; compatible; GoogleOther) Chrome/141.0.7390.122 Safari/537.36" 101 **0/101405**
66.249.69.170 - - [26/Nov/2025:06:38:49 -0700] "GET /?/js_6356af597ebeb154b969e538d3e95f0f/_drupal_sites_default_files_js_js_z1qFDrghecTCI5Rjumn4rMBYPHvd-E4L0DVpS2JCjnw HTTP/1.1" 200 2230 "http://blalockdialysiscenter.com/?a=72862728001690&mod=d9d47929&uri=brands.php%3Fid%3D2437781-365%26name%3Dbuzos+personalizados+buzos+para+enfermeras" "Mozilla/5.0 AppleWebKit/537.36 (KHTML, like Gecko; compatible; GoogleOther) Chrome/141.0.7390.122 Safari/537.36" 93 **0/93888**
66.249.69.170 - - [26/Nov/2025:06:38:49 -0700] "GET /?/js_6356af597ebeb154b969e538d3e95f0f/_drupal_sites_default_files_js_js_i3BGasXGb_pVk8CAUeSJnjMmyNE-bFprX9j4_djQznQ HTTP/1.1" 200 2230 "http://blalockdialysiscenter.com/?a=72862728001690&mod=d9d47929&uri=brands.php%3Fid%3D2437781-365%26name%3Dbuzos+personalizados+buzos+para+enfermeras" "Mozilla/5.0 AppleWebKit/537.36 (KHTML, like Gecko; compatible; GoogleOther) Chrome/141.0.7390.122 Safari/537.36" 91 **0/91439**
66.249.69.170 - - [26/Nov/2025:06:38:49 -0700] "GET /?/svg_6356af597ebeb154b969e538d3e95f0f/_pics_webp_common_pc_logout.svg HTTP/1.1" 200 2230 "http://blalockdialysiscenter.com/?a=72862728001690&mod=d9d47929&uri=brands.php%3Fid%3D2437781-365%26name%3Dbuzos+personalizados+buzos+para+enfermeras" "Mozilla/5.0 AppleWebKit/537.36 (KHTML, like Gecko; compatible; GoogleOther) Chrome/141.0.7390.122 Safari/537.36" 107 **0/107012**
66.249.69.170 - - [26/Nov/2025:06:38:50 -0700] "GET /?/svg_6356af597ebeb154b969e538d3e95f0f/_pics_webp_common_pc_close_sidebar.svg HTTP/1.1" 200 2230 "http://blalockdialysiscenter.com/?a=72862728001690&mod=d9d47929&uri=brands.php%3Fid%3D2437781-365%26name%3Dbuzos+personalizados+buzos+para+enfermeras" "Mozilla/5.0 AppleWebKit/537.36 (KHTML, like Gecko; compatible; GoogleOther) Chrome/141.0.7390.122 Safari/537.36" 95 **0/95843**
66.249.69.170 - - [26/Nov/2025:06:38:50 -0700] "GET /?/img_6356af597ebeb154b969e538d3e95f0f/_database_images_no_photo HTTP/1.1" 200 2230 "http://blalockdialysiscenter.com/?a=72862728001690&mod=d9d47929&uri=brands.php%3Fid%3D2437781-365%26name%3Dbuzos+personalizados+buzos+para+enfermeras" "Mozilla/5.0 AppleWebKit/537.36 (KHTML, like Gecko; compatible; GoogleOther) Chrome/141.0.7390.122 Safari/537.36" 99 **0/99291**
66.249.69.170 - - [26/Nov/2025:06:38:50 -0700] "GET /?/img_6356af597ebeb154b969e538d3e95f0f/_pics_webp_common_pc_flash_sale.png HTTP/1.1" 200 2230 "http://blalockdialysiscenter.com/?a=72862728001690&mod=d9d47929&uri=brands.php%3Fid%3D2437781-365%26name%3Dbuzos+personalizados+buzos+para+enfermeras" "Mozilla/5.0 AppleWebKit/537.36 (KHTML, like Gecko; compatible; GoogleOther) Chrome/141.0.7390.122 Safari/537.36" 87 **0/87725**
66.249.69.170 - - [26/Nov/2025:06:38:50 -0700] "GET /?/svg_6356af597ebeb154b969e538d3e95f0f/_pics_webp_common_pc_add_cart.svg HTTP/1.1" 200 2230 "http://blalockdialysiscenter.com/?a=72862728001690&mod=d9d47929&uri=brands.php%3Fid%3D2437781-365%26name%3Dbuzos+personalizados+buzos+para+enfermeras" "Mozilla/5.0 AppleWebKit/537.36 (KHTML, like Gecko; compatible; GoogleOther) Chrome/141.0.7390.122 Safari/537.36" 95 **0/95721**
66.249.69.170 - - [26/Nov/2025:06:38:50 -0700] "GET /?/svg_6356af597ebeb154b969e538d3e95f0f/_pics_webp_common_pc_star_whishlist.svg HTTP/1.1" 200 2230 "http://blalockdialysiscenter.com/?a=72862728001690&mod=d9d47929&uri=brands.php%3Fid%3D2437781-365%26name%3Dbuzos+personalizados+buzos+para+enfermeras" "Mozilla/5.0 AppleWebKit/537.36 (KHTML, like Gecko; compatible; GoogleOther) Chrome/141.0.7390.122 Safari/537.36" 92 **0/92498**
66.249.69.170 - - [26/Nov/2025:06:38:51 -0700] "GET /?/img_6356af597ebeb154b969e538d3e95f0f/_pics_webp_keikoku01a.gif HTTP/1.1" 200 2230 "http://blalockdialysiscenter.com/?a=72862728001690&mod=d9d47929&uri=brands.php%3Fid%3D2437781-365%26name%3Dbuzos+personalizados+buzos+para+enfermeras" "Mozilla/5.0 AppleWebKit/537.36 (KHTML, like Gecko; compatible; GoogleOther) Chrome/141.0.7390.122 Safari/537.36" 93 **0/93867**
66.249.69.170 - - [26/Nov/2025:06:38:51 -0700] "GET /?/img_6356af597ebeb154b969e538d3e95f0f/_pics_webp_common_pc_no_photo300.jpg HTTP/1.1" 200 2230 "http://blalockdialysiscenter.com/?a=72862728001690&mod=d9d47929&uri=brands.php%3Fid%3D2437781-365%26name%3Dbuzos+personalizados+buzos+para+enfermeras" "Mozilla/5.0 AppleWebKit/537.36 (KHTML, like Gecko; compatible; GoogleOther) Chrome/141.0.7390.122 Safari/537.36" 88 **0/88318**
66.249.69.170 - - [26/Nov/2025:06:38:51 -0700] "GET /?/img_6356af597ebeb154b969e538d3e95f0f/_pics_webp_keikoku02.gif HTTP/1.1" 200 2230 "http://blalockdialysiscenter.com/?a=72862728001690&mod=d9d47929&uri=brands.php%3Fid%3D2437781-365%26name%3Dbuzos+personalizados+buzos+para+enfermeras" "Mozilla/5.0 AppleWebKit/537.36 (KHTML, like Gecko; compatible; GoogleOther) Chrome/141.0.7390.122 Safari/537.36" 89 **0/89938**
66.249.69.170 - - [26/Nov/2025:06:38:51 -0700] "GET /?/img_6356af597ebeb154b969e538d3e95f0f/_pics_webp_keikoku03.gif HTTP/1.1" 200 2230 "http://blalockdialysiscenter.com/?a=72862728001690&mod=d9d47929&uri=brands.php%3Fid%3D2437781-365%26name%3Dbuzos+personalizados+buzos+para+enfermeras" "Mozilla/5.0 AppleWebKit/537.36 (KHTML, like Gecko; compatible; GoogleOther) Chrome/141.0.7390.122 Safari/537.36" 95 **0/95725**
57.141.0.59 - - [26/Nov/2025:06:39:09 -0700] "GET /?a=50499437041690& HTTP/1.1" 200 7610 "-" "meta-externalagent/1.1 (+https://developers.facebook.com/docs/sharing/webmasters/crawler)" 99 **0/99686**
66.249.69.170 - - [26/Nov/2025:06:39:10 -0700] "GET /?/img_6356af597ebeb154b969e538d3e95f0f/_pics_webp_common_pc_no_photo300.jpg HTTP/1.1" 200 2230 "http://blalockdialysiscenter.com/?a=72862728001690&mod=d9d47929&uri=brands.php%3Fid%3D2437781-365%26name%3Dbuzos+personalizados+buzos+para+enfermeras" "Mozilla/5.0 AppleWebKit/537.36 (KHTML, like Gecko; compatible; GoogleOther) Chrome/141.0.7390.122 Safari/537.36" 92 **0/92139**
66.249.69.170 - - [26/Nov/2025:06:39:10 -0700] "GET /?/svg_6356af597ebeb154b969e538d3e95f0f/_pics_webp_common_pc_user_black.svg HTTP/1.1" 200 2230 "http://blalockdialysiscenter.com/?a=72862728001690&mod=d9d47929&uri=brands.php%3Fid%3D2437781-365%26name%3Dbuzos+personalizados+buzos+para+enfermeras" "Mozilla/5.0 AppleWebKit/537.36 (KHTML, like Gecko; compatible; GoogleOther) Chrome/141.0.7390.122 Safari/537.36" 334 **0/334769**
66.249.69.171 - - [26/Nov/2025:06:39:10 -0700] "GET /?/img_6356af597ebeb154b969e538d3e95f0f/_pics_webp_X_black_radius.png HTTP/1.1" 200 2230 "http://blalockdialysiscenter.com/?a=72862728001690&mod=d9d47929&uri=brands.php%3Fid%3D2437781-365%26name%3Dbuzos+personalizados+buzos+para+enfermeras" "Mozilla/5.0 AppleWebKit/537.36 (KHTML, like Gecko; compatible; GoogleOther) Chrome/141.0.7390.122 Safari/537.36" 101 **0/101561**
66.249.69.171 - - [26/Nov/2025:06:39:11 -0700] "GET /?/img_6356af597ebeb154b969e538d3e95f0f/_pics_webp_Instagram_Glyph_Gradient.png HTTP/1.1" 200 2230 "http://blalockdialysiscenter.com/?a=72862728001690&mod=d9d47929&uri=brands.php%3Fid%3D2437781-365%26name%3Dbuzos+personalizados+buzos+para+enfermeras" "Mozilla/5.0 AppleWebKit/537.36 (KHTML, like Gecko; compatible; GoogleOther) Chrome/141.0.7390.122 Safari/537.36" 99 **0/99731**
66.249.69.170 - - [26/Nov/2025:06:39:11 -0700] "GET /?/svg_6356af597ebeb154b969e538d3e95f0f/_pics_webp_common_pc_social_facebook.svg HTTP/1.1" 200 2230 "http://blalockdialysiscenter.com/?a=72862728001690&mod=d9d47929&uri=brands.php%3Fid%3D2437781-365%26name%3Dbuzos+personalizados+buzos+para+enfermeras" "Mozilla/5.0 AppleWebKit/537.36 (KHTML, like Gecko; compatible; GoogleOther) Chrome/141.0.7390.122 Safari/537.36" 113 **0/113149**
66.249.69.170 - - [26/Nov/2025:06:39:11 -0700] "GET /?/svg_6356af597ebeb154b969e538d3e95f0f/_pics_webp_bluesky-1.svg HTTP/1.1" 200 2230 "http://blalockdialysiscenter.com/?a=72862728001690&mod=d9d47929&uri=brands.php%3Fid%3D2437781-365%26name%3Dbuzos+personalizados+buzos+para+enfermeras" "Mozilla/5.0 AppleWebKit/537.36 (KHTML, like Gecko; compatible; GoogleOther) Chrome/141.0.7390.122 Safari/537.36" 95 **0/95776**
52.167.144.213 - - [26/Nov/2025:06:39:11 -0700] "GET /?a=63383615081690&mod=960c4a62&uri=itm.php%3Fid%3D2120591-477%26name%3Dcassette+sram+enlever+roue+libre+velo HTTP/1.1" 200 20758 "-" "Mozilla/5.0 AppleWebKit/537.36 (KHTML, like Gecko; compatible; bingbot/2.0; +http://www.bing.com/bingbot.htm) Chrome/116.0.1938.76 Safari/537.36" 271 **0/271514**
66.249.69.171 - - [26/Nov/2025:06:39:11 -0700] "GET /?/svg_6356af597ebeb154b969e538d3e95f0f/_pics_webp_common_pc_social_youtube.svg HTTP/1.1" 200 2230 "http://blalockdialysiscenter.com/?a=72862728001690&mod=d9d47929&uri=brands.php%3Fid%3D2437781-365%26name%3Dbuzos+personalizados+buzos+para+enfermeras" "Mozilla/5.0 AppleWebKit/537.36 (KHTML, like Gecko; compatible; GoogleOther) Chrome/141.0.7390.122 Safari/537.36" 91 **0/91239**
40.77.167.123 - - [26/Nov/2025:06:39:34 -0700] "GET /?a=95063773021690&mod=fb4c4860&uri=form.php%3Fid%3D3180765-40%26name%3Dlego+galaxy+explorer+lego+anniversary+set HTTP/1.1" 200 20736 "-" "Mozilla/5.0 AppleWebKit/537.36 (KHTML, like Gecko; compatible; bingbot/2.0; +http://www.bing.com/bingbot.htm) Chrome/116.0.1938.76 Safari/537.36" 281 **0/281012**
40.77.167.123 - - [26/Nov/2025:06:39:51 -0700] "GET /?a=2544465031690&mod=03e818b2&uri=category-info.php%3Fid%3D85062-520%26name%3Dcaterpillar+cheap+pull+on+boots HTTP/1.1" 200 19984 "-" "Mozilla/5.0 AppleWebKit/537.36 (KHTML, like Gecko; compatible; bingbot/2.0; +http://www.bing.com/bingbot.htm) Chrome/116.0.1938.76 Safari/537.36" 248 **0/248734**
40.77.167.123 - - [26/Nov/2025:06:39:53 -0700] "GET /?a=96023821041690&mod=dad607bd&uri=shop.php%3Fid%3D3212919-225%26name%3Dred+bull+biggest+bike+races+in+the+world HTTP/1.1" 200 21664 "-" "Mozilla/5.0 AppleWebKit/537.36 (KHTML, like Gecko; compatible; bingbot/2.0; +http://www.bing.com/bingbot.htm) Chrome/116.0.1938.76 Safari/537.36" 303 **0/303599**
40.77.167.16 - - [26/Nov/2025:06:39:55 -0700] "GET /?a=75346990031690&mod=937f578a&uri=news.php%3Fid%3D2520940-300%26name%3Droomba+combo+roomba+782+opiniones HTTP/1.1" 200 20468 "-" "Mozilla/5.0 AppleWebKit/537.36 (KHTML, like Gecko; compatible; bingbot/2.0; +http://www.bing.com/bingbot.htm) Chrome/116.0.1938.76 Safari/537.36" 232 **0/232625**
57.141.0.17 - - [26/Nov/2025:06:39:57 -0700] "GET /?a=18338887021690& HTTP/1.1" 200 7610 "-" "meta-externalagent/1.1 (+https://developers.facebook.com/docs/sharing/webmasters/crawler)" 92 **0/92924**
57.141.0.66 - - [26/Nov/2025:06:40:06 -0700] "GET /?a=78123744011690& HTTP/1.1" 200 7610 "-" "meta-externalagent/1.1 (+https://developers.facebook.com/docs/sharing/webmasters/crawler)" 103 **0/103478**
52.167.144.185 - - [26/Nov/2025:06:40:31 -0700] "GET /?a=104083014021690&mod=6ac94846&uri=blog.php%3Fid%3D3482703-854%26name%3Dppsnabha+amazing+watches+under+200 HTTP/1.1" 200 21054 "-" "Mozilla/5.0 AppleWebKit/537.36 (KHTML, like Gecko; compatible; bingbot/2.0; +http://www.bing.com/bingbot.htm) Chrome/116.0.1938.76 Safari/537.36" 278 **0/278631**
52.167.144.23 - - [26/Nov/2025:06:40:42 -0700] "GET /?a=102039558041690&mod=d43cdc61&uri=brands.php%3Fid%3D3414308-762%26name%3Dorsacchiotto+kaloo+orso HTTP/1.1" 200 20191 "-" "Mozilla/5.0 AppleWebKit/537.36 (KHTML, like Gecko; compatible; bingbot/2.0; +http://www.bing.com/bingbot.htm) Chrome/116.0.1938.76 Safari/537.36" 261 **0/261309**
57.141.0.10 - - [26/Nov/2025:06:40:58 -0700] "GET /?a=25761629031690& HTTP/1.1" 200 7610 "-" "meta-externalagent/1.1 (+https://developers.facebook.com/docs/sharing/webmasters/crawler)" 105 **0/105670**
14.191.145.196 - - [26/Nov/2025:06:41:17 -0700] "GET http://www.blalockdialysiscenter.com/?a=5061182031690&mod=80e3536e&name=outfit+neon+blue+sneakers&uri=dp.php%3Fid%3D169284-482 HTTP/1.1" 200 2554 "-" "Mozilla/5.0 (Macintosh; Intel Mac OS X 10_15_1) AppleWebKit/537.36 (KHTML, like Gecko) Chrome/80.0.3987.122 Safari/537.36" 92 **0/92759**
57.141.0.30 - - [26/Nov/2025:06:41:18 -0700] "GET /?a=34824659001690& HTTP/1.1" 200 7610 "-" "meta-externalagent/1.1 (+https://developers.facebook.com/docs/sharing/webmasters/crawler)" 92 **0/92990**
52.167.144.23 - - [26/Nov/2025:06:41:24 -0700] "GET /?a=49150297001690&mod=1a32df83&uri=info.php%3Fid%3D1644281-81%26name%3Dchurn+all+in+one+ice+cream+maker HTTP/1.1" 200 21070 "-" "Mozilla/5.0 AppleWebKit/537.36 (KHTML, like Gecko; compatible; bingbot/2.0; +http://www.bing.com/bingbot.htm) Chrome/116.0.1938.76 Safari/537.36" 291 **0/291909**
52.167.144.189 - - [26/Nov/2025:06:41:46 -0700] "GET /?a=114692676061690&mod=6ec59538&uri=shared.php%3Fid%3D3837671-403%26name%3Dcute+terrier HTTP/1.1" 200 20821 "-" "Mozilla/5.0 AppleWebKit/537.36 (KHTML, like Gecko; compatible; bingbot/2.0; +http://www.bing.com/bingbot.htm) Chrome/116.0.1938.76 Safari/537.36" 270 **0/270756**
57.141.0.38 - - [26/Nov/2025:06:41:53 -0700] "GET /?a=71583574031690& HTTP/1.1" 200 7610 "-" "meta-externalagent/1.1 (+https://developers.facebook.com/docs/sharing/webmasters/crawler)" 101 **0/101238**
57.141.0.10 - - [26/Nov/2025:06:42:52 -0700] "GET /?a=117876715021690& HTTP/1.1" 200 7610 "-" "meta-externalagent/1.1 (+https://developers.facebook.com/docs/sharing/webmasters/crawler)" 95 **0/95494**
52.167.144.185 - - [26/Nov/2025:06:43:03 -0700] "GET /?a=10199761021690&mod=77932584&uri=dp.php%3Fid%3D341223-676%26name%3Dzapato+derby+zapatos+trender HTTP/1.1" 200 20781 "-" "Mozilla/5.0 AppleWebKit/537.36 (KHTML, like Gecko; compatible; bingbot/2.0; +http://www.bing.com/bingbot.htm) Chrome/116.0.1938.76 Safari/537.36" 537 **0/537087**
52.167.144.185 - - [26/Nov/2025:06:43:04 -0700] "GET /?a=104157865021690&mod=2210bc8c&uri=shop.php%3Fid%3D3485210-286%26name%3Dbox+design+fancy+shoe+boxes HTTP/1.1" 200 21168 "-" "Mozilla/5.0 AppleWebKit/537.36 (KHTML, like Gecko; compatible; bingbot/2.0; +http://www.bing.com/bingbot.htm) Chrome/116.0.1938.76 Safari/537.36" 360 **0/360107**
52.167.144.185 - - [26/Nov/2025:06:43:21 -0700] "GET /?a=109241142071690&mod=ec1f683c&uri=form.php%3Fid%3D3655383-381%26name%3Dcorky+urban+beam+corky HTTP/1.1" 200 20983 "-" "Mozilla/5.0 AppleWebKit/537.36 (KHTML, like Gecko; compatible; bingbot/2.0; +http://www.bing.com/bingbot.htm) Chrome/116.0.1938.76 Safari/537.36" 339 **0/339266**
52.167.144.185 - - [26/Nov/2025:06:43:41 -0700] "GET /?a=74043712041690&mod=0ff73ca2&uri=dp.php%3Fid%3D2477339-459%26name%3Dtriathlon+wetsuit+2021+best+wetsuits HTTP/1.1" 200 20779 "-" "Mozilla/5.0 AppleWebKit/537.36 (KHTML, like Gecko; compatible; bingbot/2.0; +http://www.bing.com/bingbot.htm) Chrome/116.0.1938.76 Safari/537.36" 403 **0/403520**
52.167.144.185 - - [26/Nov/2025:06:43:42 -0700] "GET /?a=63768530011690&mod=a9d44cca&uri=goods.php%3Fid%3D2133471-1010%26name%3Dblazer+fashion+jackson+sneakers HTTP/1.1" 200 21460 "-" "Mozilla/5.0 AppleWebKit/537.36 (KHTML, like Gecko; compatible; bingbot/2.0; +http://www.bing.com/bingbot.htm) Chrome/116.0.1938.76 Safari/537.36" 274 **0/274791**
189.89.30.189 - - [26/Nov/2025:06:43:48 -0700] "GET http://www.blalockdialysiscenter.com/?a=484608021690&mod=058d7325&name=ekran+kart%C4%B1+1660+armor+oc&uri=shared.php%3Fid%3D16211-174 HTTP/1.1" 200 2554 "-" "Mozilla/5.0 (X11; CrOS i686 3912.101.0) AppleWebKit/537.36 (KHTML, like Gecko) Chrome/27.0.1453.116 Safari/537.36" 112 **0/112743**
40.77.167.151 - - [26/Nov/2025:06:43:51 -0700] "GET /?a=64098992001690&mod=d0cc167c&uri=shared.php%3Fid%3D2144528-967%26name%3Droupas+coreanas+ropa+de+coreanas HTTP/1.1" 200 20417 "-" "Mozilla/5.0 AppleWebKit/537.36 (KHTML, like Gecko; compatible; bingbot/2.0; +http://www.bing.com/bingbot.htm) Chrome/116.0.1938.76 Safari/537.36" 290 **0/290820**
40.77.167.3 - - [26/Nov/2025:06:44:17 -0700] "GET /?a=101437733071690&mod=4a806069&uri=us.php%3Fid%3D3394172-838%26name%3Ds1+p+scarpe+cofra+carnera HTTP/1.1" 200 20829 "-" "Mozilla/5.0 AppleWebKit/537.36 (KHTML, like Gecko; compatible; bingbot/2.0; +http://www.bing.com/bingbot.htm) Chrome/116.0.1938.76 Safari/537.36" 290 **0/290144**
40.77.167.151 - - [26/Nov/2025:06:44:31 -0700] "GET /?a=6175591091690&mod=cc9183ca&uri=brands.php%3Fid%3D206556-532%26name%3Dcapsule+collection+coach+rexy+collection HTTP/1.1" 200 20751 "-" "Mozilla/5.0 AppleWebKit/537.36 (KHTML, like Gecko; compatible; bingbot/2.0; +http://www.bing.com/bingbot.htm) Chrome/116.0.1938.76 Safari/537.36" 343 **0/343668**
57.141.0.55 - - [26/Nov/2025:06:44:32 -0700] "GET /?a=7123145031690& HTTP/1.1" 200 7610 "-" "meta-externalagent/1.1 (+https://developers.facebook.com/docs/sharing/webmasters/crawler)" 92 **0/92700**
57.141.0.66 - - [26/Nov/2025:06:44:56 -0700] "GET /?a=74496564081690& HTTP/1.1" 200 7610 "-" "meta-externalagent/1.1 (+https://developers.facebook.com/docs/sharing/webmasters/crawler)" 93 **0/93811**
57.141.0.45 - - [26/Nov/2025:06:45:27 -0700] "GET /?a=52494318051690& HTTP/1.1" 200 7610 "-" "meta-externalagent/1.1 (+https://developers.facebook.com/docs/sharing/webmasters/crawler)" 98 **0/98343**
52.167.144.189 - - [26/Nov/2025:06:45:36 -0700] "GET /?a=101272581021690&mod=15f7da5a&uri=goods.php%3Fid%3D3388648-755%26name%3Dstrap+seiko+prospex+ssc785p1 HTTP/1.1" 200 20985 "-" "Mozilla/5.0 AppleWebKit/537.36 (KHTML, like Gecko; compatible; bingbot/2.0; +http://www.bing.com/bingbot.htm) Chrome/116.0.1938.76 Safari/537.36" 262 **0/262440**
52.167.144.189 - - [26/Nov/2025:06:45:36 -0700] "GET /?a=102071389051690&mod=e744f91c&uri=pin.php%3Fid%3D3415372-9%26name%3Dheadphones+trust+gaming+gxt+450 HTTP/1.1" 200 21138 "-" "Mozilla/5.0 AppleWebKit/537.36 (KHTML, like Gecko; compatible; bingbot/2.0; +http://www.bing.com/bingbot.htm) Chrome/116.0.1938.76 Safari/537.36" 264 **0/264471**
20.15.133.160 - - [26/Nov/2025:06:45:40 -0700] "GET /?a=53866170001690&mod=51de85dd&uri=brands.php%3Fid%3D1802049-22%26name%3Dshort+sleeve+north+face+women%27s+shirts+sale HTTP/1.1" 200 21431 "-" "Mozilla/5.0 AppleWebKit/537.36 (KHTML, like Gecko; compatible; bingbot/2.0; +http://www.bing.com/bingbot.htm) Chrome/116.0.1938.76 Safari/537.36" 293 **0/293171**
52.167.144.185 - - [26/Nov/2025:06:45:41 -0700] "GET /?a=104239425021690&mod=91d75bef&uri=shop.php%3Fid%3D3487930-1421%26name%3Dford+third+row+electric+suv HTTP/1.1" 200 21741 "-" "Mozilla/5.0 AppleWebKit/537.36 (KHTML, like Gecko; compatible; bingbot/2.0; +http://www.bing.com/bingbot.htm) Chrome/116.0.1938.76 Safari/537.36" 292 **0/292959**
40.77.167.3 - - [26/Nov/2025:06:45:46 -0700] "GET /?a=103888443021690&mod=a6ec3950&uri=shop.php%3Fid%3D3476183-642%26name%3Dyamaha+fz+v2+armada+blue HTTP/1.1" 200 21019 "-" "Mozilla/5.0 AppleWebKit/537.36 (KHTML, like Gecko; compatible; bingbot/2.0; +http://www.bing.com/bingbot.htm) Chrome/116.0.1938.76 Safari/537.36" 274 **0/274737**
40.77.167.3 - - [26/Nov/2025:06:45:46 -0700] "GET /?a=104109141051690&mod=d8ca510b&uri=pin.php%3Fid%3D3483576-464%26name%3Dred+hematoid+quartz+specimen HTTP/1.1" 200 20353 "-" "Mozilla/5.0 AppleWebKit/537.36 (KHTML, like Gecko; compatible; bingbot/2.0; +http://www.bing.com/bingbot.htm) Chrome/116.0.1938.76 Safari/537.36" 297 **0/297693**
65.21.10.55 - - [26/Nov/2025:06:46:20 -0700] "GET / HTTP/1.0" 200 7610 "http://blalockdialysiscenter.com/" "Mozilla/5.0 (Windows NT 6.1; WOW64) AppleWebKit/537.36 (KHTML, like Gecko) Chrome/103.0.0.0 Safari/537.36" 88 **0/88163**
65.21.10.23 - - [26/Nov/2025:06:46:20 -0700] "GET / HTTP/1.0" 200 7610 "http://blalockdialysiscenter.com/" "Mozilla/5.0 (Windows NT 10.0; Win64; x64) AppleWebKit/537.36 (KHTML, like Gecko) Chrome/103.0.5060.114 Safari/537.36" 87 **0/87584**
65.21.10.55 - - [26/Nov/2025:06:46:21 -0700] "POST / HTTP/1.0" 200 7610 "http://blalockdialysiscenter.com/" "Mozilla/5.0 (Windows NT 6.1; WOW64) AppleWebKit/537.36 (KHTML, like Gecko) Chrome/103.0.0.0 Safari/537.36" 91 **0/91266**
65.21.10.23 - - [26/Nov/2025:06:46:21 -0700] "POST / HTTP/1.0" 200 7610 "http://blalockdialysiscenter.com/" "Mozilla/5.0 (Windows NT 10.0; Win64; x64) AppleWebKit/537.36 (KHTML, like Gecko) Chrome/103.0.5060.114 Safari/537.36" 92 **0/92255**
57.141.0.48 - - [26/Nov/2025:06:46:22 -0700] "GET /?a=65627946031690& HTTP/1.1" 200 7610 "-" "meta-externalagent/1.1 (+https://developers.facebook.com/docs/sharing/webmasters/crawler)" 90 **0/90941**
40.77.167.3 - - [26/Nov/2025:06:46:23 -0700] "GET /?a=45772963011690&mod=c00c7389&uri=pin.php%3Fid%3D1531266-392%26name%3Dshein+best+website+for+buying+clothes HTTP/1.1" 200 20607 "-" "Mozilla/5.0 AppleWebKit/537.36 (KHTML, like Gecko; compatible; bingbot/2.0; +http://www.bing.com/bingbot.htm) Chrome/116.0.1938.76 Safari/537.36" 268 **0/268433**
40.77.167.151 - - [26/Nov/2025:06:46:32 -0700] "GET /?a=54526209031690&mod=ad7d34f4&uri=itm.php%3Fid%3D1824150-184%26name%3Dfemme+noir+outlet+bottines+femme HTTP/1.1" 200 20901 "-" "Mozilla/5.0 AppleWebKit/537.36 (KHTML, like Gecko; compatible; bingbot/2.0; +http://www.bing.com/bingbot.htm) Chrome/116.0.1938.76 Safari/537.36" 255 **0/255628**
57.141.0.30 - - [26/Nov/2025:06:46:57 -0700] "GET /?a=79084571021690& HTTP/1.1" 200 7610 "-" "meta-externalagent/1.1 (+https://developers.facebook.com/docs/sharing/webmasters/crawler)" 109 **0/109996**
40.77.167.3 - - [26/Nov/2025:06:47:13 -0700] "GET /?a=104226976021690&mod=91d75bef&uri=dp.php%3Fid%3D3487515-1421%26name%3Dluxury+row+suv+models HTTP/1.1" 200 20230 "-" "Mozilla/5.0 AppleWebKit/537.36 (KHTML, like Gecko; compatible; bingbot/2.0; +http://www.bing.com/bingbot.htm) Chrome/116.0.1938.76 Safari/537.36" 273 **0/273909**
40.77.167.3 - - [26/Nov/2025:06:47:44 -0700] "GET /?a=101442293011690&mod=991de292&uri=article.php%3Fid%3D3394324-14%26name%3Dmilk+nesquik+coffee+pods HTTP/1.1" 200 20778 "-" "Mozilla/5.0 AppleWebKit/537.36 (KHTML, like Gecko; compatible; bingbot/2.0; +http://www.bing.com/bingbot.htm) Chrome/116.0.1938.76 Safari/537.36" 296 **0/296130**
66.249.72.198 - - [26/Nov/2025:06:47:46 -0700] "GET /?/js_757ed0132a844208f409fbb5067dfa2d/_drupal_sites_default_files_js_js_G878YGhv0pYpg9iZ_hIm3vCCQWyhWgLawk-6b6wmZuU HTTP/1.1" 200 2230 "http://www.blalockdialysiscenter.com/?a=1487341001690&mod=4399e709&uri=goods.php%3Fid%3D49714-383%26name%3Dfor+men+gucci+fur+slippers+price" "Mozilla/5.0 AppleWebKit/537.36 (KHTML, like Gecko; compatible; GoogleOther) Chrome/141.0.7390.122 Safari/537.36" 92 **0/92712**
66.249.72.197 - - [26/Nov/2025:06:47:46 -0700] "GET /?/css_757ed0132a844208f409fbb5067dfa2d/_drupal_sites_default_files_css_css_YLUY2usEybPXqNO15-ozAgAYsZmniqhrU6f3bp69-r4 HTTP/1.1" 200 2230 "http://www.blalockdialysiscenter.com/?a=1487341001690&mod=4399e709&uri=goods.php%3Fid%3D49714-383%26name%3Dfor+men+gucci+fur+slippers+price" "Mozilla/5.0 AppleWebKit/537.36 (KHTML, like Gecko; compatible; GoogleOther) Chrome/141.0.7390.122 Safari/537.36" 87 **0/87228**
66.249.72.198 - - [26/Nov/2025:06:47:46 -0700] "GET /?/css_757ed0132a844208f409fbb5067dfa2d/_drupal_sites_default_files_css_css_LmUrbIckCDCKvN2_Q3zbp044aJ28BPsL4EcroazBk2w HTTP/1.1" 200 2230 "http://www.blalockdialysiscenter.com/?a=1487341001690&mod=4399e709&uri=goods.php%3Fid%3D49714-383%26name%3Dfor+men+gucci+fur+slippers+price" "Mozilla/5.0 AppleWebKit/537.36 (KHTML, like Gecko; compatible; GoogleOther) Chrome/141.0.7390.122 Safari/537.36" 89 **0/89061**
66.249.72.198 - - [26/Nov/2025:06:47:46 -0700] "GET /?/css_757ed0132a844208f409fbb5067dfa2d/_styles_css_product-detail-ex01 HTTP/1.1" 200 2230 "http://www.blalockdialysiscenter.com/?a=1487341001690&mod=4399e709&uri=goods.php%3Fid%3D49714-383%26name%3Dfor+men+gucci+fur+slippers+price" "Mozilla/5.0 AppleWebKit/537.36 (KHTML, like Gecko; compatible; GoogleOther) Chrome/141.0.7390.122 Safari/537.36" 95 **0/95529**
66.249.72.198 - - [26/Nov/2025:06:47:47 -0700] "GET /?/js_757ed0132a844208f409fbb5067dfa2d/_styles_js_lightbox HTTP/1.1" 200 2230 "http://www.blalockdialysiscenter.com/?a=1487341001690&mod=4399e709&uri=goods.php%3Fid%3D49714-383%26name%3Dfor+men+gucci+fur+slippers+price" "Mozilla/5.0 AppleWebKit/537.36 (KHTML, like Gecko; compatible; GoogleOther) Chrome/141.0.7390.122 Safari/537.36" 92 **0/92777**
66.249.72.197 - - [26/Nov/2025:06:47:47 -0700] "GET /?/css_757ed0132a844208f409fbb5067dfa2d/_styles_css_wanderer-fg HTTP/1.1" 200 2230 "http://www.blalockdialysiscenter.com/?a=1487341001690&mod=4399e709&uri=goods.php%3Fid%3D49714-383%26name%3Dfor+men+gucci+fur+slippers+price" "Mozilla/5.0 AppleWebKit/537.36 (KHTML, like Gecko; compatible; GoogleOther) Chrome/141.0.7390.122 Safari/537.36" 93 **0/93162**
66.249.72.196 - - [26/Nov/2025:06:47:47 -0700] "GET /?/js_757ed0132a844208f409fbb5067dfa2d/_styles_js_lazysizes.min HTTP/1.1" 200 2230 "http://www.blalockdialysiscenter.com/?a=1487341001690&mod=4399e709&uri=goods.php%3Fid%3D49714-383%26name%3Dfor+men+gucci+fur+slippers+price" "Mozilla/5.0 AppleWebKit/537.36 (KHTML, like Gecko; compatible; GoogleOther) Chrome/141.0.7390.122 Safari/537.36" 86 **0/86118**
66.249.72.196 - - [26/Nov/2025:06:47:47 -0700] "GET /?/svg_757ed0132a844208f409fbb5067dfa2d/_pics_webp_common_pc_cart_black.svg HTTP/1.1" 200 2230 "http://www.blalockdialysiscenter.com/?a=1487341001690&mod=4399e709&uri=goods.php%3Fid%3D49714-383%26name%3Dfor+men+gucci+fur+slippers+price" "Mozilla/5.0 AppleWebKit/537.36 (KHTML, like Gecko; compatible; GoogleOther) Chrome/141.0.7390.122 Safari/537.36" 99 **0/99062**
66.249.72.196 - - [26/Nov/2025:06:47:47 -0700] "GET /?/svg_757ed0132a844208f409fbb5067dfa2d/_pics_webp_common_pc_user_black.svg HTTP/1.1" 200 2230 "http://www.blalockdialysiscenter.com/?a=1487341001690&mod=4399e709&uri=goods.php%3Fid%3D49714-383%26name%3Dfor+men+gucci+fur+slippers+price" "Mozilla/5.0 AppleWebKit/537.36 (KHTML, like Gecko; compatible; GoogleOther) Chrome/141.0.7390.122 Safari/537.36" 90 **0/90913**
66.249.72.197 - - [26/Nov/2025:06:47:48 -0700] "GET /?/svg_757ed0132a844208f409fbb5067dfa2d/_pics_webp_common_pc_bell.svg HTTP/1.1" 200 2230 "http://www.blalockdialysiscenter.com/?a=1487341001690&mod=4399e709&uri=goods.php%3Fid%3D49714-383%26name%3Dfor+men+gucci+fur+slippers+price" "Mozilla/5.0 AppleWebKit/537.36 (KHTML, like Gecko; compatible; GoogleOther) Chrome/141.0.7390.122 Safari/537.36" 92 **0/92791**
66.249.72.197 - - [26/Nov/2025:06:47:48 -0700] "GET /?/css_757ed0132a844208f409fbb5067dfa2d/_drupal_modules_product_detail_assets_css_new_pc_product_detail HTTP/1.1" 200 2230 "http://www.blalockdialysiscenter.com/?a=1487341001690&mod=4399e709&uri=goods.php%3Fid%3D49714-383%26name%3Dfor+men+gucci+fur+slippers+price" "Mozilla/5.0 AppleWebKit/537.36 (KHTML, like Gecko; compatible; GoogleOther) Chrome/141.0.7390.122 Safari/537.36" 97 **0/97338**
66.249.72.197 - - [26/Nov/2025:06:47:48 -0700] "GET /?/js_757ed0132a844208f409fbb5067dfa2d/_drupal_sites_default_files_js_js_nfGRbDhyXF9_dFjG2rkRRw84Gy6p5a4aGnpYcOKhuC4 HTTP/1.1" 200 2230 "http://www.blalockdialysiscenter.com/?a=1487341001690&mod=4399e709&uri=goods.php%3Fid%3D49714-383%26name%3Dfor+men+gucci+fur+slippers+price" "Mozilla/5.0 AppleWebKit/537.36 (KHTML, like Gecko; compatible; GoogleOther) Chrome/141.0.7390.122 Safari/537.36" 96 **0/96100**
66.249.72.198 - - [26/Nov/2025:06:47:48 -0700] "GET /?/js_757ed0132a844208f409fbb5067dfa2d/_drupal_sites_default_files_js_js_z1qFDrghecTCI5Rjumn4rMBYPHvd-E4L0DVpS2JCjnw HTTP/1.1" 200 2230 "http://www.blalockdialysiscenter.com/?a=1487341001690&mod=4399e709&uri=goods.php%3Fid%3D49714-383%26name%3Dfor+men+gucci+fur+slippers+price" "Mozilla/5.0 AppleWebKit/537.36 (KHTML, like Gecko; compatible; GoogleOther) Chrome/141.0.7390.122 Safari/537.36" 102 **0/102800**
66.249.72.196 - - [26/Nov/2025:06:47:49 -0700] "GET /?/js_757ed0132a844208f409fbb5067dfa2d/_drupal_sites_default_files_js_js_i3BGasXGb_pVk8CAUeSJnjMmyNE-bFprX9j4_djQznQ HTTP/1.1" 200 2230 "http://www.blalockdialysiscenter.com/?a=1487341001690&mod=4399e709&uri=goods.php%3Fid%3D49714-383%26name%3Dfor+men+gucci+fur+slippers+price" "Mozilla/5.0 AppleWebKit/537.36 (KHTML, like Gecko; compatible; GoogleOther) Chrome/141.0.7390.122 Safari/537.36" 95 **0/95623**
66.249.72.198 - - [26/Nov/2025:06:47:49 -0700] "GET /?/svg_757ed0132a844208f409fbb5067dfa2d/_pics_webp_common_pc_logout.svg HTTP/1.1" 200 2230 "http://www.blalockdialysiscenter.com/?a=1487341001690&mod=4399e709&uri=goods.php%3Fid%3D49714-383%26name%3Dfor+men+gucci+fur+slippers+price" "Mozilla/5.0 AppleWebKit/537.36 (KHTML, like Gecko; compatible; GoogleOther) Chrome/141.0.7390.122 Safari/537.36" 95 **0/95196**
66.249.72.197 - - [26/Nov/2025:06:47:49 -0700] "GET /?/svg_757ed0132a844208f409fbb5067dfa2d/_pics_webp_common_pc_close_sidebar.svg HTTP/1.1" 200 2230 "http://www.blalockdialysiscenter.com/?a=1487341001690&mod=4399e709&uri=goods.php%3Fid%3D49714-383%26name%3Dfor+men+gucci+fur+slippers+price" "Mozilla/5.0 AppleWebKit/537.36 (KHTML, like Gecko; compatible; GoogleOther) Chrome/141.0.7390.122 Safari/537.36" 95 **0/95963**
57.141.0.59 - - [26/Nov/2025:06:47:49 -0700] "GET /?a=67239931081690& HTTP/1.1" 200 7610 "-" "meta-externalagent/1.1 (+https://developers.facebook.com/docs/sharing/webmasters/crawler)" 96 **0/96007**
66.249.72.198 - - [26/Nov/2025:06:47:49 -0700] "GET /?/img_757ed0132a844208f409fbb5067dfa2d/_database_images_no_photo HTTP/1.1" 200 2230 "http://www.blalockdialysiscenter.com/?a=1487341001690&mod=4399e709&uri=goods.php%3Fid%3D49714-383%26name%3Dfor+men+gucci+fur+slippers+price" "Mozilla/5.0 AppleWebKit/537.36 (KHTML, like Gecko; compatible; GoogleOther) Chrome/141.0.7390.122 Safari/537.36" 94 **0/94783**
66.249.72.196 - - [26/Nov/2025:06:47:49 -0700] "GET /?/img_757ed0132a844208f409fbb5067dfa2d/_pics_webp_common_pc_flash_sale.png HTTP/1.1" 200 2230 "http://www.blalockdialysiscenter.com/?a=1487341001690&mod=4399e709&uri=goods.php%3Fid%3D49714-383%26name%3Dfor+men+gucci+fur+slippers+price" "Mozilla/5.0 AppleWebKit/537.36 (KHTML, like Gecko; compatible; GoogleOther) Chrome/141.0.7390.122 Safari/537.36" 89 **0/89703**
66.249.72.196 - - [26/Nov/2025:06:47:50 -0700] "GET /?/svg_757ed0132a844208f409fbb5067dfa2d/_pics_webp_common_pc_add_cart.svg HTTP/1.1" 200 2230 "http://www.blalockdialysiscenter.com/?a=1487341001690&mod=4399e709&uri=goods.php%3Fid%3D49714-383%26name%3Dfor+men+gucci+fur+slippers+price" "Mozilla/5.0 AppleWebKit/537.36 (KHTML, like Gecko; compatible; GoogleOther) Chrome/141.0.7390.122 Safari/537.36" 91 **0/91217**
66.249.72.196 - - [26/Nov/2025:06:47:50 -0700] "GET /?/svg_757ed0132a844208f409fbb5067dfa2d/_pics_webp_common_pc_star_whishlist.svg HTTP/1.1" 200 2230 "http://www.blalockdialysiscenter.com/?a=1487341001690&mod=4399e709&uri=goods.php%3Fid%3D49714-383%26name%3Dfor+men+gucci+fur+slippers+price" "Mozilla/5.0 AppleWebKit/537.36 (KHTML, like Gecko; compatible; GoogleOther) Chrome/141.0.7390.122 Safari/537.36" 93 **0/93635**
66.249.72.196 - - [26/Nov/2025:06:47:50 -0700] "GET /?/img_757ed0132a844208f409fbb5067dfa2d/_pics_webp_product_notify_jpxmas2024_cargo_smp_1732838752.jpg HTTP/1.1" 200 2230 "http://www.blalockdialysiscenter.com/?a=1487341001690&mod=4399e709&uri=goods.php%3Fid%3D49714-383%26name%3Dfor+men+gucci+fur+slippers+price" "Mozilla/5.0 AppleWebKit/537.36 (KHTML, like Gecko; compatible; GoogleOther) Chrome/141.0.7390.122 Safari/537.36" 90 **0/90130**
66.249.72.197 - - [26/Nov/2025:06:47:50 -0700] "GET /?/img_757ed0132a844208f409fbb5067dfa2d/_pics_webp_keikoku01a.gif HTTP/1.1" 200 2230 "http://www.blalockdialysiscenter.com/?a=1487341001690&mod=4399e709&uri=goods.php%3Fid%3D49714-383%26name%3Dfor+men+gucci+fur+slippers+price" "Mozilla/5.0 AppleWebKit/537.36 (KHTML, like Gecko; compatible; GoogleOther) Chrome/141.0.7390.122 Safari/537.36" 93 **0/93807**
66.249.72.196 - - [26/Nov/2025:06:47:50 -0700] "GET /?/img_757ed0132a844208f409fbb5067dfa2d/_pics_webp_common_pc_no_photo300.jpg HTTP/1.1" 200 2230 "http://www.blalockdialysiscenter.com/?a=1487341001690&mod=4399e709&uri=goods.php%3Fid%3D49714-383%26name%3Dfor+men+gucci+fur+slippers+price" "Mozilla/5.0 AppleWebKit/537.36 (KHTML, like Gecko; compatible; GoogleOther) Chrome/141.0.7390.122 Safari/537.36" 86 **0/86712**
66.249.72.196 - - [26/Nov/2025:06:47:51 -0700] "GET /?/img_757ed0132a844208f409fbb5067dfa2d/_pics_webp_keikoku02.gif HTTP/1.1" 200 2230 "http://www.blalockdialysiscenter.com/?a=1487341001690&mod=4399e709&uri=goods.php%3Fid%3D49714-383%26name%3Dfor+men+gucci+fur+slippers+price" "Mozilla/5.0 AppleWebKit/537.36 (KHTML, like Gecko; compatible; GoogleOther) Chrome/141.0.7390.122 Safari/537.36" 97 **0/97486**
66.249.72.197 - - [26/Nov/2025:06:47:51 -0700] "GET /?/img_757ed0132a844208f409fbb5067dfa2d/_pics_webp_keikoku03.gif HTTP/1.1" 200 2230 "http://www.blalockdialysiscenter.com/?a=1487341001690&mod=4399e709&uri=goods.php%3Fid%3D49714-383%26name%3Dfor+men+gucci+fur+slippers+price" "Mozilla/5.0 AppleWebKit/537.36 (KHTML, like Gecko; compatible; GoogleOther) Chrome/141.0.7390.122 Safari/537.36" 88 **0/88125**
66.249.72.196 - - [26/Nov/2025:06:47:51 -0700] "GET /?/svg_757ed0132a844208f409fbb5067dfa2d/_pics_webp_common_pc_cart_black.svg HTTP/1.1" 200 2230 "http://www.blalockdialysiscenter.com/?a=1487341001690&mod=4399e709&uri=goods.php%3Fid%3D49714-383%26name%3Dfor+men+gucci+fur+slippers+price" "Mozilla/5.0 AppleWebKit/537.36 (KHTML, like Gecko; compatible; GoogleOther) Chrome/141.0.7390.122 Safari/537.36" 86 **0/86527**
66.249.72.196 - - [26/Nov/2025:06:47:51 -0700] "GET /?/svg_757ed0132a844208f409fbb5067dfa2d/_pics_webp_common_pc_user_black.svg HTTP/1.1" 200 2230 "http://www.blalockdialysiscenter.com/?a=1487341001690&mod=4399e709&uri=goods.php%3Fid%3D49714-383%26name%3Dfor+men+gucci+fur+slippers+price" "Mozilla/5.0 AppleWebKit/537.36 (KHTML, like Gecko; compatible; GoogleOther) Chrome/141.0.7390.122 Safari/537.36" 85 **0/85745**
66.249.72.196 - - [26/Nov/2025:06:47:51 -0700] "GET /?/img_757ed0132a844208f409fbb5067dfa2d/_pics_webp_common_pc_no_photo300.jpg HTTP/1.1" 200 2230 "http://www.blalockdialysiscenter.com/?a=1487341001690&mod=4399e709&uri=goods.php%3Fid%3D49714-383%26name%3Dfor+men+gucci+fur+slippers+price" "Mozilla/5.0 AppleWebKit/537.36 (KHTML, like Gecko; compatible; GoogleOther) Chrome/141.0.7390.122 Safari/537.36" 97 **0/97457**
66.249.72.197 - - [26/Nov/2025:06:47:52 -0700] "GET /?/svg_757ed0132a844208f409fbb5067dfa2d/_drupal_themes_surugaya_new_css_.._images_icon_arrow-next-blue HTTP/1.1" 200 2230 "http://www.blalockdialysiscenter.com/?a=1487341001690&mod=4399e709&uri=goods.php%3Fid%3D49714-383%26name%3Dfor+men+gucci+fur+slippers+price" "Mozilla/5.0 AppleWebKit/537.36 (KHTML, like Gecko; compatible; GoogleOther) Chrome/141.0.7390.122 Safari/537.36" 88 **0/88221**
66.249.72.197 - - [26/Nov/2025:06:47:52 -0700] "GET /?/img_757ed0132a844208f409fbb5067dfa2d/_pics_webp_X_black_radius.png HTTP/1.1" 200 2230 "http://www.blalockdialysiscenter.com/?a=1487341001690&mod=4399e709&uri=goods.php%3Fid%3D49714-383%26name%3Dfor+men+gucci+fur+slippers+price" "Mozilla/5.0 AppleWebKit/537.36 (KHTML, like Gecko; compatible; GoogleOther) Chrome/141.0.7390.122 Safari/537.36" 89 **0/89805**
66.249.72.196 - - [26/Nov/2025:06:47:52 -0700] "GET /?/img_757ed0132a844208f409fbb5067dfa2d/_pics_webp_Instagram_Glyph_Gradient.png HTTP/1.1" 200 2230 "http://www.blalockdialysiscenter.com/?a=1487341001690&mod=4399e709&uri=goods.php%3Fid%3D49714-383%26name%3Dfor+men+gucci+fur+slippers+price" "Mozilla/5.0 AppleWebKit/537.36 (KHTML, like Gecko; compatible; GoogleOther) Chrome/141.0.7390.122 Safari/537.36" 86 **0/86717**
66.249.72.197 - - [26/Nov/2025:06:47:52 -0700] "GET /?/svg_757ed0132a844208f409fbb5067dfa2d/_pics_webp_bluesky-1.svg HTTP/1.1" 200 2230 "http://www.blalockdialysiscenter.com/?a=1487341001690&mod=4399e709&uri=goods.php%3Fid%3D49714-383%26name%3Dfor+men+gucci+fur+slippers+price" "Mozilla/5.0 AppleWebKit/537.36 (KHTML, like Gecko; compatible; GoogleOther) Chrome/141.0.7390.122 Safari/537.36" 84 **0/84318**
66.249.72.197 - - [26/Nov/2025:06:47:52 -0700] "GET /?/svg_757ed0132a844208f409fbb5067dfa2d/_pics_webp_common_pc_social_youtube.svg HTTP/1.1" 200 2230 "http://www.blalockdialysiscenter.com/?a=1487341001690&mod=4399e709&uri=goods.php%3Fid%3D49714-383%26name%3Dfor+men+gucci+fur+slippers+price" "Mozilla/5.0 AppleWebKit/537.36 (KHTML, like Gecko; compatible; GoogleOther) Chrome/141.0.7390.122 Safari/537.36" 93 **0/93657**
66.249.72.197 - - [26/Nov/2025:06:47:52 -0700] "GET /?/svg_757ed0132a844208f409fbb5067dfa2d/_pics_webp_common_pc_social_facebook.svg HTTP/1.1" 200 2230 "http://www.blalockdialysiscenter.com/?a=1487341001690&mod=4399e709&uri=goods.php%3Fid%3D49714-383%26name%3Dfor+men+gucci+fur+slippers+price" "Mozilla/5.0 AppleWebKit/537.36 (KHTML, like Gecko; compatible; GoogleOther) Chrome/141.0.7390.122 Safari/537.36" 90 **0/90199**
66.249.69.170 - - [26/Nov/2025:06:47:59 -0700] "GET /?/css_6356af597ebeb154b969e538d3e95f0f/_drupal_sites_default_files_css_css_YLUY2usEybPXqNO15-ozAgAYsZmniqhrU6f3bp69-r4 HTTP/1.1" 200 2230 "http://blalockdialysiscenter.com/?a=119400727141690&mod=dfbcaf09&uri=goods.php%3Fid%3D3995230-1238%26name%3Dbridal+maang+tikka+gold+latest+designs" "Mozilla/5.0 AppleWebKit/537.36 (KHTML, like Gecko; compatible; GoogleOther) Chrome/141.0.7390.122 Safari/537.36" 90 **0/90220**
66.249.69.172 - - [26/Nov/2025:06:47:59 -0700] "GET /?/css_6356af597ebeb154b969e538d3e95f0f/_drupal_sites_default_files_css_css_LmUrbIckCDCKvN2_Q3zbp044aJ28BPsL4EcroazBk2w HTTP/1.1" 200 2230 "http://blalockdialysiscenter.com/?a=119400727141690&mod=dfbcaf09&uri=goods.php%3Fid%3D3995230-1238%26name%3Dbridal+maang+tikka+gold+latest+designs" "Mozilla/5.0 AppleWebKit/537.36 (KHTML, like Gecko; compatible; GoogleOther) Chrome/141.0.7390.122 Safari/537.36" 98 **0/98039**
66.249.69.172 - - [26/Nov/2025:06:47:59 -0700] "GET /?/js_6356af597ebeb154b969e538d3e95f0f/_drupal_sites_default_files_js_js_G878YGhv0pYpg9iZ_hIm3vCCQWyhWgLawk-6b6wmZuU HTTP/1.1" 200 2230 "http://blalockdialysiscenter.com/?a=119400727141690&mod=dfbcaf09&uri=goods.php%3Fid%3D3995230-1238%26name%3Dbridal+maang+tikka+gold+latest+designs" "Mozilla/5.0 AppleWebKit/537.36 (KHTML, like Gecko; compatible; GoogleOther) Chrome/141.0.7390.122 Safari/537.36" 98 **0/98136**
66.249.69.172 - - [26/Nov/2025:06:47:59 -0700] "GET /?/js_6356af597ebeb154b969e538d3e95f0f/_styles_js_lazysizes.min HTTP/1.1" 200 2230 "http://blalockdialysiscenter.com/?a=119400727141690&mod=dfbcaf09&uri=goods.php%3Fid%3D3995230-1238%26name%3Dbridal+maang+tikka+gold+latest+designs" "Mozilla/5.0 AppleWebKit/537.36 (KHTML, like Gecko; compatible; GoogleOther) Chrome/141.0.7390.122 Safari/537.36" 91 **0/91025**
66.249.69.171 - - [26/Nov/2025:06:48:00 -0700] "GET /?/css_6356af597ebeb154b969e538d3e95f0f/_styles_css_wanderer-fg HTTP/1.1" 200 2230 "http://blalockdialysiscenter.com/?a=119400727141690&mod=dfbcaf09&uri=goods.php%3Fid%3D3995230-1238%26name%3Dbridal+maang+tikka+gold+latest+designs" "Mozilla/5.0 AppleWebKit/537.36 (KHTML, like Gecko; compatible; GoogleOther) Chrome/141.0.7390.122 Safari/537.36" 96 **0/96010**
66.249.69.172 - - [26/Nov/2025:06:48:00 -0700] "GET /?/css_6356af597ebeb154b969e538d3e95f0f/_styles_css_product-detail-ex01 HTTP/1.1" 200 2230 "http://blalockdialysiscenter.com/?a=119400727141690&mod=dfbcaf09&uri=goods.php%3Fid%3D3995230-1238%26name%3Dbridal+maang+tikka+gold+latest+designs" "Mozilla/5.0 AppleWebKit/537.36 (KHTML, like Gecko; compatible; GoogleOther) Chrome/141.0.7390.122 Safari/537.36" 94 **0/94562**
