66.249.69.171 - - [26/Nov/2025:13:12:40 -0700] "GET /?/js_6356af597ebeb154b969e538d3e95f0f/_drupal_sites_default_files_js_js_i3BGasXGb_pVk8CAUeSJnjMmyNE-bFprX9j4_djQznQ HTTP/1.1" 200 2230 "http://blalockdialysiscenter.com/?a=62211327051690&mod=639b1cbf&uri=us.php%3Fid%3D2081383-417%26name%3Dislamic+studies+aiou+spring+2021+admission+date" "Mozilla/5.0 AppleWebKit/537.36 (KHTML, like Gecko; compatible; GoogleOther) Chrome/141.0.7390.122 Safari/537.36" 100 **0/100006**
66.249.69.170 - - [26/Nov/2025:13:12:40 -0700] "GET /?/svg_6356af597ebeb154b969e538d3e95f0f/_pics_webp_common_pc_logout.svg HTTP/1.1" 200 2230 "http://blalockdialysiscenter.com/?a=62211327051690&mod=639b1cbf&uri=us.php%3Fid%3D2081383-417%26name%3Dislamic+studies+aiou+spring+2021+admission+date" "Mozilla/5.0 AppleWebKit/537.36 (KHTML, like Gecko; compatible; GoogleOther) Chrome/141.0.7390.122 Safari/537.36" 95 **0/95153**
66.249.69.170 - - [26/Nov/2025:13:12:40 -0700] "GET /?/svg_6356af597ebeb154b969e538d3e95f0f/_pics_webp_common_pc_close_sidebar.svg HTTP/1.1" 200 2230 "http://blalockdialysiscenter.com/?a=62211327051690&mod=639b1cbf&uri=us.php%3Fid%3D2081383-417%26name%3Dislamic+studies+aiou+spring+2021+admission+date" "Mozilla/5.0 AppleWebKit/537.36 (KHTML, like Gecko; compatible; GoogleOther) Chrome/141.0.7390.122 Safari/537.36" 112 **0/112736**
66.249.69.170 - - [26/Nov/2025:13:12:41 -0700] "GET /?/img_6356af597ebeb154b969e538d3e95f0f/_database_images_no_photo HTTP/1.1" 200 2230 "http://blalockdialysiscenter.com/?a=62211327051690&mod=639b1cbf&uri=us.php%3Fid%3D2081383-417%26name%3Dislamic+studies+aiou+spring+2021+admission+date" "Mozilla/5.0 AppleWebKit/537.36 (KHTML, like Gecko; compatible; GoogleOther) Chrome/141.0.7390.122 Safari/537.36" 91 **0/91724**
66.249.69.171 - - [26/Nov/2025:13:12:41 -0700] "GET /?/img_6356af597ebeb154b969e538d3e95f0f/_pics_webp_common_pc_flash_sale.png HTTP/1.1" 200 2230 "http://blalockdialysiscenter.com/?a=62211327051690&mod=639b1cbf&uri=us.php%3Fid%3D2081383-417%26name%3Dislamic+studies+aiou+spring+2021+admission+date" "Mozilla/5.0 AppleWebKit/537.36 (KHTML, like Gecko; compatible; GoogleOther) Chrome/141.0.7390.122 Safari/537.36" 90 **0/90683**
66.249.69.172 - - [26/Nov/2025:13:12:41 -0700] "GET /?/svg_6356af597ebeb154b969e538d3e95f0f/_pics_webp_common_pc_add_cart.svg HTTP/1.1" 200 2230 "http://blalockdialysiscenter.com/?a=62211327051690&mod=639b1cbf&uri=us.php%3Fid%3D2081383-417%26name%3Dislamic+studies+aiou+spring+2021+admission+date" "Mozilla/5.0 AppleWebKit/537.36 (KHTML, like Gecko; compatible; GoogleOther) Chrome/141.0.7390.122 Safari/537.36" 92 **0/92388**
66.249.69.171 - - [26/Nov/2025:13:12:41 -0700] "GET /?/svg_6356af597ebeb154b969e538d3e95f0f/_pics_webp_common_pc_star_whishlist.svg HTTP/1.1" 200 2230 "http://blalockdialysiscenter.com/?a=62211327051690&mod=639b1cbf&uri=us.php%3Fid%3D2081383-417%26name%3Dislamic+studies+aiou+spring+2021+admission+date" "Mozilla/5.0 AppleWebKit/537.36 (KHTML, like Gecko; compatible; GoogleOther) Chrome/141.0.7390.122 Safari/537.36" 111 **0/111531**
66.249.69.171 - - [26/Nov/2025:13:12:41 -0700] "GET /?/img_6356af597ebeb154b969e538d3e95f0f/_pics_webp_product_notify_jpxmas2024_cargo_smp_1732838752.jpg HTTP/1.1" 200 2230 "http://blalockdialysiscenter.com/?a=62211327051690&mod=639b1cbf&uri=us.php%3Fid%3D2081383-417%26name%3Dislamic+studies+aiou+spring+2021+admission+date" "Mozilla/5.0 AppleWebKit/537.36 (KHTML, like Gecko; compatible; GoogleOther) Chrome/141.0.7390.122 Safari/537.36" 89 **0/89185**
66.249.69.171 - - [26/Nov/2025:13:12:42 -0700] "GET /?/img_6356af597ebeb154b969e538d3e95f0f/_pics_webp_keikoku01a.gif HTTP/1.1" 200 2230 "http://blalockdialysiscenter.com/?a=62211327051690&mod=639b1cbf&uri=us.php%3Fid%3D2081383-417%26name%3Dislamic+studies+aiou+spring+2021+admission+date" "Mozilla/5.0 AppleWebKit/537.36 (KHTML, like Gecko; compatible; GoogleOther) Chrome/141.0.7390.122 Safari/537.36" 102 **0/102927**
66.249.69.171 - - [26/Nov/2025:13:12:42 -0700] "GET /?/img_6356af597ebeb154b969e538d3e95f0f/_pics_webp_common_pc_no_photo300.jpg HTTP/1.1" 200 2230 "http://blalockdialysiscenter.com/?a=62211327051690&mod=639b1cbf&uri=us.php%3Fid%3D2081383-417%26name%3Dislamic+studies+aiou+spring+2021+admission+date" "Mozilla/5.0 AppleWebKit/537.36 (KHTML, like Gecko; compatible; GoogleOther) Chrome/141.0.7390.122 Safari/537.36" 115 **0/115554**
66.249.69.170 - - [26/Nov/2025:13:12:42 -0700] "GET /?/img_6356af597ebeb154b969e538d3e95f0f/_pics_webp_keikoku02.gif HTTP/1.1" 200 2230 "http://blalockdialysiscenter.com/?a=62211327051690&mod=639b1cbf&uri=us.php%3Fid%3D2081383-417%26name%3Dislamic+studies+aiou+spring+2021+admission+date" "Mozilla/5.0 AppleWebKit/537.36 (KHTML, like Gecko; compatible; GoogleOther) Chrome/141.0.7390.122 Safari/537.36" 105 **0/105326**
66.249.69.171 - - [26/Nov/2025:13:12:42 -0700] "GET /?/img_6356af597ebeb154b969e538d3e95f0f/_pics_webp_keikoku03.gif HTTP/1.1" 200 2230 "http://blalockdialysiscenter.com/?a=62211327051690&mod=639b1cbf&uri=us.php%3Fid%3D2081383-417%26name%3Dislamic+studies+aiou+spring+2021+admission+date" "Mozilla/5.0 AppleWebKit/537.36 (KHTML, like Gecko; compatible; GoogleOther) Chrome/141.0.7390.122 Safari/537.36" 109 **0/109896**
40.77.167.151 - - [26/Nov/2025:13:12:42 -0700] "GET /?a=104132109031690&mod=c025eb4e&uri=shop.php%3Fid%3D3484342-345%26name%3Dm42+astrophotography HTTP/1.1" 200 21676 "-" "Mozilla/5.0 AppleWebKit/537.36 (KHTML, like Gecko; compatible; bingbot/2.0; +http://www.bing.com/bingbot.htm) Chrome/116.0.1938.76 Safari/537.36" 381 **0/381826**
66.249.69.171 - - [26/Nov/2025:13:12:43 -0700] "GET /?/svg_6356af597ebeb154b969e538d3e95f0f/_pics_webp_common_pc_cart_black.svg HTTP/1.1" 200 2230 "http://blalockdialysiscenter.com/?a=62211327051690&mod=639b1cbf&uri=us.php%3Fid%3D2081383-417%26name%3Dislamic+studies+aiou+spring+2021+admission+date" "Mozilla/5.0 AppleWebKit/537.36 (KHTML, like Gecko; compatible; GoogleOther) Chrome/141.0.7390.122 Safari/537.36" 99 **0/99380**
66.249.69.170 - - [26/Nov/2025:13:12:43 -0700] "GET /?/svg_6356af597ebeb154b969e538d3e95f0f/_pics_webp_common_pc_user_black.svg HTTP/1.1" 200 2230 "http://blalockdialysiscenter.com/?a=62211327051690&mod=639b1cbf&uri=us.php%3Fid%3D2081383-417%26name%3Dislamic+studies+aiou+spring+2021+admission+date" "Mozilla/5.0 AppleWebKit/537.36 (KHTML, like Gecko; compatible; GoogleOther) Chrome/141.0.7390.122 Safari/537.36" 96 **0/96965**
66.249.69.171 - - [26/Nov/2025:13:12:43 -0700] "GET /?/img_6356af597ebeb154b969e538d3e95f0f/_pics_webp_common_pc_no_photo300.jpg HTTP/1.1" 200 2230 "http://blalockdialysiscenter.com/?a=62211327051690&mod=639b1cbf&uri=us.php%3Fid%3D2081383-417%26name%3Dislamic+studies+aiou+spring+2021+admission+date" "Mozilla/5.0 AppleWebKit/537.36 (KHTML, like Gecko; compatible; GoogleOther) Chrome/141.0.7390.122 Safari/537.36" 99 **0/99930**
66.249.69.170 - - [26/Nov/2025:13:12:43 -0700] "GET /?/svg_6356af597ebeb154b969e538d3e95f0f/_drupal_themes_surugaya_new_css_.._images_icon_arrow-next-blue HTTP/1.1" 200 2230 "http://blalockdialysiscenter.com/?a=62211327051690&mod=639b1cbf&uri=us.php%3Fid%3D2081383-417%26name%3Dislamic+studies+aiou+spring+2021+admission+date" "Mozilla/5.0 AppleWebKit/537.36 (KHTML, like Gecko; compatible; GoogleOther) Chrome/141.0.7390.122 Safari/537.36" 93 **0/93189**
66.249.69.171 - - [26/Nov/2025:13:12:43 -0700] "GET /?/img_6356af597ebeb154b969e538d3e95f0f/_pics_webp_X_black_radius.png HTTP/1.1" 200 2230 "http://blalockdialysiscenter.com/?a=62211327051690&mod=639b1cbf&uri=us.php%3Fid%3D2081383-417%26name%3Dislamic+studies+aiou+spring+2021+admission+date" "Mozilla/5.0 AppleWebKit/537.36 (KHTML, like Gecko; compatible; GoogleOther) Chrome/141.0.7390.122 Safari/537.36" 107 **0/107690**
66.249.69.170 - - [26/Nov/2025:13:12:43 -0700] "GET /?/img_6356af597ebeb154b969e538d3e95f0f/_pics_webp_Instagram_Glyph_Gradient.png HTTP/1.1" 200 2230 "http://blalockdialysiscenter.com/?a=62211327051690&mod=639b1cbf&uri=us.php%3Fid%3D2081383-417%26name%3Dislamic+studies+aiou+spring+2021+admission+date" "Mozilla/5.0 AppleWebKit/537.36 (KHTML, like Gecko; compatible; GoogleOther) Chrome/141.0.7390.122 Safari/537.36" 100 **0/100989**
66.249.69.170 - - [26/Nov/2025:13:12:44 -0700] "GET /?/svg_6356af597ebeb154b969e538d3e95f0f/_pics_webp_bluesky-1.svg HTTP/1.1" 200 2230 "http://blalockdialysiscenter.com/?a=62211327051690&mod=639b1cbf&uri=us.php%3Fid%3D2081383-417%26name%3Dislamic+studies+aiou+spring+2021+admission+date" "Mozilla/5.0 AppleWebKit/537.36 (KHTML, like Gecko; compatible; GoogleOther) Chrome/141.0.7390.122 Safari/537.36" 100 **0/100171**
66.249.69.170 - - [26/Nov/2025:13:12:44 -0700] "GET /?/svg_6356af597ebeb154b969e538d3e95f0f/_pics_webp_common_pc_social_facebook.svg HTTP/1.1" 200 2230 "http://blalockdialysiscenter.com/?a=62211327051690&mod=639b1cbf&uri=us.php%3Fid%3D2081383-417%26name%3Dislamic+studies+aiou+spring+2021+admission+date" "Mozilla/5.0 AppleWebKit/537.36 (KHTML, like Gecko; compatible; GoogleOther) Chrome/141.0.7390.122 Safari/537.36" 90 **0/90501**
66.249.69.171 - - [26/Nov/2025:13:12:44 -0700] "GET /?/svg_6356af597ebeb154b969e538d3e95f0f/_pics_webp_common_pc_social_youtube.svg HTTP/1.1" 200 2230 "http://blalockdialysiscenter.com/?a=62211327051690&mod=639b1cbf&uri=us.php%3Fid%3D2081383-417%26name%3Dislamic+studies+aiou+spring+2021+admission+date" "Mozilla/5.0 AppleWebKit/537.36 (KHTML, like Gecko; compatible; GoogleOther) Chrome/141.0.7390.122 Safari/537.36" 99 **0/99379**
40.77.167.151 - - [26/Nov/2025:13:13:02 -0700] "GET /?a=67432961001690&mod=b275aac1&uri=shared.php%3Fid%3D2256031-429%26name%3Dreebok+5x+dri+fit+shirts HTTP/1.1" 200 20669 "-" "Mozilla/5.0 AppleWebKit/537.36 (KHTML, like Gecko; compatible; bingbot/2.0; +http://www.bing.com/bingbot.htm) Chrome/116.0.1938.76 Safari/537.36" 306 **0/306928**
189.148.64.241 - - [26/Nov/2025:13:13:25 -0700] "GET http://www.blalockdialysiscenter.com/?a=26686856021690&mod=7bb09a9a&name=earrings+14k+yellow+gold+fashion+gold+hoop+earrings&uri=info.php%3Fid%3D892743-285 HTTP/1.1" 200 2554 "-" "Mozilla/5.0 (Macintosh; Intel Mac OS X 10_15_7) AppleWebKit/537.36 (KHTML, like Gecko) Chrome/101.0.0.0 Safari/537.36" 102 **0/102943**
57.141.0.9 - - [26/Nov/2025:13:13:29 -0700] "GET /?a=67043738091690& HTTP/1.1" 200 7610 "-" "meta-externalagent/1.1 (+https://developers.facebook.com/docs/sharing/webmasters/crawler)" 95 **0/95175**
40.77.167.151 - - [26/Nov/2025:13:13:46 -0700] "GET /?a=118932926001690&mod=e744f91c&uri=blog.php%3Fid%3D3979581-9%26name%3Dsyska+he5900+syska+neckband+bluetooth HTTP/1.1" 200 20918 "-" "Mozilla/5.0 AppleWebKit/537.36 (KHTML, like Gecko; compatible; bingbot/2.0; +http://www.bing.com/bingbot.htm) Chrome/116.0.1938.76 Safari/537.36" 286 **0/286992**
20.15.133.160 - - [26/Nov/2025:13:13:57 -0700] "GET /?a=103803396031690&mod=e1228be4&uri=info.php%3Fid%3D3473342-36%26name%3Dbuilding+new+elementary+lego HTTP/1.1" 200 21490 "-" "Mozilla/5.0 AppleWebKit/537.36 (KHTML, like Gecko; compatible; bingbot/2.0; +http://www.bing.com/bingbot.htm) Chrome/116.0.1938.76 Safari/537.36" 259 **0/259410**
20.15.133.175 - - [26/Nov/2025:13:14:01 -0700] "GET /?a=103811787031690&mod=e1228be4&uri=brands.php%3Fid%3D3473622-36%26name%3Dlightsaber+luminara+unduli+lego+minifigure HTTP/1.1" 200 21268 "-" "Mozilla/5.0 AppleWebKit/537.36 (KHTML, like Gecko; compatible; bingbot/2.0; +http://www.bing.com/bingbot.htm) Chrome/116.0.1938.76 Safari/537.36" 291 **0/291534**
20.15.133.160 - - [26/Nov/2025:13:14:07 -0700] "GET /?a=29518176051690&mod=1aa8f607&uri=dp.php%3Fid%3D987441-1560%26name%3Dmontblanc+spider+grey+ink HTTP/1.1" 200 20373 "-" "Mozilla/5.0 AppleWebKit/537.36 (KHTML, like Gecko; compatible; bingbot/2.0; +http://www.bing.com/bingbot.htm) Chrome/116.0.1938.76 Safari/537.36" 235 **0/235126**
40.77.167.9 - - [26/Nov/2025:13:14:09 -0700] "GET /?a=102022011031690&mod=0a6ba201&uri=itm.php%3Fid%3D3413718-917%26name%3Dbikes+2016+cannondale+fsi+carbon HTTP/1.1" 200 21127 "-" "Mozilla/5.0 AppleWebKit/537.36 (KHTML, like Gecko; compatible; bingbot/2.0; +http://www.bing.com/bingbot.htm) Chrome/116.0.1938.76 Safari/537.36" 253 **0/253514**
40.77.167.13 - - [26/Nov/2025:13:14:29 -0700] "GET /?a=68292715021690&mod=49fbb854&uri=products.php%3Fid%3D2284803-602%26name%3Dbhojpuri+dhadkan+full+movies HTTP/1.1" 200 21241 "-" "Mozilla/5.0 AppleWebKit/537.36 (KHTML, like Gecko; compatible; bingbot/2.0; +http://www.bing.com/bingbot.htm) Chrome/116.0.1938.76 Safari/537.36" 276 **0/276428**
40.77.167.151 - - [26/Nov/2025:13:15:00 -0700] "GET /?a=101429525111690&mod=aca70417&uri=search.php%3Fid%3D3393897-463%26name%3Dbbq+broil+king+sovereign+xls HTTP/1.1" 200 20610 "-" "Mozilla/5.0 AppleWebKit/537.36 (KHTML, like Gecko; compatible; bingbot/2.0; +http://www.bing.com/bingbot.htm) Chrome/116.0.1938.76 Safari/537.36" 290 **0/290300**
40.77.167.13 - - [26/Nov/2025:13:15:01 -0700] "GET /?a=104109171061690&mod=d8ca510b&uri=search.php%3Fid%3D3483577-464%26name%3Dring+silver+engraved+jewelry HTTP/1.1" 200 20740 "-" "Mozilla/5.0 AppleWebKit/537.36 (KHTML, like Gecko; compatible; bingbot/2.0; +http://www.bing.com/bingbot.htm) Chrome/116.0.1938.76 Safari/537.36" 288 **0/288400**
40.77.167.13 - - [26/Nov/2025:13:15:02 -0700] "GET /?a=104319490011690&mod=2b4c9cfa&uri=form.php%3Fid%3D3490608-180%26name%3Dheater+solar+electric+hot+water HTTP/1.1" 200 21546 "-" "Mozilla/5.0 AppleWebKit/537.36 (KHTML, like Gecko; compatible; bingbot/2.0; +http://www.bing.com/bingbot.htm) Chrome/116.0.1938.76 Safari/537.36" 302 **0/302419**
40.77.167.121 - - [26/Nov/2025:13:15:04 -0700] "GET /?a=60917752031690&mod=0c74b7f7&uri=products.php%3Fid%3D2038098-3%26name%3Dbangkok+rhythm+spin+class HTTP/1.1" 200 21364 "-" "Mozilla/5.0 AppleWebKit/537.36 (KHTML, like Gecko; compatible; bingbot/2.0; +http://www.bing.com/bingbot.htm) Chrome/116.0.1938.76 Safari/537.36" 302 **0/302144**
40.77.167.6 - - [26/Nov/2025:13:15:09 -0700] "GET /?a=2539938051690&mod=4c26774d&uri=dp.php%3Fid%3D84911-58%26name%3Ds+works+prevail+specialised+cycling+helmet HTTP/1.1" 200 20999 "-" "Mozilla/5.0 AppleWebKit/537.36 (KHTML, like Gecko; compatible; bingbot/2.0; +http://www.bing.com/bingbot.htm) Chrome/116.0.1938.76 Safari/537.36" 287 **0/287172**
40.77.167.9 - - [26/Nov/2025:13:15:12 -0700] "GET /?a=5917868001690&mod=7cc5a754&uri=search.php%3Fid%3D197942-80%26name%3Dwest+elm+low+back+fabric+dining+chairs HTTP/1.1" 200 21910 "-" "Mozilla/5.0 AppleWebKit/537.36 (KHTML, like Gecko; compatible; bingbot/2.0; +http://www.bing.com/bingbot.htm) Chrome/116.0.1938.76 Safari/537.36" 315 **0/315330**
66.249.69.170 - - [26/Nov/2025:13:15:19 -0700] "GET /?/css_6356af597ebeb154b969e538d3e95f0f/_drupal_sites_default_files_css_css_YLUY2usEybPXqNO15-ozAgAYsZmniqhrU6f3bp69-r4 HTTP/1.1" 200 2230 "http://blalockdialysiscenter.com/?a=51302860031690&mod=fea33a31&uri=product.php%3Fid%3D1716270-87%26name%3Dborneobulletin+ropa+laboral+cerca+de+mi" "Mozilla/5.0 AppleWebKit/537.36 (KHTML, like Gecko; compatible; GoogleOther) Chrome/141.0.7390.122 Safari/537.36" 104 **0/104992**
66.249.69.170 - - [26/Nov/2025:13:15:19 -0700] "GET /?/css_6356af597ebeb154b969e538d3e95f0f/_drupal_sites_default_files_css_css_LmUrbIckCDCKvN2_Q3zbp044aJ28BPsL4EcroazBk2w HTTP/1.1" 200 2230 "http://blalockdialysiscenter.com/?a=51302860031690&mod=fea33a31&uri=product.php%3Fid%3D1716270-87%26name%3Dborneobulletin+ropa+laboral+cerca+de+mi" "Mozilla/5.0 AppleWebKit/537.36 (KHTML, like Gecko; compatible; GoogleOther) Chrome/141.0.7390.122 Safari/537.36" 113 **0/113066**
66.249.69.170 - - [26/Nov/2025:13:15:20 -0700] "GET /?/js_6356af597ebeb154b969e538d3e95f0f/_drupal_sites_default_files_js_js_G878YGhv0pYpg9iZ_hIm3vCCQWyhWgLawk-6b6wmZuU HTTP/1.1" 200 2230 "http://blalockdialysiscenter.com/?a=51302860031690&mod=fea33a31&uri=product.php%3Fid%3D1716270-87%26name%3Dborneobulletin+ropa+laboral+cerca+de+mi" "Mozilla/5.0 AppleWebKit/537.36 (KHTML, like Gecko; compatible; GoogleOther) Chrome/141.0.7390.122 Safari/537.36" 118 **0/118989**
66.249.69.170 - - [26/Nov/2025:13:15:20 -0700] "GET /?/css_6356af597ebeb154b969e538d3e95f0f/_styles_css_product-detail-ex01 HTTP/1.1" 200 2230 "http://blalockdialysiscenter.com/?a=51302860031690&mod=fea33a31&uri=product.php%3Fid%3D1716270-87%26name%3Dborneobulletin+ropa+laboral+cerca+de+mi" "Mozilla/5.0 AppleWebKit/537.36 (KHTML, like Gecko; compatible; GoogleOther) Chrome/141.0.7390.122 Safari/537.36" 102 **0/102008**
66.249.69.170 - - [26/Nov/2025:13:15:20 -0700] "GET /?/css_6356af597ebeb154b969e538d3e95f0f/_styles_css_wanderer-fg HTTP/1.1" 200 2230 "http://blalockdialysiscenter.com/?a=51302860031690&mod=fea33a31&uri=product.php%3Fid%3D1716270-87%26name%3Dborneobulletin+ropa+laboral+cerca+de+mi" "Mozilla/5.0 AppleWebKit/537.36 (KHTML, like Gecko; compatible; GoogleOther) Chrome/141.0.7390.122 Safari/537.36" 107 **0/107970**
66.249.69.170 - - [26/Nov/2025:13:15:20 -0700] "GET /?/js_6356af597ebeb154b969e538d3e95f0f/_styles_js_lazysizes.min HTTP/1.1" 200 2230 "http://blalockdialysiscenter.com/?a=51302860031690&mod=fea33a31&uri=product.php%3Fid%3D1716270-87%26name%3Dborneobulletin+ropa+laboral+cerca+de+mi" "Mozilla/5.0 AppleWebKit/537.36 (KHTML, like Gecko; compatible; GoogleOther) Chrome/141.0.7390.122 Safari/537.36" 118 **0/118086**
66.249.69.170 - - [26/Nov/2025:13:15:20 -0700] "GET /?/svg_6356af597ebeb154b969e538d3e95f0f/_pics_webp_common_pc_cart_black.svg HTTP/1.1" 200 2230 "http://blalockdialysiscenter.com/?a=51302860031690&mod=fea33a31&uri=product.php%3Fid%3D1716270-87%26name%3Dborneobulletin+ropa+laboral+cerca+de+mi" "Mozilla/5.0 AppleWebKit/537.36 (KHTML, like Gecko; compatible; GoogleOther) Chrome/141.0.7390.122 Safari/537.36" 102 **0/102679**
66.249.69.170 - - [26/Nov/2025:13:15:21 -0700] "GET /?/js_6356af597ebeb154b969e538d3e95f0f/_styles_js_lightbox HTTP/1.1" 200 2230 "http://blalockdialysiscenter.com/?a=51302860031690&mod=fea33a31&uri=product.php%3Fid%3D1716270-87%26name%3Dborneobulletin+ropa+laboral+cerca+de+mi" "Mozilla/5.0 AppleWebKit/537.36 (KHTML, like Gecko; compatible; GoogleOther) Chrome/141.0.7390.122 Safari/537.36" 103 **0/103902**
66.249.69.170 - - [26/Nov/2025:13:15:21 -0700] "GET /?/svg_6356af597ebeb154b969e538d3e95f0f/_pics_webp_common_pc_user_black.svg HTTP/1.1" 200 2230 "http://blalockdialysiscenter.com/?a=51302860031690&mod=fea33a31&uri=product.php%3Fid%3D1716270-87%26name%3Dborneobulletin+ropa+laboral+cerca+de+mi" "Mozilla/5.0 AppleWebKit/537.36 (KHTML, like Gecko; compatible; GoogleOther) Chrome/141.0.7390.122 Safari/537.36" 130 **0/130688**
66.249.69.170 - - [26/Nov/2025:13:15:21 -0700] "GET /?/svg_6356af597ebeb154b969e538d3e95f0f/_pics_webp_common_pc_bell.svg HTTP/1.1" 200 2230 "http://blalockdialysiscenter.com/?a=51302860031690&mod=fea33a31&uri=product.php%3Fid%3D1716270-87%26name%3Dborneobulletin+ropa+laboral+cerca+de+mi" "Mozilla/5.0 AppleWebKit/537.36 (KHTML, like Gecko; compatible; GoogleOther) Chrome/141.0.7390.122 Safari/537.36" 105 **0/105504**
66.249.69.170 - - [26/Nov/2025:13:15:21 -0700] "GET /?/css_6356af597ebeb154b969e538d3e95f0f/_drupal_modules_product_detail_assets_css_new_pc_product_detail HTTP/1.1" 200 2230 "http://blalockdialysiscenter.com/?a=51302860031690&mod=fea33a31&uri=product.php%3Fid%3D1716270-87%26name%3Dborneobulletin+ropa+laboral+cerca+de+mi" "Mozilla/5.0 AppleWebKit/537.36 (KHTML, like Gecko; compatible; GoogleOther) Chrome/141.0.7390.122 Safari/537.36" 104 **0/104669**
66.249.69.170 - - [26/Nov/2025:13:15:21 -0700] "GET /?/js_6356af597ebeb154b969e538d3e95f0f/_drupal_sites_default_files_js_js_nfGRbDhyXF9_dFjG2rkRRw84Gy6p5a4aGnpYcOKhuC4 HTTP/1.1" 200 2230 "http://blalockdialysiscenter.com/?a=51302860031690&mod=fea33a31&uri=product.php%3Fid%3D1716270-87%26name%3Dborneobulletin+ropa+laboral+cerca+de+mi" "Mozilla/5.0 AppleWebKit/537.36 (KHTML, like Gecko; compatible; GoogleOther) Chrome/141.0.7390.122 Safari/537.36" 118 **0/118087**
66.249.69.170 - - [26/Nov/2025:13:15:22 -0700] "GET /?/js_6356af597ebeb154b969e538d3e95f0f/_drupal_sites_default_files_js_js_z1qFDrghecTCI5Rjumn4rMBYPHvd-E4L0DVpS2JCjnw HTTP/1.1" 200 2230 "http://blalockdialysiscenter.com/?a=51302860031690&mod=fea33a31&uri=product.php%3Fid%3D1716270-87%26name%3Dborneobulletin+ropa+laboral+cerca+de+mi" "Mozilla/5.0 AppleWebKit/537.36 (KHTML, like Gecko; compatible; GoogleOther) Chrome/141.0.7390.122 Safari/537.36" 102 **0/102041**
66.249.69.170 - - [26/Nov/2025:13:15:22 -0700] "GET /?/js_6356af597ebeb154b969e538d3e95f0f/_drupal_sites_default_files_js_js_i3BGasXGb_pVk8CAUeSJnjMmyNE-bFprX9j4_djQznQ HTTP/1.1" 200 2230 "http://blalockdialysiscenter.com/?a=51302860031690&mod=fea33a31&uri=product.php%3Fid%3D1716270-87%26name%3Dborneobulletin+ropa+laboral+cerca+de+mi" "Mozilla/5.0 AppleWebKit/537.36 (KHTML, like Gecko; compatible; GoogleOther) Chrome/141.0.7390.122 Safari/537.36" 99 **0/99582**
66.249.69.170 - - [26/Nov/2025:13:15:22 -0700] "GET /?/svg_6356af597ebeb154b969e538d3e95f0f/_pics_webp_common_pc_close_sidebar.svg HTTP/1.1" 200 2230 "http://blalockdialysiscenter.com/?a=51302860031690&mod=fea33a31&uri=product.php%3Fid%3D1716270-87%26name%3Dborneobulletin+ropa+laboral+cerca+de+mi" "Mozilla/5.0 AppleWebKit/537.36 (KHTML, like Gecko; compatible; GoogleOther) Chrome/141.0.7390.122 Safari/537.36" 113 **0/113465**
66.249.69.170 - - [26/Nov/2025:13:15:22 -0700] "GET /?/svg_6356af597ebeb154b969e538d3e95f0f/_pics_webp_common_pc_logout.svg HTTP/1.1" 200 2230 "http://blalockdialysiscenter.com/?a=51302860031690&mod=fea33a31&uri=product.php%3Fid%3D1716270-87%26name%3Dborneobulletin+ropa+laboral+cerca+de+mi" "Mozilla/5.0 AppleWebKit/537.36 (KHTML, like Gecko; compatible; GoogleOther) Chrome/141.0.7390.122 Safari/537.36" 100 **0/100158**
66.249.69.170 - - [26/Nov/2025:13:15:22 -0700] "GET /?/img_6356af597ebeb154b969e538d3e95f0f/_database_images_no_photo HTTP/1.1" 200 2230 "http://blalockdialysiscenter.com/?a=51302860031690&mod=fea33a31&uri=product.php%3Fid%3D1716270-87%26name%3Dborneobulletin+ropa+laboral+cerca+de+mi" "Mozilla/5.0 AppleWebKit/537.36 (KHTML, like Gecko; compatible; GoogleOther) Chrome/141.0.7390.122 Safari/537.36" 107 **0/107942**
40.77.167.121 - - [26/Nov/2025:13:15:22 -0700] "GET /?a=99529896091690&mod=35eac895&uri=news.php%3Fid%3D3330355-1087%26name%3Dsweat+shirt+la+martina+veste+homme HTTP/1.1" 200 20197 "-" "Mozilla/5.0 AppleWebKit/537.36 (KHTML, like Gecko; compatible; bingbot/2.0; +http://www.bing.com/bingbot.htm) Chrome/116.0.1938.76 Safari/537.36" 364 **0/364428**
66.249.69.170 - - [26/Nov/2025:13:15:23 -0700] "GET /?/img_6356af597ebeb154b969e538d3e95f0f/_pics_webp_common_pc_flash_sale.png HTTP/1.1" 200 2230 "http://blalockdialysiscenter.com/?a=51302860031690&mod=fea33a31&uri=product.php%3Fid%3D1716270-87%26name%3Dborneobulletin+ropa+laboral+cerca+de+mi" "Mozilla/5.0 AppleWebKit/537.36 (KHTML, like Gecko; compatible; GoogleOther) Chrome/141.0.7390.122 Safari/537.36" 137 **0/137591**
66.249.69.170 - - [26/Nov/2025:13:15:23 -0700] "GET /?/svg_6356af597ebeb154b969e538d3e95f0f/_pics_webp_common_pc_add_cart.svg HTTP/1.1" 200 2230 "http://blalockdialysiscenter.com/?a=51302860031690&mod=fea33a31&uri=product.php%3Fid%3D1716270-87%26name%3Dborneobulletin+ropa+laboral+cerca+de+mi" "Mozilla/5.0 AppleWebKit/537.36 (KHTML, like Gecko; compatible; GoogleOther) Chrome/141.0.7390.122 Safari/537.36" 100 **0/100032**
66.249.69.170 - - [26/Nov/2025:13:15:23 -0700] "GET /?/svg_6356af597ebeb154b969e538d3e95f0f/_pics_webp_common_pc_star_whishlist.svg HTTP/1.1" 200 2230 "http://blalockdialysiscenter.com/?a=51302860031690&mod=fea33a31&uri=product.php%3Fid%3D1716270-87%26name%3Dborneobulletin+ropa+laboral+cerca+de+mi" "Mozilla/5.0 AppleWebKit/537.36 (KHTML, like Gecko; compatible; GoogleOther) Chrome/141.0.7390.122 Safari/537.36" 119 **0/119218**
66.249.69.170 - - [26/Nov/2025:13:15:23 -0700] "GET /?/img_6356af597ebeb154b969e538d3e95f0f/_pics_webp_product_notify_jpxmas2024_cargo_smp_1732838752.jpg HTTP/1.1" 200 2230 "http://blalockdialysiscenter.com/?a=51302860031690&mod=fea33a31&uri=product.php%3Fid%3D1716270-87%26name%3Dborneobulletin+ropa+laboral+cerca+de+mi" "Mozilla/5.0 AppleWebKit/537.36 (KHTML, like Gecko; compatible; GoogleOther) Chrome/141.0.7390.122 Safari/537.36" 114 **0/114307**
40.77.167.121 - - [26/Nov/2025:13:15:23 -0700] "GET /?a=100978163071690&mod=3f6ad121&uri=us.php%3Fid%3D3378804-393%26name%3Dlong+dresses+budget+wedding+guest+dresses HTTP/1.1" 200 20346 "-" "Mozilla/5.0 AppleWebKit/537.36 (KHTML, like Gecko; compatible; bingbot/2.0; +http://www.bing.com/bingbot.htm) Chrome/116.0.1938.76 Safari/537.36" 309 **0/309743**
66.249.69.170 - - [26/Nov/2025:13:15:24 -0700] "GET /?/img_6356af597ebeb154b969e538d3e95f0f/_pics_webp_keikoku01a.gif HTTP/1.1" 200 2230 "http://blalockdialysiscenter.com/?a=51302860031690&mod=fea33a31&uri=product.php%3Fid%3D1716270-87%26name%3Dborneobulletin+ropa+laboral+cerca+de+mi" "Mozilla/5.0 AppleWebKit/537.36 (KHTML, like Gecko; compatible; GoogleOther) Chrome/141.0.7390.122 Safari/537.36" 111 **0/111002**
66.249.69.170 - - [26/Nov/2025:13:15:24 -0700] "GET /?/img_6356af597ebeb154b969e538d3e95f0f/_pics_webp_common_pc_no_photo300.jpg HTTP/1.1" 200 2230 "http://blalockdialysiscenter.com/?a=51302860031690&mod=fea33a31&uri=product.php%3Fid%3D1716270-87%26name%3Dborneobulletin+ropa+laboral+cerca+de+mi" "Mozilla/5.0 AppleWebKit/537.36 (KHTML, like Gecko; compatible; GoogleOther) Chrome/141.0.7390.122 Safari/537.36" 107 **0/107721**
66.249.69.170 - - [26/Nov/2025:13:15:24 -0700] "GET /?/img_6356af597ebeb154b969e538d3e95f0f/_pics_webp_keikoku02.gif HTTP/1.1" 200 2230 "http://blalockdialysiscenter.com/?a=51302860031690&mod=fea33a31&uri=product.php%3Fid%3D1716270-87%26name%3Dborneobulletin+ropa+laboral+cerca+de+mi" "Mozilla/5.0 AppleWebKit/537.36 (KHTML, like Gecko; compatible; GoogleOther) Chrome/141.0.7390.122 Safari/537.36" 94 **0/94834**
66.249.69.170 - - [26/Nov/2025:13:15:26 -0700] "GET /?/img_6356af597ebeb154b969e538d3e95f0f/_pics_webp_keikoku03.gif HTTP/1.1" 200 2230 "http://blalockdialysiscenter.com/?a=51302860031690&mod=fea33a31&uri=product.php%3Fid%3D1716270-87%26name%3Dborneobulletin+ropa+laboral+cerca+de+mi" "Mozilla/5.0 AppleWebKit/537.36 (KHTML, like Gecko; compatible; GoogleOther) Chrome/141.0.7390.122 Safari/537.36" 96 **0/96649**
66.249.69.170 - - [26/Nov/2025:13:15:27 -0700] "GET /?a=19884469041690&mod=b51c6cd3&uri=product.php%3Fid%3D665227-440%26name%3Dback+cover+cases+for+an+iphone+plus HTTP/1.1" 200 21395 "-" "Mozilla/5.0 (Linux; Android 6.0.1; Nexus 5X Build/MMB29P) AppleWebKit/537.36 (KHTML, like Gecko) Chrome/141.0.7390.122 Mobile Safari/537.36 (compatible; Googlebot/2.1; +http://www.google.com/bot.html)" 282 **0/282913**
20.15.133.175 - - [26/Nov/2025:13:15:27 -0700] "GET /?a=104253600061690&mod=dc6a6489&uri=pin.php%3Fid%3D3488403-4%26name%3Dyarn+large+cable+knit+blankets HTTP/1.1" 200 21318 "-" "Mozilla/5.0 AppleWebKit/537.36 (KHTML, like Gecko; compatible; bingbot/2.0; +http://www.bing.com/bingbot.htm) Chrome/116.0.1938.76 Safari/537.36" 283 **0/283779**
66.249.69.170 - - [26/Nov/2025:13:15:29 -0700] "GET /?/js_6356af597ebeb154b969e538d3e95f0f/_drupal_sites_default_files_js_js_nfGRbDhyXF9_dFjG2rkRRw84Gy6p5a4aGnpYcOKhuC4 HTTP/1.1" 200 96506 "http://blalockdialysiscenter.com/?a=19884469041690&mod=b51c6cd3&uri=product.php%3Fid%3D665227-440%26name%3Dback+cover+cases+for+an+iphone+plus" "Mozilla/5.0 (Linux; Android 6.0.1; Nexus 5X Build/MMB29P) AppleWebKit/537.36 (KHTML, like Gecko) Chrome/141.0.7390.122 Mobile Safari/537.36 (compatible; Googlebot/2.1; +http://www.google.com/bot.html)" 247 **0/247406**
119.155.8.29 - - [26/Nov/2025:13:15:31 -0700] "GET http://www.blalockdialysiscenter.com/?a=5132699021690&mod=c2f0d819&name=zapatos+botas+negras+mujer+mango&uri=product.php%3Fid%3D171685-790 HTTP/1.1" 200 2554 "-" "Mozilla/5.0 (Windows NT 6.1; WOW64) AppleWebKit/537.36 (KHTML, like Gecko) Chrome/74.0.3729.131 Safari/537.36" 100 **0/100938**
40.77.167.151 - - [26/Nov/2025:13:15:42 -0700] "GET /?a=101341815011690&mod=8c7de93e&uri=shared.php%3Fid%3D3390967-820%26name%3Ddouble+hoop+nose+ring+piercing HTTP/1.1" 200 20071 "-" "Mozilla/5.0 AppleWebKit/537.36 (KHTML, like Gecko; compatible; bingbot/2.0; +http://www.bing.com/bingbot.htm) Chrome/116.0.1938.76 Safari/537.36" 249 **0/249809**
66.249.69.170 - - [26/Nov/2025:13:15:44 -0700] "GET /?/svg_6356af597ebeb154b969e538d3e95f0f/_pics_webp_common_pc_user_black.svg HTTP/1.1" 200 2230 "http://blalockdialysiscenter.com/?a=51302860031690&mod=fea33a31&uri=product.php%3Fid%3D1716270-87%26name%3Dborneobulletin+ropa+laboral+cerca+de+mi" "Mozilla/5.0 AppleWebKit/537.36 (KHTML, like Gecko; compatible; GoogleOther) Chrome/141.0.7390.122 Safari/537.36" 96 **0/96629**
66.249.69.170 - - [26/Nov/2025:13:15:44 -0700] "GET /?/svg_6356af597ebeb154b969e538d3e95f0f/_pics_webp_common_pc_cart_black.svg HTTP/1.1" 200 2230 "http://blalockdialysiscenter.com/?a=51302860031690&mod=fea33a31&uri=product.php%3Fid%3D1716270-87%26name%3Dborneobulletin+ropa+laboral+cerca+de+mi" "Mozilla/5.0 AppleWebKit/537.36 (KHTML, like Gecko; compatible; GoogleOther) Chrome/141.0.7390.122 Safari/537.36" 94 **0/94251**
66.249.69.170 - - [26/Nov/2025:13:15:44 -0700] "GET /?/img_6356af597ebeb154b969e538d3e95f0f/_pics_webp_common_pc_no_photo300.jpg HTTP/1.1" 200 2230 "http://blalockdialysiscenter.com/?a=51302860031690&mod=fea33a31&uri=product.php%3Fid%3D1716270-87%26name%3Dborneobulletin+ropa+laboral+cerca+de+mi" "Mozilla/5.0 AppleWebKit/537.36 (KHTML, like Gecko; compatible; GoogleOther) Chrome/141.0.7390.122 Safari/537.36" 97 **0/97423**
66.249.69.170 - - [26/Nov/2025:13:15:44 -0700] "GET /?/svg_6356af597ebeb154b969e538d3e95f0f/_drupal_themes_surugaya_new_css_.._images_icon_arrow-next-blue HTTP/1.1" 200 2230 "http://blalockdialysiscenter.com/?a=51302860031690&mod=fea33a31&uri=product.php%3Fid%3D1716270-87%26name%3Dborneobulletin+ropa+laboral+cerca+de+mi" "Mozilla/5.0 AppleWebKit/537.36 (KHTML, like Gecko; compatible; GoogleOther) Chrome/141.0.7390.122 Safari/537.36" 102 **0/102286**
66.249.69.170 - - [26/Nov/2025:13:15:44 -0700] "GET /?/img_6356af597ebeb154b969e538d3e95f0f/_pics_webp_X_black_radius.png HTTP/1.1" 200 2230 "http://blalockdialysiscenter.com/?a=51302860031690&mod=fea33a31&uri=product.php%3Fid%3D1716270-87%26name%3Dborneobulletin+ropa+laboral+cerca+de+mi" "Mozilla/5.0 AppleWebKit/537.36 (KHTML, like Gecko; compatible; GoogleOther) Chrome/141.0.7390.122 Safari/537.36" 120 **0/120829**
66.249.69.170 - - [26/Nov/2025:13:15:45 -0700] "GET /?/svg_6356af597ebeb154b969e538d3e95f0f/_pics_webp_common_pc_social_facebook.svg HTTP/1.1" 200 2230 "http://blalockdialysiscenter.com/?a=51302860031690&mod=fea33a31&uri=product.php%3Fid%3D1716270-87%26name%3Dborneobulletin+ropa+laboral+cerca+de+mi" "Mozilla/5.0 AppleWebKit/537.36 (KHTML, like Gecko; compatible; GoogleOther) Chrome/141.0.7390.122 Safari/537.36" 93 **0/93296**
66.249.69.170 - - [26/Nov/2025:13:15:45 -0700] "GET /?/svg_6356af597ebeb154b969e538d3e95f0f/_pics_webp_bluesky-1.svg HTTP/1.1" 200 2230 "http://blalockdialysiscenter.com/?a=51302860031690&mod=fea33a31&uri=product.php%3Fid%3D1716270-87%26name%3Dborneobulletin+ropa+laboral+cerca+de+mi" "Mozilla/5.0 AppleWebKit/537.36 (KHTML, like Gecko; compatible; GoogleOther) Chrome/141.0.7390.122 Safari/537.36" 93 **0/93030**
66.249.69.170 - - [26/Nov/2025:13:15:45 -0700] "GET /?/svg_6356af597ebeb154b969e538d3e95f0f/_pics_webp_common_pc_social_youtube.svg HTTP/1.1" 200 2230 "http://blalockdialysiscenter.com/?a=51302860031690&mod=fea33a31&uri=product.php%3Fid%3D1716270-87%26name%3Dborneobulletin+ropa+laboral+cerca+de+mi" "Mozilla/5.0 AppleWebKit/537.36 (KHTML, like Gecko; compatible; GoogleOther) Chrome/141.0.7390.122 Safari/537.36" 113 **0/113004**
66.249.69.170 - - [26/Nov/2025:13:15:45 -0700] "GET /?/img_6356af597ebeb154b969e538d3e95f0f/_pics_webp_Instagram_Glyph_Gradient.png HTTP/1.1" 200 2230 "http://blalockdialysiscenter.com/?a=51302860031690&mod=fea33a31&uri=product.php%3Fid%3D1716270-87%26name%3Dborneobulletin+ropa+laboral+cerca+de+mi" "Mozilla/5.0 AppleWebKit/537.36 (KHTML, like Gecko; compatible; GoogleOther) Chrome/141.0.7390.122 Safari/537.36" 100 **0/100903**
40.77.167.121 - - [26/Nov/2025:13:15:47 -0700] "GET /?a=117170901021690&mod=c00c7389&uri=info.php%3Fid%3D3920613-392%26name%3Dlow+rise+shorts+mid+thigh+yoga+shorts HTTP/1.1" 200 20967 "-" "Mozilla/5.0 AppleWebKit/537.36 (KHTML, like Gecko; compatible; bingbot/2.0; +http://www.bing.com/bingbot.htm) Chrome/116.0.1938.76 Safari/537.36" 250 **0/250254**
40.77.167.6 - - [26/Nov/2025:13:15:52 -0700] "GET /?a=99396536011690&mod=7cc7188f&uri=search.php%3Fid%3D3325890-588%26name%3Dmens+denim+embellish+biker+jeans HTTP/1.1" 200 21672 "-" "Mozilla/5.0 AppleWebKit/537.36 (KHTML, like Gecko; compatible; bingbot/2.0; +http://www.bing.com/bingbot.htm) Chrome/116.0.1938.76 Safari/537.36" 286 **0/286405**
154.79.251.152 - - [26/Nov/2025:13:15:52 -0700] "GET http://www.blalockdialysiscenter.com/?a=5081046031690&mod=80e3536e&name=patent+leather+dsw+girls+dress+shoes&uri=product.php%3Fid%3D169950-482 HTTP/1.1" 200 2554 "-" "Mozilla/5.0 (Windows NT 6.1; Win64; x64) AppleWebKit/537.36 (KHTML, like Gecko) Chrome/64.0.3282.24 Safari/537.36" 100 **0/100229**
40.77.167.22 - - [26/Nov/2025:13:15:58 -0700] "GET /?a=104299026091690&mod=fb4c4860&uri=form.php%3Fid%3D3489920-40%26name%3Dthor+hasbro+action+toy+figures HTTP/1.1" 200 21512 "-" "Mozilla/5.0 AppleWebKit/537.36 (KHTML, like Gecko; compatible; bingbot/2.0; +http://www.bing.com/bingbot.htm) Chrome/116.0.1938.76 Safari/537.36" 245 **0/245870**
40.77.167.9 - - [26/Nov/2025:13:16:39 -0700] "GET /?a=45501953091690&mod=1e2d681b&uri=shared.php%3Fid%3D1522200-235%26name%3Dmarco+beverage+ecosmart+boiler HTTP/1.1" 200 21030 "-" "Mozilla/5.0 AppleWebKit/537.36 (KHTML, like Gecko; compatible; bingbot/2.0; +http://www.bing.com/bingbot.htm) Chrome/116.0.1938.76 Safari/537.36" 312 **0/312940**
40.77.167.121 - - [26/Nov/2025:13:16:43 -0700] "GET /?a=119081149031690&mod=5e4d0656&uri=product.php%3Fid%3D3984546-334%26name%3Dwater+heater+ma+vent+code HTTP/1.1" 200 21394 "-" "Mozilla/5.0 AppleWebKit/537.36 (KHTML, like Gecko; compatible; bingbot/2.0; +http://www.bing.com/bingbot.htm) Chrome/116.0.1938.76 Safari/537.36" 301 **0/301852**
57.141.0.54 - - [26/Nov/2025:13:16:49 -0700] "GET /?a=51873100001690& HTTP/1.1" 200 7610 "-" "meta-externalagent/1.1 (+https://developers.facebook.com/docs/sharing/webmasters/crawler)" 98 **0/98764**
177.72.110.93 - - [26/Nov/2025:13:16:54 -0700] "GET http://www.blalockdialysiscenter.com/?a=5130359041690&mod=7d7b04e9&name=court+vision+sneaker+damen+nike+schwarz&uri=news.php%3Fid%3D171607-145 HTTP/1.1" 200 2554 "-" "Mozilla/5.0 (Windows NT 10.0; WOW64) AppleWebKit/537.36 (KHTML, like Gecko) Chrome/86.0.4240.198 Safari/537.36" 95 **0/95151**
40.77.167.151 - - [26/Nov/2025:13:16:56 -0700] "GET /?a=104118021051690&mod=d8ca510b&uri=form.php%3Fid%3D3483872-464%26name%3Dtransparent+pink+calcite+stone HTTP/1.1" 200 21364 "-" "Mozilla/5.0 AppleWebKit/537.36 (KHTML, like Gecko; compatible; bingbot/2.0; +http://www.bing.com/bingbot.htm) Chrome/116.0.1938.76 Safari/537.36" 244 **0/244731**
57.141.0.11 - - [26/Nov/2025:13:16:58 -0700] "GET /?a=29686049071690& HTTP/1.1" 200 7610 "-" "meta-externalagent/1.1 (+https://developers.facebook.com/docs/sharing/webmasters/crawler)" 115 **0/115959**
66.249.72.196 - - [26/Nov/2025:13:17:08 -0700] "GET /?a=41849859081690&mod=f86fa4f7&uri=goods.php%3Fid%3D1399965-1144%26name%3Dfair+isle+puma+golf+shoes+indonesia HTTP/1.1" 200 20319 "-" "Mozilla/5.0 (Linux; Android 6.0.1; Nexus 5X Build/MMB29P) AppleWebKit/537.36 (KHTML, like Gecko) Chrome/141.0.7390.122 Mobile Safari/537.36 (compatible; Googlebot/2.1; +http://www.google.com/bot.html)" 273 **0/273712**
40.77.167.121 - - [26/Nov/2025:13:17:15 -0700] "GET /?a=117494858021690&mod=03c43589&uri=brands.php%3Fid%3D3931467-220%26name%3Dcrockery+dining+plate+set+for HTTP/1.1" 200 21517 "-" "Mozilla/5.0 AppleWebKit/537.36 (KHTML, like Gecko; compatible; bingbot/2.0; +http://www.bing.com/bingbot.htm) Chrome/116.0.1938.76 Safari/537.36" 273 **0/273875**
40.77.167.9 - - [26/Nov/2025:13:17:21 -0700] "GET /?a=27478645031690&mod=d4067253&uri=shop.php%3Fid%3D919212-769%26name%3Dhard+drive+pendrive+ssd HTTP/1.1" 200 19857 "-" "Mozilla/5.0 AppleWebKit/537.36 (KHTML, like Gecko; compatible; bingbot/2.0; +http://www.bing.com/bingbot.htm) Chrome/116.0.1938.76 Safari/537.36" 281 **0/281285**
40.77.167.151 - - [26/Nov/2025:13:17:22 -0700] "GET /?a=104062795031690&mod=ee6db913&uri=product.php%3Fid%3D3482026-120%26name%3D2000va+bivolt+snb+2000 HTTP/1.1" 200 21068 "-" "Mozilla/5.0 AppleWebKit/537.36 (KHTML, like Gecko; compatible; bingbot/2.0; +http://www.bing.com/bingbot.htm) Chrome/116.0.1938.76 Safari/537.36" 746 **0/746687**
176.29.167.179 - - [26/Nov/2025:13:17:23 -0700] "GET http://www.blalockdialysiscenter.com/?a=88986547091690&mod=c9041cfd&name=expensive+top+perfume+for+womens&uri=us.php%3Fid%3D2977415-202 HTTP/1.1" 200 2554 "-" "Mozilla/5.0 (Macintosh; Intel Mac OS X 10_15_7) AppleWebKit/537.36 (KHTML, like Gecko) Chrome/88.0.4324.192 Safari/537.36" 439 **0/439710**
20.15.133.191 - - [26/Nov/2025:13:17:28 -0700] "GET /?a=99154523001690&mod=e4c5f4bf&uri=news.php%3Fid%3D3317767-408%26name%3Dgold+jewellery+black+and+silver+jewlery+sets HTTP/1.1" 200 21225 "-" "Mozilla/5.0 AppleWebKit/537.36 (KHTML, like Gecko; compatible; bingbot/2.0; +http://www.bing.com/bingbot.htm) Chrome/116.0.1938.76 Safari/537.36" 268 **0/268417**
40.77.167.9 - - [26/Nov/2025:13:17:42 -0700] "GET /?a=67099987021690&mod=06138bc5&uri=us.php%3Fid%3D2244909-2%26name%3Dmens+bestla+regatta+bestla+hybrid+jacket HTTP/1.1" 200 21625 "-" "Mozilla/5.0 AppleWebKit/537.36 (KHTML, like Gecko; compatible; bingbot/2.0; +http://www.bing.com/bingbot.htm) Chrome/116.0.1938.76 Safari/537.36" 262 **0/262884**
40.77.167.6 - - [26/Nov/2025:13:17:59 -0700] "GET /?a=2601478031690&mod=6dc4a31d&uri=dp.php%3Fid%3D86970-138%26name%3Dlte+how+do+i+know+if+my+apple+watch+has+gps HTTP/1.1" 200 21846 "-" "Mozilla/5.0 AppleWebKit/537.36 (KHTML, like Gecko; compatible; bingbot/2.0; +http://www.bing.com/bingbot.htm) Chrome/116.0.1938.76 Safari/537.36" 304 **0/304611**
40.77.167.6 - - [26/Nov/2025:13:18:11 -0700] "GET /?a=101211074051690&mod=22b8064b&uri=us.php%3Fid%3D3386592-264%26name%3Dgood+luck+lots+of+rings+on+fingers HTTP/1.1" 200 21023 "-" "Mozilla/5.0 AppleWebKit/537.36 (KHTML, like Gecko; compatible; bingbot/2.0; +http://www.bing.com/bingbot.htm) Chrome/116.0.1938.76 Safari/537.36" 265 **0/265801**
41.37.124.149 - - [26/Nov/2025:13:18:20 -0700] "GET http://www.blalockdialysiscenter.com/?a=5114966011690&mod=325995af&name=how+to+reboot+my+fitbit+inspire+hr&uri=product.php%3Fid%3D171091-20 HTTP/1.1" 200 2554 "-" "Mozilla/5.0 (Windows NT 5.1) AppleWebKit/537.36 (KHTML, like Gecko) Chrome/36.0.1985.67 Safari/537.36" 89 **0/89796**
40.77.167.9 - - [26/Nov/2025:13:18:29 -0700] "GET /?a=2676819051690&mod=4575b9b0&uri=goods.php%3Fid%3D89489-539%26name%3Dsdraio+amalfi+amazon+poltrone+sdraio HTTP/1.1" 200 21186 "-" "Mozilla/5.0 AppleWebKit/537.36 (KHTML, like Gecko; compatible; bingbot/2.0; +http://www.bing.com/bingbot.htm) Chrome/116.0.1938.76 Safari/537.36" 300 **0/300324**
170.231.34.103 - - [26/Nov/2025:13:19:02 -0700] "GET http://www.blalockdialysiscenter.com/pcmypage?callback=%2Fproduct%2Fdetail%2F5056969002690 HTTP/1.1" 200 2554 "-" "Mozilla/5.0 (Windows NT 6.3; Win64; x64) AppleWebKit/537.36 (KHTML, like Gecko) Chrome/83.0.4103.97 Safari/537.36" 159 **0/159371**
40.77.167.151 - - [26/Nov/2025:13:19:02 -0700] "GET /?a=108948961091690&mod=ee6db913&uri=shop.php%3Fid%3D3645581-120%26name%3Dfermax+intercom+monitor+singapore HTTP/1.1" 200 21042 "-" "Mozilla/5.0 AppleWebKit/537.36 (KHTML, like Gecko; compatible; bingbot/2.0; +http://www.bing.com/bingbot.htm) Chrome/116.0.1938.76 Safari/537.36" 315 **0/315082**
57.141.0.30 - - [26/Nov/2025:13:19:24 -0700] "GET /?a=60899689021690& HTTP/1.1" 200 7610 "-" "meta-externalagent/1.1 (+https://developers.facebook.com/docs/sharing/webmasters/crawler)" 97 **0/97500**
20.15.133.191 - - [26/Nov/2025:13:19:38 -0700] "GET /?a=118966044031690&mod=cec819fa&uri=us.php%3Fid%3D3980693-248%26name%3Dvice+channel+hamilton%27s+pharmacopeia+stream HTTP/1.1" 200 21123 "-" "Mozilla/5.0 AppleWebKit/537.36 (KHTML, like Gecko; compatible; bingbot/2.0; +http://www.bing.com/bingbot.htm) Chrome/116.0.1938.76 Safari/537.36" 264 **0/264419**
57.141.0.9 - - [26/Nov/2025:13:19:46 -0700] "GET /?a=110100136001690& HTTP/1.1" 200 7610 "-" "meta-externalagent/1.1 (+https://developers.facebook.com/docs/sharing/webmasters/crawler)" 90 **0/90276**
40.77.167.9 - - [26/Nov/2025:13:20:00 -0700] "GET /?a=2595231041690&mod=7cc5a754&uri=category-info.php%3Fid%3D86761-80%26name%3Dcozy+indian+floor+couch HTTP/1.1" 200 21458 "-" "Mozilla/5.0 AppleWebKit/537.36 (KHTML, like Gecko; compatible; bingbot/2.0; +http://www.bing.com/bingbot.htm) Chrome/116.0.1938.76 Safari/537.36" 280 **0/280058**
40.77.167.6 - - [26/Nov/2025:13:20:02 -0700] "GET /?a=112518468051690&mod=c00c7389&uri=article.php%3Fid%3D3764954-392%26name%3Dworkout+tops+best+tops+for+yoga HTTP/1.1" 200 20493 "-" "Mozilla/5.0 AppleWebKit/537.36 (KHTML, like Gecko; compatible; bingbot/2.0; +http://www.bing.com/bingbot.htm) Chrome/116.0.1938.76 Safari/537.36" 288 **0/288139**
40.77.167.9 - - [26/Nov/2025:13:20:08 -0700] "GET /?a=67625429021690&mod=ad7d34f4&uri=itm.php%3Fid%3D2262479-184%26name%3Dgym+fille+justaucorps+gym+strass HTTP/1.1" 200 21155 "-" "Mozilla/5.0 AppleWebKit/537.36 (KHTML, like Gecko; compatible; bingbot/2.0; +http://www.bing.com/bingbot.htm) Chrome/116.0.1938.76 Safari/537.36" 263 **0/263716**
20.15.133.191 - - [26/Nov/2025:13:20:48 -0700] "GET /?a=90280104041690&mod=5e4d0656&uri=article.php%3Fid%3D3020695-334%26name%3Dtemperature+franke+geyser+thermostat HTTP/1.1" 200 20777 "-" "Mozilla/5.0 AppleWebKit/537.36 (KHTML, like Gecko; compatible; bingbot/2.0; +http://www.bing.com/bingbot.htm) Chrome/116.0.1938.76 Safari/537.36" 733 **0/733922**
40.77.167.32 - - [26/Nov/2025:13:21:01 -0700] "GET /?a=96566971071690&mod=6dc4a31d&uri=shared.php%3Fid%3D3231110-138%26name%3Dsmart+tv+watch+my+directv+online HTTP/1.1" 200 20186 "-" "Mozilla/5.0 AppleWebKit/537.36 (KHTML, like Gecko; compatible; bingbot/2.0; +http://www.bing.com/bingbot.htm) Chrome/116.0.1938.76 Safari/537.36" 324 **0/324043**
40.77.167.32 - - [26/Nov/2025:13:21:10 -0700] "GET /?a=27598381001690&mod=68c694de&uri=pin.php%3Fid%3D923245-18%26name%3D150+bike+pulsar+models+list HTTP/1.1" 200 20428 "-" "Mozilla/5.0 AppleWebKit/537.36 (KHTML, like Gecko; compatible; bingbot/2.0; +http://www.bing.com/bingbot.htm) Chrome/116.0.1938.76 Safari/537.36" 279 **0/279895**
110.138.199.47 - - [26/Nov/2025:13:21:16 -0700] "GET http://www.blalockdialysiscenter.com/?a=5329911001690&mod=5aae6cf6&name=gtx+1060+surface+book+case+15&uri=form.php%3Fid%3D178278-320 HTTP/1.1" 200 2554 "-" "Mozilla/5.0 (Macintosh; Intel Mac OS X 10_15_7) AppleWebKit/537.36 (KHTML, like Gecko) Chrome/99.0.4844.51 Safari/537.36" 98 **0/98617**
40.77.167.121 - - [26/Nov/2025:13:21:36 -0700] "GET /?a=61688910051690&mod=7f04d9fc&uri=us.php%3Fid%3D2063890-553%26name%3Drete+elettrica+rete+di+legno+letto HTTP/1.1" 200 20868 "-" "Mozilla/5.0 AppleWebKit/537.36 (KHTML, like Gecko; compatible; bingbot/2.0; +http://www.bing.com/bingbot.htm) Chrome/116.0.1938.76 Safari/537.36" 289 **0/289522**
40.77.167.9 - - [26/Nov/2025:13:21:41 -0700] "GET /?a=117682530011690&mod=a0057a00&uri=shared.php%3Fid%3D3937738-159%26name%3Dlinen+skirt+asymmetrical+circle+skirt HTTP/1.1" 200 21169 "-" "Mozilla/5.0 AppleWebKit/537.36 (KHTML, like Gecko; compatible; bingbot/2.0; +http://www.bing.com/bingbot.htm) Chrome/116.0.1938.76 Safari/537.36" 296 **0/296838**
40.77.167.22 - - [26/Nov/2025:13:22:21 -0700] "GET /?a=99038145031690&mod=8b1c998c&uri=itm.php%3Fid%3D3313860-116%26name%3Ddaunenjacke+kapuzenjacke+herren+winter HTTP/1.1" 200 21000 "-" "Mozilla/5.0 AppleWebKit/537.36 (KHTML, like Gecko; compatible; bingbot/2.0; +http://www.bing.com/bingbot.htm) Chrome/116.0.1938.76 Safari/537.36" 304 **0/304478**
170.247.52.57 - - [26/Nov/2025:13:22:24 -0700] "GET http://www.blalockdialysiscenter.com/?a=88979279011690&mod=4575b9b0&name=arredo+divanetti+da+esterno+pallet&uri=category-info.php%3Fid%3D2977172-539 HTTP/1.1" 200 2554 "-" "Mozilla/5.0 (Windows NT 6.1; Win64; x64) AppleWebKit/537.36 (KHTML, like Gecko) Chrome/73.0.3683.86 Safari/537.36" 104 **0/104032**
20.15.133.175 - - [26/Nov/2025:13:22:38 -0700] "GET /?a=104489266021690&mod=f8c84522&uri=info.php%3Fid%3D3496293-92%26name%3Dlight+brown+cowboy+mexican+boots+square+toe HTTP/1.1" 200 20519 "-" "Mozilla/5.0 AppleWebKit/537.36 (KHTML, like Gecko; compatible; bingbot/2.0; +http://www.bing.com/bingbot.htm) Chrome/116.0.1938.76 Safari/537.36" 291 **0/291162**
57.141.0.13 - - [26/Nov/2025:13:22:45 -0700] "GET /?a=31089278051690& HTTP/1.1" 200 7610 "-" "meta-externalagent/1.1 (+https://developers.facebook.com/docs/sharing/webmasters/crawler)" 95 **0/95410**
138.94.7.80 - - [26/Nov/2025:13:22:48 -0700] "GET http://www.blalockdialysiscenter.com/?a=4962724001690&mod=937f578a&name=aspiradora+trapeadora+robot+aspiradores+roomba+opiniones&uri=shared.php%3Fid%3D165983-300 HTTP/1.1" 200 2554 "-" "Mozilla/5.0 (Windows NT 6.1; WOW64) AppleWebKit/537.36 (KHTML, like Gecko) Chrome/27.0.1453.93 Safari/537.36" 94 **0/94822**
40.77.167.121 - - [26/Nov/2025:13:22:53 -0700] "GET /?a=61789272061690&mod=36fa774e&uri=shared.php%3Fid%3D2067257-471%26name%3Dgt+1gb+9600gt+sli HTTP/1.1" 200 21251 "-" "Mozilla/5.0 AppleWebKit/537.36 (KHTML, like Gecko; compatible; bingbot/2.0; +http://www.bing.com/bingbot.htm) Chrome/116.0.1938.76 Safari/537.36" 530 **0/530632**
57.141.0.44 - - [26/Nov/2025:13:22:56 -0700] "GET /?a=74704579031690& HTTP/1.1" 200 7610 "-" "meta-externalagent/1.1 (+https://developers.facebook.com/docs/sharing/webmasters/crawler)" 92 **0/92789**
40.77.167.22 - - [26/Nov/2025:13:23:09 -0700] "GET /?a=102021303021690&mod=325995af&uri=search.php%3Fid%3D3413694-20%26name%3Dbox+office+zehreela+mithun+ki HTTP/1.1" 200 21417 "-" "Mozilla/5.0 AppleWebKit/537.36 (KHTML, like Gecko; compatible; bingbot/2.0; +http://www.bing.com/bingbot.htm) Chrome/116.0.1938.76 Safari/537.36" 284 **0/284574**
40.77.167.32 - - [26/Nov/2025:13:23:21 -0700] "GET /?a=104080194131690&mod=6ac94846&uri=itm.php%3Fid%3D3482609-854%26name%3Dseiko+best+looking+watches+under+100 HTTP/1.1" 200 20429 "-" "Mozilla/5.0 AppleWebKit/537.36 (KHTML, like Gecko; compatible; bingbot/2.0; +http://www.bing.com/bingbot.htm) Chrome/116.0.1938.76 Safari/537.36" 264 **0/264844**
14.179.194.167 - - [26/Nov/2025:13:23:21 -0700] "GET http://www.blalockdialysiscenter.com/?a=5276513021690&mod=2adafb1b&name=maillots+short+de+bain+styl%C3%83%C2%A9&uri=article.php%3Fid%3D176495-61 HTTP/1.1" 200 2554 "-" "Mozilla/5.0 (Macintosh; Intel Mac OS X 10_15_5) AppleWebKit/537.36 (KHTML, like Gecko) Brave Chrome/86.0.4240.75 Safari/537.36" 100 **0/100082**
20.15.133.175 - - [26/Nov/2025:13:23:28 -0700] "GET /?a=102102302071690&mod=b3b6a68e&uri=info.php%3Fid%3D3416405-1170%26name%3Dskywalker+may+4th+disney+plus HTTP/1.1" 200 20392 "-" "Mozilla/5.0 AppleWebKit/537.36 (KHTML, like Gecko; compatible; bingbot/2.0; +http://www.bing.com/bingbot.htm) Chrome/116.0.1938.76 Safari/537.36" 336 **0/336719**
40.77.167.9 - - [26/Nov/2025:13:23:53 -0700] "GET /?a=119289765001690&mod=7d7b04e9&uri=article.php%3Fid%3D3991518-145%26name%3Dsportschuhe+damen+turnschuhe+43 HTTP/1.1" 200 20449 "-" "Mozilla/5.0 AppleWebKit/537.36 (KHTML, like Gecko; compatible; bingbot/2.0; +http://www.bing.com/bingbot.htm) Chrome/116.0.1938.76 Safari/537.36" 294 **0/294226**
40.77.167.132 - - [26/Nov/2025:13:24:00 -0700] "GET /?a=113892145001690&mod=a6dd1cdf&uri=shop.php%3Fid%3D3810881-166%26name%3Dhiking+boot+portwest+boots+ireland HTTP/1.1" 200 21001 "-" "Mozilla/5.0 AppleWebKit/537.36 (KHTML, like Gecko; compatible; bingbot/2.0; +http://www.bing.com/bingbot.htm) Chrome/116.0.1938.76 Safari/537.36" 297 **0/297943**
40.77.167.9 - - [26/Nov/2025:13:24:40 -0700] "GET /?a=615862031690&mod=2f3bbb97&uri=us.php%3Fid%3D20594-49%26name%3Dminecraft+complete+version+ps3 HTTP/1.1" 200 21665 "-" "Mozilla/5.0 AppleWebKit/537.36 (KHTML, like Gecko; compatible; bingbot/2.0; +http://www.bing.com/bingbot.htm) Chrome/116.0.1938.76 Safari/537.36" 297 **0/297400**
40.77.167.132 - - [26/Nov/2025:13:25:02 -0700] "GET /?a=6220075001690&mod=4009fb33&uri=article.php%3Fid%3D208049-164%26name%3D5i+back+cover+realme+5i+ka+cover HTTP/1.1" 200 20871 "-" "Mozilla/5.0 AppleWebKit/537.36 (KHTML, like Gecko; compatible; bingbot/2.0; +http://www.bing.com/bingbot.htm) Chrome/116.0.1938.76 Safari/537.36" 434 **0/434428**
152.53.183.177 - - [26/Nov/2025:13:25:09 -0700] "GET / HTTP/1.0" 200 7610 "http://blalockdialysiscenter.com/" "Mozilla/5.0 (Windows NT 10.0; Win64; x64) AppleWebKit/537.36 (KHTML, like Gecko) Chrome/131.0.0.0 Safari/537.36 Avast/131.0.0.0" 106 **0/106492**
93.117.120.160 - - [26/Nov/2025:13:25:32 -0700] "GET http://www.blalockdialysiscenter.com/?a=6455418051690&mod=2f093e72&name=t210+vr+quadcopter+drone+reviews&uri=goods.php%3Fid%3D215918-141 HTTP/1.1" 200 2554 "-" "Mozilla/5.0 (Macintosh; Intel Mac OS X 10_15_7) AppleWebKit/537.36 (KHTML, like Gecko) Chrome/108.0.0.0 Safari/537.36" 135 **0/135503**
66.249.69.170 - - [26/Nov/2025:13:25:43 -0700] "GET /?a=98273338041690&mod=fc0de4e0&uri=article.php%3Fid%3D3288275-89%26name%3Dman+mark+22+iron+man+rod HTTP/1.1" 200 21793 "-" "Mozilla/5.0 (Linux; Android 6.0.1; Nexus 5X Build/MMB29P) AppleWebKit/537.36 (KHTML, like Gecko) Chrome/141.0.7390.122 Mobile Safari/537.36 (compatible; Googlebot/2.1; +http://www.google.com/bot.html)" 291 **0/291984**
52.167.144.176 - - [26/Nov/2025:13:25:43 -0700] "GET /?a=30690772001690&mod=c80d4a2c&uri=itm.php%3Fid%3D1026649-249%26name%3Dtest+how+to+tell+if+a+gem+is+a+diamond HTTP/1.1" 200 20765 "-" "Mozilla/5.0 AppleWebKit/537.36 (KHTML, like Gecko; compatible; bingbot/2.0; +http://www.bing.com/bingbot.htm) Chrome/116.0.1938.76 Safari/537.36" 244 **0/244042**
