40.77.167.156 - - [26/Nov/2025:11:17:18 -0700] "GET /?a=53795159001690&mod=aa2d4ab1&uri=itm.php%3Fid%3D1799673-799%26name%3Dinseam+bike+size+for+women%27s+height+in+inches HTTP/1.1" 200 20436 "-" "Mozilla/5.0 AppleWebKit/537.36 (KHTML, like Gecko; compatible; bingbot/2.0; +http://www.bing.com/bingbot.htm) Chrome/116.0.1938.76 Safari/537.36" 254 **0/254814**
52.167.144.172 - - [26/Nov/2025:11:17:27 -0700] "GET /?a=102910835061690&mod=7eb7eabb&uri=product.php%3Fid%3D3443467-17%26name%3Dwrist+victorinox+dive+master HTTP/1.1" 200 20800 "-" "Mozilla/5.0 AppleWebKit/537.36 (KHTML, like Gecko; compatible; bingbot/2.0; +http://www.bing.com/bingbot.htm) Chrome/116.0.1938.76 Safari/537.36" 299 **0/299670**
188.17.176.71 - - [26/Nov/2025:11:17:27 -0700] "GET http://www.blalockdialysiscenter.com/?a=6458418031690&mod=a3c335b8&name=hadiko+mirror+boss+hadiko+tracksuit+top&uri=itm.php%3Fid%3D216018-874 HTTP/1.1" 200 2554 "-" "Mozilla/5.0 (Windows NT 10.0) AppleWebKit/537.36 (KHTML, like Gecko) Chrome/65.0.3325.785 Safari/537.36" 104 **0/104951**
14.226.1.21 - - [26/Nov/2025:11:17:27 -0700] "GET http://www.blalockdialysiscenter.com/?a=5119594051690&mod=c2f0d819&name=converse+blancos+tenis+converse+mujer+mercado+libre&uri=us.php%3Fid%3D171246-790 HTTP/1.1" 200 2554 "-" "Mozilla/5.0 (Macintosh; Intel Mac OS X 10_15_4) AppleWebKit/537.36 (KHTML, like Gecko) Brave Chrome/81.0.4044.122 Safari/537.36" 99 **0/99939**
52.167.144.23 - - [26/Nov/2025:11:17:35 -0700] "GET /?a=30799413031690&mod=4ee8fc10&uri=itm.php%3Fid%3D1030284-233%26name%3Duhrenband+edelstahl+armband+20mm HTTP/1.1" 200 21337 "-" "Mozilla/5.0 AppleWebKit/537.36 (KHTML, like Gecko; compatible; bingbot/2.0; +http://www.bing.com/bingbot.htm) Chrome/116.0.1938.76 Safari/537.36" 335 **0/335082**
66.249.69.172 - - [26/Nov/2025:11:17:36 -0700] "GET /?a=83636379131690&mod=82d3149f&uri=products.php%3Fid%3D2798345-94%26name%3Dbamboo+garment+rack+with+wood+shelves HTTP/1.1" 200 20598 "-" "Mozilla/5.0 (Linux; Android 6.0.1; Nexus 5X Build/MMB29P) AppleWebKit/537.36 (KHTML, like Gecko) Chrome/141.0.7390.122 Mobile Safari/537.36 (compatible; Googlebot/2.1; +http://www.google.com/bot.html)" 306 **0/306058**
154.255.0.91 - - [26/Nov/2025:11:17:44 -0700] "GET http://www.blalockdialysiscenter.com/?a=5175705051690&mod=44ac09ac&name=moosetoys+shopkinsworld+shopkins+advent+calendar&uri=article.php%3Fid%3D173126-27 HTTP/1.1" 200 2554 "-" "Mozilla/5.0 (Macintosh; Intel Mac OS X 10_15_7) AppleWebKit/537.36 (KHTML, like Gecko) Chrome/100.0.4896.60 Safari/537.36" 93 **0/93594**
20.15.133.175 - - [26/Nov/2025:11:17:46 -0700] "GET /?a=29757534141690&mod=d8ca510b&uri=product.php%3Fid%3D995442-464%26name%3Dpink+hatchimal+keychain HTTP/1.1" 200 21251 "-" "Mozilla/5.0 AppleWebKit/537.36 (KHTML, like Gecko; compatible; bingbot/2.0; +http://www.bing.com/bingbot.htm) Chrome/116.0.1938.76 Safari/537.36" 254 **0/254142**
189.39.108.162 - - [26/Nov/2025:11:17:48 -0700] "GET http://www.blalockdialysiscenter.com/?a=88852728041690&mod=06138bc5&name=cotton+pyjamas+girls+pjs+age&uri=dp.php%3Fid%3D2972940-2 HTTP/1.1" 200 2554 "-" "Mozilla/5.0 (Macintosh; Intel Mac OS X 10_11_6) AppleWebKit/537.36 (KHTML, like Gecko) Brave Chrome/80.0.3987.116 Safari/537.36" 99 **0/99016**
20.15.133.175 - - [26/Nov/2025:11:17:48 -0700] "GET /?a=102076369011690&mod=e744f91c&uri=dp.php%3Fid%3D3415538-9%26name%3Dhebe+e2+headphones HTTP/1.1" 200 21737 "-" "Mozilla/5.0 AppleWebKit/537.36 (KHTML, like Gecko; compatible; bingbot/2.0; +http://www.bing.com/bingbot.htm) Chrome/116.0.1938.76 Safari/537.36" 284 **0/284977**
177.39.117.118 - - [26/Nov/2025:11:17:52 -0700] "GET http://www.blalockdialysiscenter.com/?a=5177374051690&mod=fa4dbc17&name=mclaren+vale+shiraz+yangarra+shiraz+2018&uri=shop.php%3Fid%3D173182-336 HTTP/1.1" 200 2554 "-" "Mozilla/5.0 (Windows NT 10.0; WOW64) AppleWebKit/537.36 (KHTML, like Gecko) Chrome/75.0.3770.100 ADG/11.0.2470 AOLBUILD/11.0.2470 Safari/537.36" 123 **0/123533**
20.15.133.175 - - [26/Nov/2025:11:17:56 -0700] "GET /?a=104387423001690&mod=44bedf0b&uri=products.php%3Fid%3D3492876-651%26name%3Dcamisa+casual+camisas+hombres+2020 HTTP/1.1" 200 19662 "-" "Mozilla/5.0 AppleWebKit/537.36 (KHTML, like Gecko; compatible; bingbot/2.0; +http://www.bing.com/bingbot.htm) Chrome/116.0.1938.76 Safari/537.36" 231 **0/231392**
64.227.5.51 - - [26/Nov/2025:11:18:23 -0700] "GET / HTTP/1.1" 200 2554 "-" "Mozilla/5.0 (X11; Linux x86_64) AppleWebKit/537.36 (KHTML, like Gecko) Chrome/139.0.0.0 Safari/537.36" 107 **0/107016**
64.227.5.51 - - [26/Nov/2025:11:18:23 -0700] "GET /assets/img/favicon.png HTTP/1.1" 200 1126 "http://blalockdialysiscenter.com/" "Mozilla/5.0 (X11; Linux x86_64) AppleWebKit/537.36 (KHTML, like Gecko) Chrome/139.0.0.0 Safari/537.36" 11 **0/11738**
52.167.144.23 - - [26/Nov/2025:11:18:31 -0700] "GET /?a=117510036051690&mod=27d342e9&uri=brands.php%3Fid%3D3931974-363%26name%3Dv%C3%A9lo+course+cadre+route+occasion HTTP/1.1" 200 20420 "-" "Mozilla/5.0 AppleWebKit/537.36 (KHTML, like Gecko; compatible; bingbot/2.0; +http://www.bing.com/bingbot.htm) Chrome/116.0.1938.76 Safari/537.36" 284 **0/284118**
93.175.59.59 - - [26/Nov/2025:11:18:45 -0700] "GET http://www.blalockdialysiscenter.com/?a=5044136081690&mod=7bb09a9a&name=ghost+buster+ghostbusters+perler+beads&uri=search.php%3Fid%3D168711-285 HTTP/1.1" 200 2554 "-" "Mozilla/5.0 (Macintosh; Intel Mac OS X 10_15_7) AppleWebKit/537.36 (KHTML, like Gecko) Brave Chrome/87.0.4280.141 Safari/537.36" 86 **0/86978**
40.77.167.47 - - [26/Nov/2025:11:19:09 -0700] "GET /?a=54347314051690&mod=c12181fa&uri=goods.php%3Fid%3D1818168-1100%26name%3Dnba+players+most+sold+shoe+brand HTTP/1.1" 200 20972 "-" "Mozilla/5.0 AppleWebKit/537.36 (KHTML, like Gecko; compatible; bingbot/2.0; +http://www.bing.com/bingbot.htm) Chrome/116.0.1938.76 Safari/537.36" 304 **0/304630**
40.77.167.47 - - [26/Nov/2025:11:19:09 -0700] "GET /?a=104115021031690&mod=36fa774e&uri=form.php%3Fid%3D3483772-471%26name%3Dddr4+ram+4gb+dimm HTTP/1.1" 200 21259 "-" "Mozilla/5.0 AppleWebKit/537.36 (KHTML, like Gecko; compatible; bingbot/2.0; +http://www.bing.com/bingbot.htm) Chrome/116.0.1938.76 Safari/537.36" 252 **0/252703**
40.77.167.47 - - [26/Nov/2025:11:19:10 -0700] "GET /?a=104109261111690&mod=d8ca510b&uri=itm.php%3Fid%3D3483580-464%26name%3Dwooden+small+clasps HTTP/1.1" 200 21472 "-" "Mozilla/5.0 AppleWebKit/537.36 (KHTML, like Gecko; compatible; bingbot/2.0; +http://www.bing.com/bingbot.htm) Chrome/116.0.1938.76 Safari/537.36" 288 **0/288756**
40.77.167.22 - - [26/Nov/2025:11:19:20 -0700] "GET /?a=2543025121690&mod=3c0cd9bc&uri=pin.php%3Fid%3D85014-77%26name%3Dcroc+charms+harry+styles+jibbitz HTTP/1.1" 200 20134 "-" "Mozilla/5.0 AppleWebKit/537.36 (KHTML, like Gecko; compatible; bingbot/2.0; +http://www.bing.com/bingbot.htm) Chrome/116.0.1938.76 Safari/537.36" 279 **0/279440**
40.77.167.22 - - [26/Nov/2025:11:19:21 -0700] "GET /?a=108456187051690&mod=83769aec&uri=form.php%3Fid%3D3629086-426%26name%3Dalibaba+sac+de+marque+deuxieme+main HTTP/1.1" 200 20175 "-" "Mozilla/5.0 AppleWebKit/537.36 (KHTML, like Gecko; compatible; bingbot/2.0; +http://www.bing.com/bingbot.htm) Chrome/116.0.1938.76 Safari/537.36" 258 **0/258949**
52.167.144.172 - - [26/Nov/2025:11:19:26 -0700] "GET /?a=22816477121690&mod=69a2835d&uri=blog.php%3Fid%3D763271-266%26name%3Drocky+iv+white+boss+sweatshirt HTTP/1.1" 200 20987 "-" "Mozilla/5.0 AppleWebKit/537.36 (KHTML, like Gecko; compatible; bingbot/2.0; +http://www.bing.com/bingbot.htm) Chrome/116.0.1938.76 Safari/537.36" 310 **0/310347**
170.83.203.223 - - [26/Nov/2025:11:19:26 -0700] "GET http://www.blalockdialysiscenter.com/?a=5180920011690&mod=fa4dbc17&name=cabernet+sauvignon+napa+valley+innisfree+2017+cabernet&uri=product.php%3Fid%3D173301-336 HTTP/1.1" 200 2554 "-" "Mozilla/5.0 (Macintosh; Intel Mac OS X 10_13_6) AppleWebKit/537.36 (KHTML, like Gecko) Chrome/106.0.0.0 Safari/537.36" 93 **0/93476**
52.167.144.23 - - [26/Nov/2025:11:19:32 -0700] "GET /?a=61683884041690&mod=f6ed5734&uri=search.php%3Fid%3D2063722-974%26name%3Dlouis+feraud+leather+coat HTTP/1.1" 200 20408 "-" "Mozilla/5.0 AppleWebKit/537.36 (KHTML, like Gecko; compatible; bingbot/2.0; +http://www.bing.com/bingbot.htm) Chrome/116.0.1938.76 Safari/537.36" 307 **0/307729**
40.77.167.47 - - [26/Nov/2025:11:19:33 -0700] "GET /?a=6827986001690&mod=3e7e22b6&uri=news.php%3Fid%3D228374-295%26name%3Dgolden+retriever+dogs+and+children HTTP/1.1" 200 21229 "-" "Mozilla/5.0 AppleWebKit/537.36 (KHTML, like Gecko; compatible; bingbot/2.0; +http://www.bing.com/bingbot.htm) Chrome/116.0.1938.76 Safari/537.36" 337 **0/337096**
57.141.0.15 - - [26/Nov/2025:11:19:36 -0700] "GET /?a=114650086011690& HTTP/1.1" 200 7610 "-" "meta-externalagent/1.1 (+https://developers.facebook.com/docs/sharing/webmasters/crawler)" 104 **0/104831**
57.141.0.45 - - [26/Nov/2025:11:19:44 -0700] "GET /?a=91992625011690& HTTP/1.1" 200 7610 "-" "meta-externalagent/1.1 (+https://developers.facebook.com/docs/sharing/webmasters/crawler)" 102 **0/102370**
40.77.167.156 - - [26/Nov/2025:11:19:57 -0700] "GET /?a=105791916011690&mod=3f6ad121&uri=goods.php%3Fid%3D3539949-393%26name%3Dstrattus+chino+kuhl+strattus+shorts HTTP/1.1" 200 21354 "-" "Mozilla/5.0 AppleWebKit/537.36 (KHTML, like Gecko; compatible; bingbot/2.0; +http://www.bing.com/bingbot.htm) Chrome/116.0.1938.76 Safari/537.36" 279 **0/279335**
40.77.167.47 - - [26/Nov/2025:11:19:59 -0700] "GET /?a=103717827021690&mod=bd1de862&uri=shared.php%3Fid%3D3470475-201%26name%3Davexir+16gb+ddr4+ram HTTP/1.1" 200 20221 "-" "Mozilla/5.0 AppleWebKit/537.36 (KHTML, like Gecko; compatible; bingbot/2.0; +http://www.bing.com/bingbot.htm) Chrome/116.0.1938.76 Safari/537.36" 242 **0/242419**
40.77.167.61 - - [26/Nov/2025:11:20:03 -0700] "GET /?a=27631983041690&mod=7cc5a754&uri=blog.php%3Fid%3D924371-80%26name%3Dsink+game+camping+tables HTTP/1.1" 200 21072 "-" "Mozilla/5.0 AppleWebKit/537.36 (KHTML, like Gecko; compatible; bingbot/2.0; +http://www.bing.com/bingbot.htm) Chrome/116.0.1938.76 Safari/537.36" 303 **0/303733**
20.15.133.175 - - [26/Nov/2025:11:20:26 -0700] "GET /?a=104373368051690&mod=44bedf0b&uri=form.php%3Fid%3D3492406-651%26name%3Ddenim+outfit+pantalon+de+mezclilla+y+blusa+negra HTTP/1.1" 200 20687 "-" "Mozilla/5.0 AppleWebKit/537.36 (KHTML, like Gecko; compatible; bingbot/2.0; +http://www.bing.com/bingbot.htm) Chrome/116.0.1938.76 Safari/537.36" 260 **0/260835**
185.213.229.120 - - [26/Nov/2025:11:20:45 -0700] "GET http://www.blalockdialysiscenter.com/?a=6470844091690&mod=2f093e72&name=hpusn+steadicam+x7&uri=article.php%3Fid%3D216438-141 HTTP/1.1" 200 2554 "-" "Mozilla/5.0 (Windows NT 10.0; Win64; x64) AppleWebKit/537.36 (KHTML, like Gecko) Chrome/68.0.3409.13 Safari/537.36" 96 **0/96617**
57.141.0.69 - - [26/Nov/2025:11:20:50 -0700] "GET /?a=104145223031690& HTTP/1.1" 200 7610 "-" "meta-externalagent/1.1 (+https://developers.facebook.com/docs/sharing/webmasters/crawler)" 95 **0/95573**
20.15.133.174 - - [26/Nov/2025:11:20:56 -0700] "GET /?a=104679808021690&mod=937f578a&uri=brands.php%3Fid%3D3502659-300%26name%3Ddias+romanticos+spa+dos+dias+una+noche HTTP/1.1" 200 20993 "-" "Mozilla/5.0 AppleWebKit/537.36 (KHTML, like Gecko; compatible; bingbot/2.0; +http://www.bing.com/bingbot.htm) Chrome/116.0.1938.76 Safari/537.36" 278 **0/278908**
57.141.0.58 - - [26/Nov/2025:11:21:02 -0700] "GET /?a=91119442021690& HTTP/1.1" 200 7610 "-" "meta-externalagent/1.1 (+https://developers.facebook.com/docs/sharing/webmasters/crawler)" 96 **0/96136**
178.136.105.130 - - [26/Nov/2025:11:21:11 -0700] "GET http://www.blalockdialysiscenter.com/pcmypage?callback=product%2Freview%2F5104621071690 HTTP/1.1" 200 2554 "-" "Mozilla/5.0 (Macintosh; Intel Mac OS X 10_11_6) AppleWebKit/537.36 (KHTML, like Gecko) Brave Chrome/79.0.3945.88 Safari/537.36" 93 **0/93815**
57.141.0.10 - - [26/Nov/2025:11:21:15 -0700] "GET /?a=32654273021690& HTTP/1.1" 200 7610 "-" "meta-externalagent/1.1 (+https://developers.facebook.com/docs/sharing/webmasters/crawler)" 96 **0/96877**
57.141.0.23 - - [26/Nov/2025:11:21:16 -0700] "GET /?a=100893682061690& HTTP/1.1" 200 7610 "-" "meta-externalagent/1.1 (+https://developers.facebook.com/docs/sharing/webmasters/crawler)" 94 **0/94917**
37.238.109.12 - - [26/Nov/2025:11:21:47 -0700] "GET http://www.blalockdialysiscenter.com/?a=5160428071690&mod=61b5c689&name=color+chart+ohuhu+alcohol+markers+review&uri=article.php%3Fid%3D172614-134 HTTP/1.1" 200 2554 "-" "Mozilla/5.0 (Macintosh; Intel Mac OS X 10_13_3) AppleWebKit/537.36 (KHTML, like Gecko) Chrome/67.0.3396.2 Safari/537.36" 99 **0/99934**
43.250.85.207 - - [26/Nov/2025:11:22:19 -0700] "GET http://www.blalockdialysiscenter.com/?a=103820304041690&mod=e1228be4&name=new+lego+friends&uri=shared.php%3Fid%3D3473907-36 HTTP/1.1" 200 2554 "-" "Mozilla/5.0 (Macintosh; Intel Mac OS X 10_10_5) AppleWebKit/537.36 (KHTML, like Gecko) Brave Chrome/86.0.4240.75 Safari/537.36" 189 **0/189187**
168.0.18.223 - - [26/Nov/2025:11:22:30 -0700] "GET http://www.blalockdialysiscenter.com/?a=6343195061690&mod=e744f91c&name=bluetooth+earphones+best+earbuds+under+1500&uri=news.php%3Fid%3D212167-9 HTTP/1.1" 200 2554 "-" "Mozilla/5.0 (Macintosh; Intel Mac OS X 10_12_6) AppleWebKit/537.36 (KHTML, like Gecko) Brave Chrome/80.0.3987.116 Safari/537.36" 102 **0/102443**
20.15.133.174 - - [26/Nov/2025:11:22:37 -0700] "GET /?a=104265900031690&mod=dc6a6489&uri=shop.php%3Fid%3D3488813-4%26name%3Dhalloween+jack+and+sally+throw+blanket HTTP/1.1" 200 21280 "-" "Mozilla/5.0 AppleWebKit/537.36 (KHTML, like Gecko; compatible; bingbot/2.0; +http://www.bing.com/bingbot.htm) Chrome/116.0.1938.76 Safari/537.36" 265 **0/265814**
20.15.133.160 - - [26/Nov/2025:11:22:47 -0700] "GET /?a=90430635031690&mod=022deef5&uri=pin.php%3Fid%3D3025734-109%26name%3Dnike+footwear+sky+blue+air+max+90 HTTP/1.1" 200 20979 "-" "Mozilla/5.0 AppleWebKit/537.36 (KHTML, like Gecko; compatible; bingbot/2.0; +http://www.bing.com/bingbot.htm) Chrome/116.0.1938.76 Safari/537.36" 285 **0/285978**
57.141.0.73 - - [26/Nov/2025:11:22:50 -0700] "GET /?a=3581724031690& HTTP/1.1" 200 7610 "-" "meta-externalagent/1.1 (+https://developers.facebook.com/docs/sharing/webmasters/crawler)" 111 **0/111050**
20.15.133.175 - - [26/Nov/2025:11:22:57 -0700] "GET /?a=102158134031690&mod=b3b6a68e&uri=dp.php%3Fid%3D3418273-1170%26name%3Dwallpaper+free+demon+slayer+mugen+train HTTP/1.1" 200 21213 "-" "Mozilla/5.0 AppleWebKit/537.36 (KHTML, like Gecko; compatible; bingbot/2.0; +http://www.bing.com/bingbot.htm) Chrome/116.0.1938.76 Safari/537.36" 275 **0/275344**
40.77.167.47 - - [26/Nov/2025:11:23:09 -0700] "GET /?a=6495664061690&mod=d4d367f9&uri=shared.php%3Fid%3D217266-405%26name%3Dcash+register+walmart+house+registry HTTP/1.1" 200 21281 "-" "Mozilla/5.0 AppleWebKit/537.36 (KHTML, like Gecko; compatible; bingbot/2.0; +http://www.bing.com/bingbot.htm) Chrome/116.0.1938.76 Safari/537.36" 261 **0/261138**
40.77.167.241 - - [26/Nov/2025:11:23:12 -0700] "GET /?a=56146481021690&mod=39a6f257&uri=category-info.php%3Fid%3D1878393-936%26name%3Djuegos+los+juguetes+de+luna HTTP/1.1" 200 20749 "-" "Mozilla/5.0 AppleWebKit/537.36 (KHTML, like Gecko; compatible; bingbot/2.0; +http://www.bing.com/bingbot.htm) Chrome/116.0.1938.76 Safari/537.36" 282 **0/282327**
40.77.167.241 - - [26/Nov/2025:11:23:14 -0700] "GET /?a=84198448031690&mod=4c26774d&uri=brands.php%3Fid%3D2817167-58%26name%3Dbicycle+giant+tcr+advanced+for+sale HTTP/1.1" 200 21799 "-" "Mozilla/5.0 AppleWebKit/537.36 (KHTML, like Gecko; compatible; bingbot/2.0; +http://www.bing.com/bingbot.htm) Chrome/116.0.1938.76 Safari/537.36" 298 **0/298574**
20.15.133.175 - - [26/Nov/2025:11:23:16 -0700] "GET /?a=102131830081690&mod=069802d4&uri=shared.php%3Fid%3D3417395-158%26name%3Dfloorstanding+speaker+infinity+p363 HTTP/1.1" 200 20823 "-" "Mozilla/5.0 AppleWebKit/537.36 (KHTML, like Gecko; compatible; bingbot/2.0; +http://www.bing.com/bingbot.htm) Chrome/116.0.1938.76 Safari/537.36" 294 **0/294827**
40.77.167.152 - - [26/Nov/2025:11:23:22 -0700] "GET /?a=95097580011690&mod=cdda8992&uri=info.php%3Fid%3D3181896-585%26name%3Dbeanie+hats+to+keep+your+head+cool HTTP/1.1" 200 20756 "-" "Mozilla/5.0 AppleWebKit/537.36 (KHTML, like Gecko; compatible; bingbot/2.0; +http://www.bing.com/bingbot.htm) Chrome/116.0.1938.76 Safari/537.36" 307 **0/307079**
20.15.133.174 - - [26/Nov/2025:11:23:37 -0700] "GET /?a=104246532041690&mod=32a164af&uri=pin.php%3Fid%3D3488167-932%26name%3Dside+burner+burner+bbq+sale HTTP/1.1" 200 20709 "-" "Mozilla/5.0 AppleWebKit/537.36 (KHTML, like Gecko; compatible; bingbot/2.0; +http://www.bing.com/bingbot.htm) Chrome/116.0.1938.76 Safari/537.36" 270 **0/270749**
187.45.152.22 - - [26/Nov/2025:11:23:50 -0700] "GET http://www.blalockdialysiscenter.com/?a=5115814021690&mod=325995af&name=smart+tv+amazon+fire+stick+crunchyroll+not+working&uri=blog.php%3Fid%3D171120-20 HTTP/1.1" 200 2554 "-" "Mozilla/5.0 (Macintosh; Intel Mac OS X 10_13_6) AppleWebKit/537.36 (KHTML, like Gecko) Brave Chrome/77.0.3865.90 Safari/537.36" 97 **0/97187**
40.77.167.152 - - [26/Nov/2025:11:23:52 -0700] "GET /?a=95150046031690&mod=a1a97c7e&uri=us.php%3Fid%3D3183648-1645%26name%3Dgg+canvas+gucci+crossbody+bag+brown HTTP/1.1" 200 19910 "-" "Mozilla/5.0 AppleWebKit/537.36 (KHTML, like Gecko; compatible; bingbot/2.0; +http://www.bing.com/bingbot.htm) Chrome/116.0.1938.76 Safari/537.36" 251 **0/251631**
40.77.167.47 - - [26/Nov/2025:11:23:59 -0700] "GET /?a=104162755021690&mod=4c26774d&uri=dp.php%3Fid%3D3485373-58%26name%3Delectric+bike+huffy+20in+bike HTTP/1.1" 200 21441 "-" "Mozilla/5.0 AppleWebKit/537.36 (KHTML, like Gecko; compatible; bingbot/2.0; +http://www.bing.com/bingbot.htm) Chrome/116.0.1938.76 Safari/537.36" 287 **0/287516**
52.167.144.172 - - [26/Nov/2025:11:24:03 -0700] "GET /?a=42936758001690&mod=28c07586&uri=shared.php%3Fid%3D1436359-942%26name%3Dasus+a68hm+k+a68+motherboard HTTP/1.1" 200 20229 "-" "Mozilla/5.0 AppleWebKit/537.36 (KHTML, like Gecko; compatible; bingbot/2.0; +http://www.bing.com/bingbot.htm) Chrome/116.0.1938.76 Safari/537.36" 251 **0/251027**
52.167.144.172 - - [26/Nov/2025:11:24:18 -0700] "GET /?a=96091142001690&mod=69e76024&uri=pin.php%3Fid%3D3215168-325%26name%3Dvingli+80+80+quart+cooler+home+depot HTTP/1.1" 200 20722 "-" "Mozilla/5.0 AppleWebKit/537.36 (KHTML, like Gecko; compatible; bingbot/2.0; +http://www.bing.com/bingbot.htm) Chrome/116.0.1938.76 Safari/537.36" 265 **0/265528**
40.77.167.152 - - [26/Nov/2025:11:24:21 -0700] "GET /?a=49011245021690&mod=77bd061c&uri=form.php%3Fid%3D1639613-155%26name%3Dphantom+silver+galaxy+s21+ultra+256 HTTP/1.1" 200 21237 "-" "Mozilla/5.0 AppleWebKit/537.36 (KHTML, like Gecko; compatible; bingbot/2.0; +http://www.bing.com/bingbot.htm) Chrome/116.0.1938.76 Safari/537.36" 314 **0/314731**
66.249.69.170 - - [26/Nov/2025:11:24:28 -0700] "GET /?/css_6356af597ebeb154b969e538d3e95f0f/_drupal_sites_default_files_css_css_YLUY2usEybPXqNO15-ozAgAYsZmniqhrU6f3bp69-r4 HTTP/1.1" 200 2230 "http://blalockdialysiscenter.com/?a=98259424041690&mod=242f5076&uri=shared.php%3Fid%3D3287808-787%26name%3Douter+space+images+best+hubble+telescope+pictures" "Mozilla/5.0 AppleWebKit/537.36 (KHTML, like Gecko; compatible; GoogleOther) Chrome/141.0.7390.122 Safari/537.36" 102 **0/102069**
66.249.69.171 - - [26/Nov/2025:11:24:28 -0700] "GET /?/js_6356af597ebeb154b969e538d3e95f0f/_drupal_sites_default_files_js_js_G878YGhv0pYpg9iZ_hIm3vCCQWyhWgLawk-6b6wmZuU HTTP/1.1" 200 2230 "http://blalockdialysiscenter.com/?a=98259424041690&mod=242f5076&uri=shared.php%3Fid%3D3287808-787%26name%3Douter+space+images+best+hubble+telescope+pictures" "Mozilla/5.0 AppleWebKit/537.36 (KHTML, like Gecko; compatible; GoogleOther) Chrome/141.0.7390.122 Safari/537.36" 95 **0/95770**
66.249.69.172 - - [26/Nov/2025:11:24:28 -0700] "GET /?/css_6356af597ebeb154b969e538d3e95f0f/_drupal_sites_default_files_css_css_LmUrbIckCDCKvN2_Q3zbp044aJ28BPsL4EcroazBk2w HTTP/1.1" 200 2230 "http://blalockdialysiscenter.com/?a=98259424041690&mod=242f5076&uri=shared.php%3Fid%3D3287808-787%26name%3Douter+space+images+best+hubble+telescope+pictures" "Mozilla/5.0 AppleWebKit/537.36 (KHTML, like Gecko; compatible; GoogleOther) Chrome/141.0.7390.122 Safari/537.36" 113 **0/113185**
66.249.69.172 - - [26/Nov/2025:11:24:28 -0700] "GET /?/css_6356af597ebeb154b969e538d3e95f0f/_styles_css_product-detail-ex01 HTTP/1.1" 200 2230 "http://blalockdialysiscenter.com/?a=98259424041690&mod=242f5076&uri=shared.php%3Fid%3D3287808-787%26name%3Douter+space+images+best+hubble+telescope+pictures" "Mozilla/5.0 AppleWebKit/537.36 (KHTML, like Gecko; compatible; GoogleOther) Chrome/141.0.7390.122 Safari/537.36" 94 **0/94764**
66.249.69.171 - - [26/Nov/2025:11:24:29 -0700] "GET /?/css_6356af597ebeb154b969e538d3e95f0f/_styles_css_wanderer-fg HTTP/1.1" 200 2230 "http://blalockdialysiscenter.com/?a=98259424041690&mod=242f5076&uri=shared.php%3Fid%3D3287808-787%26name%3Douter+space+images+best+hubble+telescope+pictures" "Mozilla/5.0 AppleWebKit/537.36 (KHTML, like Gecko; compatible; GoogleOther) Chrome/141.0.7390.122 Safari/537.36" 109 **0/109028**
66.249.69.170 - - [26/Nov/2025:11:24:29 -0700] "GET /?/js_6356af597ebeb154b969e538d3e95f0f/_styles_js_lazysizes.min HTTP/1.1" 200 2230 "http://blalockdialysiscenter.com/?a=98259424041690&mod=242f5076&uri=shared.php%3Fid%3D3287808-787%26name%3Douter+space+images+best+hubble+telescope+pictures" "Mozilla/5.0 AppleWebKit/537.36 (KHTML, like Gecko; compatible; GoogleOther) Chrome/141.0.7390.122 Safari/537.36" 96 **0/96295**
66.249.69.171 - - [26/Nov/2025:11:24:29 -0700] "GET /?/svg_6356af597ebeb154b969e538d3e95f0f/_pics_webp_common_pc_cart_black.svg HTTP/1.1" 200 2230 "http://blalockdialysiscenter.com/?a=98259424041690&mod=242f5076&uri=shared.php%3Fid%3D3287808-787%26name%3Douter+space+images+best+hubble+telescope+pictures" "Mozilla/5.0 AppleWebKit/537.36 (KHTML, like Gecko; compatible; GoogleOther) Chrome/141.0.7390.122 Safari/537.36" 91 **0/91872**
66.249.69.172 - - [26/Nov/2025:11:24:29 -0700] "GET /?/svg_6356af597ebeb154b969e538d3e95f0f/_pics_webp_common_pc_user_black.svg HTTP/1.1" 200 2230 "http://blalockdialysiscenter.com/?a=98259424041690&mod=242f5076&uri=shared.php%3Fid%3D3287808-787%26name%3Douter+space+images+best+hubble+telescope+pictures" "Mozilla/5.0 AppleWebKit/537.36 (KHTML, like Gecko; compatible; GoogleOther) Chrome/141.0.7390.122 Safari/537.36" 93 **0/93954**
66.249.69.171 - - [26/Nov/2025:11:24:30 -0700] "GET /?/js_6356af597ebeb154b969e538d3e95f0f/_styles_js_lightbox HTTP/1.1" 200 2230 "http://blalockdialysiscenter.com/?a=98259424041690&mod=242f5076&uri=shared.php%3Fid%3D3287808-787%26name%3Douter+space+images+best+hubble+telescope+pictures" "Mozilla/5.0 AppleWebKit/537.36 (KHTML, like Gecko; compatible; GoogleOther) Chrome/141.0.7390.122 Safari/537.36" 90 **0/90318**
66.249.69.170 - - [26/Nov/2025:11:24:30 -0700] "GET /?/svg_6356af597ebeb154b969e538d3e95f0f/_pics_webp_common_pc_bell.svg HTTP/1.1" 200 2230 "http://blalockdialysiscenter.com/?a=98259424041690&mod=242f5076&uri=shared.php%3Fid%3D3287808-787%26name%3Douter+space+images+best+hubble+telescope+pictures" "Mozilla/5.0 AppleWebKit/537.36 (KHTML, like Gecko; compatible; GoogleOther) Chrome/141.0.7390.122 Safari/537.36" 96 **0/96621**
66.249.69.171 - - [26/Nov/2025:11:24:30 -0700] "GET /?/css_6356af597ebeb154b969e538d3e95f0f/_drupal_modules_product_detail_assets_css_new_pc_product_detail HTTP/1.1" 200 2230 "http://blalockdialysiscenter.com/?a=98259424041690&mod=242f5076&uri=shared.php%3Fid%3D3287808-787%26name%3Douter+space+images+best+hubble+telescope+pictures" "Mozilla/5.0 AppleWebKit/537.36 (KHTML, like Gecko; compatible; GoogleOther) Chrome/141.0.7390.122 Safari/537.36" 98 **0/98461**
66.249.69.171 - - [26/Nov/2025:11:24:30 -0700] "GET /?/js_6356af597ebeb154b969e538d3e95f0f/_drupal_sites_default_files_js_js_nfGRbDhyXF9_dFjG2rkRRw84Gy6p5a4aGnpYcOKhuC4 HTTP/1.1" 200 2230 "http://blalockdialysiscenter.com/?a=98259424041690&mod=242f5076&uri=shared.php%3Fid%3D3287808-787%26name%3Douter+space+images+best+hubble+telescope+pictures" "Mozilla/5.0 AppleWebKit/537.36 (KHTML, like Gecko; compatible; GoogleOther) Chrome/141.0.7390.122 Safari/537.36" 95 **0/95645**
66.249.69.170 - - [26/Nov/2025:11:24:30 -0700] "GET /?/js_6356af597ebeb154b969e538d3e95f0f/_drupal_sites_default_files_js_js_z1qFDrghecTCI5Rjumn4rMBYPHvd-E4L0DVpS2JCjnw HTTP/1.1" 200 2230 "http://blalockdialysiscenter.com/?a=98259424041690&mod=242f5076&uri=shared.php%3Fid%3D3287808-787%26name%3Douter+space+images+best+hubble+telescope+pictures" "Mozilla/5.0 AppleWebKit/537.36 (KHTML, like Gecko; compatible; GoogleOther) Chrome/141.0.7390.122 Safari/537.36" 107 **0/107974**
66.249.69.171 - - [26/Nov/2025:11:24:31 -0700] "GET /?/js_6356af597ebeb154b969e538d3e95f0f/_drupal_sites_default_files_js_js_i3BGasXGb_pVk8CAUeSJnjMmyNE-bFprX9j4_djQznQ HTTP/1.1" 200 2230 "http://blalockdialysiscenter.com/?a=98259424041690&mod=242f5076&uri=shared.php%3Fid%3D3287808-787%26name%3Douter+space+images+best+hubble+telescope+pictures" "Mozilla/5.0 AppleWebKit/537.36 (KHTML, like Gecko; compatible; GoogleOther) Chrome/141.0.7390.122 Safari/537.36" 95 **0/95734**
66.249.69.170 - - [26/Nov/2025:11:24:31 -0700] "GET /?/svg_6356af597ebeb154b969e538d3e95f0f/_pics_webp_common_pc_logout.svg HTTP/1.1" 200 2230 "http://blalockdialysiscenter.com/?a=98259424041690&mod=242f5076&uri=shared.php%3Fid%3D3287808-787%26name%3Douter+space+images+best+hubble+telescope+pictures" "Mozilla/5.0 AppleWebKit/537.36 (KHTML, like Gecko; compatible; GoogleOther) Chrome/141.0.7390.122 Safari/537.36" 103 **0/103877**
66.249.69.172 - - [26/Nov/2025:11:24:31 -0700] "GET /?/svg_6356af597ebeb154b969e538d3e95f0f/_pics_webp_common_pc_close_sidebar.svg HTTP/1.1" 200 2230 "http://blalockdialysiscenter.com/?a=98259424041690&mod=242f5076&uri=shared.php%3Fid%3D3287808-787%26name%3Douter+space+images+best+hubble+telescope+pictures" "Mozilla/5.0 AppleWebKit/537.36 (KHTML, like Gecko; compatible; GoogleOther) Chrome/141.0.7390.122 Safari/537.36" 97 **0/97040**
66.249.69.170 - - [26/Nov/2025:11:24:31 -0700] "GET /?/img_6356af597ebeb154b969e538d3e95f0f/_database_images_no_photo HTTP/1.1" 200 2230 "http://blalockdialysiscenter.com/?a=98259424041690&mod=242f5076&uri=shared.php%3Fid%3D3287808-787%26name%3Douter+space+images+best+hubble+telescope+pictures" "Mozilla/5.0 AppleWebKit/537.36 (KHTML, like Gecko; compatible; GoogleOther) Chrome/141.0.7390.122 Safari/537.36" 96 **0/96437**
66.249.69.170 - - [26/Nov/2025:11:24:31 -0700] "GET /?/img_6356af597ebeb154b969e538d3e95f0f/_pics_webp_common_pc_flash_sale.png HTTP/1.1" 200 2230 "http://blalockdialysiscenter.com/?a=98259424041690&mod=242f5076&uri=shared.php%3Fid%3D3287808-787%26name%3Douter+space+images+best+hubble+telescope+pictures" "Mozilla/5.0 AppleWebKit/537.36 (KHTML, like Gecko; compatible; GoogleOther) Chrome/141.0.7390.122 Safari/537.36" 96 **0/96766**
66.249.69.171 - - [26/Nov/2025:11:24:32 -0700] "GET /?/svg_6356af597ebeb154b969e538d3e95f0f/_pics_webp_common_pc_add_cart.svg HTTP/1.1" 200 2230 "http://blalockdialysiscenter.com/?a=98259424041690&mod=242f5076&uri=shared.php%3Fid%3D3287808-787%26name%3Douter+space+images+best+hubble+telescope+pictures" "Mozilla/5.0 AppleWebKit/537.36 (KHTML, like Gecko; compatible; GoogleOther) Chrome/141.0.7390.122 Safari/537.36" 115 **0/115896**
66.249.69.171 - - [26/Nov/2025:11:24:32 -0700] "GET /?/img_6356af597ebeb154b969e538d3e95f0f/_pics_webp_product_notify_jpxmas2024_cargo_smp_1732838752.jpg HTTP/1.1" 200 2230 "http://blalockdialysiscenter.com/?a=98259424041690&mod=242f5076&uri=shared.php%3Fid%3D3287808-787%26name%3Douter+space+images+best+hubble+telescope+pictures" "Mozilla/5.0 AppleWebKit/537.36 (KHTML, like Gecko; compatible; GoogleOther) Chrome/141.0.7390.122 Safari/537.36" 95 **0/95736**
66.249.69.170 - - [26/Nov/2025:11:24:32 -0700] "GET /?/svg_6356af597ebeb154b969e538d3e95f0f/_pics_webp_common_pc_star_whishlist.svg HTTP/1.1" 200 2230 "http://blalockdialysiscenter.com/?a=98259424041690&mod=242f5076&uri=shared.php%3Fid%3D3287808-787%26name%3Douter+space+images+best+hubble+telescope+pictures" "Mozilla/5.0 AppleWebKit/537.36 (KHTML, like Gecko; compatible; GoogleOther) Chrome/141.0.7390.122 Safari/537.36" 92 **0/92785**
66.249.69.171 - - [26/Nov/2025:11:24:32 -0700] "GET /?/img_6356af597ebeb154b969e538d3e95f0f/_pics_webp_keikoku01a.gif HTTP/1.1" 200 2230 "http://blalockdialysiscenter.com/?a=98259424041690&mod=242f5076&uri=shared.php%3Fid%3D3287808-787%26name%3Douter+space+images+best+hubble+telescope+pictures" "Mozilla/5.0 AppleWebKit/537.36 (KHTML, like Gecko; compatible; GoogleOther) Chrome/141.0.7390.122 Safari/537.36" 98 **0/98918**
66.249.69.171 - - [26/Nov/2025:11:24:32 -0700] "GET /?/img_6356af597ebeb154b969e538d3e95f0f/_pics_webp_common_pc_no_photo300.jpg HTTP/1.1" 200 2230 "http://blalockdialysiscenter.com/?a=98259424041690&mod=242f5076&uri=shared.php%3Fid%3D3287808-787%26name%3Douter+space+images+best+hubble+telescope+pictures" "Mozilla/5.0 AppleWebKit/537.36 (KHTML, like Gecko; compatible; GoogleOther) Chrome/141.0.7390.122 Safari/537.36" 95 **0/95643**
66.249.69.170 - - [26/Nov/2025:11:24:33 -0700] "GET /?/img_6356af597ebeb154b969e538d3e95f0f/_pics_webp_keikoku02.gif HTTP/1.1" 200 2230 "http://blalockdialysiscenter.com/?a=98259424041690&mod=242f5076&uri=shared.php%3Fid%3D3287808-787%26name%3Douter+space+images+best+hubble+telescope+pictures" "Mozilla/5.0 AppleWebKit/537.36 (KHTML, like Gecko; compatible; GoogleOther) Chrome/141.0.7390.122 Safari/537.36" 93 **0/93709**
40.77.167.241 - - [26/Nov/2025:11:24:32 -0700] "GET /?a=52875400011690&mod=5e4d0656&uri=category-info.php%3Fid%3D1768914-334%26name%3Dhand+reel+fishing+pole HTTP/1.1" 200 21547 "-" "Mozilla/5.0 AppleWebKit/537.36 (KHTML, like Gecko; compatible; bingbot/2.0; +http://www.bing.com/bingbot.htm) Chrome/116.0.1938.76 Safari/537.36" 290 **0/290641**
66.249.69.171 - - [26/Nov/2025:11:24:33 -0700] "GET /?/img_6356af597ebeb154b969e538d3e95f0f/_pics_webp_keikoku03.gif HTTP/1.1" 200 2230 "http://blalockdialysiscenter.com/?a=98259424041690&mod=242f5076&uri=shared.php%3Fid%3D3287808-787%26name%3Douter+space+images+best+hubble+telescope+pictures" "Mozilla/5.0 AppleWebKit/537.36 (KHTML, like Gecko; compatible; GoogleOther) Chrome/141.0.7390.122 Safari/537.36" 99 **0/99065**
66.249.69.171 - - [26/Nov/2025:11:24:33 -0700] "GET /?/svg_6356af597ebeb154b969e538d3e95f0f/_pics_webp_common_pc_cart_black.svg HTTP/1.1" 200 2230 "http://blalockdialysiscenter.com/?a=98259424041690&mod=242f5076&uri=shared.php%3Fid%3D3287808-787%26name%3Douter+space+images+best+hubble+telescope+pictures" "Mozilla/5.0 AppleWebKit/537.36 (KHTML, like Gecko; compatible; GoogleOther) Chrome/141.0.7390.122 Safari/537.36" 95 **0/95291**
66.249.69.171 - - [26/Nov/2025:11:24:33 -0700] "GET /?/svg_6356af597ebeb154b969e538d3e95f0f/_pics_webp_common_pc_user_black.svg HTTP/1.1" 200 2230 "http://blalockdialysiscenter.com/?a=98259424041690&mod=242f5076&uri=shared.php%3Fid%3D3287808-787%26name%3Douter+space+images+best+hubble+telescope+pictures" "Mozilla/5.0 AppleWebKit/537.36 (KHTML, like Gecko; compatible; GoogleOther) Chrome/141.0.7390.122 Safari/537.36" 94 **0/94784**
66.249.69.171 - - [26/Nov/2025:11:24:34 -0700] "GET /?/img_6356af597ebeb154b969e538d3e95f0f/_pics_webp_common_pc_no_photo300.jpg HTTP/1.1" 200 2230 "http://blalockdialysiscenter.com/?a=98259424041690&mod=242f5076&uri=shared.php%3Fid%3D3287808-787%26name%3Douter+space+images+best+hubble+telescope+pictures" "Mozilla/5.0 AppleWebKit/537.36 (KHTML, like Gecko; compatible; GoogleOther) Chrome/141.0.7390.122 Safari/537.36" 93 **0/93946**
66.249.69.171 - - [26/Nov/2025:11:24:34 -0700] "GET /?/svg_6356af597ebeb154b969e538d3e95f0f/_drupal_themes_surugaya_new_css_.._images_icon_arrow-next-blue HTTP/1.1" 200 2230 "http://blalockdialysiscenter.com/?a=98259424041690&mod=242f5076&uri=shared.php%3Fid%3D3287808-787%26name%3Douter+space+images+best+hubble+telescope+pictures" "Mozilla/5.0 AppleWebKit/537.36 (KHTML, like Gecko; compatible; GoogleOther) Chrome/141.0.7390.122 Safari/537.36" 102 **0/102476**
66.249.69.171 - - [26/Nov/2025:11:24:34 -0700] "GET /?/svg_6356af597ebeb154b969e538d3e95f0f/_pics_webp_common_pc_social_facebook.svg HTTP/1.1" 200 2230 "http://blalockdialysiscenter.com/?a=98259424041690&mod=242f5076&uri=shared.php%3Fid%3D3287808-787%26name%3Douter+space+images+best+hubble+telescope+pictures" "Mozilla/5.0 AppleWebKit/537.36 (KHTML, like Gecko; compatible; GoogleOther) Chrome/141.0.7390.122 Safari/537.36" 101 **0/101002**
66.249.69.171 - - [26/Nov/2025:11:24:34 -0700] "GET /?/svg_6356af597ebeb154b969e538d3e95f0f/_pics_webp_common_pc_social_youtube.svg HTTP/1.1" 200 2230 "http://blalockdialysiscenter.com/?a=98259424041690&mod=242f5076&uri=shared.php%3Fid%3D3287808-787%26name%3Douter+space+images+best+hubble+telescope+pictures" "Mozilla/5.0 AppleWebKit/537.36 (KHTML, like Gecko; compatible; GoogleOther) Chrome/141.0.7390.122 Safari/537.36" 103 **0/103990**
66.249.69.170 - - [26/Nov/2025:11:24:34 -0700] "GET /?/img_6356af597ebeb154b969e538d3e95f0f/_pics_webp_Instagram_Glyph_Gradient.png HTTP/1.1" 200 2230 "http://blalockdialysiscenter.com/?a=98259424041690&mod=242f5076&uri=shared.php%3Fid%3D3287808-787%26name%3Douter+space+images+best+hubble+telescope+pictures" "Mozilla/5.0 AppleWebKit/537.36 (KHTML, like Gecko; compatible; GoogleOther) Chrome/141.0.7390.122 Safari/537.36" 99 **0/99419**
66.249.69.171 - - [26/Nov/2025:11:24:34 -0700] "GET /?/img_6356af597ebeb154b969e538d3e95f0f/_pics_webp_X_black_radius.png HTTP/1.1" 200 2230 "http://blalockdialysiscenter.com/?a=98259424041690&mod=242f5076&uri=shared.php%3Fid%3D3287808-787%26name%3Douter+space+images+best+hubble+telescope+pictures" "Mozilla/5.0 AppleWebKit/537.36 (KHTML, like Gecko; compatible; GoogleOther) Chrome/141.0.7390.122 Safari/537.36" 106 **0/106036**
66.249.69.171 - - [26/Nov/2025:11:24:35 -0700] "GET /?/svg_6356af597ebeb154b969e538d3e95f0f/_pics_webp_bluesky-1.svg HTTP/1.1" 200 2230 "http://blalockdialysiscenter.com/?a=98259424041690&mod=242f5076&uri=shared.php%3Fid%3D3287808-787%26name%3Douter+space+images+best+hubble+telescope+pictures" "Mozilla/5.0 AppleWebKit/537.36 (KHTML, like Gecko; compatible; GoogleOther) Chrome/141.0.7390.122 Safari/537.36" 94 **0/94782**
201.222.77.42 - - [26/Nov/2025:11:24:52 -0700] "GET http://www.blalockdialysiscenter.com/?a=5065209031690&mod=80e3536e&name=chelsea+boots+madden+girl+tan+boots&uri=blog.php%3Fid%3D169419-482 HTTP/1.1" 200 2554 "-" "Mozilla/5.0 (Macintosh; Intel Mac OS X 10_15_2) AppleWebKit/537.36 (KHTML, like Gecko) Chrome/79.0.3945.79 Safari/537.36" 96 **0/96238**
40.77.167.241 - - [26/Nov/2025:11:24:53 -0700] "GET /?a=49593976111690&mod=069802d4&uri=article.php%3Fid%3D1659124-158%26name%3Dwireless+speaker+lightweight+bluetooth+speaker HTTP/1.1" 200 21398 "-" "Mozilla/5.0 AppleWebKit/537.36 (KHTML, like Gecko; compatible; bingbot/2.0; +http://www.bing.com/bingbot.htm) Chrome/116.0.1938.76 Safari/537.36" 232 **0/232238**
40.77.167.156 - - [26/Nov/2025:11:25:13 -0700] "GET /?a=60932074021690&mod=a77fee56&uri=info.php%3Fid%3D2038577-223%26name%3Dfujifilm+camera+best+buy+fuji+xt3 HTTP/1.1" 200 21059 "-" "Mozilla/5.0 AppleWebKit/537.36 (KHTML, like Gecko; compatible; bingbot/2.0; +http://www.bing.com/bingbot.htm) Chrome/116.0.1938.76 Safari/537.36" 298 **0/298674**
40.77.167.156 - - [26/Nov/2025:11:25:14 -0700] "GET /?a=39217659001690&mod=c1e5d114&uri=article.php%3Fid%3D1311893-517%26name%3Dmoney+balenciaga+dollar+shirt HTTP/1.1" 200 19912 "-" "Mozilla/5.0 AppleWebKit/537.36 (KHTML, like Gecko; compatible; bingbot/2.0; +http://www.bing.com/bingbot.htm) Chrome/116.0.1938.76 Safari/537.36" 271 **0/271410**
66.249.69.170 - - [26/Nov/2025:11:25:18 -0700] "GET /?/css_6356af597ebeb154b969e538d3e95f0f/_styles_css_wanderer-fg HTTP/1.1" 200 2230 "http://blalockdialysiscenter.com/?a=5684728021690&mod=1ce3e6e3&uri=goods.php%3Fid%3D190149-88%26name%3Dpantalon+de+vestir+azul+noche" "Mozilla/5.0 AppleWebKit/537.36 (KHTML, like Gecko; compatible; GoogleOther) Chrome/141.0.7390.122 Safari/537.36" 117 **0/117844**
66.249.69.170 - - [26/Nov/2025:11:25:18 -0700] "GET /?/js_6356af597ebeb154b969e538d3e95f0f/_drupal_sites_default_files_js_js_G878YGhv0pYpg9iZ_hIm3vCCQWyhWgLawk-6b6wmZuU HTTP/1.1" 200 2230 "http://blalockdialysiscenter.com/?a=5684728021690&mod=1ce3e6e3&uri=goods.php%3Fid%3D190149-88%26name%3Dpantalon+de+vestir+azul+noche" "Mozilla/5.0 AppleWebKit/537.36 (KHTML, like Gecko; compatible; GoogleOther) Chrome/141.0.7390.122 Safari/537.36" 96 **0/96459**
66.249.69.171 - - [26/Nov/2025:11:25:18 -0700] "GET /?/css_6356af597ebeb154b969e538d3e95f0f/_drupal_sites_default_files_css_css_LmUrbIckCDCKvN2_Q3zbp044aJ28BPsL4EcroazBk2w HTTP/1.1" 200 2230 "http://blalockdialysiscenter.com/?a=5684728021690&mod=1ce3e6e3&uri=goods.php%3Fid%3D190149-88%26name%3Dpantalon+de+vestir+azul+noche" "Mozilla/5.0 AppleWebKit/537.36 (KHTML, like Gecko; compatible; GoogleOther) Chrome/141.0.7390.122 Safari/537.36" 93 **0/93892**
66.249.69.170 - - [26/Nov/2025:11:25:18 -0700] "GET /?/svg_6356af597ebeb154b969e538d3e95f0f/_pics_webp_common_pc_user_black.svg HTTP/1.1" 200 2230 "http://blalockdialysiscenter.com/?a=5684728021690&mod=1ce3e6e3&uri=goods.php%3Fid%3D190149-88%26name%3Dpantalon+de+vestir+azul+noche" "Mozilla/5.0 AppleWebKit/537.36 (KHTML, like Gecko; compatible; GoogleOther) Chrome/141.0.7390.122 Safari/537.36" 91 **0/91714**
66.249.69.171 - - [26/Nov/2025:11:25:19 -0700] "GET /?/svg_6356af597ebeb154b969e538d3e95f0f/_pics_webp_common_pc_cart_black.svg HTTP/1.1" 200 2230 "http://blalockdialysiscenter.com/?a=5684728021690&mod=1ce3e6e3&uri=goods.php%3Fid%3D190149-88%26name%3Dpantalon+de+vestir+azul+noche" "Mozilla/5.0 AppleWebKit/537.36 (KHTML, like Gecko; compatible; GoogleOther) Chrome/141.0.7390.122 Safari/537.36" 93 **0/93418**
66.249.69.170 - - [26/Nov/2025:11:25:19 -0700] "GET /?/js_6356af597ebeb154b969e538d3e95f0f/_styles_js_lazysizes.min HTTP/1.1" 200 2230 "http://blalockdialysiscenter.com/?a=5684728021690&mod=1ce3e6e3&uri=goods.php%3Fid%3D190149-88%26name%3Dpantalon+de+vestir+azul+noche" "Mozilla/5.0 AppleWebKit/537.36 (KHTML, like Gecko; compatible; GoogleOther) Chrome/141.0.7390.122 Safari/537.36" 340 **0/340452**
66.249.69.171 - - [26/Nov/2025:11:25:19 -0700] "GET /?/css_6356af597ebeb154b969e538d3e95f0f/_drupal_sites_default_files_css_css_YLUY2usEybPXqNO15-ozAgAYsZmniqhrU6f3bp69-r4 HTTP/1.1" 200 2230 "http://blalockdialysiscenter.com/?a=5684728021690&mod=1ce3e6e3&uri=goods.php%3Fid%3D190149-88%26name%3Dpantalon+de+vestir+azul+noche" "Mozilla/5.0 AppleWebKit/537.36 (KHTML, like Gecko; compatible; GoogleOther) Chrome/141.0.7390.122 Safari/537.36" 105 **0/105608**
66.249.69.170 - - [26/Nov/2025:11:25:19 -0700] "GET /?/css_6356af597ebeb154b969e538d3e95f0f/_styles_css_product-detail-ex01 HTTP/1.1" 200 2230 "http://blalockdialysiscenter.com/?a=5684728021690&mod=1ce3e6e3&uri=goods.php%3Fid%3D190149-88%26name%3Dpantalon+de+vestir+azul+noche" "Mozilla/5.0 AppleWebKit/537.36 (KHTML, like Gecko; compatible; GoogleOther) Chrome/141.0.7390.122 Safari/537.36" 102 **0/102658**
66.249.69.171 - - [26/Nov/2025:11:25:19 -0700] "GET /?/js_6356af597ebeb154b969e538d3e95f0f/_styles_js_lightbox HTTP/1.1" 200 2230 "http://blalockdialysiscenter.com/?a=5684728021690&mod=1ce3e6e3&uri=goods.php%3Fid%3D190149-88%26name%3Dpantalon+de+vestir+azul+noche" "Mozilla/5.0 AppleWebKit/537.36 (KHTML, like Gecko; compatible; GoogleOther) Chrome/141.0.7390.122 Safari/537.36" 91 **0/91558**
66.249.69.170 - - [26/Nov/2025:11:25:19 -0700] "GET /?/svg_6356af597ebeb154b969e538d3e95f0f/_pics_webp_common_pc_bell.svg HTTP/1.1" 200 2230 "http://blalockdialysiscenter.com/?a=5684728021690&mod=1ce3e6e3&uri=goods.php%3Fid%3D190149-88%26name%3Dpantalon+de+vestir+azul+noche" "Mozilla/5.0 AppleWebKit/537.36 (KHTML, like Gecko; compatible; GoogleOther) Chrome/141.0.7390.122 Safari/537.36" 100 **0/100553**
66.249.69.172 - - [26/Nov/2025:11:25:20 -0700] "GET /?/css_6356af597ebeb154b969e538d3e95f0f/_drupal_modules_product_detail_assets_css_new_pc_product_detail HTTP/1.1" 200 2230 "http://blalockdialysiscenter.com/?a=5684728021690&mod=1ce3e6e3&uri=goods.php%3Fid%3D190149-88%26name%3Dpantalon+de+vestir+azul+noche" "Mozilla/5.0 AppleWebKit/537.36 (KHTML, like Gecko; compatible; GoogleOther) Chrome/141.0.7390.122 Safari/537.36" 95 **0/95886**
66.249.69.171 - - [26/Nov/2025:11:25:20 -0700] "GET /?/js_6356af597ebeb154b969e538d3e95f0f/_drupal_sites_default_files_js_js_nfGRbDhyXF9_dFjG2rkRRw84Gy6p5a4aGnpYcOKhuC4 HTTP/1.1" 200 2230 "http://blalockdialysiscenter.com/?a=5684728021690&mod=1ce3e6e3&uri=goods.php%3Fid%3D190149-88%26name%3Dpantalon+de+vestir+azul+noche" "Mozilla/5.0 AppleWebKit/537.36 (KHTML, like Gecko; compatible; GoogleOther) Chrome/141.0.7390.122 Safari/537.36" 102 **0/102655**
40.77.167.47 - - [26/Nov/2025:11:25:20 -0700] "GET /?a=102063649011690&mod=d43cdc61&uri=itm.php%3Fid%3D3415114-762%26name%3Dminifigure+lego+luca HTTP/1.1" 200 20121 "-" "Mozilla/5.0 AppleWebKit/537.36 (KHTML, like Gecko; compatible; bingbot/2.0; +http://www.bing.com/bingbot.htm) Chrome/116.0.1938.76 Safari/537.36" 244 **0/244886**
66.249.69.172 - - [26/Nov/2025:11:25:20 -0700] "GET /?/js_6356af597ebeb154b969e538d3e95f0f/_drupal_sites_default_files_js_js_z1qFDrghecTCI5Rjumn4rMBYPHvd-E4L0DVpS2JCjnw HTTP/1.1" 200 2230 "http://blalockdialysiscenter.com/?a=5684728021690&mod=1ce3e6e3&uri=goods.php%3Fid%3D190149-88%26name%3Dpantalon+de+vestir+azul+noche" "Mozilla/5.0 AppleWebKit/537.36 (KHTML, like Gecko; compatible; GoogleOther) Chrome/141.0.7390.122 Safari/537.36" 108 **0/108446**
66.249.69.170 - - [26/Nov/2025:11:25:20 -0700] "GET /?/js_6356af597ebeb154b969e538d3e95f0f/_drupal_sites_default_files_js_js_i3BGasXGb_pVk8CAUeSJnjMmyNE-bFprX9j4_djQznQ HTTP/1.1" 200 2230 "http://blalockdialysiscenter.com/?a=5684728021690&mod=1ce3e6e3&uri=goods.php%3Fid%3D190149-88%26name%3Dpantalon+de+vestir+azul+noche" "Mozilla/5.0 AppleWebKit/537.36 (KHTML, like Gecko; compatible; GoogleOther) Chrome/141.0.7390.122 Safari/537.36" 107 **0/107144**
66.249.69.172 - - [26/Nov/2025:11:25:20 -0700] "GET /?/svg_6356af597ebeb154b969e538d3e95f0f/_pics_webp_common_pc_logout.svg HTTP/1.1" 200 2230 "http://blalockdialysiscenter.com/?a=5684728021690&mod=1ce3e6e3&uri=goods.php%3Fid%3D190149-88%26name%3Dpantalon+de+vestir+azul+noche" "Mozilla/5.0 AppleWebKit/537.36 (KHTML, like Gecko; compatible; GoogleOther) Chrome/141.0.7390.122 Safari/537.36" 107 **0/107003**
40.77.167.47 - - [26/Nov/2025:11:25:20 -0700] "GET /?a=6741300011690&mod=164710e8&uri=us.php%3Fid%3D225480-137%26name%3Dstivaletto+sneakers+alte+elasticizzate HTTP/1.1" 200 20502 "-" "Mozilla/5.0 AppleWebKit/537.36 (KHTML, like Gecko; compatible; bingbot/2.0; +http://www.bing.com/bingbot.htm) Chrome/116.0.1938.76 Safari/537.36" 245 **0/245944**
66.249.69.170 - - [26/Nov/2025:11:25:21 -0700] "GET /?/svg_6356af597ebeb154b969e538d3e95f0f/_pics_webp_common_pc_close_sidebar.svg HTTP/1.1" 200 2230 "http://blalockdialysiscenter.com/?a=5684728021690&mod=1ce3e6e3&uri=goods.php%3Fid%3D190149-88%26name%3Dpantalon+de+vestir+azul+noche" "Mozilla/5.0 AppleWebKit/537.36 (KHTML, like Gecko; compatible; GoogleOther) Chrome/141.0.7390.122 Safari/537.36" 108 **0/108301**
66.249.69.172 - - [26/Nov/2025:11:25:21 -0700] "GET /?/img_6356af597ebeb154b969e538d3e95f0f/_database_images_no_photo HTTP/1.1" 200 2230 "http://blalockdialysiscenter.com/?a=5684728021690&mod=1ce3e6e3&uri=goods.php%3Fid%3D190149-88%26name%3Dpantalon+de+vestir+azul+noche" "Mozilla/5.0 AppleWebKit/537.36 (KHTML, like Gecko; compatible; GoogleOther) Chrome/141.0.7390.122 Safari/537.36" 101 **0/101117**
66.249.69.171 - - [26/Nov/2025:11:25:21 -0700] "GET /?/img_6356af597ebeb154b969e538d3e95f0f/_pics_webp_common_pc_flash_sale.png HTTP/1.1" 200 2230 "http://blalockdialysiscenter.com/?a=5684728021690&mod=1ce3e6e3&uri=goods.php%3Fid%3D190149-88%26name%3Dpantalon+de+vestir+azul+noche" "Mozilla/5.0 AppleWebKit/537.36 (KHTML, like Gecko; compatible; GoogleOther) Chrome/141.0.7390.122 Safari/537.36" 101 **0/101302**
66.249.69.171 - - [26/Nov/2025:11:25:21 -0700] "GET /?/svg_6356af597ebeb154b969e538d3e95f0f/_pics_webp_common_pc_add_cart.svg HTTP/1.1" 200 2230 "http://blalockdialysiscenter.com/?a=5684728021690&mod=1ce3e6e3&uri=goods.php%3Fid%3D190149-88%26name%3Dpantalon+de+vestir+azul+noche" "Mozilla/5.0 AppleWebKit/537.36 (KHTML, like Gecko; compatible; GoogleOther) Chrome/141.0.7390.122 Safari/537.36" 94 **0/94505**
66.249.69.172 - - [26/Nov/2025:11:25:21 -0700] "GET /?/svg_6356af597ebeb154b969e538d3e95f0f/_pics_webp_common_pc_star_whishlist.svg HTTP/1.1" 200 2230 "http://blalockdialysiscenter.com/?a=5684728021690&mod=1ce3e6e3&uri=goods.php%3Fid%3D190149-88%26name%3Dpantalon+de+vestir+azul+noche" "Mozilla/5.0 AppleWebKit/537.36 (KHTML, like Gecko; compatible; GoogleOther) Chrome/141.0.7390.122 Safari/537.36" 118 **0/118582**
40.77.167.47 - - [26/Nov/2025:11:25:21 -0700] "GET /?a=102032857041690&mod=0a6ba201&uri=search.php%3Fid%3D3414083-917%26name%3Dtriathlon+cube+aerium+tt HTTP/1.1" 200 20262 "-" "Mozilla/5.0 AppleWebKit/537.36 (KHTML, like Gecko; compatible; bingbot/2.0; +http://www.bing.com/bingbot.htm) Chrome/116.0.1938.76 Safari/537.36" 262 **0/262405**
66.249.69.171 - - [26/Nov/2025:11:25:22 -0700] "GET /?/img_6356af597ebeb154b969e538d3e95f0f/_pics_webp_product_notify_jpxmas2024_cargo_smp_1732838752.jpg HTTP/1.1" 200 2230 "http://blalockdialysiscenter.com/?a=5684728021690&mod=1ce3e6e3&uri=goods.php%3Fid%3D190149-88%26name%3Dpantalon+de+vestir+azul+noche" "Mozilla/5.0 AppleWebKit/537.36 (KHTML, like Gecko; compatible; GoogleOther) Chrome/141.0.7390.122 Safari/537.36" 102 **0/102878**
66.249.69.171 - - [26/Nov/2025:11:25:22 -0700] "GET /?/img_6356af597ebeb154b969e538d3e95f0f/_pics_webp_keikoku01a.gif HTTP/1.1" 200 2230 "http://blalockdialysiscenter.com/?a=5684728021690&mod=1ce3e6e3&uri=goods.php%3Fid%3D190149-88%26name%3Dpantalon+de+vestir+azul+noche" "Mozilla/5.0 AppleWebKit/537.36 (KHTML, like Gecko; compatible; GoogleOther) Chrome/141.0.7390.122 Safari/537.36" 92 **0/92232**
66.249.69.170 - - [26/Nov/2025:11:25:22 -0700] "GET /?/img_6356af597ebeb154b969e538d3e95f0f/_pics_webp_common_pc_no_photo300.jpg HTTP/1.1" 200 2230 "http://blalockdialysiscenter.com/?a=5684728021690&mod=1ce3e6e3&uri=goods.php%3Fid%3D190149-88%26name%3Dpantalon+de+vestir+azul+noche" "Mozilla/5.0 AppleWebKit/537.36 (KHTML, like Gecko; compatible; GoogleOther) Chrome/141.0.7390.122 Safari/537.36" 116 **0/116806**
66.249.69.170 - - [26/Nov/2025:11:25:22 -0700] "GET /?/img_6356af597ebeb154b969e538d3e95f0f/_pics_webp_keikoku02.gif HTTP/1.1" 200 2230 "http://blalockdialysiscenter.com/?a=5684728021690&mod=1ce3e6e3&uri=goods.php%3Fid%3D190149-88%26name%3Dpantalon+de+vestir+azul+noche" "Mozilla/5.0 AppleWebKit/537.36 (KHTML, like Gecko; compatible; GoogleOther) Chrome/141.0.7390.122 Safari/537.36" 121 **0/121625**
66.249.69.171 - - [26/Nov/2025:11:25:22 -0700] "GET /?/img_6356af597ebeb154b969e538d3e95f0f/_pics_webp_keikoku03.gif HTTP/1.1" 200 2230 "http://blalockdialysiscenter.com/?a=5684728021690&mod=1ce3e6e3&uri=goods.php%3Fid%3D190149-88%26name%3Dpantalon+de+vestir+azul+noche" "Mozilla/5.0 AppleWebKit/537.36 (KHTML, like Gecko; compatible; GoogleOther) Chrome/141.0.7390.122 Safari/537.36" 101 **0/101546**
20.15.133.175 - - [26/Nov/2025:11:25:27 -0700] "GET /?a=6537285091690&mod=f0a2c0f5&uri=search.php%3Fid%3D218656-232%26name%3Dscarpe+moto+donna+e+scarpe+donna HTTP/1.1" 200 20885 "-" "Mozilla/5.0 AppleWebKit/537.36 (KHTML, like Gecko; compatible; bingbot/2.0; +http://www.bing.com/bingbot.htm) Chrome/116.0.1938.76 Safari/537.36" 259 **0/259895**
57.141.0.15 - - [26/Nov/2025:11:25:28 -0700] "GET /?a=94430087001690& HTTP/1.1" 200 7610 "-" "meta-externalagent/1.1 (+https://developers.facebook.com/docs/sharing/webmasters/crawler)" 99 **0/99460**
57.141.0.21 - - [26/Nov/2025:11:25:34 -0700] "GET /?a=93219420041690& HTTP/1.1" 200 7610 "-" "meta-externalagent/1.1 (+https://developers.facebook.com/docs/sharing/webmasters/crawler)" 95 **0/95340**
52.167.144.211 - - [26/Nov/2025:11:25:34 -0700] "GET /?a=62505738081690&mod=d157d577&uri=itm.php%3Fid%3D2091232-239%26name%3Dweekender+vera+bradley+duffel+carry+on HTTP/1.1" 200 20911 "-" "Mozilla/5.0 AppleWebKit/537.36 (KHTML, like Gecko; compatible; bingbot/2.0; +http://www.bing.com/bingbot.htm) Chrome/116.0.1938.76 Safari/537.36" 332 **0/332341**
40.77.167.156 - - [26/Nov/2025:11:25:35 -0700] "GET /?a=119355226101690&mod=fb4c2277&uri=us.php%3Fid%3D3993708-703%26name%3Dcetti+sneaker+herren+sneaker+bordeaux HTTP/1.1" 200 20909 "-" "Mozilla/5.0 AppleWebKit/537.36 (KHTML, like Gecko; compatible; bingbot/2.0; +http://www.bing.com/bingbot.htm) Chrome/116.0.1938.76 Safari/537.36" 252 **0/252056**
40.77.167.224 - - [26/Nov/2025:11:25:39 -0700] "GET /?a=117680850091690&mod=a0057a00&uri=brands.php%3Fid%3D3937682-159%26name%3Dslit+khaki+leather+midi+skirt HTTP/1.1" 200 20873 "-" "Mozilla/5.0 AppleWebKit/537.36 (KHTML, like Gecko; compatible; bingbot/2.0; +http://www.bing.com/bingbot.htm) Chrome/116.0.1938.76 Safari/537.36" 266 **0/266269**
66.249.69.170 - - [26/Nov/2025:11:25:48 -0700] "GET /?/svg_6356af597ebeb154b969e538d3e95f0f/_pics_webp_common_pc_user_black.svg HTTP/1.1" 200 2230 "http://blalockdialysiscenter.com/?a=5684728021690&mod=1ce3e6e3&uri=goods.php%3Fid%3D190149-88%26name%3Dpantalon+de+vestir+azul+noche" "Mozilla/5.0 AppleWebKit/537.36 (KHTML, like Gecko; compatible; GoogleOther) Chrome/141.0.7390.122 Safari/537.36" 100 **0/100659**
66.249.69.170 - - [26/Nov/2025:11:25:48 -0700] "GET /?/svg_6356af597ebeb154b969e538d3e95f0f/_pics_webp_common_pc_cart_black.svg HTTP/1.1" 200 2230 "http://blalockdialysiscenter.com/?a=5684728021690&mod=1ce3e6e3&uri=goods.php%3Fid%3D190149-88%26name%3Dpantalon+de+vestir+azul+noche" "Mozilla/5.0 AppleWebKit/537.36 (KHTML, like Gecko; compatible; GoogleOther) Chrome/141.0.7390.122 Safari/537.36" 94 **0/94275**
