66.249.69.171 - - [26/Nov/2025:08:33:42 -0700] "GET /?/svg_6356af597ebeb154b969e538d3e95f0f/_pics_webp_common_pc_star_whishlist.svg HTTP/1.1" 200 2230 "http://blalockdialysiscenter.com/?a=40310296131690&mod=a19077f2&uri=search.php%3Fid%3D1348438-1546%26name%3Dshirt+kids+hip+hop+outfits" "Mozilla/5.0 AppleWebKit/537.36 (KHTML, like Gecko; compatible; GoogleOther) Chrome/141.0.7390.122 Safari/537.36" 93 **0/93715**
66.249.69.171 - - [26/Nov/2025:08:33:42 -0700] "GET /?/img_6356af597ebeb154b969e538d3e95f0f/_pics_webp_keikoku01a.gif HTTP/1.1" 200 2230 "http://blalockdialysiscenter.com/?a=40310296131690&mod=a19077f2&uri=search.php%3Fid%3D1348438-1546%26name%3Dshirt+kids+hip+hop+outfits" "Mozilla/5.0 AppleWebKit/537.36 (KHTML, like Gecko; compatible; GoogleOther) Chrome/141.0.7390.122 Safari/537.36" 91 **0/91596**
66.249.69.170 - - [26/Nov/2025:08:33:42 -0700] "GET /?/svg_6356af597ebeb154b969e538d3e95f0f/_pics_webp_common_pc_user_black.svg HTTP/1.1" 200 2230 "http://blalockdialysiscenter.com/?a=40310296131690&mod=a19077f2&uri=search.php%3Fid%3D1348438-1546%26name%3Dshirt+kids+hip+hop+outfits" "Mozilla/5.0 AppleWebKit/537.36 (KHTML, like Gecko; compatible; GoogleOther) Chrome/141.0.7390.122 Safari/537.36" 91 **0/91541**
66.249.69.171 - - [26/Nov/2025:08:33:42 -0700] "GET /?/img_6356af597ebeb154b969e538d3e95f0f/_pics_webp_keikoku02.gif HTTP/1.1" 200 2230 "http://blalockdialysiscenter.com/?a=40310296131690&mod=a19077f2&uri=search.php%3Fid%3D1348438-1546%26name%3Dshirt+kids+hip+hop+outfits" "Mozilla/5.0 AppleWebKit/537.36 (KHTML, like Gecko; compatible; GoogleOther) Chrome/141.0.7390.122 Safari/537.36" 93 **0/93108**
66.249.69.171 - - [26/Nov/2025:08:33:42 -0700] "GET /?/svg_6356af597ebeb154b969e538d3e95f0f/_pics_webp_common_pc_close_sidebar.svg HTTP/1.1" 200 2230 "http://blalockdialysiscenter.com/?a=40310296131690&mod=a19077f2&uri=search.php%3Fid%3D1348438-1546%26name%3Dshirt+kids+hip+hop+outfits" "Mozilla/5.0 AppleWebKit/537.36 (KHTML, like Gecko; compatible; GoogleOther) Chrome/141.0.7390.122 Safari/537.36" 93 **0/93575**
66.249.69.170 - - [26/Nov/2025:08:33:43 -0700] "GET /?/js_6356af597ebeb154b969e538d3e95f0f/_drupal_sites_default_files_js_js_z1qFDrghecTCI5Rjumn4rMBYPHvd-E4L0DVpS2JCjnw HTTP/1.1" 200 2230 "http://blalockdialysiscenter.com/?a=40310296131690&mod=a19077f2&uri=search.php%3Fid%3D1348438-1546%26name%3Dshirt+kids+hip+hop+outfits" "Mozilla/5.0 AppleWebKit/537.36 (KHTML, like Gecko; compatible; GoogleOther) Chrome/141.0.7390.122 Safari/537.36" 109 **0/109413**
66.249.69.171 - - [26/Nov/2025:08:33:43 -0700] "GET /?/svg_6356af597ebeb154b969e538d3e95f0f/_pics_webp_common_pc_add_cart.svg HTTP/1.1" 200 2230 "http://blalockdialysiscenter.com/?a=40310296131690&mod=a19077f2&uri=search.php%3Fid%3D1348438-1546%26name%3Dshirt+kids+hip+hop+outfits" "Mozilla/5.0 AppleWebKit/537.36 (KHTML, like Gecko; compatible; GoogleOther) Chrome/141.0.7390.122 Safari/537.36" 119 **0/119700**
66.249.69.171 - - [26/Nov/2025:08:33:43 -0700] "GET /?/img_6356af597ebeb154b969e538d3e95f0f/_pics_webp_common_pc_no_photo300.jpg HTTP/1.1" 200 2230 "http://blalockdialysiscenter.com/?a=40310296131690&mod=a19077f2&uri=search.php%3Fid%3D1348438-1546%26name%3Dshirt+kids+hip+hop+outfits" "Mozilla/5.0 AppleWebKit/537.36 (KHTML, like Gecko; compatible; GoogleOther) Chrome/141.0.7390.122 Safari/537.36" 94 **0/94754**
57.141.0.46 - - [26/Nov/2025:08:33:58 -0700] "GET /?a=19824897021690& HTTP/1.1" 200 7610 "-" "meta-externalagent/1.1 (+https://developers.facebook.com/docs/sharing/webmasters/crawler)" 94 **0/94070**
66.249.69.170 - - [26/Nov/2025:08:33:59 -0700] "GET /?/img_6356af597ebeb154b969e538d3e95f0f/_pics_webp_X_black_radius.png HTTP/1.1" 200 2230 "http://blalockdialysiscenter.com/?a=40310296131690&mod=a19077f2&uri=search.php%3Fid%3D1348438-1546%26name%3Dshirt+kids+hip+hop+outfits" "Mozilla/5.0 AppleWebKit/537.36 (KHTML, like Gecko; compatible; GoogleOther) Chrome/141.0.7390.122 Safari/537.36" 120 **0/120687**
66.249.69.170 - - [26/Nov/2025:08:33:59 -0700] "GET /?/svg_6356af597ebeb154b969e538d3e95f0f/_pics_webp_common_pc_social_youtube.svg HTTP/1.1" 200 2230 "http://blalockdialysiscenter.com/?a=40310296131690&mod=a19077f2&uri=search.php%3Fid%3D1348438-1546%26name%3Dshirt+kids+hip+hop+outfits" "Mozilla/5.0 AppleWebKit/537.36 (KHTML, like Gecko; compatible; GoogleOther) Chrome/141.0.7390.122 Safari/537.36" 109 **0/109538**
66.249.69.170 - - [26/Nov/2025:08:33:59 -0700] "GET /?/svg_6356af597ebeb154b969e538d3e95f0f/_pics_webp_common_pc_social_facebook.svg HTTP/1.1" 200 2230 "http://blalockdialysiscenter.com/?a=40310296131690&mod=a19077f2&uri=search.php%3Fid%3D1348438-1546%26name%3Dshirt+kids+hip+hop+outfits" "Mozilla/5.0 AppleWebKit/537.36 (KHTML, like Gecko; compatible; GoogleOther) Chrome/141.0.7390.122 Safari/537.36" 91 **0/91615**
66.249.69.170 - - [26/Nov/2025:08:33:59 -0700] "GET /?/img_6356af597ebeb154b969e538d3e95f0f/_pics_webp_Instagram_Glyph_Gradient.png HTTP/1.1" 200 2230 "http://blalockdialysiscenter.com/?a=40310296131690&mod=a19077f2&uri=search.php%3Fid%3D1348438-1546%26name%3Dshirt+kids+hip+hop+outfits" "Mozilla/5.0 AppleWebKit/537.36 (KHTML, like Gecko; compatible; GoogleOther) Chrome/141.0.7390.122 Safari/537.36" 90 **0/90680**
66.249.69.170 - - [26/Nov/2025:08:34:00 -0700] "GET /?/svg_6356af597ebeb154b969e538d3e95f0f/_pics_webp_bluesky-1.svg HTTP/1.1" 200 2230 "http://blalockdialysiscenter.com/?a=40310296131690&mod=a19077f2&uri=search.php%3Fid%3D1348438-1546%26name%3Dshirt+kids+hip+hop+outfits" "Mozilla/5.0 AppleWebKit/537.36 (KHTML, like Gecko; compatible; GoogleOther) Chrome/141.0.7390.122 Safari/537.36" 95 **0/95478**
52.167.144.212 - - [26/Nov/2025:08:34:42 -0700] "GET /?a=98499696011690&mod=a02f16dc&uri=info.php%3Fid%3D3295847-499%26name%3Dsize+calculator+find+suit+jacket+size HTTP/1.1" 200 21298 "-" "Mozilla/5.0 AppleWebKit/537.36 (KHTML, like Gecko; compatible; bingbot/2.0; +http://www.bing.com/bingbot.htm) Chrome/116.0.1938.76 Safari/537.36" 255 **0/255489**
52.167.144.170 - - [26/Nov/2025:08:34:56 -0700] "GET /?a=5933937051690&mod=eb9b2480&uri=shop.php%3Fid%3D198478-283%26name%3Dgilera+runner+125+elaborato HTTP/1.1" 200 19954 "-" "Mozilla/5.0 AppleWebKit/537.36 (KHTML, like Gecko; compatible; bingbot/2.0; +http://www.bing.com/bingbot.htm) Chrome/116.0.1938.76 Safari/537.36" 269 **0/269980**
20.15.133.175 - - [26/Nov/2025:08:35:11 -0700] "GET /?a=36847662031690&mod=103a00f6&uri=us.php%3Fid%3D1232660-199%26name%3Daircraft+jc130 HTTP/1.1" 200 20211 "-" "Mozilla/5.0 AppleWebKit/537.36 (KHTML, like Gecko; compatible; bingbot/2.0; +http://www.bing.com/bingbot.htm) Chrome/116.0.1938.76 Safari/537.36" 248 **0/248795**
40.77.167.13 - - [26/Nov/2025:08:35:31 -0700] "GET /?a=104160115001690&mod=9e2c1a75&uri=news.php%3Fid%3D3485285-637%26name%3Dzara+look+falda+tubo+invierno HTTP/1.1" 200 20963 "-" "Mozilla/5.0 AppleWebKit/537.36 (KHTML, like Gecko; compatible; bingbot/2.0; +http://www.bing.com/bingbot.htm) Chrome/116.0.1938.76 Safari/537.36" 287 **0/287312**
40.77.167.241 - - [26/Nov/2025:08:35:36 -0700] "GET /?a=46218440041690&mod=1ce3e6e3&uri=products.php%3Fid%3D1546168-88%26name%3Djumper+sueter+zara+hombre HTTP/1.1" 200 21546 "-" "Mozilla/5.0 AppleWebKit/537.36 (KHTML, like Gecko; compatible; bingbot/2.0; +http://www.bing.com/bingbot.htm) Chrome/116.0.1938.76 Safari/537.36" 256 **0/256771**
40.77.167.241 - - [26/Nov/2025:08:35:37 -0700] "GET /?a=8754373041690&mod=7cc5a754&uri=article.php%3Fid%3D292824-80%26name%3Dchaise+lounge+pink+couch+for+kids HTTP/1.1" 200 21849 "-" "Mozilla/5.0 AppleWebKit/537.36 (KHTML, like Gecko; compatible; bingbot/2.0; +http://www.bing.com/bingbot.htm) Chrome/116.0.1938.76 Safari/537.36" 363 **0/363556**
52.167.144.170 - - [26/Nov/2025:08:35:55 -0700] "GET /?a=97915340091690&mod=77bd061c&uri=shop.php%3Fid%3D3276290-155%26name%3D12+mini+iphone+folio+case+auto+lock HTTP/1.1" 200 21322 "-" "Mozilla/5.0 AppleWebKit/537.36 (KHTML, like Gecko; compatible; bingbot/2.0; +http://www.bing.com/bingbot.htm) Chrome/116.0.1938.76 Safari/537.36" 255 **0/255810**
40.77.167.241 - - [26/Nov/2025:08:35:56 -0700] "GET /?a=45485684101690&mod=1e2d681b&uri=search.php%3Fid%3D1521654-235%26name%3Dmanual+hydronic+b5ws HTTP/1.1" 200 21063 "-" "Mozilla/5.0 AppleWebKit/537.36 (KHTML, like Gecko; compatible; bingbot/2.0; +http://www.bing.com/bingbot.htm) Chrome/116.0.1938.76 Safari/537.36" 272 **0/272504**
52.167.144.170 - - [26/Nov/2025:08:36:08 -0700] "GET /?a=107625866071690&mod=0fd1b16b&uri=news.php%3Fid%3D3601320-992%26name%3Dinterior+03+chevy+astro HTTP/1.1" 200 20916 "-" "Mozilla/5.0 AppleWebKit/537.36 (KHTML, like Gecko; compatible; bingbot/2.0; +http://www.bing.com/bingbot.htm) Chrome/116.0.1938.76 Safari/537.36" 258 **0/258424**
20.15.133.175 - - [26/Nov/2025:08:36:21 -0700] "GET /?a=112297167031690&mod=867ced24&uri=pin.php%3Fid%3D3757550-649%26name%3Dsherwani+collection HTTP/1.1" 200 20473 "-" "Mozilla/5.0 AppleWebKit/537.36 (KHTML, like Gecko; compatible; bingbot/2.0; +http://www.bing.com/bingbot.htm) Chrome/116.0.1938.76 Safari/537.36" 282 **0/282385**
20.15.133.175 - - [26/Nov/2025:08:36:31 -0700] "GET /?a=101729937011690&mod=88983389&uri=info.php%3Fid%3D3403950-428%26name%3Ditalian+jeans+luxury+denim+brands HTTP/1.1" 200 20574 "-" "Mozilla/5.0 AppleWebKit/537.36 (KHTML, like Gecko; compatible; bingbot/2.0; +http://www.bing.com/bingbot.htm) Chrome/116.0.1938.76 Safari/537.36" 260 **0/260344**
20.15.133.184 - - [26/Nov/2025:08:36:31 -0700] "GET /?a=64096952031690&mod=117f06b8&uri=brands.php%3Fid%3D2144460-1055%26name%3Dblack+leather+bomber+jacket+mens+michael+kors+leather+jacket HTTP/1.1" 200 20089 "-" "Mozilla/5.0 AppleWebKit/537.36 (KHTML, like Gecko; compatible; bingbot/2.0; +http://www.bing.com/bingbot.htm) Chrome/116.0.1938.76 Safari/537.36" 262 **0/262043**
52.167.144.205 - - [26/Nov/2025:08:36:55 -0700] "GET /?a=67881498001690&mod=2c620a8c&uri=dp.php%3Fid%3D2271048-38%26name%3Ddupont+tuta+da+chimico HTTP/1.1" 200 21604 "-" "Mozilla/5.0 AppleWebKit/537.36 (KHTML, like Gecko; compatible; bingbot/2.0; +http://www.bing.com/bingbot.htm) Chrome/116.0.1938.76 Safari/537.36" 291 **0/291774**
52.167.144.205 - - [26/Nov/2025:08:36:57 -0700] "GET /?a=6004728031690&mod=06138bc5&uri=search.php%3Fid%3D200846-2%26name%3Dcotton+sleepwear+bottoms HTTP/1.1" 200 21532 "-" "Mozilla/5.0 AppleWebKit/537.36 (KHTML, like Gecko; compatible; bingbot/2.0; +http://www.bing.com/bingbot.htm) Chrome/116.0.1938.76 Safari/537.36" 284 **0/284738**
40.77.167.132 - - [26/Nov/2025:08:37:11 -0700] "GET /?a=62363492001690&mod=5ed17b7a&uri=dp.php%3Fid%3D2086479-128%26name%3Dlongline+cardigan+long+grey+cable+knit+cardigan HTTP/1.1" 200 21153 "-" "Mozilla/5.0 AppleWebKit/537.36 (KHTML, like Gecko; compatible; bingbot/2.0; +http://www.bing.com/bingbot.htm) Chrome/116.0.1938.76 Safari/537.36" 291 **0/291103**
40.77.167.132 - - [26/Nov/2025:08:37:12 -0700] "GET /?a=101354976061690&mod=9d38e6ea&uri=brands.php%3Fid%3D3391407-67%26name%3Dtrousers+leather+look+biker+jeans HTTP/1.1" 200 20262 "-" "Mozilla/5.0 AppleWebKit/537.36 (KHTML, like Gecko; compatible; bingbot/2.0; +http://www.bing.com/bingbot.htm) Chrome/116.0.1938.76 Safari/537.36" 272 **0/272075**
40.77.167.13 - - [26/Nov/2025:08:37:15 -0700] "GET /?a=49057136001690&mod=a02f16dc&uri=info.php%3Fid%3D1641153-499%26name%3Dpant+wedding+overcoat HTTP/1.1" 200 21043 "-" "Mozilla/5.0 AppleWebKit/537.36 (KHTML, like Gecko; compatible; bingbot/2.0; +http://www.bing.com/bingbot.htm) Chrome/116.0.1938.76 Safari/537.36" 248 **0/248783**
52.167.144.212 - - [26/Nov/2025:08:37:33 -0700] "GET /?a=2280635031690&mod=5eca46e4&uri=article.php%3Fid%3D76228-480%26name%3Dde+toilette+hugo+boss+mexico+que+es HTTP/1.1" 200 20731 "-" "Mozilla/5.0 AppleWebKit/537.36 (KHTML, like Gecko; compatible; bingbot/2.0; +http://www.bing.com/bingbot.htm) Chrome/116.0.1938.76 Safari/537.36" 284 **0/284228**
52.167.144.234 - - [26/Nov/2025:08:37:36 -0700] "GET /?a=2547683011690&mod=14d2bc47&uri=dp.php%3Fid%3D85170-148%26name%3Djaqueta+texx+jaqueta+masculina+de+moto HTTP/1.1" 200 21332 "-" "Mozilla/5.0 AppleWebKit/537.36 (KHTML, like Gecko; compatible; bingbot/2.0; +http://www.bing.com/bingbot.htm) Chrome/116.0.1938.76 Safari/537.36" 287 **0/287749**
154.121.106.8 - - [26/Nov/2025:08:37:47 -0700] "GET http://www.blalockdialysiscenter.com/?a=28039285001690&mod=9a63df81&name=beckham+ultraboost+db99+adidas+ultra+boost+db99+2019&uri=category-info.php%3Fid%3D937989-729 HTTP/1.1" 200 2554 "-" "Mozilla/5.0 (Macintosh; Intel Mac OS X 10_15_6) AppleWebKit/537.36 (KHTML, like Gecko) Chrome/87.0.4280.88 Safari/537.36" 109 **0/109631**
40.77.167.13 - - [26/Nov/2025:08:37:51 -0700] "GET /?a=77759269051690&mod=13a0e2e9&uri=product.php%3Fid%3D2601713-311%26name%3Dhd+7450+amd+radeon+hd+7400m+specs HTTP/1.1" 200 20442 "-" "Mozilla/5.0 AppleWebKit/537.36 (KHTML, like Gecko; compatible; bingbot/2.0; +http://www.bing.com/bingbot.htm) Chrome/116.0.1938.76 Safari/537.36" 244 **0/244600**
40.77.167.15 - - [26/Nov/2025:08:37:58 -0700] "GET /?a=117229762091690&mod=d157d577&uri=itm.php%3Fid%3D3922590-239%26name%3Dperlina+fine+perlina HTTP/1.1" 200 21616 "-" "Mozilla/5.0 AppleWebKit/537.36 (KHTML, like Gecko; compatible; bingbot/2.0; +http://www.bing.com/bingbot.htm) Chrome/116.0.1938.76 Safari/537.36" 257 **0/257693**
40.77.167.15 - - [26/Nov/2025:08:37:58 -0700] "GET /?a=99230614051690&mod=7dc93bbe&uri=product.php%3Fid%3D3320320-497%26name%3Daccutron+bulova+digitale HTTP/1.1" 200 21574 "-" "Mozilla/5.0 AppleWebKit/537.36 (KHTML, like Gecko; compatible; bingbot/2.0; +http://www.bing.com/bingbot.htm) Chrome/116.0.1938.76 Safari/537.36" 271 **0/271634**
40.77.167.132 - - [26/Nov/2025:08:38:06 -0700] "GET /?a=6444496081690&mod=06138bc5&uri=dp.php%3Fid%3D215553-2%26name%3Dpajamas+sets+soma+pajamas+for+women HTTP/1.1" 200 21092 "-" "Mozilla/5.0 AppleWebKit/537.36 (KHTML, like Gecko; compatible; bingbot/2.0; +http://www.bing.com/bingbot.htm) Chrome/116.0.1938.76 Safari/537.36" 280 **0/280597**
40.77.167.132 - - [26/Nov/2025:08:38:13 -0700] "GET /?a=2991830031690&mod=ee6db913&uri=dp.php%3Fid%3D100026-120%26name%3Dchannel+nvr+zmodo+camera+light+meaning HTTP/1.1" 200 20124 "-" "Mozilla/5.0 AppleWebKit/537.36 (KHTML, like Gecko; compatible; bingbot/2.0; +http://www.bing.com/bingbot.htm) Chrome/116.0.1938.76 Safari/537.36" 259 **0/259657**
40.77.167.15 - - [26/Nov/2025:08:38:27 -0700] "GET /?a=22904520021690&mod=a1f69f60&uri=us.php%3Fid%3D766215-147%26name%3Dsander+eau+jil+sander+natural+spray HTTP/1.1" 200 21479 "-" "Mozilla/5.0 AppleWebKit/537.36 (KHTML, like Gecko; compatible; bingbot/2.0; +http://www.bing.com/bingbot.htm) Chrome/116.0.1938.76 Safari/537.36" 271 **0/271983**
52.167.144.212 - - [26/Nov/2025:08:39:15 -0700] "GET /?a=82343886051690&mod=dc6a6489&uri=itm.php%3Fid%3D2755102-4%26name%3Ddark+gray+white+and+grey+couch+pillows HTTP/1.1" 200 20204 "-" "Mozilla/5.0 AppleWebKit/537.36 (KHTML, like Gecko; compatible; bingbot/2.0; +http://www.bing.com/bingbot.htm) Chrome/116.0.1938.76 Safari/537.36" 296 **0/296716**
52.167.144.212 - - [26/Nov/2025:08:39:15 -0700] "GET /?a=2432247061690&mod=70e1a3c0&uri=goods.php%3Fid%3D81311-502%26name%3Dstainless+steel+surf+cup+sale+hydro+flask HTTP/1.1" 200 21306 "-" "Mozilla/5.0 AppleWebKit/537.36 (KHTML, like Gecko; compatible; bingbot/2.0; +http://www.bing.com/bingbot.htm) Chrome/116.0.1938.76 Safari/537.36" 329 **0/329240**
40.77.167.15 - - [26/Nov/2025:08:39:20 -0700] "GET /?a=99519355021690&mod=35eac895&uri=pin.php%3Fid%3D3330001-1087%26name%3Djeans+slim+jeans+moulant+fille HTTP/1.1" 200 20961 "-" "Mozilla/5.0 AppleWebKit/537.36 (KHTML, like Gecko; compatible; bingbot/2.0; +http://www.bing.com/bingbot.htm) Chrome/116.0.1938.76 Safari/537.36" 412 **0/412176**
40.77.167.15 - - [26/Nov/2025:08:39:20 -0700] "GET /?a=94992561081690&mod=6ca8bd68&uri=article.php%3Fid%3D3178383-298%26name%3Dsmall+breed+select+puppy+mini HTTP/1.1" 200 20653 "-" "Mozilla/5.0 AppleWebKit/537.36 (KHTML, like Gecko; compatible; bingbot/2.0; +http://www.bing.com/bingbot.htm) Chrome/116.0.1938.76 Safari/537.36" 262 **0/262594**
66.249.69.171 - - [26/Nov/2025:08:39:22 -0700] "GET /?/css_6356af597ebeb154b969e538d3e95f0f/_drupal_sites_default_files_css_css_YLUY2usEybPXqNO15-ozAgAYsZmniqhrU6f3bp69-r4 HTTP/1.1" 200 2230 "http://blalockdialysiscenter.com/?a=87349270021690&mod=02f657d5&uri=news.php%3Fid%3D2922634-25%26name%3Dreal+nariyal+pani" "Mozilla/5.0 AppleWebKit/537.36 (KHTML, like Gecko; compatible; GoogleOther) Chrome/141.0.7390.122 Safari/537.36" 113 **0/113216**
66.249.69.172 - - [26/Nov/2025:08:39:23 -0700] "GET /?/css_6356af597ebeb154b969e538d3e95f0f/_drupal_sites_default_files_css_css_LmUrbIckCDCKvN2_Q3zbp044aJ28BPsL4EcroazBk2w HTTP/1.1" 200 2230 "http://blalockdialysiscenter.com/?a=87349270021690&mod=02f657d5&uri=news.php%3Fid%3D2922634-25%26name%3Dreal+nariyal+pani" "Mozilla/5.0 AppleWebKit/537.36 (KHTML, like Gecko; compatible; GoogleOther) Chrome/141.0.7390.122 Safari/537.36" 96 **0/96892**
66.249.69.171 - - [26/Nov/2025:08:39:23 -0700] "GET /?/js_6356af597ebeb154b969e538d3e95f0f/_drupal_sites_default_files_js_js_G878YGhv0pYpg9iZ_hIm3vCCQWyhWgLawk-6b6wmZuU HTTP/1.1" 200 2230 "http://blalockdialysiscenter.com/?a=87349270021690&mod=02f657d5&uri=news.php%3Fid%3D2922634-25%26name%3Dreal+nariyal+pani" "Mozilla/5.0 AppleWebKit/537.36 (KHTML, like Gecko; compatible; GoogleOther) Chrome/141.0.7390.122 Safari/537.36" 100 **0/100751**
66.249.69.170 - - [26/Nov/2025:08:39:23 -0700] "GET /?/js_6356af597ebeb154b969e538d3e95f0f/_styles_js_lazysizes.min HTTP/1.1" 200 2230 "http://blalockdialysiscenter.com/?a=87349270021690&mod=02f657d5&uri=news.php%3Fid%3D2922634-25%26name%3Dreal+nariyal+pani" "Mozilla/5.0 AppleWebKit/537.36 (KHTML, like Gecko; compatible; GoogleOther) Chrome/141.0.7390.122 Safari/537.36" 126 **0/126649**
66.249.69.170 - - [26/Nov/2025:08:39:23 -0700] "GET /?/css_6356af597ebeb154b969e538d3e95f0f/_styles_css_product-detail-ex01 HTTP/1.1" 200 2230 "http://blalockdialysiscenter.com/?a=87349270021690&mod=02f657d5&uri=news.php%3Fid%3D2922634-25%26name%3Dreal+nariyal+pani" "Mozilla/5.0 AppleWebKit/537.36 (KHTML, like Gecko; compatible; GoogleOther) Chrome/141.0.7390.122 Safari/537.36" 118 **0/118887**
66.249.69.172 - - [26/Nov/2025:08:39:23 -0700] "GET /?/js_6356af597ebeb154b969e538d3e95f0f/_styles_js_lightbox HTTP/1.1" 200 2230 "http://blalockdialysiscenter.com/?a=87349270021690&mod=02f657d5&uri=news.php%3Fid%3D2922634-25%26name%3Dreal+nariyal+pani" "Mozilla/5.0 AppleWebKit/537.36 (KHTML, like Gecko; compatible; GoogleOther) Chrome/141.0.7390.122 Safari/537.36" 112 **0/112760**
66.249.72.196 - - [26/Nov/2025:08:39:23 -0700] "GET /robots.txt HTTP/1.1" 200 76 "-" "Mozilla/5.0 (compatible; Googlebot/2.1; +http://www.google.com/bot.html)" 96 **0/96102**
66.249.69.170 - - [26/Nov/2025:08:39:23 -0700] "GET /?/svg_6356af597ebeb154b969e538d3e95f0f/_pics_webp_common_pc_user_black.svg HTTP/1.1" 200 2230 "http://blalockdialysiscenter.com/?a=87349270021690&mod=02f657d5&uri=news.php%3Fid%3D2922634-25%26name%3Dreal+nariyal+pani" "Mozilla/5.0 AppleWebKit/537.36 (KHTML, like Gecko; compatible; GoogleOther) Chrome/141.0.7390.122 Safari/537.36" 106 **0/106185**
66.249.69.171 - - [26/Nov/2025:08:39:24 -0700] "GET /?/svg_6356af597ebeb154b969e538d3e95f0f/_pics_webp_common_pc_bell.svg HTTP/1.1" 200 2230 "http://blalockdialysiscenter.com/?a=87349270021690&mod=02f657d5&uri=news.php%3Fid%3D2922634-25%26name%3Dreal+nariyal+pani" "Mozilla/5.0 AppleWebKit/537.36 (KHTML, like Gecko; compatible; GoogleOther) Chrome/141.0.7390.122 Safari/537.36" 96 **0/96345**
66.249.72.198 - - [26/Nov/2025:08:39:24 -0700] "GET /?a=71314200031690&mod=2f6a889e&uri=us.php%3Fid%3D2385957-905%26name%3Dlenses+best+eyeglass+frames+for+round+face+female HTTP/1.1" 200 20627 "-" "Mozilla/5.0 (Linux; Android 6.0.1; Nexus 5X Build/MMB29P) AppleWebKit/537.36 (KHTML, like Gecko) Chrome/141.0.7390.122 Mobile Safari/537.36 (compatible; Googlebot/2.1; +http://www.google.com/bot.html)" 283 **0/283776**
66.249.69.170 - - [26/Nov/2025:08:39:24 -0700] "GET /?/css_6356af597ebeb154b969e538d3e95f0f/_styles_css_wanderer-fg HTTP/1.1" 200 2230 "http://blalockdialysiscenter.com/?a=87349270021690&mod=02f657d5&uri=news.php%3Fid%3D2922634-25%26name%3Dreal+nariyal+pani" "Mozilla/5.0 AppleWebKit/537.36 (KHTML, like Gecko; compatible; GoogleOther) Chrome/141.0.7390.122 Safari/537.36" 99 **0/99899**
66.249.69.171 - - [26/Nov/2025:08:39:24 -0700] "GET /?/css_6356af597ebeb154b969e538d3e95f0f/_drupal_modules_product_detail_assets_css_new_pc_product_detail HTTP/1.1" 200 2230 "http://blalockdialysiscenter.com/?a=87349270021690&mod=02f657d5&uri=news.php%3Fid%3D2922634-25%26name%3Dreal+nariyal+pani" "Mozilla/5.0 AppleWebKit/537.36 (KHTML, like Gecko; compatible; GoogleOther) Chrome/141.0.7390.122 Safari/537.36" 104 **0/104944**
66.249.69.170 - - [26/Nov/2025:08:39:24 -0700] "GET /?/js_6356af597ebeb154b969e538d3e95f0f/_drupal_sites_default_files_js_js_nfGRbDhyXF9_dFjG2rkRRw84Gy6p5a4aGnpYcOKhuC4 HTTP/1.1" 200 2230 "http://blalockdialysiscenter.com/?a=87349270021690&mod=02f657d5&uri=news.php%3Fid%3D2922634-25%26name%3Dreal+nariyal+pani" "Mozilla/5.0 AppleWebKit/537.36 (KHTML, like Gecko; compatible; GoogleOther) Chrome/141.0.7390.122 Safari/537.36" 150 **0/150561**
66.249.69.172 - - [26/Nov/2025:08:39:25 -0700] "GET /?/js_6356af597ebeb154b969e538d3e95f0f/_drupal_sites_default_files_js_js_z1qFDrghecTCI5Rjumn4rMBYPHvd-E4L0DVpS2JCjnw HTTP/1.1" 200 2230 "http://blalockdialysiscenter.com/?a=87349270021690&mod=02f657d5&uri=news.php%3Fid%3D2922634-25%26name%3Dreal+nariyal+pani" "Mozilla/5.0 AppleWebKit/537.36 (KHTML, like Gecko; compatible; GoogleOther) Chrome/141.0.7390.122 Safari/537.36" 129 **0/129789**
66.249.69.170 - - [26/Nov/2025:08:39:25 -0700] "GET /?/js_6356af597ebeb154b969e538d3e95f0f/_drupal_sites_default_files_js_js_i3BGasXGb_pVk8CAUeSJnjMmyNE-bFprX9j4_djQznQ HTTP/1.1" 200 2230 "http://blalockdialysiscenter.com/?a=87349270021690&mod=02f657d5&uri=news.php%3Fid%3D2922634-25%26name%3Dreal+nariyal+pani" "Mozilla/5.0 AppleWebKit/537.36 (KHTML, like Gecko; compatible; GoogleOther) Chrome/141.0.7390.122 Safari/537.36" 99 **0/99812**
52.167.144.234 - - [26/Nov/2025:08:39:25 -0700] "GET /?a=22907331001690&mod=a6ec3950&uri=blog.php%3Fid%3D766309-642%26name%3Dfz+version+fzs+front+number+plate+clamp HTTP/1.1" 200 21712 "-" "Mozilla/5.0 AppleWebKit/537.36 (KHTML, like Gecko; compatible; bingbot/2.0; +http://www.bing.com/bingbot.htm) Chrome/116.0.1938.76 Safari/537.36" 333 **0/333169**
66.249.69.172 - - [26/Nov/2025:08:39:25 -0700] "GET /?/svg_6356af597ebeb154b969e538d3e95f0f/_pics_webp_common_pc_logout.svg HTTP/1.1" 200 2230 "http://blalockdialysiscenter.com/?a=87349270021690&mod=02f657d5&uri=news.php%3Fid%3D2922634-25%26name%3Dreal+nariyal+pani" "Mozilla/5.0 AppleWebKit/537.36 (KHTML, like Gecko; compatible; GoogleOther) Chrome/141.0.7390.122 Safari/537.36" 122 **0/122555**
66.249.69.170 - - [26/Nov/2025:08:39:25 -0700] "GET /?/svg_6356af597ebeb154b969e538d3e95f0f/_pics_webp_common_pc_close_sidebar.svg HTTP/1.1" 200 2230 "http://blalockdialysiscenter.com/?a=87349270021690&mod=02f657d5&uri=news.php%3Fid%3D2922634-25%26name%3Dreal+nariyal+pani" "Mozilla/5.0 AppleWebKit/537.36 (KHTML, like Gecko; compatible; GoogleOther) Chrome/141.0.7390.122 Safari/537.36" 110 **0/110127**
66.249.69.170 - - [26/Nov/2025:08:39:25 -0700] "GET /?/img_6356af597ebeb154b969e538d3e95f0f/_database_images_no_photo HTTP/1.1" 200 2230 "http://blalockdialysiscenter.com/?a=87349270021690&mod=02f657d5&uri=news.php%3Fid%3D2922634-25%26name%3Dreal+nariyal+pani" "Mozilla/5.0 AppleWebKit/537.36 (KHTML, like Gecko; compatible; GoogleOther) Chrome/141.0.7390.122 Safari/537.36" 145 **0/145148**
66.249.69.170 - - [26/Nov/2025:08:39:26 -0700] "GET /?/svg_6356af597ebeb154b969e538d3e95f0f/_pics_webp_common_pc_add_cart.svg HTTP/1.1" 200 2230 "http://blalockdialysiscenter.com/?a=87349270021690&mod=02f657d5&uri=news.php%3Fid%3D2922634-25%26name%3Dreal+nariyal+pani" "Mozilla/5.0 AppleWebKit/537.36 (KHTML, like Gecko; compatible; GoogleOther) Chrome/141.0.7390.122 Safari/537.36" 104 **0/104302**
66.249.69.171 - - [26/Nov/2025:08:39:26 -0700] "GET /?/svg_6356af597ebeb154b969e538d3e95f0f/_pics_webp_common_pc_star_whishlist.svg HTTP/1.1" 200 2230 "http://blalockdialysiscenter.com/?a=87349270021690&mod=02f657d5&uri=news.php%3Fid%3D2922634-25%26name%3Dreal+nariyal+pani" "Mozilla/5.0 AppleWebKit/537.36 (KHTML, like Gecko; compatible; GoogleOther) Chrome/141.0.7390.122 Safari/537.36" 145 **0/145717**
66.249.69.170 - - [26/Nov/2025:08:39:26 -0700] "GET /?/img_6356af597ebeb154b969e538d3e95f0f/_pics_webp_common_pc_flash_sale.png HTTP/1.1" 200 2230 "http://blalockdialysiscenter.com/?a=87349270021690&mod=02f657d5&uri=news.php%3Fid%3D2922634-25%26name%3Dreal+nariyal+pani" "Mozilla/5.0 AppleWebKit/537.36 (KHTML, like Gecko; compatible; GoogleOther) Chrome/141.0.7390.122 Safari/537.36" 128 **0/128275**
66.249.69.170 - - [26/Nov/2025:08:39:26 -0700] "GET /?/img_6356af597ebeb154b969e538d3e95f0f/_pics_webp_product_notify_jpxmas2024_cargo_smp_1732838752.jpg HTTP/1.1" 200 2230 "http://blalockdialysiscenter.com/?a=87349270021690&mod=02f657d5&uri=news.php%3Fid%3D2922634-25%26name%3Dreal+nariyal+pani" "Mozilla/5.0 AppleWebKit/537.36 (KHTML, like Gecko; compatible; GoogleOther) Chrome/141.0.7390.122 Safari/537.36" 117 **0/117719**
66.249.69.172 - - [26/Nov/2025:08:39:26 -0700] "GET /?/img_6356af597ebeb154b969e538d3e95f0f/_pics_webp_keikoku01a.gif HTTP/1.1" 200 2230 "http://blalockdialysiscenter.com/?a=87349270021690&mod=02f657d5&uri=news.php%3Fid%3D2922634-25%26name%3Dreal+nariyal+pani" "Mozilla/5.0 AppleWebKit/537.36 (KHTML, like Gecko; compatible; GoogleOther) Chrome/141.0.7390.122 Safari/537.36" 106 **0/106678**
66.249.69.170 - - [26/Nov/2025:08:39:26 -0700] "GET /?/img_6356af597ebeb154b969e538d3e95f0f/_pics_webp_common_pc_no_photo300.jpg HTTP/1.1" 200 2230 "http://blalockdialysiscenter.com/?a=87349270021690&mod=02f657d5&uri=news.php%3Fid%3D2922634-25%26name%3Dreal+nariyal+pani" "Mozilla/5.0 AppleWebKit/537.36 (KHTML, like Gecko; compatible; GoogleOther) Chrome/141.0.7390.122 Safari/537.36" 112 **0/112896**
66.249.69.171 - - [26/Nov/2025:08:39:27 -0700] "GET /?/img_6356af597ebeb154b969e538d3e95f0f/_pics_webp_keikoku02.gif HTTP/1.1" 200 2230 "http://blalockdialysiscenter.com/?a=87349270021690&mod=02f657d5&uri=news.php%3Fid%3D2922634-25%26name%3Dreal+nariyal+pani" "Mozilla/5.0 AppleWebKit/537.36 (KHTML, like Gecko; compatible; GoogleOther) Chrome/141.0.7390.122 Safari/537.36" 102 **0/102902**
66.249.69.171 - - [26/Nov/2025:08:39:27 -0700] "GET /?/img_6356af597ebeb154b969e538d3e95f0f/_pics_webp_keikoku03.gif HTTP/1.1" 200 2230 "http://blalockdialysiscenter.com/?a=87349270021690&mod=02f657d5&uri=news.php%3Fid%3D2922634-25%26name%3Dreal+nariyal+pani" "Mozilla/5.0 AppleWebKit/537.36 (KHTML, like Gecko; compatible; GoogleOther) Chrome/141.0.7390.122 Safari/537.36" 98 **0/98082**
66.249.69.170 - - [26/Nov/2025:08:39:27 -0700] "GET /?/svg_6356af597ebeb154b969e538d3e95f0f/_pics_webp_common_pc_user_black.svg HTTP/1.1" 200 2230 "http://blalockdialysiscenter.com/?a=87349270021690&mod=02f657d5&uri=news.php%3Fid%3D2922634-25%26name%3Dreal+nariyal+pani" "Mozilla/5.0 AppleWebKit/537.36 (KHTML, like Gecko; compatible; GoogleOther) Chrome/141.0.7390.122 Safari/537.36" 100 **0/100098**
66.249.69.170 - - [26/Nov/2025:08:39:27 -0700] "GET /?/svg_6356af597ebeb154b969e538d3e95f0f/_pics_webp_common_pc_cart_black.svg HTTP/1.1" 200 2230 "http://blalockdialysiscenter.com/?a=87349270021690&mod=02f657d5&uri=news.php%3Fid%3D2922634-25%26name%3Dreal+nariyal+pani" "Mozilla/5.0 AppleWebKit/537.36 (KHTML, like Gecko; compatible; GoogleOther) Chrome/141.0.7390.122 Safari/537.36" 100 **0/100808**
66.249.69.171 - - [26/Nov/2025:08:39:27 -0700] "GET /?/img_6356af597ebeb154b969e538d3e95f0f/_pics_webp_common_pc_no_photo300.jpg HTTP/1.1" 200 2230 "http://blalockdialysiscenter.com/?a=87349270021690&mod=02f657d5&uri=news.php%3Fid%3D2922634-25%26name%3Dreal+nariyal+pani" "Mozilla/5.0 AppleWebKit/537.36 (KHTML, like Gecko; compatible; GoogleOther) Chrome/141.0.7390.122 Safari/537.36" 107 **0/107028**
66.249.69.171 - - [26/Nov/2025:08:39:28 -0700] "GET /?/svg_6356af597ebeb154b969e538d3e95f0f/_drupal_themes_surugaya_new_css_.._images_icon_arrow-next-blue HTTP/1.1" 200 2230 "http://blalockdialysiscenter.com/?a=87349270021690&mod=02f657d5&uri=news.php%3Fid%3D2922634-25%26name%3Dreal+nariyal+pani" "Mozilla/5.0 AppleWebKit/537.36 (KHTML, like Gecko; compatible; GoogleOther) Chrome/141.0.7390.122 Safari/537.36" 116 **0/116551**
66.249.69.171 - - [26/Nov/2025:08:39:28 -0700] "GET /?/svg_6356af597ebeb154b969e538d3e95f0f/_pics_webp_bluesky-1.svg HTTP/1.1" 200 2230 "http://blalockdialysiscenter.com/?a=87349270021690&mod=02f657d5&uri=news.php%3Fid%3D2922634-25%26name%3Dreal+nariyal+pani" "Mozilla/5.0 AppleWebKit/537.36 (KHTML, like Gecko; compatible; GoogleOther) Chrome/141.0.7390.122 Safari/537.36" 127 **0/127130**
66.249.69.170 - - [26/Nov/2025:08:39:28 -0700] "GET /?/img_6356af597ebeb154b969e538d3e95f0f/_pics_webp_Instagram_Glyph_Gradient.png HTTP/1.1" 200 2230 "http://blalockdialysiscenter.com/?a=87349270021690&mod=02f657d5&uri=news.php%3Fid%3D2922634-25%26name%3Dreal+nariyal+pani" "Mozilla/5.0 AppleWebKit/537.36 (KHTML, like Gecko; compatible; GoogleOther) Chrome/141.0.7390.122 Safari/537.36" 114 **0/114733**
66.249.69.170 - - [26/Nov/2025:08:39:28 -0700] "GET /?/svg_6356af597ebeb154b969e538d3e95f0f/_pics_webp_common_pc_social_facebook.svg HTTP/1.1" 200 2230 "http://blalockdialysiscenter.com/?a=87349270021690&mod=02f657d5&uri=news.php%3Fid%3D2922634-25%26name%3Dreal+nariyal+pani" "Mozilla/5.0 AppleWebKit/537.36 (KHTML, like Gecko; compatible; GoogleOther) Chrome/141.0.7390.122 Safari/537.36" 121 **0/121536**
57.141.0.6 - - [26/Nov/2025:08:39:48 -0700] "GET /?a=6291511041690& HTTP/1.1" 200 7610 "-" "meta-externalagent/1.1 (+https://developers.facebook.com/docs/sharing/webmasters/crawler)" 126 **0/126616**
20.15.133.175 - - [26/Nov/2025:08:40:11 -0700] "GET /?a=27737997071690&mod=1e2d681b&uri=shared.php%3Fid%3D927916-235%26name%3Dair+handler+carrier+furnace+blower+motor+replacement HTTP/1.1" 200 20943 "-" "Mozilla/5.0 AppleWebKit/537.36 (KHTML, like Gecko; compatible; bingbot/2.0; +http://www.bing.com/bingbot.htm) Chrome/116.0.1938.76 Safari/537.36" 305 **0/305525**
52.167.144.212 - - [26/Nov/2025:08:40:13 -0700] "GET /?a=95096970021690&mod=cdda8992&uri=product.php%3Fid%3D3181875-585%26name%3Dsummer+crochet+hat+with+visor HTTP/1.1" 200 21587 "-" "Mozilla/5.0 AppleWebKit/537.36 (KHTML, like Gecko; compatible; bingbot/2.0; +http://www.bing.com/bingbot.htm) Chrome/116.0.1938.76 Safari/537.36" 281 **0/281500**
40.77.167.15 - - [26/Nov/2025:08:40:17 -0700] "GET /?a=5911770071690&mod=7cc5a754&uri=dp.php%3Fid%3D197738-80%26name%3Dtv+sales+and+home+dining+room+suites+zimbabwe HTTP/1.1" 200 21551 "-" "Mozilla/5.0 AppleWebKit/537.36 (KHTML, like Gecko; compatible; bingbot/2.0; +http://www.bing.com/bingbot.htm) Chrome/116.0.1938.76 Safari/537.36" 291 **0/291622**
66.249.72.197 - - [26/Nov/2025:08:40:19 -0700] "GET /?a=60987795011690&mod=b6581914&uri=brands.php%3Fid%3D2040439-1664%26name%3Dgel+kayano+asics+homme+deepblue HTTP/1.1" 200 20583 "-" "Mozilla/5.0 (Linux; Android 6.0.1; Nexus 5X Build/MMB29P) AppleWebKit/537.36 (KHTML, like Gecko) Chrome/141.0.7390.122 Mobile Safari/537.36 (compatible; Googlebot/2.1; +http://www.google.com/bot.html)" 251 **0/251740**
57.141.0.56 - - [26/Nov/2025:08:40:36 -0700] "GET /?a=40961453041690& HTTP/1.1" 200 7610 "-" "meta-externalagent/1.1 (+https://developers.facebook.com/docs/sharing/webmasters/crawler)" 117 **0/117546**
52.167.144.212 - - [26/Nov/2025:08:41:03 -0700] "GET /?a=101325256031690&mod=0c74b7f7&uri=article.php%3Fid%3D3390412-3%26name%3Dfitness+r60+r60+recumbent+bike HTTP/1.1" 200 21390 "-" "Mozilla/5.0 AppleWebKit/537.36 (KHTML, like Gecko; compatible; bingbot/2.0; +http://www.bing.com/bingbot.htm) Chrome/116.0.1938.76 Safari/537.36" 280 **0/280129**
47.128.30.211 - - [26/Nov/2025:08:41:18 -0700] "GET /about.php HTTP/1.1" 403 7157 "-" "Mozilla/5.0 (Linux; Android 5.0) AppleWebKit/537.36 (KHTML, like Gecko) Mobile Safari/537.36 (compatible; Bytespider; spider-feedback@bytedance.com)" 117 **0/117119**
47.128.117.106 - - [26/Nov/2025:08:41:18 -0700] "GET /pinakin.php HTTP/1.1" 403 7157 "-" "Mozilla/5.0 (Linux; Android 5.0) AppleWebKit/537.36 (KHTML, like Gecko) Mobile Safari/537.36 (compatible; Bytespider; spider-feedback@bytedance.com)" 113 **0/113894**
47.128.30.211 - - [26/Nov/2025:08:41:18 -0700] "GET /assets/css/owl.carousel.min.css HTTP/1.1" 403 7157 "http://www.blalockdialysiscenter.com/about.php" "Mozilla/5.0 (Linux; Android 5.0) AppleWebKit/537.36 (KHTML, like Gecko) Mobile Safari/537.36 (compatible; Bytespider; spider-feedback@bytedance.com)" 145 **0/145236**
47.128.117.106 - - [26/Nov/2025:08:41:18 -0700] "GET /assets/css/owl.carousel.min.css HTTP/1.1" 403 7157 "http://www.blalockdialysiscenter.com/pinakin.php" "Mozilla/5.0 (Linux; Android 5.0) AppleWebKit/537.36 (KHTML, like Gecko) Mobile Safari/537.36 (compatible; Bytespider; spider-feedback@bytedance.com)" 112 **0/112263**
47.128.30.211 - - [26/Nov/2025:08:41:19 -0700] "GET /assets/css/meanmenu.css HTTP/1.1" 403 7157 "http://www.blalockdialysiscenter.com/about.php" "Mozilla/5.0 (Linux; Android 5.0) AppleWebKit/537.36 (KHTML, like Gecko) Mobile Safari/537.36 (compatible; Bytespider; spider-feedback@bytedance.com)" 114 **0/114533**
47.128.30.211 - - [26/Nov/2025:08:41:19 -0700] "GET /assets/css/owl.theme.default.min.css HTTP/1.1" 403 7157 "http://www.blalockdialysiscenter.com/about.php" "Mozilla/5.0 (Linux; Android 5.0) AppleWebKit/537.36 (KHTML, like Gecko) Mobile Safari/537.36 (compatible; Bytespider; spider-feedback@bytedance.com)" 97 **0/97190**
47.128.30.211 - - [26/Nov/2025:08:41:19 -0700] "GET /assets/css/bootstrap.min.css HTTP/1.1" 403 7157 "http://www.blalockdialysiscenter.com/about.php" "Mozilla/5.0 (Linux; Android 5.0) AppleWebKit/537.36 (KHTML, like Gecko) Mobile Safari/537.36 (compatible; Bytespider; spider-feedback@bytedance.com)" 128 **0/128757**
47.128.30.211 - - [26/Nov/2025:08:41:19 -0700] "GET /assets/css/slick.min.css HTTP/1.1" 403 7157 "http://www.blalockdialysiscenter.com/about.php" "Mozilla/5.0 (Linux; Android 5.0) AppleWebKit/537.36 (KHTML, like Gecko) Mobile Safari/537.36 (compatible; Bytespider; spider-feedback@bytedance.com)" 109 **0/109766**
47.128.117.106 - - [26/Nov/2025:08:41:19 -0700] "GET /assets/css/bootstrap.min.css HTTP/1.1" 403 7157 "http://www.blalockdialysiscenter.com/pinakin.php" "Mozilla/5.0 (Linux; Android 5.0) AppleWebKit/537.36 (KHTML, like Gecko) Mobile Safari/537.36 (compatible; Bytespider; spider-feedback@bytedance.com)" 122 **0/122521**
47.128.30.211 - - [26/Nov/2025:08:41:19 -0700] "GET /assets/css/icofont.min.css HTTP/1.1" 403 7157 "http://www.blalockdialysiscenter.com/about.php" "Mozilla/5.0 (Linux; Android 5.0) AppleWebKit/537.36 (KHTML, like Gecko) Mobile Safari/537.36 (compatible; Bytespider; spider-feedback@bytedance.com)" 101 **0/101856**
47.128.117.106 - - [26/Nov/2025:08:41:19 -0700] "GET /assets/css/meanmenu.css HTTP/1.1" 403 7157 "http://www.blalockdialysiscenter.com/pinakin.php" "Mozilla/5.0 (Linux; Android 5.0) AppleWebKit/537.36 (KHTML, like Gecko) Mobile Safari/537.36 (compatible; Bytespider; spider-feedback@bytedance.com)" 119 **0/119424**
47.128.117.106 - - [26/Nov/2025:08:41:19 -0700] "GET /assets/css/owl.theme.default.min.css HTTP/1.1" 403 7157 "http://www.blalockdialysiscenter.com/pinakin.php" "Mozilla/5.0 (Linux; Android 5.0) AppleWebKit/537.36 (KHTML, like Gecko) Mobile Safari/537.36 (compatible; Bytespider; spider-feedback@bytedance.com)" 115 **0/115456**
47.128.117.106 - - [26/Nov/2025:08:41:19 -0700] "GET /assets/css/slick.min.css HTTP/1.1" 403 7157 "http://www.blalockdialysiscenter.com/pinakin.php" "Mozilla/5.0 (Linux; Android 5.0) AppleWebKit/537.36 (KHTML, like Gecko) Mobile Safari/537.36 (compatible; Bytespider; spider-feedback@bytedance.com)" 106 **0/106579**
47.128.117.106 - - [26/Nov/2025:08:41:19 -0700] "GET /assets/css/icofont.min.css HTTP/1.1" 403 7157 "http://www.blalockdialysiscenter.com/pinakin.php" "Mozilla/5.0 (Linux; Android 5.0) AppleWebKit/537.36 (KHTML, like Gecko) Mobile Safari/537.36 (compatible; Bytespider; spider-feedback@bytedance.com)" 125 **0/125710**
47.128.30.211 - - [26/Nov/2025:08:41:19 -0700] "GET /assets/css/magnific-popup.min.css HTTP/1.1" 403 7157 "http://www.blalockdialysiscenter.com/about.php" "Mozilla/5.0 (Linux; Android 5.0) AppleWebKit/537.36 (KHTML, like Gecko) Mobile Safari/537.36 (compatible; Bytespider; spider-feedback@bytedance.com)" 105 **0/105362**
47.128.117.106 - - [26/Nov/2025:08:41:19 -0700] "GET /assets/css/magnific-popup.min.css HTTP/1.1" 403 7157 "http://www.blalockdialysiscenter.com/pinakin.php" "Mozilla/5.0 (Linux; Android 5.0) AppleWebKit/537.36 (KHTML, like Gecko) Mobile Safari/537.36 (compatible; Bytespider; spider-feedback@bytedance.com)" 93 **0/93164**
47.128.30.211 - - [26/Nov/2025:08:41:20 -0700] "GET /assets/css/slick-theme.min.css HTTP/1.1" 403 7157 "http://www.blalockdialysiscenter.com/about.php" "Mozilla/5.0 (Linux; Android 5.0) AppleWebKit/537.36 (KHTML, like Gecko) Mobile Safari/537.36 (compatible; Bytespider; spider-feedback@bytedance.com)" 97 **0/97815**
47.128.30.211 - - [26/Nov/2025:08:41:20 -0700] "GET /assets/css/animate.css HTTP/1.1" 403 7157 "http://www.blalockdialysiscenter.com/about.php" "Mozilla/5.0 (Linux; Android 5.0) AppleWebKit/537.36 (KHTML, like Gecko) Mobile Safari/537.36 (compatible; Bytespider; spider-feedback@bytedance.com)" 97 **0/97293**
47.128.30.211 - - [26/Nov/2025:08:41:20 -0700] "GET /assets/css/responsive.css HTTP/1.1" 403 7157 "http://www.blalockdialysiscenter.com/about.php" "Mozilla/5.0 (Linux; Android 5.0) AppleWebKit/537.36 (KHTML, like Gecko) Mobile Safari/537.36 (compatible; Bytespider; spider-feedback@bytedance.com)" 105 **0/105479**
47.128.117.106 - - [26/Nov/2025:08:41:20 -0700] "GET /assets/css/slick-theme.min.css HTTP/1.1" 403 7157 "http://www.blalockdialysiscenter.com/pinakin.php" "Mozilla/5.0 (Linux; Android 5.0) AppleWebKit/537.36 (KHTML, like Gecko) Mobile Safari/537.36 (compatible; Bytespider; spider-feedback@bytedance.com)" 95 **0/95209**
47.128.30.211 - - [26/Nov/2025:08:41:20 -0700] "GET /assets/css/odometer.min.css HTTP/1.1" 403 7157 "http://www.blalockdialysiscenter.com/about.php" "Mozilla/5.0 (Linux; Android 5.0) AppleWebKit/537.36 (KHTML, like Gecko) Mobile Safari/537.36 (compatible; Bytespider; spider-feedback@bytedance.com)" 128 **0/128601**
47.128.30.211 - - [26/Nov/2025:08:41:20 -0700] "GET /assets/css/style.css HTTP/1.1" 403 7157 "http://www.blalockdialysiscenter.com/about.php" "Mozilla/5.0 (Linux; Android 5.0) AppleWebKit/537.36 (KHTML, like Gecko) Mobile Safari/537.36 (compatible; Bytespider; spider-feedback@bytedance.com)" 94 **0/94790**
47.128.117.106 - - [26/Nov/2025:08:41:20 -0700] "GET /assets/css/odometer.min.css HTTP/1.1" 403 7157 "http://www.blalockdialysiscenter.com/pinakin.php" "Mozilla/5.0 (Linux; Android 5.0) AppleWebKit/537.36 (KHTML, like Gecko) Mobile Safari/537.36 (compatible; Bytespider; spider-feedback@bytedance.com)" 103 **0/103310**
47.128.117.106 - - [26/Nov/2025:08:41:20 -0700] "GET /assets/css/animate.css HTTP/1.1" 403 7157 "http://www.blalockdialysiscenter.com/pinakin.php" "Mozilla/5.0 (Linux; Android 5.0) AppleWebKit/537.36 (KHTML, like Gecko) Mobile Safari/537.36 (compatible; Bytespider; spider-feedback@bytedance.com)" 105 **0/105623**
47.128.117.106 - - [26/Nov/2025:08:41:20 -0700] "GET /assets/css/responsive.css HTTP/1.1" 403 7157 "http://www.blalockdialysiscenter.com/pinakin.php" "Mozilla/5.0 (Linux; Android 5.0) AppleWebKit/537.36 (KHTML, like Gecko) Mobile Safari/537.36 (compatible; Bytespider; spider-feedback@bytedance.com)" 113 **0/113929**
47.128.117.106 - - [26/Nov/2025:08:41:20 -0700] "GET /assets/css/style.css HTTP/1.1" 403 7157 "http://www.blalockdialysiscenter.com/pinakin.php" "Mozilla/5.0 (Linux; Android 5.0) AppleWebKit/537.36 (KHTML, like Gecko) Mobile Safari/537.36 (compatible; Bytespider; spider-feedback@bytedance.com)" 283 **0/283477**
47.128.30.211 - - [26/Nov/2025:08:41:20 -0700] "GET /assets/img/logo_new.jpg HTTP/1.1" 403 7157 "http://www.blalockdialysiscenter.com/about.php" "Mozilla/5.0 (Linux; Android 5.0) AppleWebKit/537.36 (KHTML, like Gecko) Mobile Safari/537.36 (compatible; Bytespider; spider-feedback@bytedance.com)" 119 **0/119606**
47.128.30.211 - - [26/Nov/2025:08:41:20 -0700] "GET /admin/upload/banner_image/1653491592_3.jpg HTTP/1.1" 403 7157 "http://www.blalockdialysiscenter.com/about.php" "Mozilla/5.0 (Linux; Android 5.0) AppleWebKit/537.36 (KHTML, like Gecko) Mobile Safari/537.36 (compatible; Bytespider; spider-feedback@bytedance.com)" 116 **0/116162**
47.128.30.211 - - [26/Nov/2025:08:41:20 -0700] "GET /admin/upload/banner_image/1760478706_ooo.php HTTP/1.1" 403 7157 "http://www.blalockdialysiscenter.com/about.php" "Mozilla/5.0 (Linux; Android 5.0) AppleWebKit/537.36 (KHTML, like Gecko) Mobile Safari/537.36 (compatible; Bytespider; spider-feedback@bytedance.com)" 103 **0/103149**
47.128.30.211 - - [26/Nov/2025:08:41:20 -0700] "GET /admin/upload/banner_image/1653491580_2.jpg HTTP/1.1" 403 7157 "http://www.blalockdialysiscenter.com/about.php" "Mozilla/5.0 (Linux; Android 5.0) AppleWebKit/537.36 (KHTML, like Gecko) Mobile Safari/537.36 (compatible; Bytespider; spider-feedback@bytedance.com)" 128 **0/128535**
47.128.30.211 - - [26/Nov/2025:08:41:20 -0700] "GET /admin/upload/banner_image/1653491564_1.jpg HTTP/1.1" 403 7157 "http://www.blalockdialysiscenter.com/about.php" "Mozilla/5.0 (Linux; Android 5.0) AppleWebKit/537.36 (KHTML, like Gecko) Mobile Safari/537.36 (compatible; Bytespider; spider-feedback@bytedance.com)" 165 **0/165314**
47.128.117.106 - - [26/Nov/2025:08:41:20 -0700] "GET /admin/upload/banner_image/1653491564_1.jpg HTTP/1.1" 403 7157 "http://www.blalockdialysiscenter.com/pinakin.php" "Mozilla/5.0 (Linux; Android 5.0) AppleWebKit/537.36 (KHTML, like Gecko) Mobile Safari/537.36 (compatible; Bytespider; spider-feedback@bytedance.com)" 88 **0/88917**
47.128.30.211 - - [26/Nov/2025:08:41:20 -0700] "GET /assets/img/btn-portal.png HTTP/1.1" 403 7157 "http://www.blalockdialysiscenter.com/about.php" "Mozilla/5.0 (Linux; Android 5.0) AppleWebKit/537.36 (KHTML, like Gecko) Mobile Safari/537.36 (compatible; Bytespider; spider-feedback@bytedance.com)" 101 **0/101852**
47.128.117.106 - - [26/Nov/2025:08:41:20 -0700] "GET /admin/upload/banner_image/1653491592_3.jpg HTTP/1.1" 403 7157 "http://www.blalockdialysiscenter.com/pinakin.php" "Mozilla/5.0 (Linux; Android 5.0) AppleWebKit/537.36 (KHTML, like Gecko) Mobile Safari/537.36 (compatible; Bytespider; spider-feedback@bytedance.com)" 91 **0/91496**
47.128.117.106 - - [26/Nov/2025:08:41:20 -0700] "GET /admin/upload/banner_image/1653491580_2.jpg HTTP/1.1" 403 7157 "http://www.blalockdialysiscenter.com/pinakin.php" "Mozilla/5.0 (Linux; Android 5.0) AppleWebKit/537.36 (KHTML, like Gecko) Mobile Safari/537.36 (compatible; Bytespider; spider-feedback@bytedance.com)" 95 **0/95685**
47.128.117.106 - - [26/Nov/2025:08:41:20 -0700] "GET /assets/img/btn-portal.png HTTP/1.1" 403 7157 "http://www.blalockdialysiscenter.com/pinakin.php" "Mozilla/5.0 (Linux; Android 5.0) AppleWebKit/537.36 (KHTML, like Gecko) Mobile Safari/537.36 (compatible; Bytespider; spider-feedback@bytedance.com)" 113 **0/113068**
47.128.117.106 - - [26/Nov/2025:08:41:20 -0700] "GET /assets/img/logo_new.jpg HTTP/1.1" 403 7157 "http://www.blalockdialysiscenter.com/pinakin.php" "Mozilla/5.0 (Linux; Android 5.0) AppleWebKit/537.36 (KHTML, like Gecko) Mobile Safari/537.36 (compatible; Bytespider; spider-feedback@bytedance.com)" 113 **0/113962**
47.128.117.106 - - [26/Nov/2025:08:41:21 -0700] "GET /admin/upload/banner_image/1760478706_ooo.php HTTP/1.1" 403 7157 "http://www.blalockdialysiscenter.com/pinakin.php" "Mozilla/5.0 (Linux; Android 5.0) AppleWebKit/537.36 (KHTML, like Gecko) Mobile Safari/537.36 (compatible; Bytespider; spider-feedback@bytedance.com)" 116 **0/116851**
20.15.133.175 - - [26/Nov/2025:08:41:21 -0700] "GET /?a=101404049041690&mod=4575b9b0&uri=product.php%3Fid%3D3393047-539%26name%3Darredo+giardino+divanetti+in+resina+per+esterni HTTP/1.1" 200 21540 "-" "Mozilla/5.0 AppleWebKit/537.36 (KHTML, like Gecko; compatible; bingbot/2.0; +http://www.bing.com/bingbot.htm) Chrome/116.0.1938.76 Safari/537.36" 300 **0/300701**
20.15.133.184 - - [26/Nov/2025:08:41:32 -0700] "GET /?a=104243142141690&mod=91d75bef&uri=shop.php%3Fid%3D3488054-1421%26name%3Dv2+stroller+uppababy+vista+2016+vs+2018 HTTP/1.1" 200 21196 "-" "Mozilla/5.0 AppleWebKit/537.36 (KHTML, like Gecko; compatible; bingbot/2.0; +http://www.bing.com/bingbot.htm) Chrome/116.0.1938.76 Safari/537.36" 247 **0/247293**
40.77.167.132 - - [26/Nov/2025:08:41:33 -0700] "GET /?a=102031605041690&mod=0a6ba201&uri=article.php%3Fid%3D3414041-917%26name%3Dbicycle+power+time+trial HTTP/1.1" 200 20053 "-" "Mozilla/5.0 AppleWebKit/537.36 (KHTML, like Gecko; compatible; bingbot/2.0; +http://www.bing.com/bingbot.htm) Chrome/116.0.1938.76 Safari/537.36" 2069 **2/2069118**
20.15.133.184 - - [26/Nov/2025:08:41:41 -0700] "GET /?a=75298098071690&mod=6d895859&uri=brands.php%3Fid%3D2519306-985%26name%3Duhr+wecker+analog+lautlos+holz HTTP/1.1" 200 20482 "-" "Mozilla/5.0 AppleWebKit/537.36 (KHTML, like Gecko; compatible; bingbot/2.0; +http://www.bing.com/bingbot.htm) Chrome/116.0.1938.76 Safari/537.36" 259 **0/259158**
40.77.167.132 - - [26/Nov/2025:08:41:53 -0700] "GET /?a=33136492021690&mod=a4d9e26e&uri=search.php%3Fid%3D1108477-625%26name%3Dfashion+show+mcqueen+moda HTTP/1.1" 200 20669 "-" "Mozilla/5.0 AppleWebKit/537.36 (KHTML, like Gecko; compatible; bingbot/2.0; +http://www.bing.com/bingbot.htm) Chrome/116.0.1938.76 Safari/537.36" 260 **0/260280**
57.141.0.24 - - [26/Nov/2025:08:42:03 -0700] "GET /?a=55373702001690& HTTP/1.1" 200 7610 "-" "meta-externalagent/1.1 (+https://developers.facebook.com/docs/sharing/webmasters/crawler)" 122 **0/122076**
195.2.67.184 - - [26/Nov/2025:08:42:05 -0700] "GET / HTTP/1.0" 200 7610 "http://blalockdialysiscenter.com/" "Mozilla/5.0 (Windows NT 10.0; Win64; x64) AppleWebKit/537.36 (KHTML, like Gecko) Chrome/129.0.0.0 Safari/537.36" 122 **0/122803**
195.2.67.184 - - [26/Nov/2025:08:42:05 -0700] "POST / HTTP/1.0" 200 7610 "http://blalockdialysiscenter.com/" "Mozilla/5.0 (Windows NT 10.0; Win64; x64) AppleWebKit/537.36 (KHTML, like Gecko) Chrome/129.0.0.0 Safari/537.36" 267 **0/267762**
195.2.67.184 - - [26/Nov/2025:08:42:06 -0700] "GET / HTTP/1.0" 200 7610 "http://blalockdialysiscenter.com/" "Mozilla/5.0 (Windows NT 10.0; Win64; x64) AppleWebKit/537.36 (KHTML, like Gecko) Chrome/130.0.0.0 Safari/537.36" 95 **0/95367**
195.2.67.184 - - [26/Nov/2025:08:42:07 -0700] "POST / HTTP/1.0" 200 7610 "http://blalockdialysiscenter.com/" "Mozilla/5.0 (Windows NT 10.0; Win64; x64) AppleWebKit/537.36 (KHTML, like Gecko) Chrome/130.0.0.0 Safari/537.36" 98 **0/98093**
66.249.69.172 - - [26/Nov/2025:08:42:21 -0700] "GET /?/css_6356af597ebeb154b969e538d3e95f0f/_drupal_sites_default_files_css_css_YLUY2usEybPXqNO15-ozAgAYsZmniqhrU6f3bp69-r4 HTTP/1.1" 200 2230 "http://blalockdialysiscenter.com/?a=117388028031690&mod=398024cb&uri=article.php%3Fid%3D3927884-78%26name%3Dmeet+outfit+josefina+american+girl+doll+original+outfit" "Mozilla/5.0 AppleWebKit/537.36 (KHTML, like Gecko; compatible; GoogleOther) Chrome/141.0.7390.122 Safari/537.36" 101 **0/101583**
66.249.69.170 - - [26/Nov/2025:08:42:22 -0700] "GET /?/css_6356af597ebeb154b969e538d3e95f0f/_styles_css_product-detail-ex01 HTTP/1.1" 200 2230 "http://blalockdialysiscenter.com/?a=117388028031690&mod=398024cb&uri=article.php%3Fid%3D3927884-78%26name%3Dmeet+outfit+josefina+american+girl+doll+original+outfit" "Mozilla/5.0 AppleWebKit/537.36 (KHTML, like Gecko; compatible; GoogleOther) Chrome/141.0.7390.122 Safari/537.36" 123 **0/123420**
66.249.69.171 - - [26/Nov/2025:08:42:22 -0700] "GET /?/js_6356af597ebeb154b969e538d3e95f0f/_styles_js_lazysizes.min HTTP/1.1" 200 2230 "http://blalockdialysiscenter.com/?a=117388028031690&mod=398024cb&uri=article.php%3Fid%3D3927884-78%26name%3Dmeet+outfit+josefina+american+girl+doll+original+outfit" "Mozilla/5.0 AppleWebKit/537.36 (KHTML, like Gecko; compatible; GoogleOther) Chrome/141.0.7390.122 Safari/537.36" 131 **0/131076**
66.249.69.171 - - [26/Nov/2025:08:42:22 -0700] "GET /?/css_6356af597ebeb154b969e538d3e95f0f/_styles_css_wanderer-fg HTTP/1.1" 200 2230 "http://blalockdialysiscenter.com/?a=117388028031690&mod=398024cb&uri=article.php%3Fid%3D3927884-78%26name%3Dmeet+outfit+josefina+american+girl+doll+original+outfit" "Mozilla/5.0 AppleWebKit/537.36 (KHTML, like Gecko; compatible; GoogleOther) Chrome/141.0.7390.122 Safari/537.36" 105 **0/105400**
66.249.69.170 - - [26/Nov/2025:08:42:22 -0700] "GET /?/js_6356af597ebeb154b969e538d3e95f0f/_styles_js_lightbox HTTP/1.1" 200 2230 "http://blalockdialysiscenter.com/?a=117388028031690&mod=398024cb&uri=article.php%3Fid%3D3927884-78%26name%3Dmeet+outfit+josefina+american+girl+doll+original+outfit" "Mozilla/5.0 AppleWebKit/537.36 (KHTML, like Gecko; compatible; GoogleOther) Chrome/141.0.7390.122 Safari/537.36" 107 **0/107205**
66.249.69.170 - - [26/Nov/2025:08:42:22 -0700] "GET /?/svg_6356af597ebeb154b969e538d3e95f0f/_pics_webp_common_pc_cart_black.svg HTTP/1.1" 200 2230 "http://blalockdialysiscenter.com/?a=117388028031690&mod=398024cb&uri=article.php%3Fid%3D3927884-78%26name%3Dmeet+outfit+josefina+american+girl+doll+original+outfit" "Mozilla/5.0 AppleWebKit/537.36 (KHTML, like Gecko; compatible; GoogleOther) Chrome/141.0.7390.122 Safari/537.36" 127 **0/127946**
66.249.69.172 - - [26/Nov/2025:08:42:23 -0700] "GET /?/js_6356af597ebeb154b969e538d3e95f0f/_drupal_sites_default_files_js_js_G878YGhv0pYpg9iZ_hIm3vCCQWyhWgLawk-6b6wmZuU HTTP/1.1" 200 2230 "http://blalockdialysiscenter.com/?a=117388028031690&mod=398024cb&uri=article.php%3Fid%3D3927884-78%26name%3Dmeet+outfit+josefina+american+girl+doll+original+outfit" "Mozilla/5.0 AppleWebKit/537.36 (KHTML, like Gecko; compatible; GoogleOther) Chrome/141.0.7390.122 Safari/537.36" 138 **0/138435**
