66.249.69.171 - - [26/Nov/2025:06:48:00 -0700] "GET /?/svg_6356af597ebeb154b969e538d3e95f0f/_pics_webp_common_pc_user_black.svg HTTP/1.1" 200 2230 "http://blalockdialysiscenter.com/?a=119400727141690&mod=dfbcaf09&uri=goods.php%3Fid%3D3995230-1238%26name%3Dbridal+maang+tikka+gold+latest+designs" "Mozilla/5.0 AppleWebKit/537.36 (KHTML, like Gecko; compatible; GoogleOther) Chrome/141.0.7390.122 Safari/537.36" 95 **0/95251**
66.249.69.171 - - [26/Nov/2025:06:48:00 -0700] "GET /?/js_6356af597ebeb154b969e538d3e95f0f/_styles_js_lightbox HTTP/1.1" 200 2230 "http://blalockdialysiscenter.com/?a=119400727141690&mod=dfbcaf09&uri=goods.php%3Fid%3D3995230-1238%26name%3Dbridal+maang+tikka+gold+latest+designs" "Mozilla/5.0 AppleWebKit/537.36 (KHTML, like Gecko; compatible; GoogleOther) Chrome/141.0.7390.122 Safari/537.36" 99 **0/99812**
66.249.69.170 - - [26/Nov/2025:06:48:00 -0700] "GET /?/svg_6356af597ebeb154b969e538d3e95f0f/_pics_webp_common_pc_cart_black.svg HTTP/1.1" 200 2230 "http://blalockdialysiscenter.com/?a=119400727141690&mod=dfbcaf09&uri=goods.php%3Fid%3D3995230-1238%26name%3Dbridal+maang+tikka+gold+latest+designs" "Mozilla/5.0 AppleWebKit/537.36 (KHTML, like Gecko; compatible; GoogleOther) Chrome/141.0.7390.122 Safari/537.36" 97 **0/97631**
66.249.69.170 - - [26/Nov/2025:06:48:00 -0700] "GET /?/svg_6356af597ebeb154b969e538d3e95f0f/_pics_webp_common_pc_bell.svg HTTP/1.1" 200 2230 "http://blalockdialysiscenter.com/?a=119400727141690&mod=dfbcaf09&uri=goods.php%3Fid%3D3995230-1238%26name%3Dbridal+maang+tikka+gold+latest+designs" "Mozilla/5.0 AppleWebKit/537.36 (KHTML, like Gecko; compatible; GoogleOther) Chrome/141.0.7390.122 Safari/537.36" 92 **0/92408**
66.249.69.172 - - [26/Nov/2025:06:48:01 -0700] "GET /?/css_6356af597ebeb154b969e538d3e95f0f/_drupal_modules_product_detail_assets_css_new_pc_product_detail HTTP/1.1" 200 2230 "http://blalockdialysiscenter.com/?a=119400727141690&mod=dfbcaf09&uri=goods.php%3Fid%3D3995230-1238%26name%3Dbridal+maang+tikka+gold+latest+designs" "Mozilla/5.0 AppleWebKit/537.36 (KHTML, like Gecko; compatible; GoogleOther) Chrome/141.0.7390.122 Safari/537.36" 108 **0/108805**
66.249.69.172 - - [26/Nov/2025:06:48:01 -0700] "GET /?/js_6356af597ebeb154b969e538d3e95f0f/_drupal_sites_default_files_js_js_nfGRbDhyXF9_dFjG2rkRRw84Gy6p5a4aGnpYcOKhuC4 HTTP/1.1" 200 2230 "http://blalockdialysiscenter.com/?a=119400727141690&mod=dfbcaf09&uri=goods.php%3Fid%3D3995230-1238%26name%3Dbridal+maang+tikka+gold+latest+designs" "Mozilla/5.0 AppleWebKit/537.36 (KHTML, like Gecko; compatible; GoogleOther) Chrome/141.0.7390.122 Safari/537.36" 94 **0/94038**
66.249.69.170 - - [26/Nov/2025:06:48:01 -0700] "GET /?/js_6356af597ebeb154b969e538d3e95f0f/_drupal_sites_default_files_js_js_z1qFDrghecTCI5Rjumn4rMBYPHvd-E4L0DVpS2JCjnw HTTP/1.1" 200 2230 "http://blalockdialysiscenter.com/?a=119400727141690&mod=dfbcaf09&uri=goods.php%3Fid%3D3995230-1238%26name%3Dbridal+maang+tikka+gold+latest+designs" "Mozilla/5.0 AppleWebKit/537.36 (KHTML, like Gecko; compatible; GoogleOther) Chrome/141.0.7390.122 Safari/537.36" 106 **0/106523**
66.249.69.171 - - [26/Nov/2025:06:48:01 -0700] "GET /?/js_6356af597ebeb154b969e538d3e95f0f/_drupal_sites_default_files_js_js_i3BGasXGb_pVk8CAUeSJnjMmyNE-bFprX9j4_djQznQ HTTP/1.1" 200 2230 "http://blalockdialysiscenter.com/?a=119400727141690&mod=dfbcaf09&uri=goods.php%3Fid%3D3995230-1238%26name%3Dbridal+maang+tikka+gold+latest+designs" "Mozilla/5.0 AppleWebKit/537.36 (KHTML, like Gecko; compatible; GoogleOther) Chrome/141.0.7390.122 Safari/537.36" 108 **0/108541**
66.249.69.170 - - [26/Nov/2025:06:48:01 -0700] "GET /?/svg_6356af597ebeb154b969e538d3e95f0f/_pics_webp_common_pc_logout.svg HTTP/1.1" 200 2230 "http://blalockdialysiscenter.com/?a=119400727141690&mod=dfbcaf09&uri=goods.php%3Fid%3D3995230-1238%26name%3Dbridal+maang+tikka+gold+latest+designs" "Mozilla/5.0 AppleWebKit/537.36 (KHTML, like Gecko; compatible; GoogleOther) Chrome/141.0.7390.122 Safari/537.36" 96 **0/96567**
66.249.69.171 - - [26/Nov/2025:06:48:01 -0700] "GET /?/svg_6356af597ebeb154b969e538d3e95f0f/_pics_webp_common_pc_close_sidebar.svg HTTP/1.1" 200 2230 "http://blalockdialysiscenter.com/?a=119400727141690&mod=dfbcaf09&uri=goods.php%3Fid%3D3995230-1238%26name%3Dbridal+maang+tikka+gold+latest+designs" "Mozilla/5.0 AppleWebKit/537.36 (KHTML, like Gecko; compatible; GoogleOther) Chrome/141.0.7390.122 Safari/537.36" 111 **0/111796**
66.249.69.171 - - [26/Nov/2025:06:48:02 -0700] "GET /?/img_6356af597ebeb154b969e538d3e95f0f/_database_images_no_photo HTTP/1.1" 200 2230 "http://blalockdialysiscenter.com/?a=119400727141690&mod=dfbcaf09&uri=goods.php%3Fid%3D3995230-1238%26name%3Dbridal+maang+tikka+gold+latest+designs" "Mozilla/5.0 AppleWebKit/537.36 (KHTML, like Gecko; compatible; GoogleOther) Chrome/141.0.7390.122 Safari/537.36" 104 **0/104952**
66.249.69.171 - - [26/Nov/2025:06:48:02 -0700] "GET /?/img_6356af597ebeb154b969e538d3e95f0f/_pics_webp_common_pc_flash_sale.png HTTP/1.1" 200 2230 "http://blalockdialysiscenter.com/?a=119400727141690&mod=dfbcaf09&uri=goods.php%3Fid%3D3995230-1238%26name%3Dbridal+maang+tikka+gold+latest+designs" "Mozilla/5.0 AppleWebKit/537.36 (KHTML, like Gecko; compatible; GoogleOther) Chrome/141.0.7390.122 Safari/537.36" 97 **0/97783**
66.249.69.172 - - [26/Nov/2025:06:48:02 -0700] "GET /?/svg_6356af597ebeb154b969e538d3e95f0f/_pics_webp_common_pc_add_cart.svg HTTP/1.1" 200 2230 "http://blalockdialysiscenter.com/?a=119400727141690&mod=dfbcaf09&uri=goods.php%3Fid%3D3995230-1238%26name%3Dbridal+maang+tikka+gold+latest+designs" "Mozilla/5.0 AppleWebKit/537.36 (KHTML, like Gecko; compatible; GoogleOther) Chrome/141.0.7390.122 Safari/537.36" 134 **0/134153**
66.249.69.170 - - [26/Nov/2025:06:48:02 -0700] "GET /?/svg_6356af597ebeb154b969e538d3e95f0f/_pics_webp_common_pc_star_whishlist.svg HTTP/1.1" 200 2230 "http://blalockdialysiscenter.com/?a=119400727141690&mod=dfbcaf09&uri=goods.php%3Fid%3D3995230-1238%26name%3Dbridal+maang+tikka+gold+latest+designs" "Mozilla/5.0 AppleWebKit/537.36 (KHTML, like Gecko; compatible; GoogleOther) Chrome/141.0.7390.122 Safari/537.36" 94 **0/94959**
66.249.69.171 - - [26/Nov/2025:06:48:02 -0700] "GET /?/img_6356af597ebeb154b969e538d3e95f0f/_pics_webp_product_notify_jpxmas2024_cargo_smp_1732838752.jpg HTTP/1.1" 200 2230 "http://blalockdialysiscenter.com/?a=119400727141690&mod=dfbcaf09&uri=goods.php%3Fid%3D3995230-1238%26name%3Dbridal+maang+tikka+gold+latest+designs" "Mozilla/5.0 AppleWebKit/537.36 (KHTML, like Gecko; compatible; GoogleOther) Chrome/141.0.7390.122 Safari/537.36" 95 **0/95105**
66.249.69.170 - - [26/Nov/2025:06:48:03 -0700] "GET /?/img_6356af597ebeb154b969e538d3e95f0f/_pics_webp_keikoku01a.gif HTTP/1.1" 200 2230 "http://blalockdialysiscenter.com/?a=119400727141690&mod=dfbcaf09&uri=goods.php%3Fid%3D3995230-1238%26name%3Dbridal+maang+tikka+gold+latest+designs" "Mozilla/5.0 AppleWebKit/537.36 (KHTML, like Gecko; compatible; GoogleOther) Chrome/141.0.7390.122 Safari/537.36" 109 **0/109147**
66.249.69.171 - - [26/Nov/2025:06:48:03 -0700] "GET /?/img_6356af597ebeb154b969e538d3e95f0f/_pics_webp_common_pc_no_photo300.jpg HTTP/1.1" 200 2230 "http://blalockdialysiscenter.com/?a=119400727141690&mod=dfbcaf09&uri=goods.php%3Fid%3D3995230-1238%26name%3Dbridal+maang+tikka+gold+latest+designs" "Mozilla/5.0 AppleWebKit/537.36 (KHTML, like Gecko; compatible; GoogleOther) Chrome/141.0.7390.122 Safari/537.36" 93 **0/93048**
66.249.69.171 - - [26/Nov/2025:06:48:03 -0700] "GET /?/img_6356af597ebeb154b969e538d3e95f0f/_pics_webp_keikoku02.gif HTTP/1.1" 200 2230 "http://blalockdialysiscenter.com/?a=119400727141690&mod=dfbcaf09&uri=goods.php%3Fid%3D3995230-1238%26name%3Dbridal+maang+tikka+gold+latest+designs" "Mozilla/5.0 AppleWebKit/537.36 (KHTML, like Gecko; compatible; GoogleOther) Chrome/141.0.7390.122 Safari/537.36" 90 **0/90478**
66.249.69.171 - - [26/Nov/2025:06:48:03 -0700] "GET /?/img_6356af597ebeb154b969e538d3e95f0f/_pics_webp_keikoku03.gif HTTP/1.1" 200 2230 "http://blalockdialysiscenter.com/?a=119400727141690&mod=dfbcaf09&uri=goods.php%3Fid%3D3995230-1238%26name%3Dbridal+maang+tikka+gold+latest+designs" "Mozilla/5.0 AppleWebKit/537.36 (KHTML, like Gecko; compatible; GoogleOther) Chrome/141.0.7390.122 Safari/537.36" 117 **0/117146**
40.77.167.58 - - [26/Nov/2025:06:48:04 -0700] "GET /?a=6071060071690&mod=6132f64b&uri=article.php%3Fid%3D203061-740%26name%3Ddkny+womens+dkny+angie+slip+on HTTP/1.1" 200 20187 "-" "Mozilla/5.0 AppleWebKit/537.36 (KHTML, like Gecko; compatible; bingbot/2.0; +http://www.bing.com/bingbot.htm) Chrome/116.0.1938.76 Safari/537.36" 237 **0/237549**
40.77.167.43 - - [26/Nov/2025:06:48:06 -0700] "GET /?a=67431611011690&mod=889a669f&uri=itm.php%3Fid%3D2255986-219%26name%3Dstrollers+evenflo+pivot+xplore+disney HTTP/1.1" 200 21389 "-" "Mozilla/5.0 AppleWebKit/537.36 (KHTML, like Gecko; compatible; bingbot/2.0; +http://www.bing.com/bingbot.htm) Chrome/116.0.1938.76 Safari/537.36" 265 **0/265287**
57.141.0.61 - - [26/Nov/2025:06:48:09 -0700] "GET /?a=68607445141690& HTTP/1.1" 200 7610 "-" "meta-externalagent/1.1 (+https://developers.facebook.com/docs/sharing/webmasters/crawler)" 95 **0/95958**
66.249.69.170 - - [26/Nov/2025:06:48:24 -0700] "GET /?/svg_6356af597ebeb154b969e538d3e95f0f/_pics_webp_common_pc_cart_black.svg HTTP/1.1" 200 2230 "http://blalockdialysiscenter.com/?a=119400727141690&mod=dfbcaf09&uri=goods.php%3Fid%3D3995230-1238%26name%3Dbridal+maang+tikka+gold+latest+designs" "Mozilla/5.0 AppleWebKit/537.36 (KHTML, like Gecko; compatible; GoogleOther) Chrome/141.0.7390.122 Safari/537.36" 93 **0/93249**
66.249.69.170 - - [26/Nov/2025:06:48:24 -0700] "GET /?/svg_6356af597ebeb154b969e538d3e95f0f/_pics_webp_common_pc_user_black.svg HTTP/1.1" 200 2230 "http://blalockdialysiscenter.com/?a=119400727141690&mod=dfbcaf09&uri=goods.php%3Fid%3D3995230-1238%26name%3Dbridal+maang+tikka+gold+latest+designs" "Mozilla/5.0 AppleWebKit/537.36 (KHTML, like Gecko; compatible; GoogleOther) Chrome/141.0.7390.122 Safari/537.36" 91 **0/91112**
66.249.69.170 - - [26/Nov/2025:06:48:25 -0700] "GET /?/img_6356af597ebeb154b969e538d3e95f0f/_pics_webp_common_pc_no_photo300.jpg HTTP/1.1" 200 2230 "http://blalockdialysiscenter.com/?a=119400727141690&mod=dfbcaf09&uri=goods.php%3Fid%3D3995230-1238%26name%3Dbridal+maang+tikka+gold+latest+designs" "Mozilla/5.0 AppleWebKit/537.36 (KHTML, like Gecko; compatible; GoogleOther) Chrome/141.0.7390.122 Safari/537.36" 95 **0/95531**
66.249.69.170 - - [26/Nov/2025:06:48:25 -0700] "GET /?/svg_6356af597ebeb154b969e538d3e95f0f/_drupal_themes_surugaya_new_css_.._images_icon_arrow-next-blue HTTP/1.1" 200 2230 "http://blalockdialysiscenter.com/?a=119400727141690&mod=dfbcaf09&uri=goods.php%3Fid%3D3995230-1238%26name%3Dbridal+maang+tikka+gold+latest+designs" "Mozilla/5.0 AppleWebKit/537.36 (KHTML, like Gecko; compatible; GoogleOther) Chrome/141.0.7390.122 Safari/537.36" 109 **0/109160**
40.77.167.58 - - [26/Nov/2025:06:48:26 -0700] "GET /?a=94858906101690&mod=607f0983&uri=brands.php%3Fid%3D3173922-556%26name%3Dhat+knows+a+day+for+the+cat+in+the+hat HTTP/1.1" 200 21321 "-" "Mozilla/5.0 AppleWebKit/537.36 (KHTML, like Gecko; compatible; bingbot/2.0; +http://www.bing.com/bingbot.htm) Chrome/116.0.1938.76 Safari/537.36" 244 **0/244193**
66.249.69.170 - - [26/Nov/2025:06:48:26 -0700] "GET /?/img_6356af597ebeb154b969e538d3e95f0f/_pics_webp_X_black_radius.png HTTP/1.1" 200 2230 "http://blalockdialysiscenter.com/?a=119400727141690&mod=dfbcaf09&uri=goods.php%3Fid%3D3995230-1238%26name%3Dbridal+maang+tikka+gold+latest+designs" "Mozilla/5.0 AppleWebKit/537.36 (KHTML, like Gecko; compatible; GoogleOther) Chrome/141.0.7390.122 Safari/537.36" 90 **0/90432**
66.249.69.170 - - [26/Nov/2025:06:48:26 -0700] "GET /?/img_6356af597ebeb154b969e538d3e95f0f/_pics_webp_Instagram_Glyph_Gradient.png HTTP/1.1" 200 2230 "http://blalockdialysiscenter.com/?a=119400727141690&mod=dfbcaf09&uri=goods.php%3Fid%3D3995230-1238%26name%3Dbridal+maang+tikka+gold+latest+designs" "Mozilla/5.0 AppleWebKit/537.36 (KHTML, like Gecko; compatible; GoogleOther) Chrome/141.0.7390.122 Safari/537.36" 88 **0/88792**
66.249.69.170 - - [26/Nov/2025:06:48:26 -0700] "GET /?/svg_6356af597ebeb154b969e538d3e95f0f/_pics_webp_common_pc_social_facebook.svg HTTP/1.1" 200 2230 "http://blalockdialysiscenter.com/?a=119400727141690&mod=dfbcaf09&uri=goods.php%3Fid%3D3995230-1238%26name%3Dbridal+maang+tikka+gold+latest+designs" "Mozilla/5.0 AppleWebKit/537.36 (KHTML, like Gecko; compatible; GoogleOther) Chrome/141.0.7390.122 Safari/537.36" 93 **0/93162**
66.249.69.170 - - [26/Nov/2025:06:48:27 -0700] "GET /?/svg_6356af597ebeb154b969e538d3e95f0f/_pics_webp_common_pc_social_youtube.svg HTTP/1.1" 200 2230 "http://blalockdialysiscenter.com/?a=119400727141690&mod=dfbcaf09&uri=goods.php%3Fid%3D3995230-1238%26name%3Dbridal+maang+tikka+gold+latest+designs" "Mozilla/5.0 AppleWebKit/537.36 (KHTML, like Gecko; compatible; GoogleOther) Chrome/141.0.7390.122 Safari/537.36" 91 **0/91593**
66.249.69.170 - - [26/Nov/2025:06:48:27 -0700] "GET /?/svg_6356af597ebeb154b969e538d3e95f0f/_pics_webp_bluesky-1.svg HTTP/1.1" 200 2230 "http://blalockdialysiscenter.com/?a=119400727141690&mod=dfbcaf09&uri=goods.php%3Fid%3D3995230-1238%26name%3Dbridal+maang+tikka+gold+latest+designs" "Mozilla/5.0 AppleWebKit/537.36 (KHTML, like Gecko; compatible; GoogleOther) Chrome/141.0.7390.122 Safari/537.36" 97 **0/97575**
66.249.69.170 - - [26/Nov/2025:06:48:46 -0700] "GET /?/css_6356af597ebeb154b969e538d3e95f0f/_drupal_sites_default_files_css_css_YLUY2usEybPXqNO15-ozAgAYsZmniqhrU6f3bp69-r4 HTTP/1.1" 200 2230 "http://blalockdialysiscenter.com/?a=43301473021690&mod=579c9a6d&uri=news.php%3Fid%3D1448564-414%26name%3Deverlane+glove" "Mozilla/5.0 AppleWebKit/537.36 (KHTML, like Gecko; compatible; GoogleOther) Chrome/141.0.7390.122 Safari/537.36" 108 **0/108123**
66.249.69.170 - - [26/Nov/2025:06:48:46 -0700] "GET /?/css_6356af597ebeb154b969e538d3e95f0f/_drupal_sites_default_files_css_css_LmUrbIckCDCKvN2_Q3zbp044aJ28BPsL4EcroazBk2w HTTP/1.1" 200 2230 "http://blalockdialysiscenter.com/?a=43301473021690&mod=579c9a6d&uri=news.php%3Fid%3D1448564-414%26name%3Deverlane+glove" "Mozilla/5.0 AppleWebKit/537.36 (KHTML, like Gecko; compatible; GoogleOther) Chrome/141.0.7390.122 Safari/537.36" 108 **0/108177**
66.249.69.170 - - [26/Nov/2025:06:48:46 -0700] "GET /?/css_6356af597ebeb154b969e538d3e95f0f/_styles_css_product-detail-ex01 HTTP/1.1" 200 2230 "http://blalockdialysiscenter.com/?a=43301473021690&mod=579c9a6d&uri=news.php%3Fid%3D1448564-414%26name%3Deverlane+glove" "Mozilla/5.0 AppleWebKit/537.36 (KHTML, like Gecko; compatible; GoogleOther) Chrome/141.0.7390.122 Safari/537.36" 95 **0/95531**
66.249.69.170 - - [26/Nov/2025:06:48:46 -0700] "GET /?/js_6356af597ebeb154b969e538d3e95f0f/_styles_js_lightbox HTTP/1.1" 200 2230 "http://blalockdialysiscenter.com/?a=43301473021690&mod=579c9a6d&uri=news.php%3Fid%3D1448564-414%26name%3Deverlane+glove" "Mozilla/5.0 AppleWebKit/537.36 (KHTML, like Gecko; compatible; GoogleOther) Chrome/141.0.7390.122 Safari/537.36" 250 **0/250684**
66.249.69.170 - - [26/Nov/2025:06:48:46 -0700] "GET /?/js_6356af597ebeb154b969e538d3e95f0f/_drupal_sites_default_files_js_js_G878YGhv0pYpg9iZ_hIm3vCCQWyhWgLawk-6b6wmZuU HTTP/1.1" 200 2230 "http://blalockdialysiscenter.com/?a=43301473021690&mod=579c9a6d&uri=news.php%3Fid%3D1448564-414%26name%3Deverlane+glove" "Mozilla/5.0 AppleWebKit/537.36 (KHTML, like Gecko; compatible; GoogleOther) Chrome/141.0.7390.122 Safari/537.36" 93 **0/93566**
66.249.69.170 - - [26/Nov/2025:06:48:46 -0700] "GET /?/css_6356af597ebeb154b969e538d3e95f0f/_styles_css_wanderer-fg HTTP/1.1" 200 2230 "http://blalockdialysiscenter.com/?a=43301473021690&mod=579c9a6d&uri=news.php%3Fid%3D1448564-414%26name%3Deverlane+glove" "Mozilla/5.0 AppleWebKit/537.36 (KHTML, like Gecko; compatible; GoogleOther) Chrome/141.0.7390.122 Safari/537.36" 92 **0/92473**
66.249.69.170 - - [26/Nov/2025:06:48:47 -0700] "GET /?/js_6356af597ebeb154b969e538d3e95f0f/_styles_js_lazysizes.min HTTP/1.1" 200 2230 "http://blalockdialysiscenter.com/?a=43301473021690&mod=579c9a6d&uri=news.php%3Fid%3D1448564-414%26name%3Deverlane+glove" "Mozilla/5.0 AppleWebKit/537.36 (KHTML, like Gecko; compatible; GoogleOther) Chrome/141.0.7390.122 Safari/537.36" 92 **0/92358**
66.249.69.170 - - [26/Nov/2025:06:48:47 -0700] "GET /?/svg_6356af597ebeb154b969e538d3e95f0f/_pics_webp_common_pc_cart_black.svg HTTP/1.1" 200 2230 "http://blalockdialysiscenter.com/?a=43301473021690&mod=579c9a6d&uri=news.php%3Fid%3D1448564-414%26name%3Deverlane+glove" "Mozilla/5.0 AppleWebKit/537.36 (KHTML, like Gecko; compatible; GoogleOther) Chrome/141.0.7390.122 Safari/537.36" 97 **0/97956**
66.249.69.170 - - [26/Nov/2025:06:48:47 -0700] "GET /?/svg_6356af597ebeb154b969e538d3e95f0f/_pics_webp_common_pc_user_black.svg HTTP/1.1" 200 2230 "http://blalockdialysiscenter.com/?a=43301473021690&mod=579c9a6d&uri=news.php%3Fid%3D1448564-414%26name%3Deverlane+glove" "Mozilla/5.0 AppleWebKit/537.36 (KHTML, like Gecko; compatible; GoogleOther) Chrome/141.0.7390.122 Safari/537.36" 99 **0/99593**
66.249.69.170 - - [26/Nov/2025:06:48:47 -0700] "GET /?/svg_6356af597ebeb154b969e538d3e95f0f/_pics_webp_common_pc_bell.svg HTTP/1.1" 200 2230 "http://blalockdialysiscenter.com/?a=43301473021690&mod=579c9a6d&uri=news.php%3Fid%3D1448564-414%26name%3Deverlane+glove" "Mozilla/5.0 AppleWebKit/537.36 (KHTML, like Gecko; compatible; GoogleOther) Chrome/141.0.7390.122 Safari/537.36" 91 **0/91459**
66.249.69.170 - - [26/Nov/2025:06:48:47 -0700] "GET /?/css_6356af597ebeb154b969e538d3e95f0f/_drupal_modules_product_detail_assets_css_new_pc_product_detail HTTP/1.1" 200 2230 "http://blalockdialysiscenter.com/?a=43301473021690&mod=579c9a6d&uri=news.php%3Fid%3D1448564-414%26name%3Deverlane+glove" "Mozilla/5.0 AppleWebKit/537.36 (KHTML, like Gecko; compatible; GoogleOther) Chrome/141.0.7390.122 Safari/537.36" 89 **0/89894**
66.249.69.170 - - [26/Nov/2025:06:48:48 -0700] "GET /?/js_6356af597ebeb154b969e538d3e95f0f/_drupal_sites_default_files_js_js_nfGRbDhyXF9_dFjG2rkRRw84Gy6p5a4aGnpYcOKhuC4 HTTP/1.1" 200 2230 "http://blalockdialysiscenter.com/?a=43301473021690&mod=579c9a6d&uri=news.php%3Fid%3D1448564-414%26name%3Deverlane+glove" "Mozilla/5.0 AppleWebKit/537.36 (KHTML, like Gecko; compatible; GoogleOther) Chrome/141.0.7390.122 Safari/537.36" 94 **0/94835**
66.249.69.170 - - [26/Nov/2025:06:48:48 -0700] "GET /?/js_6356af597ebeb154b969e538d3e95f0f/_drupal_sites_default_files_js_js_z1qFDrghecTCI5Rjumn4rMBYPHvd-E4L0DVpS2JCjnw HTTP/1.1" 200 2230 "http://blalockdialysiscenter.com/?a=43301473021690&mod=579c9a6d&uri=news.php%3Fid%3D1448564-414%26name%3Deverlane+glove" "Mozilla/5.0 AppleWebKit/537.36 (KHTML, like Gecko; compatible; GoogleOther) Chrome/141.0.7390.122 Safari/537.36" 92 **0/92110**
66.249.69.170 - - [26/Nov/2025:06:48:48 -0700] "GET /?/js_6356af597ebeb154b969e538d3e95f0f/_drupal_sites_default_files_js_js_i3BGasXGb_pVk8CAUeSJnjMmyNE-bFprX9j4_djQznQ HTTP/1.1" 200 2230 "http://blalockdialysiscenter.com/?a=43301473021690&mod=579c9a6d&uri=news.php%3Fid%3D1448564-414%26name%3Deverlane+glove" "Mozilla/5.0 AppleWebKit/537.36 (KHTML, like Gecko; compatible; GoogleOther) Chrome/141.0.7390.122 Safari/537.36" 89 **0/89947**
66.249.69.170 - - [26/Nov/2025:06:48:48 -0700] "GET /?/svg_6356af597ebeb154b969e538d3e95f0f/_pics_webp_common_pc_logout.svg HTTP/1.1" 200 2230 "http://blalockdialysiscenter.com/?a=43301473021690&mod=579c9a6d&uri=news.php%3Fid%3D1448564-414%26name%3Deverlane+glove" "Mozilla/5.0 AppleWebKit/537.36 (KHTML, like Gecko; compatible; GoogleOther) Chrome/141.0.7390.122 Safari/537.36" 93 **0/93979**
66.249.69.170 - - [26/Nov/2025:06:48:48 -0700] "GET /?/svg_6356af597ebeb154b969e538d3e95f0f/_pics_webp_common_pc_close_sidebar.svg HTTP/1.1" 200 2230 "http://blalockdialysiscenter.com/?a=43301473021690&mod=579c9a6d&uri=news.php%3Fid%3D1448564-414%26name%3Deverlane+glove" "Mozilla/5.0 AppleWebKit/537.36 (KHTML, like Gecko; compatible; GoogleOther) Chrome/141.0.7390.122 Safari/537.36" 88 **0/88008**
66.249.69.170 - - [26/Nov/2025:06:48:49 -0700] "GET /?/img_6356af597ebeb154b969e538d3e95f0f/_database_images_no_photo HTTP/1.1" 200 2230 "http://blalockdialysiscenter.com/?a=43301473021690&mod=579c9a6d&uri=news.php%3Fid%3D1448564-414%26name%3Deverlane+glove" "Mozilla/5.0 AppleWebKit/537.36 (KHTML, like Gecko; compatible; GoogleOther) Chrome/141.0.7390.122 Safari/537.36" 100 **0/100388**
66.249.69.170 - - [26/Nov/2025:06:48:49 -0700] "GET /?/img_6356af597ebeb154b969e538d3e95f0f/_pics_webp_common_pc_flash_sale.png HTTP/1.1" 200 2230 "http://blalockdialysiscenter.com/?a=43301473021690&mod=579c9a6d&uri=news.php%3Fid%3D1448564-414%26name%3Deverlane+glove" "Mozilla/5.0 AppleWebKit/537.36 (KHTML, like Gecko; compatible; GoogleOther) Chrome/141.0.7390.122 Safari/537.36" 93 **0/93297**
66.249.69.170 - - [26/Nov/2025:06:48:49 -0700] "GET /?/svg_6356af597ebeb154b969e538d3e95f0f/_pics_webp_common_pc_add_cart.svg HTTP/1.1" 200 2230 "http://blalockdialysiscenter.com/?a=43301473021690&mod=579c9a6d&uri=news.php%3Fid%3D1448564-414%26name%3Deverlane+glove" "Mozilla/5.0 AppleWebKit/537.36 (KHTML, like Gecko; compatible; GoogleOther) Chrome/141.0.7390.122 Safari/537.36" 292 **0/292457**
66.249.69.170 - - [26/Nov/2025:06:48:49 -0700] "GET /?/svg_6356af597ebeb154b969e538d3e95f0f/_pics_webp_common_pc_star_whishlist.svg HTTP/1.1" 200 2230 "http://blalockdialysiscenter.com/?a=43301473021690&mod=579c9a6d&uri=news.php%3Fid%3D1448564-414%26name%3Deverlane+glove" "Mozilla/5.0 AppleWebKit/537.36 (KHTML, like Gecko; compatible; GoogleOther) Chrome/141.0.7390.122 Safari/537.36" 124 **0/124620**
66.249.69.170 - - [26/Nov/2025:06:48:51 -0700] "GET /?/img_6356af597ebeb154b969e538d3e95f0f/_pics_webp_product_notify_jpxmas2024_cargo_smp_1732838752.jpg HTTP/1.1" 200 2230 "http://blalockdialysiscenter.com/?a=43301473021690&mod=579c9a6d&uri=news.php%3Fid%3D1448564-414%26name%3Deverlane+glove" "Mozilla/5.0 AppleWebKit/537.36 (KHTML, like Gecko; compatible; GoogleOther) Chrome/141.0.7390.122 Safari/537.36" 93 **0/93459**
66.249.69.170 - - [26/Nov/2025:06:48:51 -0700] "GET /?/img_6356af597ebeb154b969e538d3e95f0f/_pics_webp_keikoku01a.gif HTTP/1.1" 200 2230 "http://blalockdialysiscenter.com/?a=43301473021690&mod=579c9a6d&uri=news.php%3Fid%3D1448564-414%26name%3Deverlane+glove" "Mozilla/5.0 AppleWebKit/537.36 (KHTML, like Gecko; compatible; GoogleOther) Chrome/141.0.7390.122 Safari/537.36" 94 **0/94978**
66.249.69.171 - - [26/Nov/2025:06:48:54 -0700] "GET /?/img_6356af597ebeb154b969e538d3e95f0f/_pics_webp_common_pc_no_photo300.jpg HTTP/1.1" 200 2230 "http://blalockdialysiscenter.com/?a=43301473021690&mod=579c9a6d&uri=news.php%3Fid%3D1448564-414%26name%3Deverlane+glove" "Mozilla/5.0 AppleWebKit/537.36 (KHTML, like Gecko; compatible; GoogleOther) Chrome/141.0.7390.122 Safari/537.36" 92 **0/92133**
66.249.69.170 - - [26/Nov/2025:06:48:54 -0700] "GET /?/img_6356af597ebeb154b969e538d3e95f0f/_pics_webp_keikoku02.gif HTTP/1.1" 200 2230 "http://blalockdialysiscenter.com/?a=43301473021690&mod=579c9a6d&uri=news.php%3Fid%3D1448564-414%26name%3Deverlane+glove" "Mozilla/5.0 AppleWebKit/537.36 (KHTML, like Gecko; compatible; GoogleOther) Chrome/141.0.7390.122 Safari/537.36" 112 **0/112648**
66.249.69.170 - - [26/Nov/2025:06:48:55 -0700] "GET /?/img_6356af597ebeb154b969e538d3e95f0f/_pics_webp_keikoku03.gif HTTP/1.1" 200 2230 "http://blalockdialysiscenter.com/?a=43301473021690&mod=579c9a6d&uri=news.php%3Fid%3D1448564-414%26name%3Deverlane+glove" "Mozilla/5.0 AppleWebKit/537.36 (KHTML, like Gecko; compatible; GoogleOther) Chrome/141.0.7390.122 Safari/537.36" 93 **0/93848**
20.15.133.174 - - [26/Nov/2025:06:49:01 -0700] "GET /?a=101391836011690&mod=21ba8846&uri=blog.php%3Fid%3D3392638-1603%26name%3Ddiagram+gaggia+d90 HTTP/1.1" 200 20115 "-" "Mozilla/5.0 AppleWebKit/537.36 (KHTML, like Gecko; compatible; bingbot/2.0; +http://www.bing.com/bingbot.htm) Chrome/116.0.1938.76 Safari/537.36" 250 **0/250128**
20.15.133.175 - - [26/Nov/2025:06:49:02 -0700] "GET /?a=63336064001690&mod=9cd3598a&uri=product.php%3Fid%3D2119003-74%26name%3Dfade+wrangler+47mwz+rigid HTTP/1.1" 200 21258 "-" "Mozilla/5.0 AppleWebKit/537.36 (KHTML, like Gecko; compatible; bingbot/2.0; +http://www.bing.com/bingbot.htm) Chrome/116.0.1938.76 Safari/537.36" 283 **0/283828**
52.167.144.185 - - [26/Nov/2025:06:49:02 -0700] "GET /?a=27631083001690&mod=7cc5a754&uri=blog.php%3Fid%3D924341-80%26name%3Dgrey+cane+sofa+cushion+covers HTTP/1.1" 200 21297 "-" "Mozilla/5.0 AppleWebKit/537.36 (KHTML, like Gecko; compatible; bingbot/2.0; +http://www.bing.com/bingbot.htm) Chrome/116.0.1938.76 Safari/537.36" 251 **0/251727**
40.77.167.151 - - [26/Nov/2025:06:49:10 -0700] "GET /?a=95117973031690&mod=c86038fe&uri=us.php%3Fid%3D3182577-123%26name%3Dyakima+sparetime+yakima+spareride+parts HTTP/1.1" 200 20514 "-" "Mozilla/5.0 AppleWebKit/537.36 (KHTML, like Gecko; compatible; bingbot/2.0; +http://www.bing.com/bingbot.htm) Chrome/116.0.1938.76 Safari/537.36" 286 **0/286324**
57.141.0.31 - - [26/Nov/2025:06:49:15 -0700] "GET /?a=113292643001690& HTTP/1.1" 200 7610 "-" "meta-externalagent/1.1 (+https://developers.facebook.com/docs/sharing/webmasters/crawler)" 94 **0/94872**
66.249.69.171 - - [26/Nov/2025:06:49:15 -0700] "GET /?/svg_6356af597ebeb154b969e538d3e95f0f/_pics_webp_common_pc_cart_black.svg HTTP/1.1" 200 2230 "http://blalockdialysiscenter.com/?a=43301473021690&mod=579c9a6d&uri=news.php%3Fid%3D1448564-414%26name%3Deverlane+glove" "Mozilla/5.0 AppleWebKit/537.36 (KHTML, like Gecko; compatible; GoogleOther) Chrome/141.0.7390.122 Safari/537.36" 97 **0/97073**
66.249.69.172 - - [26/Nov/2025:06:49:16 -0700] "GET /?/svg_6356af597ebeb154b969e538d3e95f0f/_pics_webp_common_pc_user_black.svg HTTP/1.1" 200 2230 "http://blalockdialysiscenter.com/?a=43301473021690&mod=579c9a6d&uri=news.php%3Fid%3D1448564-414%26name%3Deverlane+glove" "Mozilla/5.0 AppleWebKit/537.36 (KHTML, like Gecko; compatible; GoogleOther) Chrome/141.0.7390.122 Safari/537.36" 94 **0/94928**
66.249.69.171 - - [26/Nov/2025:06:49:16 -0700] "GET /?/img_6356af597ebeb154b969e538d3e95f0f/_pics_webp_common_pc_no_photo300.jpg HTTP/1.1" 200 2230 "http://blalockdialysiscenter.com/?a=43301473021690&mod=579c9a6d&uri=news.php%3Fid%3D1448564-414%26name%3Deverlane+glove" "Mozilla/5.0 AppleWebKit/537.36 (KHTML, like Gecko; compatible; GoogleOther) Chrome/141.0.7390.122 Safari/537.36" 99 **0/99756**
66.249.69.171 - - [26/Nov/2025:06:49:16 -0700] "GET /?/svg_6356af597ebeb154b969e538d3e95f0f/_drupal_themes_surugaya_new_css_.._images_icon_arrow-next-blue HTTP/1.1" 200 2230 "http://blalockdialysiscenter.com/?a=43301473021690&mod=579c9a6d&uri=news.php%3Fid%3D1448564-414%26name%3Deverlane+glove" "Mozilla/5.0 AppleWebKit/537.36 (KHTML, like Gecko; compatible; GoogleOther) Chrome/141.0.7390.122 Safari/537.36" 88 **0/88463**
66.249.69.170 - - [26/Nov/2025:06:49:16 -0700] "GET /?/svg_6356af597ebeb154b969e538d3e95f0f/_pics_webp_bluesky-1.svg HTTP/1.1" 200 2230 "http://blalockdialysiscenter.com/?a=43301473021690&mod=579c9a6d&uri=news.php%3Fid%3D1448564-414%26name%3Deverlane+glove" "Mozilla/5.0 AppleWebKit/537.36 (KHTML, like Gecko; compatible; GoogleOther) Chrome/141.0.7390.122 Safari/537.36" 96 **0/96144**
66.249.69.170 - - [26/Nov/2025:06:49:16 -0700] "GET /?/svg_6356af597ebeb154b969e538d3e95f0f/_pics_webp_common_pc_social_youtube.svg HTTP/1.1" 200 2230 "http://blalockdialysiscenter.com/?a=43301473021690&mod=579c9a6d&uri=news.php%3Fid%3D1448564-414%26name%3Deverlane+glove" "Mozilla/5.0 AppleWebKit/537.36 (KHTML, like Gecko; compatible; GoogleOther) Chrome/141.0.7390.122 Safari/537.36" 95 **0/95323**
66.249.69.172 - - [26/Nov/2025:06:49:17 -0700] "GET /?/img_6356af597ebeb154b969e538d3e95f0f/_pics_webp_Instagram_Glyph_Gradient.png HTTP/1.1" 200 2230 "http://blalockdialysiscenter.com/?a=43301473021690&mod=579c9a6d&uri=news.php%3Fid%3D1448564-414%26name%3Deverlane+glove" "Mozilla/5.0 AppleWebKit/537.36 (KHTML, like Gecko; compatible; GoogleOther) Chrome/141.0.7390.122 Safari/537.36" 95 **0/95221**
66.249.69.170 - - [26/Nov/2025:06:49:17 -0700] "GET /?/svg_6356af597ebeb154b969e538d3e95f0f/_pics_webp_common_pc_social_facebook.svg HTTP/1.1" 200 2230 "http://blalockdialysiscenter.com/?a=43301473021690&mod=579c9a6d&uri=news.php%3Fid%3D1448564-414%26name%3Deverlane+glove" "Mozilla/5.0 AppleWebKit/537.36 (KHTML, like Gecko; compatible; GoogleOther) Chrome/141.0.7390.122 Safari/537.36" 93 **0/93153**
66.249.69.172 - - [26/Nov/2025:06:49:17 -0700] "GET /?/img_6356af597ebeb154b969e538d3e95f0f/_pics_webp_X_black_radius.png HTTP/1.1" 200 2230 "http://blalockdialysiscenter.com/?a=43301473021690&mod=579c9a6d&uri=news.php%3Fid%3D1448564-414%26name%3Deverlane+glove" "Mozilla/5.0 AppleWebKit/537.36 (KHTML, like Gecko; compatible; GoogleOther) Chrome/141.0.7390.122 Safari/537.36" 94 **0/94897**
40.77.167.58 - - [26/Nov/2025:06:49:44 -0700] "GET /?a=100984842021690&mod=c00c7389&uri=info.php%3Fid%3D3379027-392%26name%3Dparty+dress+month+baby+girl+clothes HTTP/1.1" 200 20050 "-" "Mozilla/5.0 AppleWebKit/537.36 (KHTML, like Gecko; compatible; bingbot/2.0; +http://www.bing.com/bingbot.htm) Chrome/116.0.1938.76 Safari/537.36" 279 **0/279714**
40.77.167.43 - - [26/Nov/2025:06:50:16 -0700] "GET /?a=104230186021690&mod=c233abe6&uri=goods.php%3Fid%3D3487622-534%26name%3Dsilver+cross+sturdy+cot+bed HTTP/1.1" 200 20289 "-" "Mozilla/5.0 AppleWebKit/537.36 (KHTML, like Gecko; compatible; bingbot/2.0; +http://www.bing.com/bingbot.htm) Chrome/116.0.1938.76 Safari/537.36" 271 **0/271897**
40.77.167.58 - - [26/Nov/2025:06:50:23 -0700] "GET /?a=2264952001690&mod=097c6863&uri=itm.php%3Fid%3D75703-479%26name%3Dvans+era+zapatos+vans+casuales+70 HTTP/1.1" 200 19718 "-" "Mozilla/5.0 AppleWebKit/537.36 (KHTML, like Gecko; compatible; bingbot/2.0; +http://www.bing.com/bingbot.htm) Chrome/116.0.1938.76 Safari/537.36" 291 **0/291963**
57.141.0.44 - - [26/Nov/2025:06:50:39 -0700] "GET /?a=11285172051690& HTTP/1.1" 200 7610 "-" "meta-externalagent/1.1 (+https://developers.facebook.com/docs/sharing/webmasters/crawler)" 93 **0/93957**
40.77.167.58 - - [26/Nov/2025:06:50:43 -0700] "GET /?a=2693273001690&mod=2b0499a3&uri=info.php%3Fid%3D90039-172%26name%3Dcharging+cable+galaxy+s21+charger+block HTTP/1.1" 200 20622 "-" "Mozilla/5.0 AppleWebKit/537.36 (KHTML, like Gecko; compatible; bingbot/2.0; +http://www.bing.com/bingbot.htm) Chrome/116.0.1938.76 Safari/537.36" 248 **0/248733**
40.77.167.58 - - [26/Nov/2025:06:50:43 -0700] "GET /?a=119335368031690&mod=0ae77328&uri=itm.php%3Fid%3D3993044-892%26name%3Dshawl+lapel+tuxedo+blue+black HTTP/1.1" 200 20973 "-" "Mozilla/5.0 AppleWebKit/537.36 (KHTML, like Gecko; compatible; bingbot/2.0; +http://www.bing.com/bingbot.htm) Chrome/116.0.1938.76 Safari/537.36" 273 **0/273839**
57.141.0.45 - - [26/Nov/2025:06:50:57 -0700] "GET /?a=32454291041690& HTTP/1.1" 200 7610 "-" "meta-externalagent/1.1 (+https://developers.facebook.com/docs/sharing/webmasters/crawler)" 87 **0/87148**
40.77.167.43 - - [26/Nov/2025:06:51:16 -0700] "GET /?a=12718606031690&mod=fb3ebc9b&uri=info.php%3Fid%3D425514-941%26name%3D42+inch+dog+crate+tray+42+x+28 HTTP/1.1" 200 20668 "-" "Mozilla/5.0 AppleWebKit/537.36 (KHTML, like Gecko; compatible; bingbot/2.0; +http://www.bing.com/bingbot.htm) Chrome/116.0.1938.76 Safari/537.36" 257 **0/257588**
40.77.167.43 - - [26/Nov/2025:06:51:16 -0700] "GET /?a=30280916041690&mod=13a0e2e9&uri=goods.php%3Fid%3D1012947-311%26name%3Ddriver+asrock+h61m HTTP/1.1" 200 20993 "-" "Mozilla/5.0 AppleWebKit/537.36 (KHTML, like Gecko; compatible; bingbot/2.0; +http://www.bing.com/bingbot.htm) Chrome/116.0.1938.76 Safari/537.36" 281 **0/281539**
40.77.167.43 - - [26/Nov/2025:06:51:47 -0700] "GET /?a=27474715001690&mod=d4067253&uri=us.php%3Fid%3D919081-769%26name%3Dryzen+intel+uhd+graphics+630+vs+vega HTTP/1.1" 200 19983 "-" "Mozilla/5.0 AppleWebKit/537.36 (KHTML, like Gecko; compatible; bingbot/2.0; +http://www.bing.com/bingbot.htm) Chrome/116.0.1938.76 Safari/537.36" 253 **0/253119**
40.77.167.43 - - [26/Nov/2025:06:52:08 -0700] "GET /?a=5387330021690&mod=1a32df83&uri=dp.php%3Fid%3D180199-81%26name%3D18v+battery+nut+driver HTTP/1.1" 200 21508 "-" "Mozilla/5.0 AppleWebKit/537.36 (KHTML, like Gecko; compatible; bingbot/2.0; +http://www.bing.com/bingbot.htm) Chrome/116.0.1938.76 Safari/537.36" 302 **0/302669**
57.141.0.39 - - [26/Nov/2025:06:52:15 -0700] "GET /?a=97252131081690& HTTP/1.1" 200 7610 "-" "meta-externalagent/1.1 (+https://developers.facebook.com/docs/sharing/webmasters/crawler)" 90 **0/90516**
40.77.167.43 - - [26/Nov/2025:06:52:17 -0700] "GET /?a=45518120041690&mod=eb9b2480&uri=article.php%3Fid%3D1522740-283%26name%3Ddrd+pro+derbi+senda+drd+50cc HTTP/1.1" 200 20640 "-" "Mozilla/5.0 AppleWebKit/537.36 (KHTML, like Gecko; compatible; bingbot/2.0; +http://www.bing.com/bingbot.htm) Chrome/116.0.1938.76 Safari/537.36" 284 **0/284095**
40.77.167.58 - - [26/Nov/2025:06:52:23 -0700] "GET /?a=59622294061690&mod=e6e537c2&uri=blog.php%3Fid%3D1994723-1064%26name%3Dleboncoin+poussette+bebe+kiss HTTP/1.1" 200 20147 "-" "Mozilla/5.0 AppleWebKit/537.36 (KHTML, like Gecko; compatible; bingbot/2.0; +http://www.bing.com/bingbot.htm) Chrome/116.0.1938.76 Safari/537.36" 259 **0/259510**
57.141.0.42 - - [26/Nov/2025:06:52:24 -0700] "GET /?a=104865434001690& HTTP/1.1" 200 7610 "-" "meta-externalagent/1.1 (+https://developers.facebook.com/docs/sharing/webmasters/crawler)" 95 **0/95773**
40.77.167.130 - - [26/Nov/2025:06:52:26 -0700] "GET /?a=73010378011690&mod=4d65d39c&uri=goods.php%3Fid%3D2442718-1757%26name%3Droblox+sup+x+lv+hoodie HTTP/1.1" 200 20116 "-" "Mozilla/5.0 AppleWebKit/537.36 (KHTML, like Gecko; compatible; bingbot/2.0; +http://www.bing.com/bingbot.htm) Chrome/116.0.1938.76 Safari/537.36" 239 **0/239022**
57.141.0.57 - - [26/Nov/2025:06:52:38 -0700] "GET /?a=62620646091690& HTTP/1.1" 200 7610 "-" "meta-externalagent/1.1 (+https://developers.facebook.com/docs/sharing/webmasters/crawler)" 90 **0/90028**
40.77.167.130 - - [26/Nov/2025:06:52:42 -0700] "GET /?a=68234708051690&mod=ccc36675&uri=search.php%3Fid%3D2282868-46%26name%3Dsanta+ana+wss+shoe+stores+near+me HTTP/1.1" 200 21110 "-" "Mozilla/5.0 AppleWebKit/537.36 (KHTML, like Gecko; compatible; bingbot/2.0; +http://www.bing.com/bingbot.htm) Chrome/116.0.1938.76 Safari/537.36" 263 **0/263913**
17.241.75.207 - - [26/Nov/2025:06:53:31 -0700] "GET /?a=7232893021690&mod=64541f90&uri=article.php%3Fid%3D241911-928%26name%3Dafro+wigs+black+wigs+for+sale+online HTTP/1.1" 200 2554 "-" "Mozilla/5.0 (Macintosh; Intel Mac OS X 10_15_7) AppleWebKit/605.1.15 (KHTML, like Gecko) Version/17.4 Safari/605.1.15 (Applebot/0.1; +http://www.apple.com/go/applebot)" 106 **0/106544**
20.15.133.184 - - [26/Nov/2025:06:53:42 -0700] "GET /?a=12023941131690&mod=6b18886b&uri=itm.php%3Fid%3D402277-136%26name%3Ddvd+hedwig+and+the+angry+inch+amazon+prime HTTP/1.1" 200 21119 "-" "Mozilla/5.0 AppleWebKit/537.36 (KHTML, like Gecko; compatible; bingbot/2.0; +http://www.bing.com/bingbot.htm) Chrome/116.0.1938.76 Safari/537.36" 332 **0/332030**
40.77.167.43 - - [26/Nov/2025:06:53:50 -0700] "GET /?a=104171245091690&mod=4c26774d&uri=itm.php%3Fid%3D3485656-58%26name%3Dcycling+wahoo+kickr+back+in+stock HTTP/1.1" 200 21567 "-" "Mozilla/5.0 AppleWebKit/537.36 (KHTML, like Gecko; compatible; bingbot/2.0; +http://www.bing.com/bingbot.htm) Chrome/116.0.1938.76 Safari/537.36" 275 **0/275732**
40.77.167.130 - - [26/Nov/2025:06:53:55 -0700] "GET /?a=27717813071690&mod=ad1a5689&uri=form.php%3Fid%3D927240-439%26name%3Dblack+shirt+frank+ocean+crew+neck HTTP/1.1" 200 20920 "-" "Mozilla/5.0 AppleWebKit/537.36 (KHTML, like Gecko; compatible; bingbot/2.0; +http://www.bing.com/bingbot.htm) Chrome/116.0.1938.76 Safari/537.36" 277 **0/277025**
57.141.0.48 - - [26/Nov/2025:06:54:13 -0700] "GET /?a=69442181051690& HTTP/1.1" 200 7610 "-" "meta-externalagent/1.1 (+https://developers.facebook.com/docs/sharing/webmasters/crawler)" 88 **0/88553**
40.77.167.58 - - [26/Nov/2025:06:54:13 -0700] "GET /?a=49704408141690&mod=bb2ab638&uri=search.php%3Fid%3D1662818-632%26name%3Dkg+fukuda+single+tub+washing+machine HTTP/1.1" 200 21523 "-" "Mozilla/5.0 AppleWebKit/537.36 (KHTML, like Gecko; compatible; bingbot/2.0; +http://www.bing.com/bingbot.htm) Chrome/116.0.1938.76 Safari/537.36" 254 **0/254673**
52.167.144.238 - - [26/Nov/2025:06:54:43 -0700] "GET /?a=98359527101690&mod=1441b775&uri=article.php%3Fid%3D3291159-332%26name%3Dknee+stiefel+plateau+absatz HTTP/1.1" 200 20023 "-" "Mozilla/5.0 AppleWebKit/537.36 (KHTML, like Gecko; compatible; bingbot/2.0; +http://www.bing.com/bingbot.htm) Chrome/116.0.1938.76 Safari/537.36" 4404 **4/4404891**
52.167.144.140 - - [26/Nov/2025:06:55:27 -0700] "GET /?a=60817947061690&mod=ee6db913&uri=us.php%3Fid%3D2034751-120%26name%3Ddoor+bell+the+nest+hello+video+doorbell HTTP/1.1" 200 20018 "-" "Mozilla/5.0 AppleWebKit/537.36 (KHTML, like Gecko; compatible; bingbot/2.0; +http://www.bing.com/bingbot.htm) Chrome/116.0.1938.76 Safari/537.36" 262 **0/262435**
40.77.167.43 - - [26/Nov/2025:06:55:47 -0700] "GET /?a=104080764041690&mod=6ac94846&uri=shared.php%3Fid%3D3482628-854%26name%3Diwc+portuguese+watchuseek+iwc HTTP/1.1" 200 20677 "-" "Mozilla/5.0 AppleWebKit/537.36 (KHTML, like Gecko; compatible; bingbot/2.0; +http://www.bing.com/bingbot.htm) Chrome/116.0.1938.76 Safari/537.36" 253 **0/253962**
40.77.167.27 - - [26/Nov/2025:06:56:25 -0700] "GET /?a=62159296071690&mod=11dd08ef&uri=info.php%3Fid%3D2079644-98%26name%3Dleather+riding+sam+edelman+equestrian+boots HTTP/1.1" 200 20785 "-" "Mozilla/5.0 AppleWebKit/537.36 (KHTML, like Gecko; compatible; bingbot/2.0; +http://www.bing.com/bingbot.htm) Chrome/116.0.1938.76 Safari/537.36" 300 **0/300967**
52.167.144.140 - - [26/Nov/2025:06:56:58 -0700] "GET /?a=64543648051690&mod=5e4d0656&uri=dp.php%3Fid%3D2159404-334%26name%3Deugene+priority+hvac HTTP/1.1" 200 21257 "-" "Mozilla/5.0 AppleWebKit/537.36 (KHTML, like Gecko; compatible; bingbot/2.0; +http://www.bing.com/bingbot.htm) Chrome/116.0.1938.76 Safari/537.36" 276 **0/276540**
52.167.144.140 - - [26/Nov/2025:06:56:59 -0700] "GET /?a=57327757071690&mod=eb9b2480&uri=blog.php%3Fid%3D1917916-283%26name%3Dliberty+50cc+liberty+tempi+usato HTTP/1.1" 200 20420 "-" "Mozilla/5.0 AppleWebKit/537.36 (KHTML, like Gecko; compatible; bingbot/2.0; +http://www.bing.com/bingbot.htm) Chrome/116.0.1938.76 Safari/537.36" 2406 **2/2406613**
40.77.167.7 - - [26/Nov/2025:06:57:54 -0700] "GET /?a=49015338011690&mod=77bd061c&uri=form.php%3Fid%3D1639750-155%26name%3Dfe+5g+samsung+s21+features+and+price HTTP/1.1" 200 21398 "-" "Mozilla/5.0 AppleWebKit/537.36 (KHTML, like Gecko; compatible; bingbot/2.0; +http://www.bing.com/bingbot.htm) Chrome/116.0.1938.76 Safari/537.36" 405 **0/405317**
40.77.167.27 - - [26/Nov/2025:06:57:55 -0700] "GET /?a=6453316041690&mod=a3c335b8&uri=itm.php%3Fid%3D215847-874%26name%3Dperfume+acqua+di+gio+imitation HTTP/1.1" 200 20784 "-" "Mozilla/5.0 AppleWebKit/537.36 (KHTML, like Gecko; compatible; bingbot/2.0; +http://www.bing.com/bingbot.htm) Chrome/116.0.1938.76 Safari/537.36" 261 **0/261483**
14.181.35.9 - - [26/Nov/2025:06:57:56 -0700] "GET http://www.blalockdialysiscenter.com/product/edit/4943186001690 HTTP/1.1" 200 2554 "-" "Mozilla/5.0 (Windows NT 10.0; Win64; x64) AppleWebKit/537.36 (KHTML, like Gecko) Chrome/99.0.1150.52 Safari/537.36" 91 **0/91772**
40.77.167.27 - - [26/Nov/2025:06:58:14 -0700] "GET /?a=118774287071690&mod=0d906a38&uri=pin.php%3Fid%3D3974262-151%26name%3Dwrist+bands+fitbit+charge+slim+band HTTP/1.1" 200 20649 "-" "Mozilla/5.0 AppleWebKit/537.36 (KHTML, like Gecko; compatible; bingbot/2.0; +http://www.bing.com/bingbot.htm) Chrome/116.0.1938.76 Safari/537.36" 290 **0/290386**
40.77.167.27 - - [26/Nov/2025:06:58:14 -0700] "GET /?a=102026734021690&mod=103a00f6&uri=goods.php%3Fid%3D3413876-199%26name%3Ddirt+bike+tire+changer+stand HTTP/1.1" 200 21012 "-" "Mozilla/5.0 AppleWebKit/537.36 (KHTML, like Gecko; compatible; bingbot/2.0; +http://www.bing.com/bingbot.htm) Chrome/116.0.1938.76 Safari/537.36" 306 **0/306362**
52.167.144.238 - - [26/Nov/2025:06:58:25 -0700] "GET /?a=12256710051690&mod=7f04d9fc&uri=dp.php%3Fid%3D410070-553%26name%3Dletto+singolo+letto+onda HTTP/1.1" 200 20729 "-" "Mozilla/5.0 AppleWebKit/537.36 (KHTML, like Gecko; compatible; bingbot/2.0; +http://www.bing.com/bingbot.htm) Chrome/116.0.1938.76 Safari/537.36" 294 **0/294741**
40.77.167.7 - - [26/Nov/2025:06:58:56 -0700] "GET /?a=101149835041690&mod=7cc5a754&uri=dp.php%3Fid%3D3384544-80%26name%3Dback+pain+car+seat HTTP/1.1" 200 21317 "-" "Mozilla/5.0 AppleWebKit/537.36 (KHTML, like Gecko; compatible; bingbot/2.0; +http://www.bing.com/bingbot.htm) Chrome/116.0.1938.76 Safari/537.36" 259 **0/259966**
57.141.0.22 - - [26/Nov/2025:06:59:26 -0700] "GET /?a=66232841011690& HTTP/1.1" 200 7610 "-" "meta-externalagent/1.1 (+https://developers.facebook.com/docs/sharing/webmasters/crawler)" 93 **0/93482**
20.15.133.163 - - [26/Nov/2025:06:59:42 -0700] "GET /?a=42776663061690&mod=03c43589&uri=form.php%3Fid%3D1431002-220%26name%3Daluminium+foil+cake+strips+for+baking HTTP/1.1" 200 21397 "-" "Mozilla/5.0 AppleWebKit/537.36 (KHTML, like Gecko; compatible; bingbot/2.0; +http://www.bing.com/bingbot.htm) Chrome/116.0.1938.76 Safari/537.36" 1056 **1/1056787**
20.15.133.163 - - [26/Nov/2025:06:59:51 -0700] "GET /?a=11897715061690&mod=2d271756&uri=goods.php%3Fid%3D398055-685%26name%3Dkaschmirpullover+rollkragenpullover+mit+kaschmir HTTP/1.1" 200 21565 "-" "Mozilla/5.0 AppleWebKit/537.36 (KHTML, like Gecko; compatible; bingbot/2.0; +http://www.bing.com/bingbot.htm) Chrome/116.0.1938.76 Safari/537.36" 291 **0/291014**
57.141.0.11 - - [26/Nov/2025:06:59:55 -0700] "GET /?a=16005369021690& HTTP/1.1" 200 7610 "-" "meta-externalagent/1.1 (+https://developers.facebook.com/docs/sharing/webmasters/crawler)" 92 **0/92364**
40.77.167.130 - - [26/Nov/2025:07:00:02 -0700] "GET /?a=29020778061690&mod=103a00f6&uri=brands.php%3Fid%3D970811-199%26name%3D2017+bmw+r1200gs+fuel+consumption HTTP/1.1" 200 20922 "-" "Mozilla/5.0 AppleWebKit/537.36 (KHTML, like Gecko; compatible; bingbot/2.0; +http://www.bing.com/bingbot.htm) Chrome/116.0.1938.76 Safari/537.36" 368 **0/368207**
52.167.144.166 - - [26/Nov/2025:07:00:07 -0700] "GET /?a=103754338011690&mod=55b7178f&uri=shared.php%3Fid%3D3471700-983%26name%3Dchewbacca+ugg+wars HTTP/1.1" 200 20400 "-" "Mozilla/5.0 AppleWebKit/537.36 (KHTML, like Gecko; compatible; bingbot/2.0; +http://www.bing.com/bingbot.htm) Chrome/116.0.1938.76 Safari/537.36" 275 **0/275420**
57.141.0.4 - - [26/Nov/2025:07:00:29 -0700] "GET /?a=85121913031690& HTTP/1.1" 200 7610 "-" "meta-externalagent/1.1 (+https://developers.facebook.com/docs/sharing/webmasters/crawler)" 93 **0/93535**
20.15.133.184 - - [26/Nov/2025:07:01:33 -0700] "GET /?a=104235916051690&mod=91d75bef&uri=news.php%3Fid%3D3487813-1421%26name%3Da+child+sit+when+can+i+sit+in+the+front+seat+of+a+car HTTP/1.1" 200 20885 "-" "Mozilla/5.0 AppleWebKit/537.36 (KHTML, like Gecko; compatible; bingbot/2.0; +http://www.bing.com/bingbot.htm) Chrome/116.0.1938.76 Safari/537.36" 273 **0/273450**
57.141.0.72 - - [26/Nov/2025:07:01:33 -0700] "GET /?a=95045484011690& HTTP/1.1" 200 7610 "-" "meta-externalagent/1.1 (+https://developers.facebook.com/docs/sharing/webmasters/crawler)" 94 **0/94739**
20.15.133.163 - - [26/Nov/2025:07:02:12 -0700] "GET /?a=10265906051690&mod=592f54b4&uri=search.php%3Fid%3D343440-1041%26name%3Dchaleco+burgundy+brunello+cucinelli HTTP/1.1" 200 20630 "-" "Mozilla/5.0 AppleWebKit/537.36 (KHTML, like Gecko; compatible; bingbot/2.0; +http://www.bing.com/bingbot.htm) Chrome/116.0.1938.76 Safari/537.36" 249 **0/249075**
20.15.133.163 - - [26/Nov/2025:07:02:42 -0700] "GET /?a=103535036131690&mod=2f3bbb97&uri=news.php%3Fid%3D3464345-49%26name%3Dgames+absolver+psn HTTP/1.1" 200 20298 "-" "Mozilla/5.0 AppleWebKit/537.36 (KHTML, like Gecko; compatible; bingbot/2.0; +http://www.bing.com/bingbot.htm) Chrome/116.0.1938.76 Safari/537.36" 256 **0/256859**
40.77.167.33 - - [26/Nov/2025:07:02:46 -0700] "GET /?a=41980118011690&mod=ab74cae5&uri=itm.php%3Fid%3D1404337-390%26name%3Dsmartwatch+series+gps+only HTTP/1.1" 200 21173 "-" "Mozilla/5.0 AppleWebKit/537.36 (KHTML, like Gecko; compatible; bingbot/2.0; +http://www.bing.com/bingbot.htm) Chrome/116.0.1938.76 Safari/537.36" 257 **0/257985**
57.141.0.38 - - [26/Nov/2025:07:03:00 -0700] "GET /?a=95932614061690& HTTP/1.1" 200 7610 "-" "meta-externalagent/1.1 (+https://developers.facebook.com/docs/sharing/webmasters/crawler)" 95 **0/95723**
40.77.167.27 - - [26/Nov/2025:07:03:14 -0700] "GET /?a=104233786021690&mod=32a164af&uri=info.php%3Fid%3D3487742-932%26name%3Dnon+stick+cast+iron+bbq+plates HTTP/1.1" 200 20829 "-" "Mozilla/5.0 AppleWebKit/537.36 (KHTML, like Gecko; compatible; bingbot/2.0; +http://www.bing.com/bingbot.htm) Chrome/116.0.1938.76 Safari/537.36" 302 **0/302879**
57.141.0.43 - - [26/Nov/2025:07:03:18 -0700] "GET /?a=3702835041690& HTTP/1.1" 200 7610 "-" "meta-externalagent/1.1 (+https://developers.facebook.com/docs/sharing/webmasters/crawler)" 100 **0/100351**
41.82.71.160 - - [26/Nov/2025:07:03:35 -0700] "GET http://www.blalockdialysiscenter.com/?a=119458381061690&mod=80e3536e&name=foot+high+instep+wide+shoes&uri=goods.php%3Fid%3D3997159-482 HTTP/1.1" 200 2554 "-" "Mozilla/5.0 (Windows NT 6.1; WOW64) AppleWebKit/537.36 (KHTML, like Gecko) Chrome/89.0.4389.90 Safari/537.36" 94 **0/94729**
57.141.0.73 - - [26/Nov/2025:07:04:05 -0700] "GET /?a=33908291021690& HTTP/1.1" 200 7610 "-" "meta-externalagent/1.1 (+https://developers.facebook.com/docs/sharing/webmasters/crawler)" 105 **0/105404**
52.167.144.166 - - [26/Nov/2025:07:04:07 -0700] "GET /?a=104207279051690&mod=2d2de08a&uri=us.php%3Fid%3D3486858-407%26name%3Dedelman+hazel+sam+edelman+navy HTTP/1.1" 200 20493 "-" "Mozilla/5.0 AppleWebKit/537.36 (KHTML, like Gecko; compatible; bingbot/2.0; +http://www.bing.com/bingbot.htm) Chrome/116.0.1938.76 Safari/537.36" 263 **0/263529**
40.77.167.58 - - [26/Nov/2025:07:04:44 -0700] "GET /?a=104304461011690&mod=d4d367f9&uri=article.php%3Fid%3D3490102-405%26name%3Dm1+dhc+motocaddy+golf+buggies HTTP/1.1" 200 20599 "-" "Mozilla/5.0 AppleWebKit/537.36 (KHTML, like Gecko; compatible; bingbot/2.0; +http://www.bing.com/bingbot.htm) Chrome/116.0.1938.76 Safari/537.36" 256 **0/256509**
40.77.167.17 - - [26/Nov/2025:07:05:19 -0700] "GET /?a=10233176011690&mod=0d98a513&uri=form.php%3Fid%3D342344-708%26name%3Dscarpa+skechers+catania HTTP/1.1" 200 20460 "-" "Mozilla/5.0 AppleWebKit/537.36 (KHTML, like Gecko; compatible; bingbot/2.0; +http://www.bing.com/bingbot.htm) Chrome/116.0.1938.76 Safari/537.36" 975 **0/975188**
20.15.133.163 - - [26/Nov/2025:07:05:22 -0700] "GET /?a=50205982081690&mod=91d75bef&uri=category-info.php%3Fid%3D1679589-1421%26name%3Dnuna+when+do+babies+switch+from+infant+car+seat HTTP/1.1" 200 20079 "-" "Mozilla/5.0 AppleWebKit/537.36 (KHTML, like Gecko; compatible; bingbot/2.0; +http://www.bing.com/bingbot.htm) Chrome/116.0.1938.76 Safari/537.36" 3078 **3/3078645**
52.167.144.166 - - [26/Nov/2025:07:05:28 -0700] "GET /?a=51201071011690&mod=421f8eb2&uri=product.php%3Fid%3D1712872-104%26name%3D26+inch+electra+bike+pink HTTP/1.1" 200 21117 "-" "Mozilla/5.0 AppleWebKit/537.36 (KHTML, like Gecko; compatible; bingbot/2.0; +http://www.bing.com/bingbot.htm) Chrome/116.0.1938.76 Safari/537.36" 299 **0/299447**
40.77.167.58 - - [26/Nov/2025:07:05:34 -0700] "GET /?a=84084800071690&mod=39717cca&uri=blog.php%3Fid%3D2813340-1258%26name%3Dskirt+jupe+a+froufrou HTTP/1.1" 200 21472 "-" "Mozilla/5.0 AppleWebKit/537.36 (KHTML, like Gecko; compatible; bingbot/2.0; +http://www.bing.com/bingbot.htm) Chrome/116.0.1938.76 Safari/537.36" 235 **0/235369**
17.241.75.169 - - [26/Nov/2025:07:05:34 -0700] "GET /assets/css/owl.theme.default.min.css HTTP/1.1" 200 479 "http://www.blalockdialysiscenter.com/?a=7232893021690&mod=64541f90&uri=article.php%3Fid%3D241911-928%26name%3Dafro+wigs+black+wigs+for+sale+online" "Mozilla/5.0 (Macintosh; Intel Mac OS X 10_15_7) AppleWebKit/605.1.15 (KHTML, like Gecko) Version/17.4 Safari/605.1.15 (Applebot/0.1; +http://www.apple.com/go/applebot)" 5 **0/5444**
40.77.167.58 - - [26/Nov/2025:07:05:35 -0700] "GET /?a=51217681001690&mod=421f8eb2&uri=category-info.php%3Fid%3D1713427-104%26name%3D28mm+off+road+handlebar HTTP/1.1" 200 21349 "-" "Mozilla/5.0 AppleWebKit/537.36 (KHTML, like Gecko; compatible; bingbot/2.0; +http://www.bing.com/bingbot.htm) Chrome/116.0.1938.76 Safari/537.36" 269 **0/269461**
17.241.75.66 - - [26/Nov/2025:07:05:35 -0700] "GET /assets/css/slick.min.css HTTP/1.1" 200 522 "http://www.blalockdialysiscenter.com/?a=7232893021690&mod=64541f90&uri=article.php%3Fid%3D241911-928%26name%3Dafro+wigs+black+wigs+for+sale+online" "Mozilla/5.0 (Macintosh; Intel Mac OS X 10_15_7) AppleWebKit/605.1.15 (KHTML, like Gecko) Version/17.4 Safari/605.1.15 (Applebot/0.1; +http://www.apple.com/go/applebot)" 7 **0/7980**
17.241.75.59 - - [26/Nov/2025:07:05:35 -0700] "GET /assets/css/icofont.min.css HTTP/1.1" 200 16856 "http://www.blalockdialysiscenter.com/?a=7232893021690&mod=64541f90&uri=article.php%3Fid%3D241911-928%26name%3Dafro+wigs+black+wigs+for+sale+online" "Mozilla/5.0 (Macintosh; Intel Mac OS X 10_15_7) AppleWebKit/605.1.15 (KHTML, like Gecko) Version/17.4 Safari/605.1.15 (Applebot/0.1; +http://www.apple.com/go/applebot)" 9 **0/9461**
17.241.219.218 - - [26/Nov/2025:07:05:36 -0700] "GET /assets/css/owl.carousel.min.css HTTP/1.1" 200 1068 "http://www.blalockdialysiscenter.com/?a=7232893021690&mod=64541f90&uri=article.php%3Fid%3D241911-928%26name%3Dafro+wigs+black+wigs+for+sale+online" "Mozilla/5.0 (Macintosh; Intel Mac OS X 10_15_7) AppleWebKit/605.1.15 (KHTML, like Gecko) Version/17.4 Safari/605.1.15 (Applebot/0.1; +http://www.apple.com/go/applebot)" 5 **0/5797**
17.241.227.229 - - [26/Nov/2025:07:05:36 -0700] "GET /assets/css/meanmenu.css HTTP/1.1" 200 1164 "http://www.blalockdialysiscenter.com/?a=7232893021690&mod=64541f90&uri=article.php%3Fid%3D241911-928%26name%3Dafro+wigs+black+wigs+for+sale+online" "Mozilla/5.0 (Macintosh; Intel Mac OS X 10_15_7) AppleWebKit/605.1.15 (KHTML, like Gecko) Version/17.4 Safari/605.1.15 (Applebot/0.1; +http://www.apple.com/go/applebot)" 8 **0/8952**
