66.249.69.170 - - [26/Nov/2025:13:47:06 -0700] "GET /?/js_6356af597ebeb154b969e538d3e95f0f/_drupal_sites_default_files_js_js_i3BGasXGb_pVk8CAUeSJnjMmyNE-bFprX9j4_djQznQ HTTP/1.1" 200 2230 "http://blalockdialysiscenter.com/?a=63067260001690&mod=4c26774d&uri=search.php%3Fid%3D2110017-58%26name%3Ddown+payment+honda+activa+diwali+offer" "Mozilla/5.0 AppleWebKit/537.36 (KHTML, like Gecko; compatible; GoogleOther) Chrome/141.0.7390.122 Safari/537.36" 137 **0/137056**
66.249.69.171 - - [26/Nov/2025:13:47:07 -0700] "GET /?/svg_6356af597ebeb154b969e538d3e95f0f/_pics_webp_common_pc_logout.svg HTTP/1.1" 200 2230 "http://blalockdialysiscenter.com/?a=63067260001690&mod=4c26774d&uri=search.php%3Fid%3D2110017-58%26name%3Ddown+payment+honda+activa+diwali+offer" "Mozilla/5.0 AppleWebKit/537.36 (KHTML, like Gecko; compatible; GoogleOther) Chrome/141.0.7390.122 Safari/537.36" 108 **0/108368**
66.249.69.171 - - [26/Nov/2025:13:47:07 -0700] "GET /?/svg_6356af597ebeb154b969e538d3e95f0f/_pics_webp_common_pc_close_sidebar.svg HTTP/1.1" 200 2230 "http://blalockdialysiscenter.com/?a=63067260001690&mod=4c26774d&uri=search.php%3Fid%3D2110017-58%26name%3Ddown+payment+honda+activa+diwali+offer" "Mozilla/5.0 AppleWebKit/537.36 (KHTML, like Gecko; compatible; GoogleOther) Chrome/141.0.7390.122 Safari/537.36" 118 **0/118235**
66.249.69.172 - - [26/Nov/2025:13:47:07 -0700] "GET /?/img_6356af597ebeb154b969e538d3e95f0f/_database_images_no_photo HTTP/1.1" 200 2230 "http://blalockdialysiscenter.com/?a=63067260001690&mod=4c26774d&uri=search.php%3Fid%3D2110017-58%26name%3Ddown+payment+honda+activa+diwali+offer" "Mozilla/5.0 AppleWebKit/537.36 (KHTML, like Gecko; compatible; GoogleOther) Chrome/141.0.7390.122 Safari/537.36" 132 **0/132403**
66.249.69.171 - - [26/Nov/2025:13:47:07 -0700] "GET /?/img_6356af597ebeb154b969e538d3e95f0f/_pics_webp_common_pc_flash_sale.png HTTP/1.1" 200 2230 "http://blalockdialysiscenter.com/?a=63067260001690&mod=4c26774d&uri=search.php%3Fid%3D2110017-58%26name%3Ddown+payment+honda+activa+diwali+offer" "Mozilla/5.0 AppleWebKit/537.36 (KHTML, like Gecko; compatible; GoogleOther) Chrome/141.0.7390.122 Safari/537.36" 115 **0/115750**
66.249.69.171 - - [26/Nov/2025:13:47:07 -0700] "GET /?/svg_6356af597ebeb154b969e538d3e95f0f/_pics_webp_common_pc_add_cart.svg HTTP/1.1" 200 2230 "http://blalockdialysiscenter.com/?a=63067260001690&mod=4c26774d&uri=search.php%3Fid%3D2110017-58%26name%3Ddown+payment+honda+activa+diwali+offer" "Mozilla/5.0 AppleWebKit/537.36 (KHTML, like Gecko; compatible; GoogleOther) Chrome/141.0.7390.122 Safari/537.36" 124 **0/124148**
66.249.69.170 - - [26/Nov/2025:13:47:07 -0700] "GET /?/svg_6356af597ebeb154b969e538d3e95f0f/_pics_webp_common_pc_star_whishlist.svg HTTP/1.1" 200 2230 "http://blalockdialysiscenter.com/?a=63067260001690&mod=4c26774d&uri=search.php%3Fid%3D2110017-58%26name%3Ddown+payment+honda+activa+diwali+offer" "Mozilla/5.0 AppleWebKit/537.36 (KHTML, like Gecko; compatible; GoogleOther) Chrome/141.0.7390.122 Safari/537.36" 120 **0/120928**
66.249.69.172 - - [26/Nov/2025:13:47:08 -0700] "GET /?/img_6356af597ebeb154b969e538d3e95f0f/_pics_webp_product_notify_jpxmas2024_cargo_smp_1732838752.jpg HTTP/1.1" 200 2230 "http://blalockdialysiscenter.com/?a=63067260001690&mod=4c26774d&uri=search.php%3Fid%3D2110017-58%26name%3Ddown+payment+honda+activa+diwali+offer" "Mozilla/5.0 AppleWebKit/537.36 (KHTML, like Gecko; compatible; GoogleOther) Chrome/141.0.7390.122 Safari/537.36" 126 **0/126290**
66.249.69.170 - - [26/Nov/2025:13:47:08 -0700] "GET /?/img_6356af597ebeb154b969e538d3e95f0f/_pics_webp_keikoku01a.gif HTTP/1.1" 200 2230 "http://blalockdialysiscenter.com/?a=63067260001690&mod=4c26774d&uri=search.php%3Fid%3D2110017-58%26name%3Ddown+payment+honda+activa+diwali+offer" "Mozilla/5.0 AppleWebKit/537.36 (KHTML, like Gecko; compatible; GoogleOther) Chrome/141.0.7390.122 Safari/537.36" 126 **0/126599**
66.249.69.171 - - [26/Nov/2025:13:47:08 -0700] "GET /?/img_6356af597ebeb154b969e538d3e95f0f/_pics_webp_common_pc_no_photo300.jpg HTTP/1.1" 200 2230 "http://blalockdialysiscenter.com/?a=63067260001690&mod=4c26774d&uri=search.php%3Fid%3D2110017-58%26name%3Ddown+payment+honda+activa+diwali+offer" "Mozilla/5.0 AppleWebKit/537.36 (KHTML, like Gecko; compatible; GoogleOther) Chrome/141.0.7390.122 Safari/537.36" 120 **0/120657**
66.249.69.170 - - [26/Nov/2025:13:47:08 -0700] "GET /?/img_6356af597ebeb154b969e538d3e95f0f/_pics_webp_keikoku02.gif HTTP/1.1" 200 2230 "http://blalockdialysiscenter.com/?a=63067260001690&mod=4c26774d&uri=search.php%3Fid%3D2110017-58%26name%3Ddown+payment+honda+activa+diwali+offer" "Mozilla/5.0 AppleWebKit/537.36 (KHTML, like Gecko; compatible; GoogleOther) Chrome/141.0.7390.122 Safari/537.36" 117 **0/117192**
66.249.69.171 - - [26/Nov/2025:13:47:08 -0700] "GET /?/img_6356af597ebeb154b969e538d3e95f0f/_pics_webp_keikoku03.gif HTTP/1.1" 200 2230 "http://blalockdialysiscenter.com/?a=63067260001690&mod=4c26774d&uri=search.php%3Fid%3D2110017-58%26name%3Ddown+payment+honda+activa+diwali+offer" "Mozilla/5.0 AppleWebKit/537.36 (KHTML, like Gecko; compatible; GoogleOther) Chrome/141.0.7390.122 Safari/537.36" 108 **0/108696**
66.249.69.171 - - [26/Nov/2025:13:47:09 -0700] "GET /?/svg_6356af597ebeb154b969e538d3e95f0f/_pics_webp_common_pc_user_black.svg HTTP/1.1" 200 2230 "http://blalockdialysiscenter.com/?a=63067260001690&mod=4c26774d&uri=search.php%3Fid%3D2110017-58%26name%3Ddown+payment+honda+activa+diwali+offer" "Mozilla/5.0 AppleWebKit/537.36 (KHTML, like Gecko; compatible; GoogleOther) Chrome/141.0.7390.122 Safari/537.36" 116 **0/116823**
66.249.69.170 - - [26/Nov/2025:13:47:09 -0700] "GET /?/img_6356af597ebeb154b969e538d3e95f0f/_pics_webp_X_black_radius.png HTTP/1.1" 200 2230 "http://blalockdialysiscenter.com/?a=63067260001690&mod=4c26774d&uri=search.php%3Fid%3D2110017-58%26name%3Ddown+payment+honda+activa+diwali+offer" "Mozilla/5.0 AppleWebKit/537.36 (KHTML, like Gecko; compatible; GoogleOther) Chrome/141.0.7390.122 Safari/537.36" 114 **0/114694**
66.249.69.170 - - [26/Nov/2025:13:47:09 -0700] "GET /?/img_6356af597ebeb154b969e538d3e95f0f/_pics_webp_Instagram_Glyph_Gradient.png HTTP/1.1" 200 2230 "http://blalockdialysiscenter.com/?a=63067260001690&mod=4c26774d&uri=search.php%3Fid%3D2110017-58%26name%3Ddown+payment+honda+activa+diwali+offer" "Mozilla/5.0 AppleWebKit/537.36 (KHTML, like Gecko; compatible; GoogleOther) Chrome/141.0.7390.122 Safari/537.36" 100 **0/100960**
66.249.69.170 - - [26/Nov/2025:13:47:09 -0700] "GET /?/svg_6356af597ebeb154b969e538d3e95f0f/_pics_webp_common_pc_social_facebook.svg HTTP/1.1" 200 2230 "http://blalockdialysiscenter.com/?a=63067260001690&mod=4c26774d&uri=search.php%3Fid%3D2110017-58%26name%3Ddown+payment+honda+activa+diwali+offer" "Mozilla/5.0 AppleWebKit/537.36 (KHTML, like Gecko; compatible; GoogleOther) Chrome/141.0.7390.122 Safari/537.36" 108 **0/108501**
20.15.133.184 - - [26/Nov/2025:13:47:30 -0700] "GET /?a=104351134031690&mod=4f18f486&uri=article.php%3Fid%3D3491664-545%26name%3Dblue+puffer+sdny+jacket HTTP/1.1" 200 19927 "-" "Mozilla/5.0 AppleWebKit/537.36 (KHTML, like Gecko; compatible; bingbot/2.0; +http://www.bing.com/bingbot.htm) Chrome/116.0.1938.76 Safari/537.36" 258 **0/258521**
14.190.150.108 - - [26/Nov/2025:13:47:54 -0700] "GET http://www.blalockdialysiscenter.com/?a=5082186001690&mod=1a32df83&name=matkap+makita+big+combo+kit+dlx6045m&uri=products.php%3Fid%3D169988-81 HTTP/1.1" 200 2554 "-" "Mozilla/5.0 (Macintosh; Intel Mac OS X 10_15_7) AppleWebKit/537.36 (KHTML, like Gecko) Chrome/108.0.0.0 Safari/537.36" 98 **0/98580**
37.111.227.117 - - [26/Nov/2025:13:47:55 -0700] "GET http://www.blalockdialysiscenter.com/?a=6473841091690&mod=a3c335b8&name=box+yves+laurent+perfume+libre&uri=dp.php%3Fid%3D216538-874 HTTP/1.1" 200 2554 "-" "Mozilla/5.0 (Macintosh; Intel Mac OS X 10_15_7) AppleWebKit/537.36 (KHTML, like Gecko) Chrome/96.0.4664.110 Safari/537.36" 104 **0/104666**
52.167.144.166 - - [26/Nov/2025:13:48:13 -0700] "GET /?a=81471474031690&mod=a9d44cca&uri=shop.php%3Fid%3D2725904-1010%26name%3Dpant+coat+with+brooch HTTP/1.1" 200 20400 "-" "Mozilla/5.0 AppleWebKit/537.36 (KHTML, like Gecko; compatible; bingbot/2.0; +http://www.bing.com/bingbot.htm) Chrome/116.0.1938.76 Safari/537.36" 312 **0/312980**
57.141.0.62 - - [26/Nov/2025:13:48:20 -0700] "GET /?a=56761759021690& HTTP/1.1" 200 7610 "-" "meta-externalagent/1.1 (+https://developers.facebook.com/docs/sharing/webmasters/crawler)" 95 **0/95276**
52.167.144.140 - - [26/Nov/2025:13:48:42 -0700] "GET /?a=102023419061690&mod=103a00f6&uri=dp.php%3Fid%3D3413765-199%26name%3Dbike+shelter+bike+capsule+outdoor HTTP/1.1" 200 21093 "-" "Mozilla/5.0 AppleWebKit/537.36 (KHTML, like Gecko; compatible; bingbot/2.0; +http://www.bing.com/bingbot.htm) Chrome/116.0.1938.76 Safari/537.36" 341 **0/341643**
52.167.144.166 - - [26/Nov/2025:13:49:23 -0700] "GET /?a=55071367061690&mod=61d20a83&uri=pin.php%3Fid%3D1842395-1767%26name%3Db+cute+bobs+shoes+black HTTP/1.1" 200 19690 "-" "Mozilla/5.0 AppleWebKit/537.36 (KHTML, like Gecko; compatible; bingbot/2.0; +http://www.bing.com/bingbot.htm) Chrome/116.0.1938.76 Safari/537.36" 301 **0/301268**
57.141.0.1 - - [26/Nov/2025:13:49:26 -0700] "GET /?a=65783968041690& HTTP/1.1" 200 7610 "-" "meta-externalagent/1.1 (+https://developers.facebook.com/docs/sharing/webmasters/crawler)" 97 **0/97477**
57.141.0.35 - - [26/Nov/2025:13:49:36 -0700] "GET /?a=12350873011690& HTTP/1.1" 200 7610 "-" "meta-externalagent/1.1 (+https://developers.facebook.com/docs/sharing/webmasters/crawler)" 92 **0/92219**
40.77.167.79 - - [26/Nov/2025:13:49:45 -0700] "GET /?a=104083854061690&mod=6ac94846&uri=brands.php%3Fid%3D3482731-854%26name%3Dwrist+watch+naviforce+men HTTP/1.1" 200 20936 "-" "Mozilla/5.0 AppleWebKit/537.36 (KHTML, like Gecko; compatible; bingbot/2.0; +http://www.bing.com/bingbot.htm) Chrome/116.0.1938.76 Safari/537.36" 281 **0/281591**
20.15.133.163 - - [26/Nov/2025:13:50:11 -0700] "GET /?a=103011993051690&mod=0ff73ca2&uri=dp.php%3Fid%3D3446848-459%26name%3Dwomens+barbour+jacket HTTP/1.1" 200 21284 "-" "Mozilla/5.0 AppleWebKit/537.36 (KHTML, like Gecko; compatible; bingbot/2.0; +http://www.bing.com/bingbot.htm) Chrome/116.0.1938.76 Safari/537.36" 393 **0/393381**
57.141.0.38 - - [26/Nov/2025:13:50:13 -0700] "GET /?a=25937460031690& HTTP/1.1" 200 7610 "-" "meta-externalagent/1.1 (+https://developers.facebook.com/docs/sharing/webmasters/crawler)" 99 **0/99685**
113.164.121.103 - - [26/Nov/2025:13:50:41 -0700] "GET http://www.blalockdialysiscenter.com/?a=104688816051690&mod=78c793ba&name=switch+joy+cons+stick+drift+switch&uri=news.php%3Fid%3D3502960-492 HTTP/1.1" 200 2554 "-" "Mozilla/5.0 (Windows NT 6.1; Win64; x64) AppleWebKit/537.36 (KHTML, like Gecko) Chrome/95.0.4638.69 Safari/537.36" 108 **0/108601**
57.141.0.3 - - [26/Nov/2025:13:50:46 -0700] "GET /?a=80026878121690& HTTP/1.1" 200 7610 "-" "meta-externalagent/1.1 (+https://developers.facebook.com/docs/sharing/webmasters/crawler)" 95 **0/95207**
57.141.0.54 - - [26/Nov/2025:13:50:52 -0700] "GET /?a=110444061690& HTTP/1.1" 200 7610 "-" "meta-externalagent/1.1 (+https://developers.facebook.com/docs/sharing/webmasters/crawler)" 103 **0/103353**
40.77.167.79 - - [26/Nov/2025:13:51:16 -0700] "GET /?a=104174905001690&mod=0d906a38&uri=news.php%3Fid%3D3485778-151%26name%3Dactivity+rings+move+goal+calculator HTTP/1.1" 200 20988 "-" "Mozilla/5.0 AppleWebKit/537.36 (KHTML, like Gecko; compatible; bingbot/2.0; +http://www.bing.com/bingbot.htm) Chrome/116.0.1938.76 Safari/537.36" 261 **0/261515**
179.1.14.70 - - [26/Nov/2025:13:51:19 -0700] "GET http://www.blalockdialysiscenter.com/?a=28157885061690&mod=aaaac19f&name=carrier+best+cell+signal&uri=form.php%3Fid%3D941963-111 HTTP/1.1" 200 23583 "-" "Mozilla/5.0 (Macintosh; Intel Mac OS X 10_7_3) AppleWebKit/537.36 (KHTML, like Gecko, Mediapartners-Google) Chrome/87.0.4280.90 Safari/537.36" 282 **0/282599**
57.141.0.59 - - [26/Nov/2025:13:51:20 -0700] "GET /?a=82550050081690& HTTP/1.1" 200 7610 "-" "meta-externalagent/1.1 (+https://developers.facebook.com/docs/sharing/webmasters/crawler)" 86 **0/86397**
20.15.133.163 - - [26/Nov/2025:13:51:51 -0700] "GET /?a=30845502071690&mod=b3b6a68e&uri=pin.php%3Fid%3D1031834-1170%26name%3Dhulu+live+tv+free+hulu+shows HTTP/1.1" 200 20329 "-" "Mozilla/5.0 AppleWebKit/537.36 (KHTML, like Gecko; compatible; bingbot/2.0; +http://www.bing.com/bingbot.htm) Chrome/116.0.1938.76 Safari/537.36" 278 **0/278876**
52.167.144.220 - - [26/Nov/2025:13:51:52 -0700] "GET /?a=1140431001690&mod=2c61f304&uri=info.php%3Fid%3D38121-305%26name%3Dleather+ergonomic+car+seat+covers HTTP/1.1" 200 21219 "-" "Mozilla/5.0 AppleWebKit/537.36 (KHTML, like Gecko; compatible; bingbot/2.0; +http://www.bing.com/bingbot.htm) Chrome/116.0.1938.76 Safari/537.36" 258 **0/258657**
43.157.175.122 - - [26/Nov/2025:13:51:54 -0700] "GET / HTTP/1.1" 200 2554 "-" "Mozilla/5.0 (iPhone; CPU iPhone OS 13_2_3 like Mac OS X) AppleWebKit/605.1.15 (KHTML, like Gecko) Version/13.0.3 Mobile/15E148 Safari/604.1" 127 **0/127559**
57.141.0.62 - - [26/Nov/2025:13:52:06 -0700] "GET /?a=29518979081690& HTTP/1.1" 200 7610 "-" "meta-externalagent/1.1 (+https://developers.facebook.com/docs/sharing/webmasters/crawler)" 108 **0/108254**
57.141.0.15 - - [26/Nov/2025:13:52:06 -0700] "GET /?a=20840095051690& HTTP/1.1" 200 7610 "-" "meta-externalagent/1.1 (+https://developers.facebook.com/docs/sharing/webmasters/crawler)" 126 **0/126958**
52.167.144.220 - - [26/Nov/2025:13:52:23 -0700] "GET /?a=64009170001690&mod=659b9b60&uri=us.php%3Fid%3D2141517-1285%26name%3Dmax+tn+a+cold+wall+nike+collab HTTP/1.1" 200 19569 "-" "Mozilla/5.0 AppleWebKit/537.36 (KHTML, like Gecko; compatible; bingbot/2.0; +http://www.bing.com/bingbot.htm) Chrome/116.0.1938.76 Safari/537.36" 236 **0/236846**
37.26.138.249 - - [26/Nov/2025:13:52:27 -0700] "GET http://www.blalockdialysiscenter.com/?a=5080746081690&mod=80e3536e&name=wide+fit+clarks+shoes+for+wide+feet&uri=form.php%3Fid%3D169940-482 HTTP/1.1" 200 2554 "-" "Mozilla/5.0 (Windows NT 6.1; WOW64) AppleWebKit/537.36 (KHTML, like Gecko) Chrome/97.0.4692.99 Safari/537.36" 98 **0/98771**
143.137.239.63 - - [26/Nov/2025:13:52:29 -0700] "GET http://www.blalockdialysiscenter.com/?a=5140762041690&mod=ffa30b25&name=air+max+tenis+nike+para+ni%C3%83%C2%B1o+de+a%C3%83%C2%B1a%C3%B1os&uri=product.php%3Fid%3D171955-791 HTTP/1.1" 200 2554 "-" "Mozilla/5.0 (Windows NT 6.3; Win64; x64) AppleWebKit/537.36 (KHTML, like Gecko) Chrome/98.0.4758.81 Safari/537.36" 133 **0/133416**
85.175.198.65 - - [26/Nov/2025:13:52:33 -0700] "GET http://www.blalockdialysiscenter.com/?a=5126446071690&mod=c2f0d819&name=zapatillas+ugg+mujer+ugg+waterproof+el+corte+ingles&uri=article.php%3Fid%3D171475-790 HTTP/1.1" 200 23189 "-" "Mozilla/5.0 (Macintosh; Intel Mac OS X 10_7_3) AppleWebKit/537.36 (KHTML, like Gecko, Mediapartners-Google) Chrome/84.0.4147.140 Safari/537.36" 238 **0/238677**
122.129.68.110 - - [26/Nov/2025:13:52:41 -0700] "GET http://www.blalockdialysiscenter.com/?a=28156788011690&mod=d3deed73&name=bergana+herrenuhr+bergana+uhr+fernsehlotterie&uri=shop.php%3Fid%3D941926-1045 HTTP/1.1" 200 2554 "-" "Mozilla/5.0 (Macintosh; Intel Mac OS X 11_2_0) AppleWebKit/537.36 (KHTML, like Gecko) Brave Chrome/88.0.4324.152 Safari/537.36" 96 **0/96770**
52.167.144.140 - - [26/Nov/2025:13:52:41 -0700] "GET /?a=5620660001690&mod=a768cbbf&uri=itm.php%3Fid%3D188005-827%26name%3Doysterflex+rolex+daytona+old+models HTTP/1.1" 200 20066 "-" "Mozilla/5.0 AppleWebKit/537.36 (KHTML, like Gecko; compatible; bingbot/2.0; +http://www.bing.com/bingbot.htm) Chrome/116.0.1938.76 Safari/537.36" 259 **0/259313**
66.249.69.170 - - [26/Nov/2025:13:52:55 -0700] "GET /?/css_6356af597ebeb154b969e538d3e95f0f/_drupal_sites_default_files_css_css_LmUrbIckCDCKvN2_Q3zbp044aJ28BPsL4EcroazBk2w HTTP/1.1" 200 2230 "http://blalockdialysiscenter.com/?a=18718965061690&mod=0eb71de4&uri=products.php%3Fid%3D626245-598%26name%3D2007+harley+davidson+super+glide+custom" "Mozilla/5.0 AppleWebKit/537.36 (KHTML, like Gecko; compatible; GoogleOther) Chrome/141.0.7390.122 Safari/537.36" 103 **0/103776**
66.249.69.170 - - [26/Nov/2025:13:52:55 -0700] "GET /?/css_6356af597ebeb154b969e538d3e95f0f/_drupal_sites_default_files_css_css_YLUY2usEybPXqNO15-ozAgAYsZmniqhrU6f3bp69-r4 HTTP/1.1" 200 2230 "http://blalockdialysiscenter.com/?a=18718965061690&mod=0eb71de4&uri=products.php%3Fid%3D626245-598%26name%3D2007+harley+davidson+super+glide+custom" "Mozilla/5.0 AppleWebKit/537.36 (KHTML, like Gecko; compatible; GoogleOther) Chrome/141.0.7390.122 Safari/537.36" 92 **0/92194**
66.249.69.170 - - [26/Nov/2025:13:52:55 -0700] "GET /?/js_6356af597ebeb154b969e538d3e95f0f/_drupal_sites_default_files_js_js_G878YGhv0pYpg9iZ_hIm3vCCQWyhWgLawk-6b6wmZuU HTTP/1.1" 200 2230 "http://blalockdialysiscenter.com/?a=18718965061690&mod=0eb71de4&uri=products.php%3Fid%3D626245-598%26name%3D2007+harley+davidson+super+glide+custom" "Mozilla/5.0 AppleWebKit/537.36 (KHTML, like Gecko; compatible; GoogleOther) Chrome/141.0.7390.122 Safari/537.36" 94 **0/94887**
66.249.69.170 - - [26/Nov/2025:13:52:55 -0700] "GET /?/svg_6356af597ebeb154b969e538d3e95f0f/_pics_webp_common_pc_user_black.svg HTTP/1.1" 200 2230 "http://blalockdialysiscenter.com/?a=18718965061690&mod=0eb71de4&uri=products.php%3Fid%3D626245-598%26name%3D2007+harley+davidson+super+glide+custom" "Mozilla/5.0 AppleWebKit/537.36 (KHTML, like Gecko; compatible; GoogleOther) Chrome/141.0.7390.122 Safari/537.36" 108 **0/108550**
66.249.69.170 - - [26/Nov/2025:13:52:55 -0700] "GET /?/js_6356af597ebeb154b969e538d3e95f0f/_styles_js_lightbox HTTP/1.1" 200 2230 "http://blalockdialysiscenter.com/?a=18718965061690&mod=0eb71de4&uri=products.php%3Fid%3D626245-598%26name%3D2007+harley+davidson+super+glide+custom" "Mozilla/5.0 AppleWebKit/537.36 (KHTML, like Gecko; compatible; GoogleOther) Chrome/141.0.7390.122 Safari/537.36" 92 **0/92491**
66.249.69.170 - - [26/Nov/2025:13:52:56 -0700] "GET /?/svg_6356af597ebeb154b969e538d3e95f0f/_pics_webp_common_pc_cart_black.svg HTTP/1.1" 200 2230 "http://blalockdialysiscenter.com/?a=18718965061690&mod=0eb71de4&uri=products.php%3Fid%3D626245-598%26name%3D2007+harley+davidson+super+glide+custom" "Mozilla/5.0 AppleWebKit/537.36 (KHTML, like Gecko; compatible; GoogleOther) Chrome/141.0.7390.122 Safari/537.36" 99 **0/99482**
66.249.69.170 - - [26/Nov/2025:13:52:56 -0700] "GET /?/css_6356af597ebeb154b969e538d3e95f0f/_styles_css_product-detail-ex01 HTTP/1.1" 200 2230 "http://blalockdialysiscenter.com/?a=18718965061690&mod=0eb71de4&uri=products.php%3Fid%3D626245-598%26name%3D2007+harley+davidson+super+glide+custom" "Mozilla/5.0 AppleWebKit/537.36 (KHTML, like Gecko; compatible; GoogleOther) Chrome/141.0.7390.122 Safari/537.36" 95 **0/95264**
66.249.69.170 - - [26/Nov/2025:13:52:56 -0700] "GET /?/js_6356af597ebeb154b969e538d3e95f0f/_styles_js_lazysizes.min HTTP/1.1" 200 2230 "http://blalockdialysiscenter.com/?a=18718965061690&mod=0eb71de4&uri=products.php%3Fid%3D626245-598%26name%3D2007+harley+davidson+super+glide+custom" "Mozilla/5.0 AppleWebKit/537.36 (KHTML, like Gecko; compatible; GoogleOther) Chrome/141.0.7390.122 Safari/537.36" 89 **0/89483**
177.73.171.222 - - [26/Nov/2025:13:52:56 -0700] "GET http://www.blalockdialysiscenter.com/?a=5152947031690&mod=61b5c689&name=justdial+doms+fsc+24+colour+pencil+flat+tin&uri=product.php%3Fid%3D172364-134 HTTP/1.1" 200 2554 "-" "Mozilla/5.0 (Macintosh; Intel Mac OS X 10_14_6) AppleWebKit/537.36 (KHTML, like Gecko) Chrome/98.0.4758.109 Safari/537.36" 93 **0/93608**
66.249.69.170 - - [26/Nov/2025:13:52:56 -0700] "GET /?/css_6356af597ebeb154b969e538d3e95f0f/_drupal_modules_product_detail_assets_css_new_pc_product_detail HTTP/1.1" 200 2230 "http://blalockdialysiscenter.com/?a=18718965061690&mod=0eb71de4&uri=products.php%3Fid%3D626245-598%26name%3D2007+harley+davidson+super+glide+custom" "Mozilla/5.0 AppleWebKit/537.36 (KHTML, like Gecko; compatible; GoogleOther) Chrome/141.0.7390.122 Safari/537.36" 97 **0/97774**
66.249.69.170 - - [26/Nov/2025:13:52:56 -0700] "GET /?/js_6356af597ebeb154b969e538d3e95f0f/_drupal_sites_default_files_js_js_i3BGasXGb_pVk8CAUeSJnjMmyNE-bFprX9j4_djQznQ HTTP/1.1" 200 2230 "http://blalockdialysiscenter.com/?a=18718965061690&mod=0eb71de4&uri=products.php%3Fid%3D626245-598%26name%3D2007+harley+davidson+super+glide+custom" "Mozilla/5.0 AppleWebKit/537.36 (KHTML, like Gecko; compatible; GoogleOther) Chrome/141.0.7390.122 Safari/537.36" 96 **0/96168**
66.249.69.170 - - [26/Nov/2025:13:52:57 -0700] "GET /?/svg_6356af597ebeb154b969e538d3e95f0f/_pics_webp_common_pc_logout.svg HTTP/1.1" 200 2230 "http://blalockdialysiscenter.com/?a=18718965061690&mod=0eb71de4&uri=products.php%3Fid%3D626245-598%26name%3D2007+harley+davidson+super+glide+custom" "Mozilla/5.0 AppleWebKit/537.36 (KHTML, like Gecko; compatible; GoogleOther) Chrome/141.0.7390.122 Safari/537.36" 93 **0/93042**
66.249.69.170 - - [26/Nov/2025:13:52:57 -0700] "GET /?/svg_6356af597ebeb154b969e538d3e95f0f/_pics_webp_common_pc_close_sidebar.svg HTTP/1.1" 200 2230 "http://blalockdialysiscenter.com/?a=18718965061690&mod=0eb71de4&uri=products.php%3Fid%3D626245-598%26name%3D2007+harley+davidson+super+glide+custom" "Mozilla/5.0 AppleWebKit/537.36 (KHTML, like Gecko; compatible; GoogleOther) Chrome/141.0.7390.122 Safari/537.36" 98 **0/98809**
66.249.69.170 - - [26/Nov/2025:13:52:57 -0700] "GET /?/img_6356af597ebeb154b969e538d3e95f0f/_database_images_no_photo HTTP/1.1" 200 2230 "http://blalockdialysiscenter.com/?a=18718965061690&mod=0eb71de4&uri=products.php%3Fid%3D626245-598%26name%3D2007+harley+davidson+super+glide+custom" "Mozilla/5.0 AppleWebKit/537.36 (KHTML, like Gecko; compatible; GoogleOther) Chrome/141.0.7390.122 Safari/537.36" 100 **0/100443**
66.249.69.170 - - [26/Nov/2025:13:52:57 -0700] "GET /?/img_6356af597ebeb154b969e538d3e95f0f/_pics_webp_common_pc_flash_sale.png HTTP/1.1" 200 2230 "http://blalockdialysiscenter.com/?a=18718965061690&mod=0eb71de4&uri=products.php%3Fid%3D626245-598%26name%3D2007+harley+davidson+super+glide+custom" "Mozilla/5.0 AppleWebKit/537.36 (KHTML, like Gecko; compatible; GoogleOther) Chrome/141.0.7390.122 Safari/537.36" 101 **0/101026**
66.249.69.170 - - [26/Nov/2025:13:52:57 -0700] "GET /?/svg_6356af597ebeb154b969e538d3e95f0f/_pics_webp_common_pc_add_cart.svg HTTP/1.1" 200 2230 "http://blalockdialysiscenter.com/?a=18718965061690&mod=0eb71de4&uri=products.php%3Fid%3D626245-598%26name%3D2007+harley+davidson+super+glide+custom" "Mozilla/5.0 AppleWebKit/537.36 (KHTML, like Gecko; compatible; GoogleOther) Chrome/141.0.7390.122 Safari/537.36" 91 **0/91856**
66.249.69.170 - - [26/Nov/2025:13:52:58 -0700] "GET /?/svg_6356af597ebeb154b969e538d3e95f0f/_pics_webp_common_pc_star_whishlist.svg HTTP/1.1" 200 2230 "http://blalockdialysiscenter.com/?a=18718965061690&mod=0eb71de4&uri=products.php%3Fid%3D626245-598%26name%3D2007+harley+davidson+super+glide+custom" "Mozilla/5.0 AppleWebKit/537.36 (KHTML, like Gecko; compatible; GoogleOther) Chrome/141.0.7390.122 Safari/537.36" 121 **0/121197**
66.249.69.170 - - [26/Nov/2025:13:52:58 -0700] "GET /?/img_6356af597ebeb154b969e538d3e95f0f/_pics_webp_keikoku01a.gif HTTP/1.1" 200 2230 "http://blalockdialysiscenter.com/?a=18718965061690&mod=0eb71de4&uri=products.php%3Fid%3D626245-598%26name%3D2007+harley+davidson+super+glide+custom" "Mozilla/5.0 AppleWebKit/537.36 (KHTML, like Gecko; compatible; GoogleOther) Chrome/141.0.7390.122 Safari/537.36" 97 **0/97048**
66.249.69.170 - - [26/Nov/2025:13:52:58 -0700] "GET /?/img_6356af597ebeb154b969e538d3e95f0f/_pics_webp_common_pc_no_photo300.jpg HTTP/1.1" 200 2230 "http://blalockdialysiscenter.com/?a=18718965061690&mod=0eb71de4&uri=products.php%3Fid%3D626245-598%26name%3D2007+harley+davidson+super+glide+custom" "Mozilla/5.0 AppleWebKit/537.36 (KHTML, like Gecko; compatible; GoogleOther) Chrome/141.0.7390.122 Safari/537.36" 99 **0/99275**
66.249.69.170 - - [26/Nov/2025:13:52:58 -0700] "GET /?/img_6356af597ebeb154b969e538d3e95f0f/_pics_webp_keikoku03.gif HTTP/1.1" 200 2230 "http://blalockdialysiscenter.com/?a=18718965061690&mod=0eb71de4&uri=products.php%3Fid%3D626245-598%26name%3D2007+harley+davidson+super+glide+custom" "Mozilla/5.0 AppleWebKit/537.36 (KHTML, like Gecko; compatible; GoogleOther) Chrome/141.0.7390.122 Safari/537.36" 106 **0/106687**
103.153.149.244 - - [26/Nov/2025:13:53:21 -0700] "GET http://www.blalockdialysiscenter.com/?a=5130539101690&mod=c2f0d819&name=raquetas+botas+para+caminar+en+la+nieve&uri=shop.php%3Fid%3D171613-790 HTTP/1.1" 200 2554 "-" "Mozilla/5.0 (Macintosh; Intel Mac OS X 10_11_6) AppleWebKit/537.36 (KHTML, like Gecko) Chrome/100.0.4896.79 Safari/537.36" 98 **0/98061**
66.249.69.170 - - [26/Nov/2025:13:53:28 -0700] "GET /?/svg_6356af597ebeb154b969e538d3e95f0f/_pics_webp_common_pc_cart_black.svg HTTP/1.1" 200 2230 "http://blalockdialysiscenter.com/?a=18718965061690&mod=0eb71de4&uri=products.php%3Fid%3D626245-598%26name%3D2007+harley+davidson+super+glide+custom" "Mozilla/5.0 AppleWebKit/537.36 (KHTML, like Gecko; compatible; GoogleOther) Chrome/141.0.7390.122 Safari/537.36" 96 **0/96041**
66.249.69.170 - - [26/Nov/2025:13:53:29 -0700] "GET /?/svg_6356af597ebeb154b969e538d3e95f0f/_pics_webp_common_pc_user_black.svg HTTP/1.1" 200 2230 "http://blalockdialysiscenter.com/?a=18718965061690&mod=0eb71de4&uri=products.php%3Fid%3D626245-598%26name%3D2007+harley+davidson+super+glide+custom" "Mozilla/5.0 AppleWebKit/537.36 (KHTML, like Gecko; compatible; GoogleOther) Chrome/141.0.7390.122 Safari/537.36" 96 **0/96223**
66.249.69.171 - - [26/Nov/2025:13:53:29 -0700] "GET /?/img_6356af597ebeb154b969e538d3e95f0f/_pics_webp_common_pc_no_photo300.jpg HTTP/1.1" 200 2230 "http://blalockdialysiscenter.com/?a=18718965061690&mod=0eb71de4&uri=products.php%3Fid%3D626245-598%26name%3D2007+harley+davidson+super+glide+custom" "Mozilla/5.0 AppleWebKit/537.36 (KHTML, like Gecko; compatible; GoogleOther) Chrome/141.0.7390.122 Safari/537.36" 97 **0/97855**
66.249.69.172 - - [26/Nov/2025:13:53:29 -0700] "GET /?/svg_6356af597ebeb154b969e538d3e95f0f/_drupal_themes_surugaya_new_css_.._images_icon_arrow-next-blue HTTP/1.1" 200 2230 "http://blalockdialysiscenter.com/?a=18718965061690&mod=0eb71de4&uri=products.php%3Fid%3D626245-598%26name%3D2007+harley+davidson+super+glide+custom" "Mozilla/5.0 AppleWebKit/537.36 (KHTML, like Gecko; compatible; GoogleOther) Chrome/141.0.7390.122 Safari/537.36" 112 **0/112579**
20.15.133.163 - - [26/Nov/2025:13:53:34 -0700] "GET /?a=79951525051690&mod=e744f91c&uri=us.php%3Fid%3D2675091-9%26name%3Dcorsair+hs60+pro+surround+gaming+headset HTTP/1.1" 200 21322 "-" "Mozilla/5.0 AppleWebKit/537.36 (KHTML, like Gecko; compatible; bingbot/2.0; +http://www.bing.com/bingbot.htm) Chrome/116.0.1938.76 Safari/537.36" 308 **0/308153**
66.249.69.170 - - [26/Nov/2025:13:53:43 -0700] "GET /?/css_6356af597ebeb154b969e538d3e95f0f/_drupal_sites_default_files_css_css_YLUY2usEybPXqNO15-ozAgAYsZmniqhrU6f3bp69-r4 HTTP/1.1" 200 2230 "http://blalockdialysiscenter.com/?a=76254539071690&mod=15fe2942&uri=shared.php%3Fid%3D2551348-1080%26name%3Dgafas+ray+anteojos+de+sol+hombre+2018" "Mozilla/5.0 AppleWebKit/537.36 (KHTML, like Gecko; compatible; GoogleOther) Chrome/141.0.7390.122 Safari/537.36" 102 **0/102497**
66.249.69.170 - - [26/Nov/2025:13:53:43 -0700] "GET /?/css_6356af597ebeb154b969e538d3e95f0f/_drupal_sites_default_files_css_css_LmUrbIckCDCKvN2_Q3zbp044aJ28BPsL4EcroazBk2w HTTP/1.1" 200 2230 "http://blalockdialysiscenter.com/?a=76254539071690&mod=15fe2942&uri=shared.php%3Fid%3D2551348-1080%26name%3Dgafas+ray+anteojos+de+sol+hombre+2018" "Mozilla/5.0 AppleWebKit/537.36 (KHTML, like Gecko; compatible; GoogleOther) Chrome/141.0.7390.122 Safari/537.36" 93 **0/93306**
66.249.69.170 - - [26/Nov/2025:13:53:43 -0700] "GET /?/js_6356af597ebeb154b969e538d3e95f0f/_drupal_sites_default_files_js_js_G878YGhv0pYpg9iZ_hIm3vCCQWyhWgLawk-6b6wmZuU HTTP/1.1" 200 2230 "http://blalockdialysiscenter.com/?a=76254539071690&mod=15fe2942&uri=shared.php%3Fid%3D2551348-1080%26name%3Dgafas+ray+anteojos+de+sol+hombre+2018" "Mozilla/5.0 AppleWebKit/537.36 (KHTML, like Gecko; compatible; GoogleOther) Chrome/141.0.7390.122 Safari/537.36" 93 **0/93376**
66.249.69.170 - - [26/Nov/2025:13:53:44 -0700] "GET /?/css_6356af597ebeb154b969e538d3e95f0f/_styles_css_product-detail-ex01 HTTP/1.1" 200 2230 "http://blalockdialysiscenter.com/?a=76254539071690&mod=15fe2942&uri=shared.php%3Fid%3D2551348-1080%26name%3Dgafas+ray+anteojos+de+sol+hombre+2018" "Mozilla/5.0 AppleWebKit/537.36 (KHTML, like Gecko; compatible; GoogleOther) Chrome/141.0.7390.122 Safari/537.36" 114 **0/114858**
66.249.69.170 - - [26/Nov/2025:13:53:44 -0700] "GET /?/css_6356af597ebeb154b969e538d3e95f0f/_styles_css_wanderer-fg HTTP/1.1" 200 2230 "http://blalockdialysiscenter.com/?a=76254539071690&mod=15fe2942&uri=shared.php%3Fid%3D2551348-1080%26name%3Dgafas+ray+anteojos+de+sol+hombre+2018" "Mozilla/5.0 AppleWebKit/537.36 (KHTML, like Gecko; compatible; GoogleOther) Chrome/141.0.7390.122 Safari/537.36" 99 **0/99905**
66.249.69.170 - - [26/Nov/2025:13:53:44 -0700] "GET /?/js_6356af597ebeb154b969e538d3e95f0f/_styles_js_lazysizes.min HTTP/1.1" 200 2230 "http://blalockdialysiscenter.com/?a=76254539071690&mod=15fe2942&uri=shared.php%3Fid%3D2551348-1080%26name%3Dgafas+ray+anteojos+de+sol+hombre+2018" "Mozilla/5.0 AppleWebKit/537.36 (KHTML, like Gecko; compatible; GoogleOther) Chrome/141.0.7390.122 Safari/537.36" 99 **0/99728**
66.249.69.170 - - [26/Nov/2025:13:53:44 -0700] "GET /?/svg_6356af597ebeb154b969e538d3e95f0f/_pics_webp_common_pc_user_black.svg HTTP/1.1" 200 2230 "http://blalockdialysiscenter.com/?a=76254539071690&mod=15fe2942&uri=shared.php%3Fid%3D2551348-1080%26name%3Dgafas+ray+anteojos+de+sol+hombre+2018" "Mozilla/5.0 AppleWebKit/537.36 (KHTML, like Gecko; compatible; GoogleOther) Chrome/141.0.7390.122 Safari/537.36" 106 **0/106087**
66.249.69.170 - - [26/Nov/2025:13:53:44 -0700] "GET /?/svg_6356af597ebeb154b969e538d3e95f0f/_pics_webp_common_pc_cart_black.svg HTTP/1.1" 200 2230 "http://blalockdialysiscenter.com/?a=76254539071690&mod=15fe2942&uri=shared.php%3Fid%3D2551348-1080%26name%3Dgafas+ray+anteojos+de+sol+hombre+2018" "Mozilla/5.0 AppleWebKit/537.36 (KHTML, like Gecko; compatible; GoogleOther) Chrome/141.0.7390.122 Safari/537.36" 101 **0/101297**
66.249.69.170 - - [26/Nov/2025:13:53:45 -0700] "GET /?/js_6356af597ebeb154b969e538d3e95f0f/_styles_js_lightbox HTTP/1.1" 200 2230 "http://blalockdialysiscenter.com/?a=76254539071690&mod=15fe2942&uri=shared.php%3Fid%3D2551348-1080%26name%3Dgafas+ray+anteojos+de+sol+hombre+2018" "Mozilla/5.0 AppleWebKit/537.36 (KHTML, like Gecko; compatible; GoogleOther) Chrome/141.0.7390.122 Safari/537.36" 91 **0/91274**
66.249.69.170 - - [26/Nov/2025:13:53:45 -0700] "GET /?/svg_6356af597ebeb154b969e538d3e95f0f/_pics_webp_common_pc_bell.svg HTTP/1.1" 200 2230 "http://blalockdialysiscenter.com/?a=76254539071690&mod=15fe2942&uri=shared.php%3Fid%3D2551348-1080%26name%3Dgafas+ray+anteojos+de+sol+hombre+2018" "Mozilla/5.0 AppleWebKit/537.36 (KHTML, like Gecko; compatible; GoogleOther) Chrome/141.0.7390.122 Safari/537.36" 90 **0/90727**
66.249.69.170 - - [26/Nov/2025:13:53:45 -0700] "GET /?/css_6356af597ebeb154b969e538d3e95f0f/_drupal_modules_product_detail_assets_css_new_pc_product_detail HTTP/1.1" 200 2230 "http://blalockdialysiscenter.com/?a=76254539071690&mod=15fe2942&uri=shared.php%3Fid%3D2551348-1080%26name%3Dgafas+ray+anteojos+de+sol+hombre+2018" "Mozilla/5.0 AppleWebKit/537.36 (KHTML, like Gecko; compatible; GoogleOther) Chrome/141.0.7390.122 Safari/537.36" 102 **0/102124**
66.249.69.170 - - [26/Nov/2025:13:53:46 -0700] "GET /?/js_6356af597ebeb154b969e538d3e95f0f/_drupal_sites_default_files_js_js_nfGRbDhyXF9_dFjG2rkRRw84Gy6p5a4aGnpYcOKhuC4 HTTP/1.1" 200 2230 "http://blalockdialysiscenter.com/?a=76254539071690&mod=15fe2942&uri=shared.php%3Fid%3D2551348-1080%26name%3Dgafas+ray+anteojos+de+sol+hombre+2018" "Mozilla/5.0 AppleWebKit/537.36 (KHTML, like Gecko; compatible; GoogleOther) Chrome/141.0.7390.122 Safari/537.36" 96 **0/96205**
66.249.69.170 - - [26/Nov/2025:13:53:46 -0700] "GET /?/js_6356af597ebeb154b969e538d3e95f0f/_drupal_sites_default_files_js_js_z1qFDrghecTCI5Rjumn4rMBYPHvd-E4L0DVpS2JCjnw HTTP/1.1" 200 2230 "http://blalockdialysiscenter.com/?a=76254539071690&mod=15fe2942&uri=shared.php%3Fid%3D2551348-1080%26name%3Dgafas+ray+anteojos+de+sol+hombre+2018" "Mozilla/5.0 AppleWebKit/537.36 (KHTML, like Gecko; compatible; GoogleOther) Chrome/141.0.7390.122 Safari/537.36" 97 **0/97850**
66.249.69.170 - - [26/Nov/2025:13:53:47 -0700] "GET /?/js_6356af597ebeb154b969e538d3e95f0f/_drupal_sites_default_files_js_js_i3BGasXGb_pVk8CAUeSJnjMmyNE-bFprX9j4_djQznQ HTTP/1.1" 200 2230 "http://blalockdialysiscenter.com/?a=76254539071690&mod=15fe2942&uri=shared.php%3Fid%3D2551348-1080%26name%3Dgafas+ray+anteojos+de+sol+hombre+2018" "Mozilla/5.0 AppleWebKit/537.36 (KHTML, like Gecko; compatible; GoogleOther) Chrome/141.0.7390.122 Safari/537.36" 99 **0/99428**
66.249.69.170 - - [26/Nov/2025:13:53:47 -0700] "GET /?/svg_6356af597ebeb154b969e538d3e95f0f/_pics_webp_common_pc_logout.svg HTTP/1.1" 200 2230 "http://blalockdialysiscenter.com/?a=76254539071690&mod=15fe2942&uri=shared.php%3Fid%3D2551348-1080%26name%3Dgafas+ray+anteojos+de+sol+hombre+2018" "Mozilla/5.0 AppleWebKit/537.36 (KHTML, like Gecko; compatible; GoogleOther) Chrome/141.0.7390.122 Safari/537.36" 97 **0/97871**
66.249.69.170 - - [26/Nov/2025:13:53:48 -0700] "GET /?/svg_6356af597ebeb154b969e538d3e95f0f/_pics_webp_common_pc_close_sidebar.svg HTTP/1.1" 200 2230 "http://blalockdialysiscenter.com/?a=76254539071690&mod=15fe2942&uri=shared.php%3Fid%3D2551348-1080%26name%3Dgafas+ray+anteojos+de+sol+hombre+2018" "Mozilla/5.0 AppleWebKit/537.36 (KHTML, like Gecko; compatible; GoogleOther) Chrome/141.0.7390.122 Safari/537.36" 107 **0/107311**
66.249.69.170 - - [26/Nov/2025:13:53:48 -0700] "GET /?/img_6356af597ebeb154b969e538d3e95f0f/_database_images_no_photo HTTP/1.1" 200 2230 "http://blalockdialysiscenter.com/?a=76254539071690&mod=15fe2942&uri=shared.php%3Fid%3D2551348-1080%26name%3Dgafas+ray+anteojos+de+sol+hombre+2018" "Mozilla/5.0 AppleWebKit/537.36 (KHTML, like Gecko; compatible; GoogleOther) Chrome/141.0.7390.122 Safari/537.36" 93 **0/93661**
57.141.0.20 - - [26/Nov/2025:13:53:48 -0700] "GET /?a=16024529011690& HTTP/1.1" 200 7610 "-" "meta-externalagent/1.1 (+https://developers.facebook.com/docs/sharing/webmasters/crawler)" 100 **0/100770**
66.249.69.170 - - [26/Nov/2025:13:53:48 -0700] "GET /?/img_6356af597ebeb154b969e538d3e95f0f/_pics_webp_common_pc_flash_sale.png HTTP/1.1" 200 2230 "http://blalockdialysiscenter.com/?a=76254539071690&mod=15fe2942&uri=shared.php%3Fid%3D2551348-1080%26name%3Dgafas+ray+anteojos+de+sol+hombre+2018" "Mozilla/5.0 AppleWebKit/537.36 (KHTML, like Gecko; compatible; GoogleOther) Chrome/141.0.7390.122 Safari/537.36" 95 **0/95360**
66.249.69.170 - - [26/Nov/2025:13:53:49 -0700] "GET /?/svg_6356af597ebeb154b969e538d3e95f0f/_pics_webp_common_pc_add_cart.svg HTTP/1.1" 200 2230 "http://blalockdialysiscenter.com/?a=76254539071690&mod=15fe2942&uri=shared.php%3Fid%3D2551348-1080%26name%3Dgafas+ray+anteojos+de+sol+hombre+2018" "Mozilla/5.0 AppleWebKit/537.36 (KHTML, like Gecko; compatible; GoogleOther) Chrome/141.0.7390.122 Safari/537.36" 96 **0/96050**
66.249.69.170 - - [26/Nov/2025:13:53:49 -0700] "GET /?/svg_6356af597ebeb154b969e538d3e95f0f/_pics_webp_common_pc_star_whishlist.svg HTTP/1.1" 200 2230 "http://blalockdialysiscenter.com/?a=76254539071690&mod=15fe2942&uri=shared.php%3Fid%3D2551348-1080%26name%3Dgafas+ray+anteojos+de+sol+hombre+2018" "Mozilla/5.0 AppleWebKit/537.36 (KHTML, like Gecko; compatible; GoogleOther) Chrome/141.0.7390.122 Safari/537.36" 91 **0/91822**
66.249.69.170 - - [26/Nov/2025:13:53:49 -0700] "GET /?/img_6356af597ebeb154b969e538d3e95f0f/_pics_webp_keikoku01a.gif HTTP/1.1" 200 2230 "http://blalockdialysiscenter.com/?a=76254539071690&mod=15fe2942&uri=shared.php%3Fid%3D2551348-1080%26name%3Dgafas+ray+anteojos+de+sol+hombre+2018" "Mozilla/5.0 AppleWebKit/537.36 (KHTML, like Gecko; compatible; GoogleOther) Chrome/141.0.7390.122 Safari/537.36" 92 **0/92631**
66.249.69.170 - - [26/Nov/2025:13:53:50 -0700] "GET /?/img_6356af597ebeb154b969e538d3e95f0f/_pics_webp_common_pc_no_photo300.jpg HTTP/1.1" 200 2230 "http://blalockdialysiscenter.com/?a=76254539071690&mod=15fe2942&uri=shared.php%3Fid%3D2551348-1080%26name%3Dgafas+ray+anteojos+de+sol+hombre+2018" "Mozilla/5.0 AppleWebKit/537.36 (KHTML, like Gecko; compatible; GoogleOther) Chrome/141.0.7390.122 Safari/537.36" 104 **0/104857**
66.249.69.170 - - [26/Nov/2025:13:53:50 -0700] "GET /?/img_6356af597ebeb154b969e538d3e95f0f/_pics_webp_keikoku03.gif HTTP/1.1" 200 2230 "http://blalockdialysiscenter.com/?a=76254539071690&mod=15fe2942&uri=shared.php%3Fid%3D2551348-1080%26name%3Dgafas+ray+anteojos+de+sol+hombre+2018" "Mozilla/5.0 AppleWebKit/537.36 (KHTML, like Gecko; compatible; GoogleOther) Chrome/141.0.7390.122 Safari/537.36" 105 **0/105145**
52.167.144.220 - - [26/Nov/2025:13:54:02 -0700] "GET /?a=62288490031690&mod=e1228be4&uri=info.php%3Fid%3D2083966-36%26name%3Dspacecraft+lego+ideas+saturn+v+rocket HTTP/1.1" 200 20891 "-" "Mozilla/5.0 AppleWebKit/537.36 (KHTML, like Gecko; compatible; bingbot/2.0; +http://www.bing.com/bingbot.htm) Chrome/116.0.1938.76 Safari/537.36" 295 **0/295372**
57.141.0.41 - - [26/Nov/2025:13:54:15 -0700] "GET /?a=76223354081690& HTTP/1.1" 200 7610 "-" "meta-externalagent/1.1 (+https://developers.facebook.com/docs/sharing/webmasters/crawler)" 97 **0/97105**
40.77.167.48 - - [26/Nov/2025:13:54:15 -0700] "GET /?a=97780270021690&mod=c113616d&uri=news.php%3Fid%3D3271746-247%26name%3Darsenal+jersey+arsenal+yellow+sega+kit HTTP/1.1" 200 21057 "-" "Mozilla/5.0 AppleWebKit/537.36 (KHTML, like Gecko; compatible; bingbot/2.0; +http://www.bing.com/bingbot.htm) Chrome/116.0.1938.76 Safari/537.36" 317 **0/317119**
66.249.69.170 - - [26/Nov/2025:13:54:19 -0700] "GET /?/svg_6356af597ebeb154b969e538d3e95f0f/_pics_webp_common_pc_user_black.svg HTTP/1.1" 200 2230 "http://blalockdialysiscenter.com/?a=76254539071690&mod=15fe2942&uri=shared.php%3Fid%3D2551348-1080%26name%3Dgafas+ray+anteojos+de+sol+hombre+2018" "Mozilla/5.0 AppleWebKit/537.36 (KHTML, like Gecko; compatible; GoogleOther) Chrome/141.0.7390.122 Safari/537.36" 93 **0/93785**
66.249.69.170 - - [26/Nov/2025:13:54:20 -0700] "GET /?/svg_6356af597ebeb154b969e538d3e95f0f/_pics_webp_common_pc_cart_black.svg HTTP/1.1" 200 2230 "http://blalockdialysiscenter.com/?a=76254539071690&mod=15fe2942&uri=shared.php%3Fid%3D2551348-1080%26name%3Dgafas+ray+anteojos+de+sol+hombre+2018" "Mozilla/5.0 AppleWebKit/537.36 (KHTML, like Gecko; compatible; GoogleOther) Chrome/141.0.7390.122 Safari/537.36" 107 **0/107863**
66.249.69.170 - - [26/Nov/2025:13:54:20 -0700] "GET /?/svg_6356af597ebeb154b969e538d3e95f0f/_drupal_themes_surugaya_new_css_.._images_icon_arrow-next-blue HTTP/1.1" 200 2230 "http://blalockdialysiscenter.com/?a=76254539071690&mod=15fe2942&uri=shared.php%3Fid%3D2551348-1080%26name%3Dgafas+ray+anteojos+de+sol+hombre+2018" "Mozilla/5.0 AppleWebKit/537.36 (KHTML, like Gecko; compatible; GoogleOther) Chrome/141.0.7390.122 Safari/537.36" 100 **0/100956**
66.249.69.170 - - [26/Nov/2025:13:54:20 -0700] "GET /?/img_6356af597ebeb154b969e538d3e95f0f/_pics_webp_Instagram_Glyph_Gradient.png HTTP/1.1" 200 2230 "http://blalockdialysiscenter.com/?a=76254539071690&mod=15fe2942&uri=shared.php%3Fid%3D2551348-1080%26name%3Dgafas+ray+anteojos+de+sol+hombre+2018" "Mozilla/5.0 AppleWebKit/537.36 (KHTML, like Gecko; compatible; GoogleOther) Chrome/141.0.7390.122 Safari/537.36" 97 **0/97806**
66.249.69.170 - - [26/Nov/2025:13:54:20 -0700] "GET /?/svg_6356af597ebeb154b969e538d3e95f0f/_pics_webp_common_pc_social_facebook.svg HTTP/1.1" 200 2230 "http://blalockdialysiscenter.com/?a=76254539071690&mod=15fe2942&uri=shared.php%3Fid%3D2551348-1080%26name%3Dgafas+ray+anteojos+de+sol+hombre+2018" "Mozilla/5.0 AppleWebKit/537.36 (KHTML, like Gecko; compatible; GoogleOther) Chrome/141.0.7390.122 Safari/537.36" 102 **0/102732**
66.249.69.170 - - [26/Nov/2025:13:54:20 -0700] "GET /?/svg_6356af597ebeb154b969e538d3e95f0f/_pics_webp_bluesky-1.svg HTTP/1.1" 200 2230 "http://blalockdialysiscenter.com/?a=76254539071690&mod=15fe2942&uri=shared.php%3Fid%3D2551348-1080%26name%3Dgafas+ray+anteojos+de+sol+hombre+2018" "Mozilla/5.0 AppleWebKit/537.36 (KHTML, like Gecko; compatible; GoogleOther) Chrome/141.0.7390.122 Safari/537.36" 435 **0/435809**
66.249.69.170 - - [26/Nov/2025:13:54:21 -0700] "GET /?/img_6356af597ebeb154b969e538d3e95f0f/_pics_webp_X_black_radius.png HTTP/1.1" 200 2230 "http://blalockdialysiscenter.com/?a=76254539071690&mod=15fe2942&uri=shared.php%3Fid%3D2551348-1080%26name%3Dgafas+ray+anteojos+de+sol+hombre+2018" "Mozilla/5.0 AppleWebKit/537.36 (KHTML, like Gecko; compatible; GoogleOther) Chrome/141.0.7390.122 Safari/537.36" 103 **0/103227**
66.249.69.170 - - [26/Nov/2025:13:54:21 -0700] "GET /?/svg_6356af597ebeb154b969e538d3e95f0f/_pics_webp_common_pc_social_youtube.svg HTTP/1.1" 200 2230 "http://blalockdialysiscenter.com/?a=76254539071690&mod=15fe2942&uri=shared.php%3Fid%3D2551348-1080%26name%3Dgafas+ray+anteojos+de+sol+hombre+2018" "Mozilla/5.0 AppleWebKit/537.36 (KHTML, like Gecko; compatible; GoogleOther) Chrome/141.0.7390.122 Safari/537.36" 96 **0/96222**
40.77.167.79 - - [26/Nov/2025:13:54:46 -0700] "GET /?a=54051991001690&mod=a9d44cca&uri=us.php%3Fid%3D1808266-1010%26name%3Dformal+shoes+restricted+oxford+shoes HTTP/1.1" 200 20499 "-" "Mozilla/5.0 AppleWebKit/537.36 (KHTML, like Gecko; compatible; bingbot/2.0; +http://www.bing.com/bingbot.htm) Chrome/116.0.1938.76 Safari/537.36" 293 **0/293418**
57.141.0.53 - - [26/Nov/2025:13:54:52 -0700] "GET /?a=93638108061690& HTTP/1.1" 200 7610 "-" "meta-externalagent/1.1 (+https://developers.facebook.com/docs/sharing/webmasters/crawler)" 96 **0/96650**
186.120.138.250 - - [26/Nov/2025:13:54:59 -0700] "GET http://www.blalockdialysiscenter.com/?a=5034528111690&mod=6d847022&name=la+princesa+y+la+costurera+personajes&uri=category-info.php%3Fid%3D168388-284 HTTP/1.1" 200 2554 "-" "Mozilla/5.0 (Macintosh; Intel Mac OS X 10_11_6) AppleWebKit/537.36 (KHTML, like Gecko) Chrome/63.0.3239.132 Safari/537.36" 103 **0/103019**
20.15.133.163 - - [26/Nov/2025:13:55:01 -0700] "GET /?a=104212349001690&mod=2d2de08a&uri=product.php%3Fid%3D3487027-407%26name%3Dtraining+seat+with+toilet+trainer+with+ladder HTTP/1.1" 200 21394 "-" "Mozilla/5.0 AppleWebKit/537.36 (KHTML, like Gecko; compatible; bingbot/2.0; +http://www.bing.com/bingbot.htm) Chrome/116.0.1938.76 Safari/537.36" 491 **0/491975**
20.15.133.184 - - [26/Nov/2025:13:55:02 -0700] "GET /?a=6206741071690&mod=2c620a8c&uri=products.php%3Fid%3D207602-38%26name%3Dgiacca+abito+cinese+tradizionale+uomo HTTP/1.1" 200 21030 "-" "Mozilla/5.0 AppleWebKit/537.36 (KHTML, like Gecko; compatible; bingbot/2.0; +http://www.bing.com/bingbot.htm) Chrome/116.0.1938.76 Safari/537.36" 351 **0/351983**
40.77.167.48 - - [26/Nov/2025:13:55:06 -0700] "GET /?a=84453122131690&mod=e3aa6f9b&uri=shop.php%3Fid%3D2825684-1438%26name%3Dplus+size+corporate+attire+girls HTTP/1.1" 200 19546 "-" "Mozilla/5.0 AppleWebKit/537.36 (KHTML, like Gecko; compatible; bingbot/2.0; +http://www.bing.com/bingbot.htm) Chrome/116.0.1938.76 Safari/537.36" 253 **0/253765**
57.141.0.44 - - [26/Nov/2025:13:55:45 -0700] "GET /?a=34083191051690& HTTP/1.1" 200 7610 "-" "meta-externalagent/1.1 (+https://developers.facebook.com/docs/sharing/webmasters/crawler)" 232 **0/232385**
52.167.144.140 - - [26/Nov/2025:13:56:22 -0700] "GET /?a=81451389041690&mod=a9d44cca&uri=dp.php%3Fid%3D2725233-1010%26name%3Dlorenzo+serafini+farfetch+brooch HTTP/1.1" 200 21009 "-" "Mozilla/5.0 AppleWebKit/537.36 (KHTML, like Gecko; compatible; bingbot/2.0; +http://www.bing.com/bingbot.htm) Chrome/116.0.1938.76 Safari/537.36" 252 **0/252214**
66.249.69.171 - - [26/Nov/2025:13:56:31 -0700] "GET /?/css_6356af597ebeb154b969e538d3e95f0f/_drupal_sites_default_files_css_css_LmUrbIckCDCKvN2_Q3zbp044aJ28BPsL4EcroazBk2w HTTP/1.1" 200 2230 "http://blalockdialysiscenter.com/?a=58980320001690&mod=ee6fb1c7&uri=goods.php%3Fid%3D1973230-821%26name%3Dprintable+baby+moses+mattress" "Mozilla/5.0 AppleWebKit/537.36 (KHTML, like Gecko; compatible; GoogleOther) Chrome/141.0.7390.122 Safari/537.36" 104 **0/104172**
66.249.69.171 - - [26/Nov/2025:13:56:31 -0700] "GET /?/js_6356af597ebeb154b969e538d3e95f0f/_drupal_sites_default_files_js_js_G878YGhv0pYpg9iZ_hIm3vCCQWyhWgLawk-6b6wmZuU HTTP/1.1" 200 2230 "http://blalockdialysiscenter.com/?a=58980320001690&mod=ee6fb1c7&uri=goods.php%3Fid%3D1973230-821%26name%3Dprintable+baby+moses+mattress" "Mozilla/5.0 AppleWebKit/537.36 (KHTML, like Gecko; compatible; GoogleOther) Chrome/141.0.7390.122 Safari/537.36" 96 **0/96270**
66.249.69.172 - - [26/Nov/2025:13:56:32 -0700] "GET /?/css_6356af597ebeb154b969e538d3e95f0f/_styles_css_product-detail-ex01 HTTP/1.1" 200 2230 "http://blalockdialysiscenter.com/?a=58980320001690&mod=ee6fb1c7&uri=goods.php%3Fid%3D1973230-821%26name%3Dprintable+baby+moses+mattress" "Mozilla/5.0 AppleWebKit/537.36 (KHTML, like Gecko; compatible; GoogleOther) Chrome/141.0.7390.122 Safari/537.36" 95 **0/95217**
66.249.69.172 - - [26/Nov/2025:13:56:33 -0700] "GET /?/css_6356af597ebeb154b969e538d3e95f0f/_styles_css_wanderer-fg HTTP/1.1" 200 2230 "http://blalockdialysiscenter.com/?a=58980320001690&mod=ee6fb1c7&uri=goods.php%3Fid%3D1973230-821%26name%3Dprintable+baby+moses+mattress" "Mozilla/5.0 AppleWebKit/537.36 (KHTML, like Gecko; compatible; GoogleOther) Chrome/141.0.7390.122 Safari/537.36" 97 **0/97486**
66.249.69.170 - - [26/Nov/2025:13:56:33 -0700] "GET /?/js_6356af597ebeb154b969e538d3e95f0f/_styles_js_lightbox HTTP/1.1" 200 2230 "http://blalockdialysiscenter.com/?a=58980320001690&mod=ee6fb1c7&uri=goods.php%3Fid%3D1973230-821%26name%3Dprintable+baby+moses+mattress" "Mozilla/5.0 AppleWebKit/537.36 (KHTML, like Gecko; compatible; GoogleOther) Chrome/141.0.7390.122 Safari/537.36" 99 **0/99349**
66.249.69.170 - - [26/Nov/2025:13:56:34 -0700] "GET /?/js_6356af597ebeb154b969e538d3e95f0f/_styles_js_lazysizes.min HTTP/1.1" 200 2230 "http://blalockdialysiscenter.com/?a=58980320001690&mod=ee6fb1c7&uri=goods.php%3Fid%3D1973230-821%26name%3Dprintable+baby+moses+mattress" "Mozilla/5.0 AppleWebKit/537.36 (KHTML, like Gecko; compatible; GoogleOther) Chrome/141.0.7390.122 Safari/537.36" 105 **0/105992**
66.249.69.170 - - [26/Nov/2025:13:56:35 -0700] "GET /?/svg_6356af597ebeb154b969e538d3e95f0f/_pics_webp_common_pc_user_black.svg HTTP/1.1" 200 2230 "http://blalockdialysiscenter.com/?a=58980320001690&mod=ee6fb1c7&uri=goods.php%3Fid%3D1973230-821%26name%3Dprintable+baby+moses+mattress" "Mozilla/5.0 AppleWebKit/537.36 (KHTML, like Gecko; compatible; GoogleOther) Chrome/141.0.7390.122 Safari/537.36" 103 **0/103780**
66.249.69.171 - - [26/Nov/2025:13:56:35 -0700] "GET /?/svg_6356af597ebeb154b969e538d3e95f0f/_pics_webp_common_pc_bell.svg HTTP/1.1" 200 2230 "http://blalockdialysiscenter.com/?a=58980320001690&mod=ee6fb1c7&uri=goods.php%3Fid%3D1973230-821%26name%3Dprintable+baby+moses+mattress" "Mozilla/5.0 AppleWebKit/537.36 (KHTML, like Gecko; compatible; GoogleOther) Chrome/141.0.7390.122 Safari/537.36" 110 **0/110141**
52.167.144.234 - - [26/Nov/2025:13:56:36 -0700] "GET /?a=103676800031690&mod=b579d45d&uri=article.php%3Fid%3D3469105-640%26name%3Djacket+neon+green+mens+tracksuit HTTP/1.1" 200 21477 "-" "Mozilla/5.0 AppleWebKit/537.36 (KHTML, like Gecko; compatible; bingbot/2.0; +http://www.bing.com/bingbot.htm) Chrome/116.0.1938.76 Safari/537.36" 282 **0/282318**
66.249.69.171 - - [26/Nov/2025:13:56:36 -0700] "GET /?/js_6356af597ebeb154b969e538d3e95f0f/_drupal_sites_default_files_js_js_nfGRbDhyXF9_dFjG2rkRRw84Gy6p5a4aGnpYcOKhuC4 HTTP/1.1" 200 2230 "http://blalockdialysiscenter.com/?a=58980320001690&mod=ee6fb1c7&uri=goods.php%3Fid%3D1973230-821%26name%3Dprintable+baby+moses+mattress" "Mozilla/5.0 AppleWebKit/537.36 (KHTML, like Gecko; compatible; GoogleOther) Chrome/141.0.7390.122 Safari/537.36" 98 **0/98942**
66.249.69.171 - - [26/Nov/2025:13:56:37 -0700] "GET /?/js_6356af597ebeb154b969e538d3e95f0f/_drupal_sites_default_files_js_js_z1qFDrghecTCI5Rjumn4rMBYPHvd-E4L0DVpS2JCjnw HTTP/1.1" 200 2230 "http://blalockdialysiscenter.com/?a=58980320001690&mod=ee6fb1c7&uri=goods.php%3Fid%3D1973230-821%26name%3Dprintable+baby+moses+mattress" "Mozilla/5.0 AppleWebKit/537.36 (KHTML, like Gecko; compatible; GoogleOther) Chrome/141.0.7390.122 Safari/537.36" 106 **0/106657**
66.249.69.170 - - [26/Nov/2025:13:56:38 -0700] "GET /?/js_6356af597ebeb154b969e538d3e95f0f/_drupal_sites_default_files_js_js_i3BGasXGb_pVk8CAUeSJnjMmyNE-bFprX9j4_djQznQ HTTP/1.1" 200 2230 "http://blalockdialysiscenter.com/?a=58980320001690&mod=ee6fb1c7&uri=goods.php%3Fid%3D1973230-821%26name%3Dprintable+baby+moses+mattress" "Mozilla/5.0 AppleWebKit/537.36 (KHTML, like Gecko; compatible; GoogleOther) Chrome/141.0.7390.122 Safari/537.36" 92 **0/92774**
66.249.69.170 - - [26/Nov/2025:13:56:38 -0700] "GET /?/svg_6356af597ebeb154b969e538d3e95f0f/_pics_webp_common_pc_logout.svg HTTP/1.1" 200 2230 "http://blalockdialysiscenter.com/?a=58980320001690&mod=ee6fb1c7&uri=goods.php%3Fid%3D1973230-821%26name%3Dprintable+baby+moses+mattress" "Mozilla/5.0 AppleWebKit/537.36 (KHTML, like Gecko; compatible; GoogleOther) Chrome/141.0.7390.122 Safari/537.36" 91 **0/91974**
66.249.69.170 - - [26/Nov/2025:13:56:39 -0700] "GET /?/svg_6356af597ebeb154b969e538d3e95f0f/_pics_webp_common_pc_close_sidebar.svg HTTP/1.1" 200 2230 "http://blalockdialysiscenter.com/?a=58980320001690&mod=ee6fb1c7&uri=goods.php%3Fid%3D1973230-821%26name%3Dprintable+baby+moses+mattress" "Mozilla/5.0 AppleWebKit/537.36 (KHTML, like Gecko; compatible; GoogleOther) Chrome/141.0.7390.122 Safari/537.36" 94 **0/94443**
66.249.69.170 - - [26/Nov/2025:13:56:39 -0700] "GET /?/img_6356af597ebeb154b969e538d3e95f0f/_database_images_no_photo HTTP/1.1" 200 2230 "http://blalockdialysiscenter.com/?a=58980320001690&mod=ee6fb1c7&uri=goods.php%3Fid%3D1973230-821%26name%3Dprintable+baby+moses+mattress" "Mozilla/5.0 AppleWebKit/537.36 (KHTML, like Gecko; compatible; GoogleOther) Chrome/141.0.7390.122 Safari/537.36" 93 **0/93933**
