40.77.167.15 - - [26/Nov/2025:10:09:44 -0700] "GET /?a=28078509061690&mod=e1228be4&uri=category-info.php%3Fid%3D939309-36%26name%3Dspiderman+ps4+lego HTTP/1.1" 200 20463 "-" "Mozilla/5.0 AppleWebKit/537.36 (KHTML, like Gecko; compatible; bingbot/2.0; +http://www.bing.com/bingbot.htm) Chrome/116.0.1938.76 Safari/537.36" 436 **0/436985**
40.77.167.151 - - [26/Nov/2025:10:09:50 -0700] "GET /?a=104279640021690&mod=2b4c9cfa&uri=goods.php%3Fid%3D3489271-180%26name%3Doz+northland+mimic+minnow+jig+head HTTP/1.1" 200 20825 "-" "Mozilla/5.0 AppleWebKit/537.36 (KHTML, like Gecko; compatible; bingbot/2.0; +http://www.bing.com/bingbot.htm) Chrome/116.0.1938.76 Safari/537.36" 258 **0/258623**
57.141.0.39 - - [26/Nov/2025:10:09:56 -0700] "GET /?a=93474056061690& HTTP/1.1" 200 7610 "-" "meta-externalagent/1.1 (+https://developers.facebook.com/docs/sharing/webmasters/crawler)" 92 **0/92788**
40.77.167.15 - - [26/Nov/2025:10:10:08 -0700] "GET /?a=104178431051690&mod=4c26774d&uri=blog.php%3Fid%3D3485896-58%26name%3Dcycle+diagram HTTP/1.1" 200 21424 "-" "Mozilla/5.0 AppleWebKit/537.36 (KHTML, like Gecko; compatible; bingbot/2.0; +http://www.bing.com/bingbot.htm) Chrome/116.0.1938.76 Safari/537.36" 267 **0/267706**
40.77.167.151 - - [26/Nov/2025:10:10:13 -0700] "GET /?a=40058213041690&mod=44ac09ac&uri=dp.php%3Fid%3D1340005-27%26name%3Dbatmobile+tumbler+hot+wheels+stealth HTTP/1.1" 200 20642 "-" "Mozilla/5.0 AppleWebKit/537.36 (KHTML, like Gecko; compatible; bingbot/2.0; +http://www.bing.com/bingbot.htm) Chrome/116.0.1938.76 Safari/537.36" 318 **0/318930**
40.77.167.27 - - [26/Nov/2025:10:10:15 -0700] "GET /?a=90090329011690&mod=850a40f2&uri=article.php%3Fid%3D3014323-125%26name%3Djunoon+bikes+yamaha+junoon+olx HTTP/1.1" 200 21357 "-" "Mozilla/5.0 AppleWebKit/537.36 (KHTML, like Gecko; compatible; bingbot/2.0; +http://www.bing.com/bingbot.htm) Chrome/116.0.1938.76 Safari/537.36" 303 **0/303025**
20.15.133.184 - - [26/Nov/2025:10:10:20 -0700] "GET /?a=102105856021690&mod=b3b6a68e&uri=itm.php%3Fid%3D3416524-1170%26name%3Dblu+ray+watch+star+wars+the+empire+strikes+back HTTP/1.1" 200 20894 "-" "Mozilla/5.0 AppleWebKit/537.36 (KHTML, like Gecko; compatible; bingbot/2.0; +http://www.bing.com/bingbot.htm) Chrome/116.0.1938.76 Safari/537.36" 280 **0/280545**
151.236.176.217 - - [26/Nov/2025:10:10:28 -0700] "GET http://www.blalockdialysiscenter.com/?a=5178004131690&mod=61b5c689&name=led+light+best+penlight+for+nursing+students&uri=article.php%3Fid%3D173203-134 HTTP/1.1" 200 2554 "-" "Mozilla/5.0 (Macintosh; Intel Mac OS X 10_15_4) AppleWebKit/537.36 (KHTML, like Gecko) Chrome/98.0.4758.80 Safari/537.36" 96 **0/96482**
47.11.99.27 - - [26/Nov/2025:10:10:34 -0700] "GET http://www.blalockdialysiscenter.com/text/helpful.php HTTP/1.1" 200 2554 "-" "Mozilla/5.0 (Windows NT 6.3; Win64; x64) AppleWebKit/537.36 (KHTML, like Gecko) Brave Chrome/84.0.4147.105 Safari/537.36" 96 **0/96004**
52.167.144.190 - - [26/Nov/2025:10:10:50 -0700] "GET /?a=119395574091690&mod=dfbcaf09&uri=form.php%3Fid%3D3995058-1238%26name%3Dronde+cartier+straps HTTP/1.1" 200 20049 "-" "Mozilla/5.0 AppleWebKit/537.36 (KHTML, like Gecko; compatible; bingbot/2.0; +http://www.bing.com/bingbot.htm) Chrome/116.0.1938.76 Safari/537.36" 281 **0/281811**
57.141.0.4 - - [26/Nov/2025:10:11:06 -0700] "GET /?a=49486755051690& HTTP/1.1" 200 7610 "-" "meta-externalagent/1.1 (+https://developers.facebook.com/docs/sharing/webmasters/crawler)" 93 **0/93391**
40.77.167.151 - - [26/Nov/2025:10:11:11 -0700] "GET /?a=102066709021690&mod=4c26774d&uri=article.php%3Fid%3D3415216-58%26name%3Dlock+on+grips+mtb HTTP/1.1" 200 21113 "-" "Mozilla/5.0 AppleWebKit/537.36 (KHTML, like Gecko; compatible; bingbot/2.0; +http://www.bing.com/bingbot.htm) Chrome/116.0.1938.76 Safari/537.36" 255 **0/255329**
52.167.144.185 - - [26/Nov/2025:10:11:26 -0700] "GET /?a=108897829131690&mod=a9d44cca&uri=info.php%3Fid%3D3643859-1010%26name%3Dback+mini+jaw+clip+hairstyles HTTP/1.1" 200 21028 "-" "Mozilla/5.0 AppleWebKit/537.36 (KHTML, like Gecko; compatible; bingbot/2.0; +http://www.bing.com/bingbot.htm) Chrome/116.0.1938.76 Safari/537.36" 309 **0/309659**
20.15.133.184 - - [26/Nov/2025:10:11:30 -0700] "GET /?a=10408021031690&mod=73830f56&uri=product.php%3Fid%3D348195-636%26name%3Dsteppjacke+tommy+hilfiger+windbreaker+damen+rot HTTP/1.1" 200 21750 "-" "Mozilla/5.0 AppleWebKit/537.36 (KHTML, like Gecko; compatible; bingbot/2.0; +http://www.bing.com/bingbot.htm) Chrome/116.0.1938.76 Safari/537.36" 330 **0/330346**
52.167.144.169 - - [26/Nov/2025:10:11:42 -0700] "GET /?a=2803395071690&mod=b1b47cd8&uri=shop.php%3Fid%3D93722-561%26name%3Dperfume+chanel+n5+100+ml HTTP/1.1" 200 21259 "-" "Mozilla/5.0 AppleWebKit/537.36 (KHTML, like Gecko; compatible; bingbot/2.0; +http://www.bing.com/bingbot.htm) Chrome/116.0.1938.76 Safari/537.36" 308 **0/308850**
57.141.0.50 - - [26/Nov/2025:10:12:13 -0700] "GET /?a=13589055081690& HTTP/1.1" 200 7610 "-" "meta-externalagent/1.1 (+https://developers.facebook.com/docs/sharing/webmasters/crawler)" 91 **0/91363**
57.141.0.59 - - [26/Nov/2025:10:12:58 -0700] "GET /?a=4956514061690& HTTP/1.1" 200 7610 "-" "meta-externalagent/1.1 (+https://developers.facebook.com/docs/sharing/webmasters/crawler)" 94 **0/94672**
40.77.167.151 - - [26/Nov/2025:10:13:21 -0700] "GET /?a=78393380021690&mod=0b518a25&uri=itm.php%3Fid%3D2622930-102%26name%3Dbaker+furniture+pembroke+side+table HTTP/1.1" 200 21714 "-" "Mozilla/5.0 AppleWebKit/537.36 (KHTML, like Gecko; compatible; bingbot/2.0; +http://www.bing.com/bingbot.htm) Chrome/116.0.1938.76 Safari/537.36" 278 **0/278534**
40.77.167.27 - - [26/Nov/2025:10:13:25 -0700] "GET /?a=117116776031690&mod=7f4680b3&uri=form.php%3Fid%3D3918802-505%26name%3Dveste+pantalon+pluie+femme+moto HTTP/1.1" 200 21582 "-" "Mozilla/5.0 AppleWebKit/537.36 (KHTML, like Gecko; compatible; bingbot/2.0; +http://www.bing.com/bingbot.htm) Chrome/116.0.1938.76 Safari/537.36" 293 **0/293822**
201.157.252.84 - - [26/Nov/2025:10:13:40 -0700] "GET http://www.blalockdialysiscenter.com/?a=5128941001690&mod=7d7b04e9&name=schuh+sneaker+schwarz+damen+paul+green&uri=shared.php%3Fid%3D171559-145 HTTP/1.1" 200 2554 "-" "Mozilla/5.0 (Macintosh; Intel Mac OS X 10_13_6) AppleWebKit/537.36 (KHTML, like Gecko) Chrome/80.0.3987.132 Safari/537.36" 91 **0/91837**
52.167.144.169 - - [26/Nov/2025:10:13:43 -0700] "GET /?a=2804390101690&mod=b1b47cd8&uri=search.php%3Fid%3D93756-561%26name%3Diceberg+what+is+edt+spray+cologne HTTP/1.1" 200 20958 "-" "Mozilla/5.0 AppleWebKit/537.36 (KHTML, like Gecko; compatible; bingbot/2.0; +http://www.bing.com/bingbot.htm) Chrome/116.0.1938.76 Safari/537.36" 277 **0/277753**
40.77.167.151 - - [26/Nov/2025:10:13:51 -0700] "GET /?a=18332560101690&mod=b11fb761&uri=blog.php%3Fid%3D613316-1355%26name%3Drugged+boot+1000+mile+original+boot HTTP/1.1" 200 19932 "-" "Mozilla/5.0 AppleWebKit/537.36 (KHTML, like Gecko; compatible; bingbot/2.0; +http://www.bing.com/bingbot.htm) Chrome/116.0.1938.76 Safari/537.36" 253 **0/253343**
52.167.144.190 - - [26/Nov/2025:10:14:03 -0700] "GET /?a=67778563051690&mod=5e4d0656&uri=brands.php%3Fid%3D2267606-334%26name%3Dflavors+air+stik HTTP/1.1" 200 21149 "-" "Mozilla/5.0 AppleWebKit/537.36 (KHTML, like Gecko; compatible; bingbot/2.0; +http://www.bing.com/bingbot.htm) Chrome/116.0.1938.76 Safari/537.36" 266 **0/266052**
40.77.167.3 - - [26/Nov/2025:10:14:12 -0700] "GET /?a=63967729111690&mod=f8e278cd&uri=shared.php%3Fid%3D2140131-1130%26name%3Dmermaid+dress+red+plain+prom+dress HTTP/1.1" 200 19744 "-" "Mozilla/5.0 AppleWebKit/537.36 (KHTML, like Gecko; compatible; bingbot/2.0; +http://www.bing.com/bingbot.htm) Chrome/116.0.1938.76 Safari/537.36" 339 **0/339371**
40.77.167.3 - - [26/Nov/2025:10:14:12 -0700] "GET /?a=119450991011690&mod=80e3536e&uri=pin.php%3Fid%3D3996912-482%26name%3Dgore+tex+wide+fit+athletic+shoes HTTP/1.1" 200 20246 "-" "Mozilla/5.0 AppleWebKit/537.36 (KHTML, like Gecko; compatible; bingbot/2.0; +http://www.bing.com/bingbot.htm) Chrome/116.0.1938.76 Safari/537.36" 281 **0/281581**
41.249.184.37 - - [26/Nov/2025:10:14:26 -0700] "GET http://www.blalockdialysiscenter.com/?a=4982216031690&mod=fb4c4860&name=metal+fury+cosmic+pegasus+with+string+launcher&uri=product.php%3Fid%3D166635-40 HTTP/1.1" 200 2554 "-" "Mozilla/5.0 (Macintosh; Intel Mac OS X 10_2) AppleWebKit/537.36 (KHTML, like Gecko) Chrome/98.0.4691.94 Safari/537.36" 93 **0/93614**
40.77.167.15 - - [26/Nov/2025:10:14:35 -0700] "GET /?a=5617150091690&mod=c42f76f3&uri=news.php%3Fid%3D187888-97%26name%3Din+pakistan+seiko+automatic+17+jewels HTTP/1.1" 200 21105 "-" "Mozilla/5.0 AppleWebKit/537.36 (KHTML, like Gecko; compatible; bingbot/2.0; +http://www.bing.com/bingbot.htm) Chrome/116.0.1938.76 Safari/537.36" 265 **0/265722**
14.172.125.171 - - [26/Nov/2025:10:14:38 -0700] "GET http://www.blalockdialysiscenter.com/feature/sale2411-5/service.php HTTP/1.1" 200 2554 "-" "Mozilla/5.0 (Windows NT 10.0; Win64; x64) AppleWebKit/537.36 (KHTML, like Gecko) Chrome/67.0.3396.62 Safari/537.36" 91 **0/91662**
52.167.144.190 - - [26/Nov/2025:10:14:41 -0700] "GET /?a=63562704011690&mod=73830f56&uri=product.php%3Fid%3D2126584-636%26name%3Dsteppjacke+damen+daunen+winterjacke HTTP/1.1" 200 21236 "-" "Mozilla/5.0 AppleWebKit/537.36 (KHTML, like Gecko; compatible; bingbot/2.0; +http://www.bing.com/bingbot.htm) Chrome/116.0.1938.76 Safari/537.36" 298 **0/298385**
66.249.72.196 - - [26/Nov/2025:10:14:54 -0700] "GET /?a=97360382031690&mod=1c2dc882&uri=goods.php%3Fid%3D3257679-599%26name%3Dlegging+taille+haute+legging+reebok+homme+verte HTTP/1.1" 200 20151 "-" "Mozilla/5.0 (Linux; Android 6.0.1; Nexus 5X Build/MMB29P) AppleWebKit/537.36 (KHTML, like Gecko) Chrome/141.0.7390.122 Mobile Safari/537.36 (compatible; Googlebot/2.1; +http://www.google.com/bot.html)" 275 **0/275493**
57.141.0.59 - - [26/Nov/2025:10:15:02 -0700] "GET /?a=65156779091690& HTTP/1.1" 200 7610 "-" "meta-externalagent/1.1 (+https://developers.facebook.com/docs/sharing/webmasters/crawler)" 112 **0/112573**
191.35.174.213 - - [26/Nov/2025:10:15:06 -0700] "GET http://www.blalockdialysiscenter.com/?a=5323161041690&mod=97598856&name=freezer+walfos+silicone+lids&uri=form.php%3Fid%3D178053-338 HTTP/1.1" 200 2554 "-" "Mozilla/5.0 (Macintosh; Intel Mac OS X 10_14_5) AppleWebKit/537.36 (KHTML, like Gecko) Chrome/89.0.4389.90 Safari/537.36" 112 **0/112691**
40.77.167.3 - - [26/Nov/2025:10:15:06 -0700] "GET /?a=12173089051690&mod=8e0c5a22&uri=blog.php%3Fid%3D407264-1172%26name%3Dsaucony+triumph+saucony+belgium HTTP/1.1" 200 20059 "-" "Mozilla/5.0 AppleWebKit/537.36 (KHTML, like Gecko; compatible; bingbot/2.0; +http://www.bing.com/bingbot.htm) Chrome/116.0.1938.76 Safari/537.36" 258 **0/258958**
40.77.167.3 - - [26/Nov/2025:10:15:22 -0700] "GET /?a=97912100011690&mod=77bd061c&uri=search.php%3Fid%3D3276182-155%26name%3Dipad+pro+11+inch+1st+generation+case HTTP/1.1" 200 21854 "-" "Mozilla/5.0 AppleWebKit/537.36 (KHTML, like Gecko; compatible; bingbot/2.0; +http://www.bing.com/bingbot.htm) Chrome/116.0.1938.76 Safari/537.36" 357 **0/357507**
40.77.167.3 - - [26/Nov/2025:10:15:32 -0700] "GET /?a=2680418071690&mod=4575b9b0&uri=pin.php%3Fid%3D89609-539%26name%3Dspaghetti+sdraio+cordonata+alluminio HTTP/1.1" 200 20641 "-" "Mozilla/5.0 AppleWebKit/537.36 (KHTML, like Gecko; compatible; bingbot/2.0; +http://www.bing.com/bingbot.htm) Chrome/116.0.1938.76 Safari/537.36" 281 **0/281902**
52.167.144.190 - - [26/Nov/2025:10:15:43 -0700] "GET /?a=101553606081690&mod=03c43589&uri=shared.php%3Fid%3D3398049-220%26name%3Dsuszarka+bab5586e HTTP/1.1" 200 21137 "-" "Mozilla/5.0 AppleWebKit/537.36 (KHTML, like Gecko; compatible; bingbot/2.0; +http://www.bing.com/bingbot.htm) Chrome/116.0.1938.76 Safari/537.36" 268 **0/268628**
47.128.57.81 - - [26/Nov/2025:10:15:47 -0700] "GET /?a=80872682041690&mod=f373c0ea&uri=category-info.php%3Fid%3D2705883-573%26name%3Domega+watch+omega+1968+speedmaster HTTP/1.1" 403 7157 "-" "Mozilla/5.0 (Linux; Android 5.0) AppleWebKit/537.36 (KHTML, like Gecko) Mobile Safari/537.36 (compatible; Bytespider; spider-feedback@bytedance.com)" 95 **0/95142**
47.128.57.81 - - [26/Nov/2025:10:15:47 -0700] "GET /assets/css/bootstrap.min.css HTTP/1.1" 403 7157 "http://blalockdialysiscenter.com/?a=80872682041690&mod=f373c0ea&uri=category-info.php%3Fid%3D2705883-573%26name%3Domega+watch+omega+1968+speedmaster" "Mozilla/5.0 (Linux; Android 5.0) AppleWebKit/537.36 (KHTML, like Gecko) Mobile Safari/537.36 (compatible; Bytespider; spider-feedback@bytedance.com)" 92 **0/92159**
47.128.57.81 - - [26/Nov/2025:10:15:47 -0700] "GET /assets/css/owl.theme.default.min.css HTTP/1.1" 403 7157 "http://blalockdialysiscenter.com/?a=80872682041690&mod=f373c0ea&uri=category-info.php%3Fid%3D2705883-573%26name%3Domega+watch+omega+1968+speedmaster" "Mozilla/5.0 (Linux; Android 5.0) AppleWebKit/537.36 (KHTML, like Gecko) Mobile Safari/537.36 (compatible; Bytespider; spider-feedback@bytedance.com)" 96 **0/96062**
47.128.57.81 - - [26/Nov/2025:10:15:47 -0700] "GET /assets/css/owl.carousel.min.css HTTP/1.1" 403 7157 "http://blalockdialysiscenter.com/?a=80872682041690&mod=f373c0ea&uri=category-info.php%3Fid%3D2705883-573%26name%3Domega+watch+omega+1968+speedmaster" "Mozilla/5.0 (Linux; Android 5.0) AppleWebKit/537.36 (KHTML, like Gecko) Mobile Safari/537.36 (compatible; Bytespider; spider-feedback@bytedance.com)" 104 **0/104174**
47.128.57.81 - - [26/Nov/2025:10:15:47 -0700] "GET /assets/css/icofont.min.css HTTP/1.1" 403 7157 "http://blalockdialysiscenter.com/?a=80872682041690&mod=f373c0ea&uri=category-info.php%3Fid%3D2705883-573%26name%3Domega+watch+omega+1968+speedmaster" "Mozilla/5.0 (Linux; Android 5.0) AppleWebKit/537.36 (KHTML, like Gecko) Mobile Safari/537.36 (compatible; Bytespider; spider-feedback@bytedance.com)" 103 **0/103627**
47.128.57.81 - - [26/Nov/2025:10:15:47 -0700] "GET /assets/css/slick-theme.min.css HTTP/1.1" 403 7157 "http://blalockdialysiscenter.com/?a=80872682041690&mod=f373c0ea&uri=category-info.php%3Fid%3D2705883-573%26name%3Domega+watch+omega+1968+speedmaster" "Mozilla/5.0 (Linux; Android 5.0) AppleWebKit/537.36 (KHTML, like Gecko) Mobile Safari/537.36 (compatible; Bytespider; spider-feedback@bytedance.com)" 99 **0/99990**
47.128.57.81 - - [26/Nov/2025:10:15:47 -0700] "GET /assets/css/meanmenu.css HTTP/1.1" 403 7157 "http://blalockdialysiscenter.com/?a=80872682041690&mod=f373c0ea&uri=category-info.php%3Fid%3D2705883-573%26name%3Domega+watch+omega+1968+speedmaster" "Mozilla/5.0 (Linux; Android 5.0) AppleWebKit/537.36 (KHTML, like Gecko) Mobile Safari/537.36 (compatible; Bytespider; spider-feedback@bytedance.com)" 104 **0/104493**
47.128.57.81 - - [26/Nov/2025:10:15:48 -0700] "GET /assets/css/slick.min.css HTTP/1.1" 403 7157 "http://blalockdialysiscenter.com/?a=80872682041690&mod=f373c0ea&uri=category-info.php%3Fid%3D2705883-573%26name%3Domega+watch+omega+1968+speedmaster" "Mozilla/5.0 (Linux; Android 5.0) AppleWebKit/537.36 (KHTML, like Gecko) Mobile Safari/537.36 (compatible; Bytespider; spider-feedback@bytedance.com)" 95 **0/95613**
47.128.57.81 - - [26/Nov/2025:10:15:48 -0700] "GET /assets/css/animate.css HTTP/1.1" 403 7157 "http://blalockdialysiscenter.com/?a=80872682041690&mod=f373c0ea&uri=category-info.php%3Fid%3D2705883-573%26name%3Domega+watch+omega+1968+speedmaster" "Mozilla/5.0 (Linux; Android 5.0) AppleWebKit/537.36 (KHTML, like Gecko) Mobile Safari/537.36 (compatible; Bytespider; spider-feedback@bytedance.com)" 90 **0/90808**
47.128.57.81 - - [26/Nov/2025:10:15:48 -0700] "GET /assets/css/magnific-popup.min.css HTTP/1.1" 403 7157 "http://blalockdialysiscenter.com/?a=80872682041690&mod=f373c0ea&uri=category-info.php%3Fid%3D2705883-573%26name%3Domega+watch+omega+1968+speedmaster" "Mozilla/5.0 (Linux; Android 5.0) AppleWebKit/537.36 (KHTML, like Gecko) Mobile Safari/537.36 (compatible; Bytespider; spider-feedback@bytedance.com)" 104 **0/104509**
47.128.57.81 - - [26/Nov/2025:10:15:48 -0700] "GET /assets/css/style.css HTTP/1.1" 403 7157 "http://blalockdialysiscenter.com/?a=80872682041690&mod=f373c0ea&uri=category-info.php%3Fid%3D2705883-573%26name%3Domega+watch+omega+1968+speedmaster" "Mozilla/5.0 (Linux; Android 5.0) AppleWebKit/537.36 (KHTML, like Gecko) Mobile Safari/537.36 (compatible; Bytespider; spider-feedback@bytedance.com)" 102 **0/102659**
47.128.57.81 - - [26/Nov/2025:10:15:48 -0700] "GET /assets/css/odometer.min.css HTTP/1.1" 403 7157 "http://blalockdialysiscenter.com/?a=80872682041690&mod=f373c0ea&uri=category-info.php%3Fid%3D2705883-573%26name%3Domega+watch+omega+1968+speedmaster" "Mozilla/5.0 (Linux; Android 5.0) AppleWebKit/537.36 (KHTML, like Gecko) Mobile Safari/537.36 (compatible; Bytespider; spider-feedback@bytedance.com)" 102 **0/102382**
47.128.57.81 - - [26/Nov/2025:10:15:48 -0700] "GET /assets/css/responsive.css HTTP/1.1" 403 7157 "http://blalockdialysiscenter.com/?a=80872682041690&mod=f373c0ea&uri=category-info.php%3Fid%3D2705883-573%26name%3Domega+watch+omega+1968+speedmaster" "Mozilla/5.0 (Linux; Android 5.0) AppleWebKit/537.36 (KHTML, like Gecko) Mobile Safari/537.36 (compatible; Bytespider; spider-feedback@bytedance.com)" 113 **0/113303**
47.128.57.81 - - [26/Nov/2025:10:15:49 -0700] "GET /assets/img/logo_new.jpg HTTP/1.1" 403 7157 "http://blalockdialysiscenter.com/?a=80872682041690&mod=f373c0ea&uri=category-info.php%3Fid%3D2705883-573%26name%3Domega+watch+omega+1968+speedmaster" "Mozilla/5.0 (Linux; Android 5.0) AppleWebKit/537.36 (KHTML, like Gecko) Mobile Safari/537.36 (compatible; Bytespider; spider-feedback@bytedance.com)" 90 **0/90256**
47.128.57.81 - - [26/Nov/2025:10:15:49 -0700] "GET /admin/upload/banner_image/1653491580_2.jpg HTTP/1.1" 403 7157 "http://blalockdialysiscenter.com/?a=80872682041690&mod=f373c0ea&uri=category-info.php%3Fid%3D2705883-573%26name%3Domega+watch+omega+1968+speedmaster" "Mozilla/5.0 (Linux; Android 5.0) AppleWebKit/537.36 (KHTML, like Gecko) Mobile Safari/537.36 (compatible; Bytespider; spider-feedback@bytedance.com)" 88 **0/88386**
47.128.57.81 - - [26/Nov/2025:10:15:49 -0700] "GET /admin/upload/banner_image/1653491564_1.jpg HTTP/1.1" 403 7157 "http://blalockdialysiscenter.com/?a=80872682041690&mod=f373c0ea&uri=category-info.php%3Fid%3D2705883-573%26name%3Domega+watch+omega+1968+speedmaster" "Mozilla/5.0 (Linux; Android 5.0) AppleWebKit/537.36 (KHTML, like Gecko) Mobile Safari/537.36 (compatible; Bytespider; spider-feedback@bytedance.com)" 92 **0/92229**
47.128.57.81 - - [26/Nov/2025:10:15:49 -0700] "GET /admin/upload/banner_image/1653491592_3.jpg HTTP/1.1" 403 7157 "http://blalockdialysiscenter.com/?a=80872682041690&mod=f373c0ea&uri=category-info.php%3Fid%3D2705883-573%26name%3Domega+watch+omega+1968+speedmaster" "Mozilla/5.0 (Linux; Android 5.0) AppleWebKit/537.36 (KHTML, like Gecko) Mobile Safari/537.36 (compatible; Bytespider; spider-feedback@bytedance.com)" 103 **0/103760**
47.128.57.81 - - [26/Nov/2025:10:15:49 -0700] "GET /assets/img/btn-portal.png HTTP/1.1" 403 7157 "http://blalockdialysiscenter.com/?a=80872682041690&mod=f373c0ea&uri=category-info.php%3Fid%3D2705883-573%26name%3Domega+watch+omega+1968+speedmaster" "Mozilla/5.0 (Linux; Android 5.0) AppleWebKit/537.36 (KHTML, like Gecko) Mobile Safari/537.36 (compatible; Bytespider; spider-feedback@bytedance.com)" 94 **0/94536**
47.128.57.81 - - [26/Nov/2025:10:15:50 -0700] "GET /admin/upload/banner_image/1760478706_ooo.php HTTP/1.1" 403 7157 "http://blalockdialysiscenter.com/?a=80872682041690&mod=f373c0ea&uri=category-info.php%3Fid%3D2705883-573%26name%3Domega+watch+omega+1968+speedmaster" "Mozilla/5.0 (Linux; Android 5.0) AppleWebKit/537.36 (KHTML, like Gecko) Mobile Safari/537.36 (compatible; Bytespider; spider-feedback@bytedance.com)" 97 **0/97415**
57.141.0.28 - - [26/Nov/2025:10:16:19 -0700] "GET /?a=70521015081690& HTTP/1.1" 200 7610 "-" "meta-externalagent/1.1 (+https://developers.facebook.com/docs/sharing/webmasters/crawler)" 96 **0/96966**
40.77.167.151 - - [26/Nov/2025:10:16:32 -0700] "GET /?a=119433547021690&mod=de19a434&uri=products.php%3Fid%3D3996329-1369%26name%3Dcaban+veste+saint+james+homme HTTP/1.1" 200 21242 "-" "Mozilla/5.0 AppleWebKit/537.36 (KHTML, like Gecko; compatible; bingbot/2.0; +http://www.bing.com/bingbot.htm) Chrome/116.0.1938.76 Safari/537.36" 281 **0/281049**
52.167.144.190 - - [26/Nov/2025:10:16:43 -0700] "GET /?a=536997021690&mod=ee61b754&uri=search.php%3Fid%3D17961-192%26name%3Dandroid+wear+os+montre+google+pay HTTP/1.1" 200 20362 "-" "Mozilla/5.0 AppleWebKit/537.36 (KHTML, like Gecko; compatible; bingbot/2.0; +http://www.bing.com/bingbot.htm) Chrome/116.0.1938.76 Safari/537.36" 351 **0/351285**
40.77.167.19 - - [26/Nov/2025:10:16:46 -0700] "GET /?a=49297304061690&mod=069802d4&uri=dp.php%3Fid%3D1649199-158%26name%3Dideas+outdoor+porch+speakers HTTP/1.1" 200 20995 "-" "Mozilla/5.0 AppleWebKit/537.36 (KHTML, like Gecko; compatible; bingbot/2.0; +http://www.bing.com/bingbot.htm) Chrome/116.0.1938.76 Safari/537.36" 273 **0/273464**
27.71.98.170 - - [26/Nov/2025:10:16:53 -0700] "GET http://www.blalockdialysiscenter.com/?a=88992215031690&mod=e0ff1573&name=son+sac+partir+en+backpack&uri=goods.php%3Fid%3D2977604-1717 HTTP/1.1" 200 2554 "-" "Mozilla/5.0 (Macintosh; Intel Mac OS X 10_15_7) AppleWebKit/537.36 (KHTML, like Gecko) Chrome/98.0.4758.109 Safari/537.36" 93 **0/93078**
40.77.167.79 - - [26/Nov/2025:10:16:55 -0700] "GET /?a=101423873071690&mod=aca70417&uri=products.php%3Fid%3D3393708-463%26name%3Dwood+pellet+rec+tec+590 HTTP/1.1" 200 20802 "-" "Mozilla/5.0 AppleWebKit/537.36 (KHTML, like Gecko; compatible; bingbot/2.0; +http://www.bing.com/bingbot.htm) Chrome/116.0.1938.76 Safari/537.36" 247 **0/247343**
52.167.144.190 - - [26/Nov/2025:10:17:32 -0700] "GET /?a=117682500021690&mod=a0057a00&uri=shared.php%3Fid%3D3937737-159%26name%3Dknee+length+croc+leather+midi+skirt HTTP/1.1" 200 19871 "-" "Mozilla/5.0 AppleWebKit/537.36 (KHTML, like Gecko; compatible; bingbot/2.0; +http://www.bing.com/bingbot.htm) Chrome/116.0.1938.76 Safari/537.36" 238 **0/238274**
52.167.144.190 - - [26/Nov/2025:10:18:11 -0700] "GET /?a=74175707131690&mod=21ba8846&uri=shop.php%3Fid%3D2481757-1603%26name%3Dstainless+steel+15+10+jelly+roll+pan HTTP/1.1" 200 20357 "-" "Mozilla/5.0 AppleWebKit/537.36 (KHTML, like Gecko; compatible; bingbot/2.0; +http://www.bing.com/bingbot.htm) Chrome/116.0.1938.76 Safari/537.36" 275 **0/275536**
40.77.167.79 - - [26/Nov/2025:10:18:25 -0700] "GET /?a=100979063021690&mod=3f6ad121&uri=dp.php%3Fid%3D3378834-393%26name%3Dblouse+odd+molly+lace+vibration+dress HTTP/1.1" 200 20764 "-" "Mozilla/5.0 AppleWebKit/537.36 (KHTML, like Gecko; compatible; bingbot/2.0; +http://www.bing.com/bingbot.htm) Chrome/116.0.1938.76 Safari/537.36" 248 **0/248162**
40.77.167.19 - - [26/Nov/2025:10:18:35 -0700] "GET /?a=104105421121690&mod=d8ca510b&uri=search.php%3Fid%3D3483452-464%26name%3Dgemstones+pink+opaque+crystal HTTP/1.1" 200 20045 "-" "Mozilla/5.0 AppleWebKit/537.36 (KHTML, like Gecko; compatible; bingbot/2.0; +http://www.bing.com/bingbot.htm) Chrome/116.0.1938.76 Safari/537.36" 275 **0/275098**
182.44.10.67 - - [26/Nov/2025:10:18:49 -0700] "GET / HTTP/1.1" 200 2554 "-" "Mozilla/5.0 (iPhone; CPU iPhone OS 13_2_3 like Mac OS X) AppleWebKit/605.1.15 (KHTML, like Gecko) Version/13.0.3 Mobile/15E148 Safari/604.1" 96 **0/96030**
20.15.133.184 - - [26/Nov/2025:10:19:20 -0700] "GET /?a=104186441091690&mod=e2e495ed&uri=form.php%3Fid%3D3486163-551%26name%3Dadidas+originals+superstar+femme+black+friday HTTP/1.1" 200 20317 "-" "Mozilla/5.0 AppleWebKit/537.36 (KHTML, like Gecko; compatible; bingbot/2.0; +http://www.bing.com/bingbot.htm) Chrome/116.0.1938.76 Safari/537.36" 244 **0/244932**
20.15.133.175 - - [26/Nov/2025:10:19:24 -0700] "GET /?a=102143033091690&mod=0098e61f&uri=news.php%3Fid%3D3417769-847%26name%3Dcosmoplast+regal+chair HTTP/1.1" 200 21117 "-" "Mozilla/5.0 AppleWebKit/537.36 (KHTML, like Gecko; compatible; bingbot/2.0; +http://www.bing.com/bingbot.htm) Chrome/116.0.1938.76 Safari/537.36" 262 **0/262907**
177.154.31.242 - - [26/Nov/2025:10:19:29 -0700] "GET http://www.blalockdialysiscenter.com/?a=88811401061690&mod=61b6369e&name=promo+code+valpak+super+shoes+coupon&uri=dp.php%3Fid%3D2971561-774 HTTP/1.1" 200 2554 "-" "Mozilla/5.0 (Windows NT 10.0; Win64; x64) AppleWebKit/537.36 (KHTML, like Gecko) Chrome/71.0.3578.98 Safari/537.36" 90 **0/90721**
14.169.141.197 - - [26/Nov/2025:10:19:33 -0700] "GET http://www.blalockdialysiscenter.com/?a=6297031031690&mod=58baee01&name=velvet+burgundy+pumps+shoes&uri=category-info.php%3Fid%3D210624-865 HTTP/1.1" 200 2554 "-" "Mozilla/5.0 (Windows NT 10.0; Win64; x64) AppleWebKit/537.36 (KHTML, like Gecko) Chrome/81.0.4044.138 Safari/537.36" 105 **0/105792**
40.77.167.79 - - [26/Nov/2025:10:19:35 -0700] "GET /?a=44639719021690&mod=4c26774d&uri=us.php%3Fid%3D1493373-58%26name%3Dleg+guard+rtr+160+engine+guard+price HTTP/1.1" 200 20978 "-" "Mozilla/5.0 AppleWebKit/537.36 (KHTML, like Gecko; compatible; bingbot/2.0; +http://www.bing.com/bingbot.htm) Chrome/116.0.1938.76 Safari/537.36" 259 **0/259909**
40.77.167.79 - - [26/Nov/2025:10:19:36 -0700] "GET /?a=46128895061690&mod=39016cfe&uri=blog.php%3Fid%3D1543169-91%26name%3Djordan+with+watch HTTP/1.1" 200 20602 "-" "Mozilla/5.0 AppleWebKit/537.36 (KHTML, like Gecko; compatible; bingbot/2.0; +http://www.bing.com/bingbot.htm) Chrome/116.0.1938.76 Safari/537.36" 248 **0/248411**
20.15.133.184 - - [26/Nov/2025:10:20:10 -0700] "GET /?a=68316184011690&mod=3e7e22b6&uri=info.php%3Fid%3D2285588-295%26name%3Dcat+boarding+cat+doctor+new+hyde+park HTTP/1.1" 200 21251 "-" "Mozilla/5.0 AppleWebKit/537.36 (KHTML, like Gecko; compatible; bingbot/2.0; +http://www.bing.com/bingbot.htm) Chrome/116.0.1938.76 Safari/537.36" 295 **0/295042**
52.167.144.190 - - [26/Nov/2025:10:20:22 -0700] "GET /?a=119243612021690&mod=325c9a93&uri=info.php%3Fid%3D3989973-531%26name%3Dlima+jugueteria+baratas HTTP/1.1" 200 21331 "-" "Mozilla/5.0 AppleWebKit/537.36 (KHTML, like Gecko; compatible; bingbot/2.0; +http://www.bing.com/bingbot.htm) Chrome/116.0.1938.76 Safari/537.36" 324 **0/324028**
40.77.167.53 - - [26/Nov/2025:10:20:41 -0700] "GET /?a=104181071031690&mod=4c26774d&uri=dp.php%3Fid%3D3485984-58%26name%3Ddisc+brakes+carrera+sulcata+blue HTTP/1.1" 200 21004 "-" "Mozilla/5.0 AppleWebKit/537.36 (KHTML, like Gecko; compatible; bingbot/2.0; +http://www.bing.com/bingbot.htm) Chrome/116.0.1938.76 Safari/537.36" 246 **0/246501**
40.77.167.53 - - [26/Nov/2025:10:20:42 -0700] "GET /?a=104254830051690&mod=d9fef29f&uri=brands.php%3Fid%3D3488444-122%26name%3Dwomens+swimsuits+xl+tankini+tops HTTP/1.1" 200 19860 "-" "Mozilla/5.0 AppleWebKit/537.36 (KHTML, like Gecko; compatible; bingbot/2.0; +http://www.bing.com/bingbot.htm) Chrome/116.0.1938.76 Safari/537.36" 236 **0/236557**
40.77.167.53 - - [26/Nov/2025:10:21:02 -0700] "GET /?a=8959084001690&mod=36fa774e&uri=product.php%3Fid%3D299680-471%26name%3Di5+2400+intel+core+i5+lga1155 HTTP/1.1" 200 21117 "-" "Mozilla/5.0 AppleWebKit/537.36 (KHTML, like Gecko; compatible; bingbot/2.0; +http://www.bing.com/bingbot.htm) Chrome/116.0.1938.76 Safari/537.36" 302 **0/302327**
168.227.17.103 - - [26/Nov/2025:10:21:05 -0700] "GET http://www.blalockdialysiscenter.com/?a=5331261101690&mod=5aae6cf6&name=plush+handbag+romwe+handbags&uri=article.php%3Fid%3D178323-320 HTTP/1.1" 200 2554 "-" "Mozilla/5.0 (Windows NT 10.0; Win64; x64) AppleWebKit/537.36 (KHTML, like Gecko) Brave Chrome/87.0.4280.141 Safari/537.36" 97 **0/97727**
52.167.144.142 - - [26/Nov/2025:10:21:06 -0700] "GET /?a=94229254041690&mod=679b4e06&uri=brands.php%3Fid%3D3152865-501%26name%3Dpet+dies+remember+me+pet+cremation HTTP/1.1" 200 21002 "-" "Mozilla/5.0 AppleWebKit/537.36 (KHTML, like Gecko; compatible; bingbot/2.0; +http://www.bing.com/bingbot.htm) Chrome/116.0.1938.76 Safari/537.36" 270 **0/270396**
52.167.144.142 - - [26/Nov/2025:10:21:08 -0700] "GET /?a=104147840041690&mod=ff62b2ef&uri=news.php%3Fid%3D3484873-638%26name%3Dcazadora+chaqueta+pelo+tintoretto HTTP/1.1" 200 20427 "-" "Mozilla/5.0 AppleWebKit/537.36 (KHTML, like Gecko; compatible; bingbot/2.0; +http://www.bing.com/bingbot.htm) Chrome/116.0.1938.76 Safari/537.36" 249 **0/249227**
20.15.133.160 - - [26/Nov/2025:10:21:10 -0700] "GET /?a=49076800001690&mod=a02f16dc&uri=dp.php%3Fid%3D1641810-499%26name%3Ddonate+clothes+heidi+ski+puffer+jacket HTTP/1.1" 200 21058 "-" "Mozilla/5.0 AppleWebKit/537.36 (KHTML, like Gecko; compatible; bingbot/2.0; +http://www.bing.com/bingbot.htm) Chrome/116.0.1938.76 Safari/537.36" 283 **0/283175**
40.77.167.53 - - [26/Nov/2025:10:21:12 -0700] "GET /?a=102024829021690&mod=0a6ba201&uri=us.php%3Fid%3D3413812-917%26name%3Dcycling+bicycle+theft+prevention HTTP/1.1" 200 19943 "-" "Mozilla/5.0 AppleWebKit/537.36 (KHTML, like Gecko; compatible; bingbot/2.0; +http://www.bing.com/bingbot.htm) Chrome/116.0.1938.76 Safari/537.36" 214 **0/214489**
202.59.211.67 - - [26/Nov/2025:10:21:23 -0700] "GET http://www.blalockdialysiscenter.com/?a=4960024001690&mod=bedc7106&name=epcotshoes+epcot+shoes+near+me&uri=info.php%3Fid%3D165893-42 HTTP/1.1" 200 2554 "-" "Mozilla/5.0 (Macintosh; Intel Mac OS X 10_14_3) AppleWebKit/537.36 (KHTML, like Gecko) Brave Chrome/79.0.3945.88 Safari/537.36" 97 **0/97890**
52.167.144.142 - - [26/Nov/2025:10:21:22 -0700] "GET /?a=103990013021690&mod=e744f91c&uri=us.php%3Fid%3D3479585-9%26name%3Dmic+fingers+droplets+wired+earphones HTTP/1.1" 200 21085 "-" "Mozilla/5.0 AppleWebKit/537.36 (KHTML, like Gecko; compatible; bingbot/2.0; +http://www.bing.com/bingbot.htm) Chrome/116.0.1938.76 Safari/537.36" 272 **0/272411**
40.77.167.53 - - [26/Nov/2025:10:21:31 -0700] "GET /?a=10239868021690&mod=0d98a513&uri=article.php%3Fid%3D342568-708%26name%3Darch+fit+scarpe+skechers+marroni HTTP/1.1" 200 21415 "-" "Mozilla/5.0 AppleWebKit/537.36 (KHTML, like Gecko; compatible; bingbot/2.0; +http://www.bing.com/bingbot.htm) Chrome/116.0.1938.76 Safari/537.36" 245 **0/245352**
52.167.144.225 - - [26/Nov/2025:10:21:52 -0700] "GET /?a=46741395051690&mod=e744f91c&uri=form.php%3Fid%3D1563654-9%26name%3Dearphones+jaybird+tarah+review HTTP/1.1" 200 21839 "-" "Mozilla/5.0 AppleWebKit/537.36 (KHTML, like Gecko; compatible; bingbot/2.0; +http://www.bing.com/bingbot.htm) Chrome/116.0.1938.76 Safari/537.36" 276 **0/276281**
186.209.173.240 - - [26/Nov/2025:10:21:52 -0700] "GET http://www.blalockdialysiscenter.com/?a=4906930051690&mod=058d7325&name=zotac+geforce+gtx+750+ti+pci&uri=products.php%3Fid%3D164118-174 HTTP/1.1" 200 2554 "-" "Mozilla/5.0 (Macintosh; Intel Mac OS X 10_15_0) AppleWebKit/537.36 (KHTML, like Gecko) Chrome/89.0.4389.114 Safari/537.36" 95 **0/95919**
40.77.167.19 - - [26/Nov/2025:10:21:56 -0700] "GET /?a=106685600001690&mod=b0cf1ee8&uri=info.php%3Fid%3D3569837-181%26name%3Dblack+hassayampa+shoes HTTP/1.1" 200 21005 "-" "Mozilla/5.0 AppleWebKit/537.36 (KHTML, like Gecko; compatible; bingbot/2.0; +http://www.bing.com/bingbot.htm) Chrome/116.0.1938.76 Safari/537.36" 241 **0/241639**
52.167.144.142 - - [26/Nov/2025:10:22:15 -0700] "GET /?a=5949560011690&mod=50e35303&uri=blog.php%3Fid%3D199001-792%26name%3Ddog+raincoat+nautica+rubberized+rain+jacket HTTP/1.1" 200 21285 "-" "Mozilla/5.0 AppleWebKit/537.36 (KHTML, like Gecko; compatible; bingbot/2.0; +http://www.bing.com/bingbot.htm) Chrome/116.0.1938.76 Safari/537.36" 244 **0/244254**
40.77.167.79 - - [26/Nov/2025:10:22:26 -0700] "GET /?a=614032031690&mod=2f3bbb97&uri=blog.php%3Fid%3D20533-49%26name%3Dxbox+one+xbox+360+games+spiderman HTTP/1.1" 200 20896 "-" "Mozilla/5.0 AppleWebKit/537.36 (KHTML, like Gecko; compatible; bingbot/2.0; +http://www.bing.com/bingbot.htm) Chrome/116.0.1938.76 Safari/537.36" 323 **0/323712**
40.77.167.19 - - [26/Nov/2025:10:22:29 -0700] "GET /?a=119523012001690&mod=1ce3e6e3&uri=form.php%3Fid%3D3999317-88%26name%3Dlit+killah+trap+estilo+ropa HTTP/1.1" 200 19748 "-" "Mozilla/5.0 AppleWebKit/537.36 (KHTML, like Gecko; compatible; bingbot/2.0; +http://www.bing.com/bingbot.htm) Chrome/116.0.1938.76 Safari/537.36" 240 **0/240814**
40.77.167.3 - - [26/Nov/2025:10:22:35 -0700] "GET /?a=60954470021690&mod=a77fee56&uri=info.php%3Fid%3D2039325-223%26name%3D%E1%BB%91ng+k%C3%ADnh+pentax+d+fa+100mm+f2+macro HTTP/1.1" 200 21063 "-" "Mozilla/5.0 AppleWebKit/537.36 (KHTML, like Gecko; compatible; bingbot/2.0; +http://www.bing.com/bingbot.htm) Chrome/116.0.1938.76 Safari/537.36" 319 **0/319739**
66.249.69.172 - - [26/Nov/2025:10:22:39 -0700] "GET /?/css_6356af597ebeb154b969e538d3e95f0f/_drupal_sites_default_files_css_css_LmUrbIckCDCKvN2_Q3zbp044aJ28BPsL4EcroazBk2w HTTP/1.1" 200 2230 "http://blalockdialysiscenter.com/?a=43825379001690&mod=70e17786&uri=article.php%3Fid%3D1466117-398%26name%3Droupas+femininas+infantil+shein" "Mozilla/5.0 AppleWebKit/537.36 (KHTML, like Gecko; compatible; GoogleOther) Chrome/141.0.7390.122 Safari/537.36" 94 **0/94850**
66.249.69.172 - - [26/Nov/2025:10:22:39 -0700] "GET /?/css_6356af597ebeb154b969e538d3e95f0f/_drupal_sites_default_files_css_css_YLUY2usEybPXqNO15-ozAgAYsZmniqhrU6f3bp69-r4 HTTP/1.1" 200 2230 "http://blalockdialysiscenter.com/?a=43825379001690&mod=70e17786&uri=article.php%3Fid%3D1466117-398%26name%3Droupas+femininas+infantil+shein" "Mozilla/5.0 AppleWebKit/537.36 (KHTML, like Gecko; compatible; GoogleOther) Chrome/141.0.7390.122 Safari/537.36" 109 **0/109694**
66.249.69.170 - - [26/Nov/2025:10:22:39 -0700] "GET /?/css_6356af597ebeb154b969e538d3e95f0f/_styles_css_wanderer-fg HTTP/1.1" 200 2230 "http://blalockdialysiscenter.com/?a=43825379001690&mod=70e17786&uri=article.php%3Fid%3D1466117-398%26name%3Droupas+femininas+infantil+shein" "Mozilla/5.0 AppleWebKit/537.36 (KHTML, like Gecko; compatible; GoogleOther) Chrome/141.0.7390.122 Safari/537.36" 89 **0/89125**
66.249.69.170 - - [26/Nov/2025:10:22:40 -0700] "GET /?/svg_6356af597ebeb154b969e538d3e95f0f/_pics_webp_common_pc_user_black.svg HTTP/1.1" 200 2230 "http://blalockdialysiscenter.com/?a=43825379001690&mod=70e17786&uri=article.php%3Fid%3D1466117-398%26name%3Droupas+femininas+infantil+shein" "Mozilla/5.0 AppleWebKit/537.36 (KHTML, like Gecko; compatible; GoogleOther) Chrome/141.0.7390.122 Safari/537.36" 92 **0/92893**
66.249.69.172 - - [26/Nov/2025:10:22:40 -0700] "GET /?/js_6356af597ebeb154b969e538d3e95f0f/_drupal_sites_default_files_js_js_G878YGhv0pYpg9iZ_hIm3vCCQWyhWgLawk-6b6wmZuU HTTP/1.1" 200 2230 "http://blalockdialysiscenter.com/?a=43825379001690&mod=70e17786&uri=article.php%3Fid%3D1466117-398%26name%3Droupas+femininas+infantil+shein" "Mozilla/5.0 AppleWebKit/537.36 (KHTML, like Gecko; compatible; GoogleOther) Chrome/141.0.7390.122 Safari/537.36" 120 **0/120963**
66.249.69.170 - - [26/Nov/2025:10:22:40 -0700] "GET /?/css_6356af597ebeb154b969e538d3e95f0f/_styles_css_product-detail-ex01 HTTP/1.1" 200 2230 "http://blalockdialysiscenter.com/?a=43825379001690&mod=70e17786&uri=article.php%3Fid%3D1466117-398%26name%3Droupas+femininas+infantil+shein" "Mozilla/5.0 AppleWebKit/537.36 (KHTML, like Gecko; compatible; GoogleOther) Chrome/141.0.7390.122 Safari/537.36" 92 **0/92343**
66.249.69.170 - - [26/Nov/2025:10:22:40 -0700] "GET /?/css_6356af597ebeb154b969e538d3e95f0f/_drupal_modules_product_detail_assets_css_new_pc_product_detail HTTP/1.1" 200 2230 "http://blalockdialysiscenter.com/?a=43825379001690&mod=70e17786&uri=article.php%3Fid%3D1466117-398%26name%3Droupas+femininas+infantil+shein" "Mozilla/5.0 AppleWebKit/537.36 (KHTML, like Gecko; compatible; GoogleOther) Chrome/141.0.7390.122 Safari/537.36" 99 **0/99299**
66.249.69.172 - - [26/Nov/2025:10:22:41 -0700] "GET /?/js_6356af597ebeb154b969e538d3e95f0f/_styles_js_lazysizes.min HTTP/1.1" 200 2230 "http://blalockdialysiscenter.com/?a=43825379001690&mod=70e17786&uri=article.php%3Fid%3D1466117-398%26name%3Droupas+femininas+infantil+shein" "Mozilla/5.0 AppleWebKit/537.36 (KHTML, like Gecko; compatible; GoogleOther) Chrome/141.0.7390.122 Safari/537.36" 97 **0/97155**
66.249.69.172 - - [26/Nov/2025:10:22:41 -0700] "GET /?/js_6356af597ebeb154b969e538d3e95f0f/_drupal_sites_default_files_js_js_nfGRbDhyXF9_dFjG2rkRRw84Gy6p5a4aGnpYcOKhuC4 HTTP/1.1" 200 2230 "http://blalockdialysiscenter.com/?a=43825379001690&mod=70e17786&uri=article.php%3Fid%3D1466117-398%26name%3Droupas+femininas+infantil+shein" "Mozilla/5.0 AppleWebKit/537.36 (KHTML, like Gecko; compatible; GoogleOther) Chrome/141.0.7390.122 Safari/537.36" 90 **0/90636**
66.249.69.171 - - [26/Nov/2025:10:22:42 -0700] "GET /?/js_6356af597ebeb154b969e538d3e95f0f/_drupal_sites_default_files_js_js_z1qFDrghecTCI5Rjumn4rMBYPHvd-E4L0DVpS2JCjnw HTTP/1.1" 200 2230 "http://blalockdialysiscenter.com/?a=43825379001690&mod=70e17786&uri=article.php%3Fid%3D1466117-398%26name%3Droupas+femininas+infantil+shein" "Mozilla/5.0 AppleWebKit/537.36 (KHTML, like Gecko; compatible; GoogleOther) Chrome/141.0.7390.122 Safari/537.36" 123 **0/123533**
66.249.69.172 - - [26/Nov/2025:10:22:42 -0700] "GET /?/svg_6356af597ebeb154b969e538d3e95f0f/_pics_webp_common_pc_logout.svg HTTP/1.1" 200 2230 "http://blalockdialysiscenter.com/?a=43825379001690&mod=70e17786&uri=article.php%3Fid%3D1466117-398%26name%3Droupas+femininas+infantil+shein" "Mozilla/5.0 AppleWebKit/537.36 (KHTML, like Gecko; compatible; GoogleOther) Chrome/141.0.7390.122 Safari/537.36" 101 **0/101846**
66.249.69.170 - - [26/Nov/2025:10:22:42 -0700] "GET /?/svg_6356af597ebeb154b969e538d3e95f0f/_pics_webp_common_pc_close_sidebar.svg HTTP/1.1" 200 2230 "http://blalockdialysiscenter.com/?a=43825379001690&mod=70e17786&uri=article.php%3Fid%3D1466117-398%26name%3Droupas+femininas+infantil+shein" "Mozilla/5.0 AppleWebKit/537.36 (KHTML, like Gecko; compatible; GoogleOther) Chrome/141.0.7390.122 Safari/537.36" 92 **0/92169**
66.249.69.171 - - [26/Nov/2025:10:22:43 -0700] "GET /?/svg_6356af597ebeb154b969e538d3e95f0f/_pics_webp_common_pc_add_cart.svg HTTP/1.1" 200 2230 "http://blalockdialysiscenter.com/?a=43825379001690&mod=70e17786&uri=article.php%3Fid%3D1466117-398%26name%3Droupas+femininas+infantil+shein" "Mozilla/5.0 AppleWebKit/537.36 (KHTML, like Gecko; compatible; GoogleOther) Chrome/141.0.7390.122 Safari/537.36" 100 **0/100096**
66.249.69.170 - - [26/Nov/2025:10:22:43 -0700] "GET /?/img_6356af597ebeb154b969e538d3e95f0f/_pics_webp_common_pc_flash_sale.png HTTP/1.1" 200 2230 "http://blalockdialysiscenter.com/?a=43825379001690&mod=70e17786&uri=article.php%3Fid%3D1466117-398%26name%3Droupas+femininas+infantil+shein" "Mozilla/5.0 AppleWebKit/537.36 (KHTML, like Gecko; compatible; GoogleOther) Chrome/141.0.7390.122 Safari/537.36" 88 **0/88427**
66.249.69.171 - - [26/Nov/2025:10:22:44 -0700] "GET /?/svg_6356af597ebeb154b969e538d3e95f0f/_pics_webp_common_pc_star_whishlist.svg HTTP/1.1" 200 2230 "http://blalockdialysiscenter.com/?a=43825379001690&mod=70e17786&uri=article.php%3Fid%3D1466117-398%26name%3Droupas+femininas+infantil+shein" "Mozilla/5.0 AppleWebKit/537.36 (KHTML, like Gecko; compatible; GoogleOther) Chrome/141.0.7390.122 Safari/537.36" 93 **0/93991**
66.249.69.170 - - [26/Nov/2025:10:22:44 -0700] "GET /?/img_6356af597ebeb154b969e538d3e95f0f/_pics_webp_product_notify_jpxmas2024_cargo_smp_1732838752.jpg HTTP/1.1" 200 2230 "http://blalockdialysiscenter.com/?a=43825379001690&mod=70e17786&uri=article.php%3Fid%3D1466117-398%26name%3Droupas+femininas+infantil+shein" "Mozilla/5.0 AppleWebKit/537.36 (KHTML, like Gecko; compatible; GoogleOther) Chrome/141.0.7390.122 Safari/537.36" 101 **0/101048**
66.249.69.171 - - [26/Nov/2025:10:22:45 -0700] "GET /?/img_6356af597ebeb154b969e538d3e95f0f/_pics_webp_keikoku03.gif HTTP/1.1" 200 2230 "http://blalockdialysiscenter.com/?a=43825379001690&mod=70e17786&uri=article.php%3Fid%3D1466117-398%26name%3Droupas+femininas+infantil+shein" "Mozilla/5.0 AppleWebKit/537.36 (KHTML, like Gecko; compatible; GoogleOther) Chrome/141.0.7390.122 Safari/537.36" 112 **0/112647**
17.22.237.188 - - [26/Nov/2025:10:22:49 -0700] "GET /robots.txt HTTP/1.1" 200 97 "-" "Mozilla/5.0 (Macintosh; Intel Mac OS X 10_15_7) AppleWebKit/605.1.15 (KHTML, like Gecko) Version/17.4 Safari/605.1.15 (Applebot/0.1; +http://www.apple.com/go/applebot)" 94 **0/94291**
17.22.237.188 - - [26/Nov/2025:10:22:49 -0700] "GET /?a=89412869021690&mod=9a0f32d9&uri=dp.php%3Fid%3D2991659-1663%26name%3Dsneakers+vans+sk8+colores HTTP/1.1" 200 2554 "-" "Mozilla/5.0 (Macintosh; Intel Mac OS X 10_15_7) AppleWebKit/605.1.15 (KHTML, like Gecko) Version/17.4 Safari/605.1.15 (Applebot/0.1; +http://www.apple.com/go/applebot)" 98 **0/98452**
20.15.133.175 - - [26/Nov/2025:10:22:52 -0700] "GET /?a=51578832111690&mod=69e76024&uri=goods.php%3Fid%3D1725512-325%26name%3Dsteel+desert+cooler+rate HTTP/1.1" 200 21233 "-" "Mozilla/5.0 AppleWebKit/537.36 (KHTML, like Gecko; compatible; bingbot/2.0; +http://www.bing.com/bingbot.htm) Chrome/116.0.1938.76 Safari/537.36" 306 **0/306578**
156.247.230.47 - - [26/Nov/2025:10:23:10 -0700] "GET http://www.blalockdialysiscenter.com/?a=5340081071690&mod=5aae6cf6&name=hop+forma+changing+bag+jojo+maman+bebe&uri=shop.php%3Fid%3D178620-320 HTTP/1.1" 200 2554 "-" "Mozilla/5.0 (X11; CrOS i686 4319.74.0) AppleWebKit/537.36 (KHTML, like Gecko) Chrome/29.0.1547.57 Safari/537.36" 107 **0/107804**
66.249.69.172 - - [26/Nov/2025:10:23:10 -0700] "GET /?/svg_6356af597ebeb154b969e538d3e95f0f/_pics_webp_common_pc_cart_black.svg HTTP/1.1" 200 2230 "http://blalockdialysiscenter.com/?a=43825379001690&mod=70e17786&uri=article.php%3Fid%3D1466117-398%26name%3Droupas+femininas+infantil+shein" "Mozilla/5.0 AppleWebKit/537.36 (KHTML, like Gecko; compatible; GoogleOther) Chrome/141.0.7390.122 Safari/537.36" 101 **0/101895**
66.249.69.170 - - [26/Nov/2025:10:23:11 -0700] "GET /?/svg_6356af597ebeb154b969e538d3e95f0f/_drupal_themes_surugaya_new_css_.._images_icon_arrow-next-blue HTTP/1.1" 200 2230 "http://blalockdialysiscenter.com/?a=43825379001690&mod=70e17786&uri=article.php%3Fid%3D1466117-398%26name%3Droupas+femininas+infantil+shein" "Mozilla/5.0 AppleWebKit/537.36 (KHTML, like Gecko; compatible; GoogleOther) Chrome/141.0.7390.122 Safari/537.36" 97 **0/97008**
66.249.69.172 - - [26/Nov/2025:10:23:11 -0700] "GET /?/img_6356af597ebeb154b969e538d3e95f0f/_pics_webp_common_pc_no_photo300.jpg HTTP/1.1" 200 2230 "http://blalockdialysiscenter.com/?a=43825379001690&mod=70e17786&uri=article.php%3Fid%3D1466117-398%26name%3Droupas+femininas+infantil+shein" "Mozilla/5.0 AppleWebKit/537.36 (KHTML, like Gecko; compatible; GoogleOther) Chrome/141.0.7390.122 Safari/537.36" 97 **0/97256**
66.249.69.170 - - [26/Nov/2025:10:23:11 -0700] "GET /?/svg_6356af597ebeb154b969e538d3e95f0f/_pics_webp_bluesky-1.svg HTTP/1.1" 200 2230 "http://blalockdialysiscenter.com/?a=43825379001690&mod=70e17786&uri=article.php%3Fid%3D1466117-398%26name%3Droupas+femininas+infantil+shein" "Mozilla/5.0 AppleWebKit/537.36 (KHTML, like Gecko; compatible; GoogleOther) Chrome/141.0.7390.122 Safari/537.36" 93 **0/93556**
66.249.69.172 - - [26/Nov/2025:10:23:11 -0700] "GET /?/svg_6356af597ebeb154b969e538d3e95f0f/_pics_webp_common_pc_social_facebook.svg HTTP/1.1" 200 2230 "http://blalockdialysiscenter.com/?a=43825379001690&mod=70e17786&uri=article.php%3Fid%3D1466117-398%26name%3Droupas+femininas+infantil+shein" "Mozilla/5.0 AppleWebKit/537.36 (KHTML, like Gecko; compatible; GoogleOther) Chrome/141.0.7390.122 Safari/537.36" 104 **0/104085**
66.249.69.172 - - [26/Nov/2025:10:23:11 -0700] "GET /?/svg_6356af597ebeb154b969e538d3e95f0f/_pics_webp_common_pc_social_youtube.svg HTTP/1.1" 200 2230 "http://blalockdialysiscenter.com/?a=43825379001690&mod=70e17786&uri=article.php%3Fid%3D1466117-398%26name%3Droupas+femininas+infantil+shein" "Mozilla/5.0 AppleWebKit/537.36 (KHTML, like Gecko; compatible; GoogleOther) Chrome/141.0.7390.122 Safari/537.36" 92 **0/92025**
66.249.69.172 - - [26/Nov/2025:10:23:12 -0700] "GET /?/img_6356af597ebeb154b969e538d3e95f0f/_pics_webp_X_black_radius.png HTTP/1.1" 200 2230 "http://blalockdialysiscenter.com/?a=43825379001690&mod=70e17786&uri=article.php%3Fid%3D1466117-398%26name%3Droupas+femininas+infantil+shein" "Mozilla/5.0 AppleWebKit/537.36 (KHTML, like Gecko; compatible; GoogleOther) Chrome/141.0.7390.122 Safari/537.36" 98 **0/98567**
66.249.69.171 - - [26/Nov/2025:10:23:12 -0700] "GET /?/img_6356af597ebeb154b969e538d3e95f0f/_pics_webp_Instagram_Glyph_Gradient.png HTTP/1.1" 200 2230 "http://blalockdialysiscenter.com/?a=43825379001690&mod=70e17786&uri=article.php%3Fid%3D1466117-398%26name%3Droupas+femininas+infantil+shein" "Mozilla/5.0 AppleWebKit/537.36 (KHTML, like Gecko; compatible; GoogleOther) Chrome/141.0.7390.122 Safari/537.36" 95 **0/95892**
40.77.167.79 - - [26/Nov/2025:10:23:16 -0700] "GET /?a=115443840031690&mod=c53efb25&uri=products.php%3Fid%3D3862844-318%26name%3Dkaram+workman+safety+shoes HTTP/1.1" 200 20663 "-" "Mozilla/5.0 AppleWebKit/537.36 (KHTML, like Gecko; compatible; bingbot/2.0; +http://www.bing.com/bingbot.htm) Chrome/116.0.1938.76 Safari/537.36" 265 **0/265851**
20.15.133.184 - - [26/Nov/2025:10:23:21 -0700] "GET /?a=102073609011690&mod=e744f91c&uri=search.php%3Fid%3D3415446-9%26name%3Dmicrophone+corsair+virtuoso+no+sound HTTP/1.1" 200 21200 "-" "Mozilla/5.0 AppleWebKit/537.36 (KHTML, like Gecko; compatible; bingbot/2.0; +http://www.bing.com/bingbot.htm) Chrome/116.0.1938.76 Safari/537.36" 309 **0/309299**
40.77.167.3 - - [26/Nov/2025:10:23:25 -0700] "GET /?a=94983496001690&mod=75144d9c&uri=brands.php%3Fid%3D3178080-140%26name%3Dhobo+bag+vintage+tory+burch+bags HTTP/1.1" 200 21016 "-" "Mozilla/5.0 AppleWebKit/537.36 (KHTML, like Gecko; compatible; bingbot/2.0; +http://www.bing.com/bingbot.htm) Chrome/116.0.1938.76 Safari/537.36" 289 **0/289481**
40.77.167.53 - - [26/Nov/2025:10:23:32 -0700] "GET /?a=111254046081690&mod=8a47481a&uri=article.php%3Fid%3D3722689-90%26name%3Din+pakistan+pampers+size+40+pack HTTP/1.1" 200 20695 "-" "Mozilla/5.0 AppleWebKit/537.36 (KHTML, like Gecko; compatible; bingbot/2.0; +http://www.bing.com/bingbot.htm) Chrome/116.0.1938.76 Safari/537.36" 290 **0/290982**
40.77.167.79 - - [26/Nov/2025:10:23:39 -0700] "GET /?a=5348978081690&mod=5aae6cf6&uri=blog.php%3Fid%3D178917-320%26name%3Dmacbook+laptop+shell+with+screen HTTP/1.1" 200 21232 "-" "Mozilla/5.0 AppleWebKit/537.36 (KHTML, like Gecko; compatible; bingbot/2.0; +http://www.bing.com/bingbot.htm) Chrome/116.0.1938.76 Safari/537.36" 254 **0/254048**
57.141.0.36 - - [26/Nov/2025:10:23:48 -0700] "GET /?a=78640880011690& HTTP/1.1" 200 7610 "-" "meta-externalagent/1.1 (+https://developers.facebook.com/docs/sharing/webmasters/crawler)" 88 **0/88193**
40.77.167.79 - - [26/Nov/2025:10:24:17 -0700] "GET /?a=2676309051690&mod=4575b9b0&uri=goods.php%3Fid%3D89472-539%26name%3Dsedie+poltroncine+alte HTTP/1.1" 200 21134 "-" "Mozilla/5.0 AppleWebKit/537.36 (KHTML, like Gecko; compatible; bingbot/2.0; +http://www.bing.com/bingbot.htm) Chrome/116.0.1938.76 Safari/537.36" 277 **0/277850**
31.28.123.163 - - [26/Nov/2025:10:24:31 -0700] "GET http://www.blalockdialysiscenter.com/?a=4961644091690&mod=937f578a&name=to+rca+cable+conector+video+a+hdmi&uri=itm.php%3Fid%3D165947-300 HTTP/1.1" 200 2554 "-" "Mozilla/5.0 (Macintosh; Intel Mac OS X 10_8_3) AppleWebKit/537.36 (KHTML, like Gecko) Chrome/27.0.1453.93 Safari/537.36" 112 **0/112018**
57.141.0.43 - - [26/Nov/2025:10:24:43 -0700] "GET /?a=53724912131690& HTTP/1.1" 200 7610 "-" "meta-externalagent/1.1 (+https://developers.facebook.com/docs/sharing/webmasters/crawler)" 91 **0/91570**
52.167.144.169 - - [26/Nov/2025:10:24:43 -0700] "GET /?a=104010876031690&mod=e744f91c&uri=itm.php%3Fid%3D3480290-9%26name%3Dwireless+headphones+meze+empyrean HTTP/1.1" 200 19981 "-" "Mozilla/5.0 AppleWebKit/537.36 (KHTML, like Gecko; compatible; bingbot/2.0; +http://www.bing.com/bingbot.htm) Chrome/116.0.1938.76 Safari/537.36" 248 **0/248878**
40.77.167.79 - - [26/Nov/2025:10:24:46 -0700] "GET /?a=63621821021690&mod=3157108a&uri=shared.php%3Fid%3D2128563-1176%26name%3Dtumi+outlet+singapore+imm HTTP/1.1" 200 20682 "-" "Mozilla/5.0 AppleWebKit/537.36 (KHTML, like Gecko; compatible; bingbot/2.0; +http://www.bing.com/bingbot.htm) Chrome/116.0.1938.76 Safari/537.36" 267 **0/267997**
40.77.167.3 - - [26/Nov/2025:10:24:55 -0700] "GET /?a=2685443051690&mod=a02f16dc&uri=products.php%3Fid%3D89777-499%26name%3Dwomens+denim+moonchild+denim+jacket HTTP/1.1" 200 20741 "-" "Mozilla/5.0 AppleWebKit/537.36 (KHTML, like Gecko; compatible; bingbot/2.0; +http://www.bing.com/bingbot.htm) Chrome/116.0.1938.76 Safari/537.36" 244 **0/244139**
40.77.167.19 - - [26/Nov/2025:10:25:06 -0700] "GET /?a=104248568001690&mod=dc6a6489&uri=products.php%3Fid%3D3488235-4%26name%3Dfleece+blanket+7kg+blanket HTTP/1.1" 200 21847 "-" "Mozilla/5.0 AppleWebKit/537.36 (KHTML, like Gecko; compatible; bingbot/2.0; +http://www.bing.com/bingbot.htm) Chrome/116.0.1938.76 Safari/537.36" 308 **0/308327**
17.22.237.186 - - [26/Nov/2025:10:25:33 -0700] "GET /assets/css/owl.theme.default.min.css HTTP/1.1" 200 479 "http://www.blalockdialysiscenter.com/?a=89412869021690&mod=9a0f32d9&uri=dp.php%3Fid%3D2991659-1663%26name%3Dsneakers+vans+sk8+colores" "Mozilla/5.0 (Macintosh; Intel Mac OS X 10_15_7) AppleWebKit/605.1.15 (KHTML, like Gecko) Version/17.4 Safari/605.1.15 (Applebot/0.1; +http://www.apple.com/go/applebot)" 7 **0/7524**
17.22.237.156 - - [26/Nov/2025:10:25:34 -0700] "GET /assets/css/icofont.min.css HTTP/1.1" 200 16856 "http://www.blalockdialysiscenter.com/?a=89412869021690&mod=9a0f32d9&uri=dp.php%3Fid%3D2991659-1663%26name%3Dsneakers+vans+sk8+colores" "Mozilla/5.0 (Macintosh; Intel Mac OS X 10_15_7) AppleWebKit/605.1.15 (KHTML, like Gecko) Version/17.4 Safari/605.1.15 (Applebot/0.1; +http://www.apple.com/go/applebot)" 14 **0/14865**
52.167.144.169 - - [26/Nov/2025:10:25:33 -0700] "GET /?a=102038392041690&mod=0a6ba201&uri=us.php%3Fid%3D3414269-917%26name%3Dhiplok+motor+bike+chain+lock HTTP/1.1" 200 20584 "-" "Mozilla/5.0 AppleWebKit/537.36 (KHTML, like Gecko; compatible; bingbot/2.0; +http://www.bing.com/bingbot.htm) Chrome/116.0.1938.76 Safari/537.36" 309 **0/309277**
17.22.253.235 - - [26/Nov/2025:10:25:34 -0700] "GET /assets/css/bootstrap.min.css HTTP/1.1" 200 22628 "http://www.blalockdialysiscenter.com/?a=89412869021690&mod=9a0f32d9&uri=dp.php%3Fid%3D2991659-1663%26name%3Dsneakers+vans+sk8+colores" "Mozilla/5.0 (Macintosh; Intel Mac OS X 10_15_7) AppleWebKit/605.1.15 (KHTML, like Gecko) Version/17.4 Safari/605.1.15 (Applebot/0.1; +http://www.apple.com/go/applebot)" 11 **0/11534**
